[INFO] fetching crate iso-code 0.1.1...
[INFO] testing iso-code-0.1.1 against 1.99.0-beta.8+cargoflags=--release for beta-release-1.100-2
[INFO] extracting crate iso-code 0.1.1 into /workspace/builds/worker-7-tc1/source
[INFO] started tweaking crates.io crate iso-code 0.1.1
[INFO] removed 0 missing examples
[INFO] removed 0 missing tests
[INFO] finished tweaking crates.io crate iso-code 0.1.1
[INFO] tweaked toml for crates.io crate iso-code 0.1.1 written to /workspace/builds/worker-7-tc1/source/Cargo.toml
[INFO] validating manifest of crates.io crate iso-code 0.1.1 on toolchain 1.99.0-beta.8
[INFO] running `Command { std: CARGO_HOME="/workspace/cargo-home" RUSTUP_HOME="/workspace/rustup-home" "/workspace/cargo-home/bin/cargo" "+1.99.0-beta.8" "metadata" "--manifest-path" "Cargo.toml" "--no-deps", kill_on_drop: false }`
[INFO] crate crates.io crate iso-code 0.1.1 already has a lockfile, it will not be regenerated
[INFO] running `Command { std: CARGO_HOME="/workspace/cargo-home" RUSTUP_HOME="/workspace/rustup-home" "/workspace/cargo-home/bin/cargo" "+1.99.0-beta.8" "fetch" "--manifest-path" "Cargo.toml", kill_on_drop: false }`
[INFO] [stderr]     Updating crates.io index
[INFO] [stderr]  Downloading crates ...
[INFO] [stderr]   Downloaded jwalk v0.8.1
[INFO] [stderr]   Downloaded junction v1.4.2
[INFO] [stderr]   Downloaded reflink-copy v0.1.29
[INFO] running `Command { std: "docker" "create" "-v" "/var/lib/crater-agent-workspace/builds/worker-7-tc1/source:/opt/rustwide/workdir:ro,Z" "-v" "/var/lib/crater-agent-workspace/builds/worker-7-tc1/target:/opt/rustwide/target:rw,Z" "-v" "/var/lib/crater-agent-workspace/cargo-home:/opt/rustwide/cargo-home:ro,Z" "-v" "/var/lib/crater-agent-workspace/rustup-home:/opt/rustwide/rustup-home:ro,Z" "-m" "1610612736" "--network" "none" "ghcr.io/rust-lang/crates-build-env/linux@sha256:77db811e55d90add9212f6832c23229e3de5f1c1f9905e8cb07319ea15df73ac" "sleep" "infinity", kill_on_drop: false }`
[INFO] [stdout] e4f080a7999d08e15ca730cf4aa455b838a82545f3d375f77c6f8fda1ceecf7c
[INFO] running `Command { std: "docker" "start" "e4f080a7999d08e15ca730cf4aa455b838a82545f3d375f77c6f8fda1ceecf7c", kill_on_drop: false }`
[INFO] running `Command { std: "docker" "inspect" "e4f080a7999d08e15ca730cf4aa455b838a82545f3d375f77c6f8fda1ceecf7c", kill_on_drop: false }`
[INFO] running `Command { std: "docker" "exec" "-e" "SOURCE_DIR=/opt/rustwide/workdir" "-e" "CARGO_HOME=/opt/rustwide/cargo-home" "-e" "RUSTUP_HOME=/opt/rustwide/rustup-home" "-e" "CARGO_TARGET_DIR=/opt/rustwide/target" "-w" "/opt/rustwide/workdir" "--user" "0:0" "e4f080a7999d08e15ca730cf4aa455b838a82545f3d375f77c6f8fda1ceecf7c" "/opt/rustwide/cargo-home/bin/cargo" "+1.99.0-beta.8" "metadata" "--no-deps" "--format-version=1", kill_on_drop: false }`
[INFO] running `Command { std: "docker" "inspect" "e4f080a7999d08e15ca730cf4aa455b838a82545f3d375f77c6f8fda1ceecf7c", kill_on_drop: false }`
[INFO] running `Command { std: "docker" "exec" "-e" "SOURCE_DIR=/opt/rustwide/workdir" "-e" "CARGO_HOME=/opt/rustwide/cargo-home" "-e" "RUSTUP_HOME=/opt/rustwide/rustup-home" "-e" "CARGO_TARGET_DIR=/opt/rustwide/target" "-e" "CARGO_INCREMENTAL=0" "-e" "RUST_BACKTRACE=full" "-e" "RUSTFLAGS=--cap-lints=warn" "-e" "RUSTDOCFLAGS=--cap-lints=warn" "-w" "/opt/rustwide/workdir" "--user" "0:0" "e4f080a7999d08e15ca730cf4aa455b838a82545f3d375f77c6f8fda1ceecf7c" "/opt/rustwide/cargo-home/bin/cargo" "+1.99.0-beta.8" "build" "--frozen" "--message-format=json" "--release", kill_on_drop: false }`
[INFO] [stderr]    Compiling zerocopy v0.8.48
[INFO] [stderr]    Compiling getrandom v0.2.17
[INFO] [stderr]    Compiling serde_derive v1.0.228
[INFO] [stderr]    Compiling rayon-core v1.13.0
[INFO] [stderr]    Compiling crossbeam-channel v0.5.15
[INFO] [stderr]    Compiling crossbeam-queue v0.3.12
[INFO] [stderr]    Compiling either v1.15.0
[INFO] [stderr]    Compiling digest v0.10.7
[INFO] [stderr]    Compiling thiserror-impl v2.0.18
[INFO] [stderr]    Compiling rand_core v0.6.4
[INFO] [stderr]    Compiling serde_json v1.0.149
[INFO] [stderr]    Compiling sha2 v0.10.9
[INFO] [stderr]    Compiling uuid v1.23.0
[INFO] [stderr]    Compiling rayon v1.12.0
[INFO] [stderr]    Compiling crossbeam v0.8.4
[INFO] [stderr]    Compiling sysinfo v0.37.2
[INFO] [stderr]    Compiling thiserror v2.0.18
[INFO] [stderr]    Compiling fd-lock v4.0.4
[INFO] [stderr]    Compiling reflink-copy v0.1.29
[INFO] [stderr]    Compiling filesize v0.2.0
[INFO] [stderr]    Compiling serde v1.0.228
[INFO] [stderr]    Compiling jwalk v0.8.1
[INFO] [stderr]    Compiling chrono v0.4.44
[INFO] [stderr]    Compiling ppv-lite86 v0.2.21
[INFO] [stderr]    Compiling rand_chacha v0.3.1
[INFO] [stderr]    Compiling rand v0.8.5
[INFO] [stderr]    Compiling iso-code v0.1.1 (/opt/rustwide/workdir)
[INFO] [stderr]     Finished `release` profile [optimized] target(s) in 46.69s
[INFO] running `Command { std: "docker" "inspect" "e4f080a7999d08e15ca730cf4aa455b838a82545f3d375f77c6f8fda1ceecf7c", kill_on_drop: false }`
[INFO] running `Command { std: "docker" "exec" "-e" "SOURCE_DIR=/opt/rustwide/workdir" "-e" "CARGO_HOME=/opt/rustwide/cargo-home" "-e" "RUSTUP_HOME=/opt/rustwide/rustup-home" "-e" "CARGO_TARGET_DIR=/opt/rustwide/target" "-e" "CARGO_INCREMENTAL=0" "-e" "RUST_BACKTRACE=full" "-e" "RUSTFLAGS=--cap-lints=warn" "-e" "RUSTDOCFLAGS=--cap-lints=warn" "-w" "/opt/rustwide/workdir" "--user" "0:0" "e4f080a7999d08e15ca730cf4aa455b838a82545f3d375f77c6f8fda1ceecf7c" "/opt/rustwide/cargo-home/bin/cargo" "+1.99.0-beta.8" "test" "--frozen" "--no-run" "--message-format=json" "--release", kill_on_drop: false }`
[INFO] [stderr]    Compiling tempfile v3.27.0
[INFO] [stderr]    Compiling wait-timeout v0.2.1
[INFO] [stderr]    Compiling bit-vec v0.8.0
[INFO] [stderr]    Compiling quick-error v1.2.3
[INFO] [stderr]    Compiling chrono v0.4.44
[INFO] [stderr]    Compiling rand v0.9.4
[INFO] [stderr]    Compiling rand_chacha v0.9.0
[INFO] [stderr]    Compiling rand_xorshift v0.4.0
[INFO] [stderr]    Compiling unarray v0.1.4
[INFO] [stderr]    Compiling bit-set v0.8.0
[INFO] [stderr]    Compiling rusty-fork v0.3.1
[INFO] [stderr]    Compiling proptest v1.11.0
[INFO] [stderr]    Compiling iso-code v0.1.1 (/opt/rustwide/workdir)
[INFO] [stderr]     Finished `release` profile [optimized] target(s) in 1m 05s
[INFO] running `Command { std: "docker" "inspect" "e4f080a7999d08e15ca730cf4aa455b838a82545f3d375f77c6f8fda1ceecf7c", kill_on_drop: false }`
[INFO] running `Command { std: "docker" "exec" "-e" "SOURCE_DIR=/opt/rustwide/workdir" "-e" "CARGO_HOME=/opt/rustwide/cargo-home" "-e" "RUSTUP_HOME=/opt/rustwide/rustup-home" "-e" "CARGO_TARGET_DIR=/opt/rustwide/target" "-e" "CARGO_INCREMENTAL=0" "-e" "RUST_BACKTRACE=full" "-e" "RUSTFLAGS=--cap-lints=warn" "-e" "RUSTDOCFLAGS=--cap-lints=warn" "-w" "/opt/rustwide/workdir" "--user" "0:0" "e4f080a7999d08e15ca730cf4aa455b838a82545f3d375f77c6f8fda1ceecf7c" "/opt/rustwide/cargo-home/bin/cargo" "+1.99.0-beta.8" "test" "--frozen" "--release", kill_on_drop: false }`
[INFO] [stderr]     Finished `release` profile [optimized] target(s) in 0.15s
[INFO] [stderr]      Running unittests src/lib.rs (/opt/rustwide/target/release/deps/iso_code-121331a2e4a6d7e8)
[INFO] [stdout] 
[INFO] [stdout] running 111 tests
[INFO] [stdout] test git::tests::capabilities_at_2_38_has_merge_tree ... ok
[INFO] [stdout] test git::tests::capabilities_at_2_42_has_orphan ... ok
[INFO] [stdout] test git::tests::capabilities_at_2_30_has_repair ... ok
[INFO] [stdout] test git::tests::capabilities_at_2_48_has_relative_paths ... ok
[INFO] [stdout] test git::tests::parse_empty_output ... ok
[INFO] [stdout] test git::tests::capabilities_at_2_20 ... ok
[INFO] [stdout] test git::tests::parse_apple_version ... ok
[INFO] [stdout] test git::tests::parse_bare_worktree ... ok
[INFO] [stdout] test git::tests::parse_garbage_input ... ok
[INFO] [stdout] test git::tests::parse_locked_worktree_no_reason ... ok
[INFO] [stdout] test git::tests::parse_locked_worktree_with_reason ... ok
[INFO] [stdout] test git::tests::capabilities_at_2_29_no_repair ... ok
[INFO] [stdout] test git::tests::parse_multi_block_newline_mode ... ok
[INFO] [stdout] test git::tests::parse_nul_delimited_path_with_spaces ... ok
[INFO] [stdout] test git::tests::capabilities_at_2_36_has_list_nul ... ok
[INFO] [stdout] test git::tests::parse_nul_delimited_preserves_non_utf8_path_bytes ... ok
[INFO] [stdout] test git::tests::parse_single_worktree_newline_mode ... ok
[INFO] [stdout] test git::tests::parse_with_trailing_newline ... ok
[INFO] [stdout] test git::tests::parse_prunable_worktree ... ok
[INFO] [stdout] test git::tests::capabilities_at_2_35_no_list_nul ... ok
[INFO] [stdout] test git::tests::parse_nul_delimited_mode ... ok
[INFO] [stdout] test git::tests::parse_standard_version ... ok
[INFO] [stdout] test git::tests::parse_windows_version ... ok
[INFO] [stdout] test git::tests::version_2_19_is_too_old ... ok
[INFO] [stdout] test git::tests::version_2_20_is_ok ... ok
[INFO] [stdout] test guards::tests::test_check_git_crypt_not_used ... ok
[INFO] [stdout] test guards::tests::test_check_not_cwd_different_path ... ok
[INFO] [stdout] test git::tests::detect_real_git_version ... ok
[INFO] [stdout] test guards::tests::test_check_not_locked_locked ... ok
[INFO] [stdout] test git::tests::parse_integration_real_repo ... FAILED
[INFO] [stdout] test guards::tests::test_check_disk_space_huge_requirement ... ok
[INFO] [stdout] test guards::tests::test_check_path_not_exists_fails ... ok
[INFO] [stdout] test guards::tests::test_check_not_locked_active ... ok
[INFO] [stdout] test guards::tests::test_check_disk_space_permissive ... ok
[INFO] [stdout] test guards::tests::test_check_bare_repo_not_bare ... ok
[INFO] [stdout] test guards::tests::test_check_worktree_count_at_limit ... ok
[INFO] [stdout] test guards::tests::test_check_not_nested_no_worktrees ... ok
[INFO] [stdout] test guards::tests::test_check_worktree_count_under_limit ... ok
[INFO] [stdout] test guards::tests::test_check_path_not_exists_ok ... ok
[INFO] [stdout] test guards::tests::test_check_total_disk_usage_no_limit ... ok
[INFO] [stdout] test guards::tests::test_check_not_nested_candidate_inside_existing ... ok
[INFO] [stdout] test lock::tests::test_acquire_and_drop ... ok
[INFO] [stdout] test lock::tests::test_hostname_nonempty ... ok
[INFO] [stdout] test guards::tests::test_check_submodule_not_submodule ... ok
[INFO] [stdout] test lock::tests::test_dead_pid_holder_yields_to_new_acquirer ... ok
[INFO] [stdout] test guards::tests::test_check_branch_not_checked_out_ok ... FAILED
[INFO] [stdout] test lock::tests::test_inspect_holder_returns_payload ... ok
[INFO] [stdout] test lock::tests::test_sequential_acquire ... ok
[INFO] [stdout] test manager::tests::test_attach_path_not_in_git_registry_errors ... ok
[INFO] [stdout] test manager::tests::test_create_worktree_cleanup_on_add_failure ... ok
[INFO] [stdout] test manager::tests::test_attach_nonexistent_path_errors ... ok
[INFO] [stdout] test manager::tests::test_attach_manually_created_worktree ... ok
[INFO] [stdout] test manager::tests::test_create_worktree_with_lock ... ok
[INFO] [stdout] test manager::tests::test_attach_idempotent ... ok
[INFO] [stdout] test manager::tests::test_create_and_delete_worktree ... ok
[INFO] [stdout] test manager::tests::test_gc_default_is_dry_run ... ok
[INFO] [stdout] test manager::tests::test_delete_locked_worktree_returns_error ... ok
[INFO] [stdout] test manager::tests::test_attach_after_create_and_delete ... ok
[INFO] [stdout] test manager::tests::test_delete_merged_branch_succeeds ... ok
[INFO] [stdout] test manager::tests::test_delete_invokes_teardown_when_setup_completed ... ok
[INFO] [stdout] test manager::tests::test_delete_with_force_skips_unmerged_check ... ok
[INFO] [stdout] test manager::tests::test_gc_dry_run_returns_report_without_deleting ... ok
[INFO] [stdout] test manager::tests::test_delete_skips_teardown_when_setup_not_completed ... ok
[INFO] [stdout] test manager::tests::test_delete_with_unmerged_commits_returns_error ... ok
[INFO] [stdout] test manager::tests::test_gc_evicts_old_worktree_with_dead_creator_pid ... ok
[INFO] [stdout] test manager::tests::test_manager_new ... ok
[INFO] [stdout] test manager::tests::test_gc_sweeps_abandoned_creating_entries ... ok
[INFO] [stdout] test manager::tests::test_renew_port_lease_expired_errors ... ok
[INFO] [stdout] test manager::tests::test_gc_transitions_port_lease_to_stale ... ok
[INFO] [stdout] test manager::tests::test_renew_port_lease_unknown_branch_errors ... ok
[INFO] [stdout] test ports::tests::allocate_full_range_returns_error ... ok
[INFO] [stdout] test ports::tests::allocate_no_collision ... ok
[INFO] [stdout] test ports::tests::allocate_probes_on_collision ... ok
[INFO] [stdout] test ports::tests::expired_lease_frees_port ... ok
[INFO] [stdout] test ports::tests::preferred_port_is_deterministic ... ok
[INFO] [stdout] test ports::tests::preferred_port_is_in_range ... ok
[INFO] [stdout] test manager::tests::test_manager_list ... ok
[INFO] [stdout] test ports::tests::sweep_removes_expired_leases ... ok
[INFO] [stdout] test ports::tests::twenty_branches_get_unique_ports ... ok
[INFO] [stdout] test ports::tests::renew_extends_expiry ... ok
[INFO] [stdout] test state::tests::test_active_worktree_entry_unknown_fields ... ok
[INFO] [stdout] test state::tests::test_compute_repo_id_deterministic ... ok
[INFO] [stdout] test state::tests::test_config_snapshot_roundtrip ... ok
[INFO] [stdout] test state::tests::test_atomic_write_creates_no_tmp_file ... ok
[INFO] [stdout] test state::tests::test_corrupt_json_rebuilds_empty_and_backs_up ... ok
[INFO] [stdout] test state::tests::test_forward_compatibility_unknown_fields_preserved ... ok
[INFO] [stdout] test state::tests::test_full_prd_example_deserializes ... ok
[INFO] [stdout] test state::tests::test_ensure_state_dir_creates_directory ... ok
[INFO] [stdout] test state::tests::test_gc_history_entry_roundtrip ... ok
[INFO] [stdout] test state::tests::test_iso_code_home_env_override ... ok
[INFO] [stdout] test state::tests::test_migrate_unknown_version_returns_error ... ok
[INFO] [stdout] test state::tests::test_migrate_v2_passthrough ... ok
[INFO] [stdout] test state::tests::test_migrate_v1_to_v2 ... ok
[INFO] [stdout] test state::tests::test_new_empty_state ... ok
[INFO] [stdout] test state::tests::test_read_state_missing_file_returns_empty ... ok
[INFO] [stdout] test state::tests::test_serialization_roundtrip ... ok
[INFO] [stdout] test state::tests::test_stale_worktree_entry_roundtrip ... ok
[INFO] [stdout] test state::tests::test_state_dir_default ... ok
[INFO] [stdout] test manager::tests::test_gc_locked_worktree_never_touched ... ok
[INFO] [stdout] test state::tests::test_state_dir_home_override ... ok
[INFO] [stdout] test state::tests::test_unknown_schema_version_still_errors ... ok
[INFO] [stdout] test util::tests::dir_size_missing_root_is_zero ... ok
[INFO] [stdout] test manager::tests::test_list_preserves_creating_entry_during_reconcile ... ok
[INFO] [stdout] test state::tests::test_write_and_read_state_roundtrip ... ok
[INFO] [stdout] test util::tests::dir_size_skips_git_dir ... ok
[INFO] [stdout] test state::tests::test_with_state_read_modify_write ... ok
[INFO] [stdout] test util::tests::filesystem_capacity_is_some_for_tmp ... ok
[INFO] [stdout] test manager::tests::test_renew_port_lease_extends_expiry ... ok
[INFO] [stdout] test manager::tests::test_touch_unknown_branch_errors ... ok
[INFO] [stdout] test manager::tests::test_gc_preserves_old_worktree_with_live_creator_pid ... ok
[INFO] [stdout] test manager::tests::test_touch_updates_last_activity ... ok
[INFO] [stdout] 
[INFO] [stdout] failures:
[INFO] [stdout] 
[INFO] [stdout] ---- git::tests::parse_integration_real_repo stdout ----
[INFO] [stdout] 
[INFO] [stdout] thread 'git::tests::parse_integration_real_repo' (1023) panicked at src/git.rs:703:9:
[INFO] [stdout] assertion failed: result.is_ok()
[INFO] [stdout] stack backtrace:
[INFO] [stdout]    0:     0x5f237eac53c1 - <<std[70759c8f55707aa4]::sys::backtrace::BacktraceLock>::print::DisplayBacktrace as core[df12db4294e9bfd3]::fmt::Display>::fmt
[INFO] [stdout]    1:     0x5f237eada9ba - core[df12db4294e9bfd3]::fmt::write
[INFO] [stdout]    2:     0x5f237eac9cac - <alloc[2182bb758b4b3781]::vec::Vec<u8> as core[df12db4294e9bfd3]::io::write::Write>::write_fmt
[INFO] [stdout]    3:     0x5f237ea9e456 - std[70759c8f55707aa4]::panicking::default_hook::{closure#0}
[INFO] [stdout]    4:     0x5f237eabbfc9 - std[70759c8f55707aa4]::panicking::default_hook
[INFO] [stdout]    5:     0x5f237ea3e950 - test[9d35eded1c95d3be]::test_main_inner::<test[9d35eded1c95d3be]::test_main_static::{closure#0}>::{closure#0}
[INFO] [stdout]    6:     0x5f237eabc2f2 - std[70759c8f55707aa4]::panicking::panic_with_hook
[INFO] [stdout]    7:     0x5f237ea9e534 - std[70759c8f55707aa4]::panicking::panic_handler::{closure#0}
[INFO] [stdout]    8:     0x5f237ea96ed9 - std[70759c8f55707aa4]::sys::backtrace::__rust_end_short_backtrace::<std[70759c8f55707aa4]::panicking::panic_handler::{closure#0}, !>
[INFO] [stdout]    9:     0x5f237ea9f1ed - __rustc[8fa7c3cbc660c2b3]::rust_begin_unwind
[INFO] [stdout]   10:     0x5f237eadb0ec - core[df12db4294e9bfd3]::panicking::panic_fmt
[INFO] [stdout]   11:     0x5f237eadb0b2 - core[df12db4294e9bfd3]::panicking::panic
[INFO] [stdout]   12:     0x5f237e9cbc58 - <iso_code[ad57177ef2d6d00a]::git::tests::parse_integration_real_repo::{closure#0} as core[df12db4294e9bfd3]::ops::function::FnOnce<()>>::call_once
[INFO] [stdout]   13:     0x5f237ea31c3b - test[9d35eded1c95d3be]::__rust_begin_short_backtrace::<core[df12db4294e9bfd3]::result::Result<(), alloc[2182bb758b4b3781]::string::String>, fn() -> core[df12db4294e9bfd3]::result::Result<(), alloc[2182bb758b4b3781]::string::String>>
[INFO] [stdout]   14:     0x5f237ea3f2a5 - test[9d35eded1c95d3be]::run_test::{closure#0}
[INFO] [stdout]   15:     0x5f237ea38b64 - std[70759c8f55707aa4]::sys::backtrace::__rust_begin_short_backtrace::<test[9d35eded1c95d3be]::run_test::{closure#1}, ()>
[INFO] [stdout]   16:     0x5f237ea42402 - <std[70759c8f55707aa4]::thread::lifecycle::spawn_unchecked<test[9d35eded1c95d3be]::run_test::{closure#1}, ()>::{closure#1} as core[df12db4294e9bfd3]::ops::function::FnOnce<()>>::call_once::{shim:vtable#0}
[INFO] [stdout]   17:     0x5f237eac43d9 - <std[70759c8f55707aa4]::sys::thread::unix::Thread>::new::thread_start
[INFO] [stdout]   18:     0x7da52ea1ddfa - <unknown>
[INFO] [stdout]   19:     0x7da52eab13d4 - clone
[INFO] [stdout]   20:                0x0 - <unknown>
[INFO] [stdout] 
[INFO] [stdout] ---- guards::tests::test_check_branch_not_checked_out_ok stdout ----
[INFO] [stdout] 
[INFO] [stdout] thread 'guards::tests::test_check_branch_not_checked_out_ok' (1041) panicked at src/guards.rs:860:9:
[INFO] [stdout] assertion failed: result.is_ok()
[INFO] [stdout] stack backtrace:
[INFO] [stdout]    0:     0x5f237eac53c1 - <<std[70759c8f55707aa4]::sys::backtrace::BacktraceLock>::print::DisplayBacktrace as core[df12db4294e9bfd3]::fmt::Display>::fmt
[INFO] [stdout]    1:     0x5f237eada9ba - core[df12db4294e9bfd3]::fmt::write
[INFO] [stdout]    2:     0x5f237eac9cac - <alloc[2182bb758b4b3781]::vec::Vec<u8> as core[df12db4294e9bfd3]::io::write::Write>::write_fmt
[INFO] [stdout]    3:     0x5f237ea9e456 - std[70759c8f55707aa4]::panicking::default_hook::{closure#0}
[INFO] [stdout]    4:     0x5f237eabbfc9 - std[70759c8f55707aa4]::panicking::default_hook
[INFO] [stdout]    5:     0x5f237ea3e950 - test[9d35eded1c95d3be]::test_main_inner::<test[9d35eded1c95d3be]::test_main_static::{closure#0}>::{closure#0}
[INFO] [stdout]    6:     0x5f237eabc2f2 - std[70759c8f55707aa4]::panicking::panic_with_hook
[INFO] [stdout]    7:     0x5f237ea9e534 - std[70759c8f55707aa4]::panicking::panic_handler::{closure#0}
[INFO] [stdout]    8:     0x5f237ea96ed9 - std[70759c8f55707aa4]::sys::backtrace::__rust_end_short_backtrace::<std[70759c8f55707aa4]::panicking::panic_handler::{closure#0}, !>
[INFO] [stdout]    9:     0x5f237ea9f1ed - __rustc[8fa7c3cbc660c2b3]::rust_begin_unwind
[INFO] [stdout]   10:     0x5f237eadb0ec - core[df12db4294e9bfd3]::panicking::panic_fmt
[INFO] [stdout]   11:     0x5f237eadb0b2 - core[df12db4294e9bfd3]::panicking::panic
[INFO] [stdout]   12:     0x5f237e9d14ad - <iso_code[ad57177ef2d6d00a]::guards::tests::test_check_branch_not_checked_out_ok::{closure#0} as core[df12db4294e9bfd3]::ops::function::FnOnce<()>>::call_once
[INFO] [stdout]   13:     0x5f237ea31c3b - test[9d35eded1c95d3be]::__rust_begin_short_backtrace::<core[df12db4294e9bfd3]::result::Result<(), alloc[2182bb758b4b3781]::string::String>, fn() -> core[df12db4294e9bfd3]::result::Result<(), alloc[2182bb758b4b3781]::string::String>>
[INFO] [stdout]   14:     0x5f237ea3f2a5 - test[9d35eded1c95d3be]::run_test::{closure#0}
[INFO] [stdout]   15:     0x5f237ea38b64 - std[70759c8f55707aa4]::sys::backtrace::__rust_begin_short_backtrace::<test[9d35eded1c95d3be]::run_test::{closure#1}, ()>
[INFO] [stdout]   16:     0x5f237ea42402 - <std[70759c8f55707aa4]::thread::lifecycle::spawn_unchecked<test[9d35eded1c95d3be]::run_test::{closure#1}, ()>::{closure#1} as core[df12db4294e9bfd3]::ops::function::FnOnce<()>>::call_once::{shim:vtable#0}
[INFO] [stdout]   17:     0x5f237eac43d9 - <std[70759c8f55707aa4]::sys::thread::unix::Thread>::new::thread_start
[INFO] [stdout]   18:     0x7da52ea1ddfa - <unknown>
[INFO] [stdout]   19:     0x7da52eab13d4 - clone
[INFO] [stdout]   20:                0x0 - <unknown>
[INFO] [stdout] 
[INFO] [stdout] 
[INFO] [stdout] failures:
[INFO] [stdout]     git::tests::parse_integration_real_repo
[INFO] [stdout]     guards::tests::test_check_branch_not_checked_out_ok
[INFO] [stdout] 
[INFO] [stdout] test result: FAILED. 109 passed; 2 failed; 0 ignored; 0 measured; 0 filtered out; finished in 1.06s
[INFO] [stdout] 
[INFO] [stderr] error: test failed, to rerun pass `--lib`
[INFO] running `Command { std: "docker" "inspect" "e4f080a7999d08e15ca730cf4aa455b838a82545f3d375f77c6f8fda1ceecf7c", kill_on_drop: false }`
[INFO] running `Command { std: "docker" "rm" "-f" "e4f080a7999d08e15ca730cf4aa455b838a82545f3d375f77c6f8fda1ceecf7c", kill_on_drop: false }`
[INFO] [stdout] e4f080a7999d08e15ca730cf4aa455b838a82545f3d375f77c6f8fda1ceecf7c
