[INFO] fetching crate iso-code-cli 0.1.1...
[INFO] testing iso-code-cli-0.1.1 against 1.99.0-beta.8+cargoflags=--release for beta-release-1.100-2
[INFO] extracting crate iso-code-cli 0.1.1 into /workspace/builds/worker-3-tc1/source
[INFO] started tweaking crates.io crate iso-code-cli 0.1.1
[INFO] removed 0 missing tests
[INFO] finished tweaking crates.io crate iso-code-cli 0.1.1
[INFO] tweaked toml for crates.io crate iso-code-cli 0.1.1 written to /workspace/builds/worker-3-tc1/source/Cargo.toml
[INFO] validating manifest of crates.io crate iso-code-cli 0.1.1 on toolchain 1.99.0-beta.8
[INFO] running `Command { std: CARGO_HOME="/workspace/cargo-home" RUSTUP_HOME="/workspace/rustup-home" "/workspace/cargo-home/bin/cargo" "+1.99.0-beta.8" "metadata" "--manifest-path" "Cargo.toml" "--no-deps", kill_on_drop: false }`
[INFO] crate crates.io crate iso-code-cli 0.1.1 already has a lockfile, it will not be regenerated
[INFO] running `Command { std: CARGO_HOME="/workspace/cargo-home" RUSTUP_HOME="/workspace/rustup-home" "/workspace/cargo-home/bin/cargo" "+1.99.0-beta.8" "fetch" "--manifest-path" "Cargo.toml", kill_on_drop: false }`
[INFO] [stderr]     Updating crates.io index
[INFO] [stderr]  Downloading crates ...
[INFO] [stderr]   Downloaded filesize v0.2.0
[INFO] [stderr]   Downloaded jwalk v0.8.1
[INFO] [stderr]   Downloaded reflink-copy v0.1.29
[INFO] [stderr]   Downloaded iso-code v0.1.1
[INFO] [stderr]   Downloaded sysinfo v0.37.2
[INFO] running `Command { std: "docker" "create" "-v" "/var/lib/crater-agent-workspace/builds/worker-3-tc1/source:/opt/rustwide/workdir:ro,Z" "-v" "/var/lib/crater-agent-workspace/builds/worker-3-tc1/target:/opt/rustwide/target:rw,Z" "-v" "/var/lib/crater-agent-workspace/cargo-home:/opt/rustwide/cargo-home:ro,Z" "-v" "/var/lib/crater-agent-workspace/rustup-home:/opt/rustwide/rustup-home:ro,Z" "-m" "1610612736" "--network" "none" "ghcr.io/rust-lang/crates-build-env/linux@sha256:77db811e55d90add9212f6832c23229e3de5f1c1f9905e8cb07319ea15df73ac" "sleep" "infinity", kill_on_drop: false }`
[INFO] [stdout] 45e752fb810f96a7825341aa7f8df23845bbe66d7fc4f89d409a6d7e28eb52bc
[INFO] running `Command { std: "docker" "start" "45e752fb810f96a7825341aa7f8df23845bbe66d7fc4f89d409a6d7e28eb52bc", kill_on_drop: false }`
[INFO] running `Command { std: "docker" "inspect" "45e752fb810f96a7825341aa7f8df23845bbe66d7fc4f89d409a6d7e28eb52bc", kill_on_drop: false }`
[INFO] running `Command { std: "docker" "exec" "-e" "SOURCE_DIR=/opt/rustwide/workdir" "-e" "CARGO_HOME=/opt/rustwide/cargo-home" "-e" "RUSTUP_HOME=/opt/rustwide/rustup-home" "-e" "CARGO_TARGET_DIR=/opt/rustwide/target" "-w" "/opt/rustwide/workdir" "--user" "0:0" "45e752fb810f96a7825341aa7f8df23845bbe66d7fc4f89d409a6d7e28eb52bc" "/opt/rustwide/cargo-home/bin/cargo" "+1.99.0-beta.8" "metadata" "--no-deps" "--format-version=1", kill_on_drop: false }`
[INFO] running `Command { std: "docker" "inspect" "45e752fb810f96a7825341aa7f8df23845bbe66d7fc4f89d409a6d7e28eb52bc", kill_on_drop: false }`
[INFO] running `Command { std: "docker" "exec" "-e" "SOURCE_DIR=/opt/rustwide/workdir" "-e" "CARGO_HOME=/opt/rustwide/cargo-home" "-e" "RUSTUP_HOME=/opt/rustwide/rustup-home" "-e" "CARGO_TARGET_DIR=/opt/rustwide/target" "-e" "CARGO_INCREMENTAL=0" "-e" "RUST_BACKTRACE=full" "-e" "RUSTFLAGS=--cap-lints=warn" "-e" "RUSTDOCFLAGS=--cap-lints=warn" "-w" "/opt/rustwide/workdir" "--user" "0:0" "45e752fb810f96a7825341aa7f8df23845bbe66d7fc4f89d409a6d7e28eb52bc" "/opt/rustwide/cargo-home/bin/cargo" "+1.99.0-beta.8" "build" "--frozen" "--message-format=json" "--release", kill_on_drop: false }`
[INFO] [stderr]    Compiling serde_derive v1.0.228
[INFO] [stderr]    Compiling crossbeam-channel v0.5.15
[INFO] [stderr]    Compiling crossbeam-queue v0.3.12
[INFO] [stderr]    Compiling ppv-lite86 v0.2.21
[INFO] [stderr]    Compiling rayon v1.12.0
[INFO] [stderr]    Compiling uuid v1.23.0
[INFO] [stderr]    Compiling fd-lock v4.0.4
[INFO] [stderr]    Compiling sha2 v0.10.9
[INFO] [stderr]    Compiling reflink-copy v0.1.29
[INFO] [stderr]    Compiling sysinfo v0.37.2
[INFO] [stderr]    Compiling dunce v1.0.5
[INFO] [stderr]    Compiling serde_json v1.0.149
[INFO] [stderr]    Compiling filesize v0.2.0
[INFO] [stderr]    Compiling rand_chacha v0.3.1
[INFO] [stderr]    Compiling crossbeam v0.8.4
[INFO] [stderr]    Compiling rand v0.8.5
[INFO] [stderr]    Compiling serde v1.0.228
[INFO] [stderr]    Compiling jwalk v0.8.1
[INFO] [stderr]    Compiling chrono v0.4.44
[INFO] [stderr]    Compiling iso-code v0.1.1
[INFO] [stderr]    Compiling iso-code-cli v0.1.1 (/opt/rustwide/workdir)
[INFO] [stderr]     Finished `release` profile [optimized] target(s) in 22.69s
[INFO] running `Command { std: "docker" "inspect" "45e752fb810f96a7825341aa7f8df23845bbe66d7fc4f89d409a6d7e28eb52bc", kill_on_drop: false }`
[INFO] running `Command { std: "docker" "exec" "-e" "SOURCE_DIR=/opt/rustwide/workdir" "-e" "CARGO_HOME=/opt/rustwide/cargo-home" "-e" "RUSTUP_HOME=/opt/rustwide/rustup-home" "-e" "CARGO_TARGET_DIR=/opt/rustwide/target" "-e" "CARGO_INCREMENTAL=0" "-e" "RUST_BACKTRACE=full" "-e" "RUSTFLAGS=--cap-lints=warn" "-e" "RUSTDOCFLAGS=--cap-lints=warn" "-w" "/opt/rustwide/workdir" "--user" "0:0" "45e752fb810f96a7825341aa7f8df23845bbe66d7fc4f89d409a6d7e28eb52bc" "/opt/rustwide/cargo-home/bin/cargo" "+1.99.0-beta.8" "test" "--frozen" "--no-run" "--message-format=json" "--release", kill_on_drop: false }`
[INFO] [stderr]    Compiling predicates-core v1.0.10
[INFO] [stderr]    Compiling regex-automata v0.4.14
[INFO] [stderr]    Compiling assert_cmd v2.2.0
[INFO] [stderr]    Compiling termtree v0.5.1
[INFO] [stderr]    Compiling wait-timeout v0.2.1
[INFO] [stderr]    Compiling tempfile v3.27.0
[INFO] [stderr]    Compiling predicates v3.1.4
[INFO] [stderr]    Compiling predicates-tree v1.0.13
[INFO] [stderr]    Compiling bstr v1.12.1
[INFO] [stderr]    Compiling iso-code-cli v0.1.1 (/opt/rustwide/workdir)
[INFO] [stderr]     Finished `release` profile [optimized] target(s) in 5.16s
[INFO] running `Command { std: "docker" "inspect" "45e752fb810f96a7825341aa7f8df23845bbe66d7fc4f89d409a6d7e28eb52bc", kill_on_drop: false }`
[INFO] running `Command { std: "docker" "exec" "-e" "SOURCE_DIR=/opt/rustwide/workdir" "-e" "CARGO_HOME=/opt/rustwide/cargo-home" "-e" "RUSTUP_HOME=/opt/rustwide/rustup-home" "-e" "CARGO_TARGET_DIR=/opt/rustwide/target" "-e" "CARGO_INCREMENTAL=0" "-e" "RUST_BACKTRACE=full" "-e" "RUSTFLAGS=--cap-lints=warn" "-e" "RUSTDOCFLAGS=--cap-lints=warn" "-w" "/opt/rustwide/workdir" "--user" "0:0" "45e752fb810f96a7825341aa7f8df23845bbe66d7fc4f89d409a6d7e28eb52bc" "/opt/rustwide/cargo-home/bin/cargo" "+1.99.0-beta.8" "test" "--frozen" "--release", kill_on_drop: false }`
[INFO] [stderr]     Finished `release` profile [optimized] target(s) in 0.13s
[INFO] [stderr]      Running unittests src/main.rs (/opt/rustwide/target/release/deps/wt-d6f1a2a360db17ab)
[INFO] [stdout] 
[INFO] [stdout] running 0 tests
[INFO] [stdout] 
[INFO] [stdout] test result: ok. 0 passed; 0 failed; 0 ignored; 0 measured; 0 filtered out; finished in 0.00s
[INFO] [stdout] 
[INFO] [stderr]      Running tests/hook_contract.rs (/opt/rustwide/target/release/deps/hook_contract-5d43b8f7d501a925)
[INFO] [stdout] 
[INFO] [stdout] running 2 tests
[INFO] [stdout] test hook_rejects_unsupported_stdin_format ... ok
[INFO] [stdout] test hook_claude_code_emits_single_absolute_path_on_stdout ... ok
[INFO] [stdout] 
[INFO] [stdout] test result: ok. 2 passed; 0 failed; 0 ignored; 0 measured; 0 filtered out; finished in 0.25s
[INFO] [stdout] 
[INFO] [stderr]      Running tests/version_compat_subprocess.rs (/opt/rustwide/target/release/deps/version_compat_subprocess-4778126feff9eee7)
[INFO] [stdout] 
[INFO] [stdout] running 2 tests
[INFO] [stdout] test qa_v_008_wt_list_rejects_git_219 ... FAILED
[INFO] [stdout] test qa_v_009_wt_list_when_git_not_installed ... ok
[INFO] [stdout] 
[INFO] [stdout] failures:
[INFO] [stdout] 
[INFO] [stdout] ---- qa_v_008_wt_list_rejects_git_219 stdout ----
[INFO] [stdout] 
[INFO] [stdout] thread 'qa_v_008_wt_list_rejects_git_219' (746) panicked at tests/version_compat_subprocess.rs:44:5:
[INFO] [stdout] mock git fixture missing: /opt/rustwide/iso-code/tests/fixtures/mock-git/git-2.19
[INFO] [stdout] stack backtrace:
[INFO] [stdout]    0:     0x5ee5f9d45f11 - <<std[70759c8f55707aa4]::sys::backtrace::BacktraceLock>::print::DisplayBacktrace as core[df12db4294e9bfd3]::fmt::Display>::fmt
[INFO] [stdout]    1:     0x5ee5f9d5ba4a - core[df12db4294e9bfd3]::fmt::write
[INFO] [stdout]    2:     0x5ee5f9d4a7fc - <alloc[2182bb758b4b3781]::vec::Vec<u8> as core[df12db4294e9bfd3]::io::write::Write>::write_fmt
[INFO] [stdout]    3:     0x5ee5f9d1f716 - std[70759c8f55707aa4]::panicking::default_hook::{closure#0}
[INFO] [stdout]    4:     0x5ee5f9d3d069 - std[70759c8f55707aa4]::panicking::default_hook
[INFO] [stdout]    5:     0x5ee5f9cd7b20 - test[9d35eded1c95d3be]::test_main_inner::<test[9d35eded1c95d3be]::test_main_static::{closure#0}>::{closure#0}
[INFO] [stdout]    6:     0x5ee5f9d3d222 - std[70759c8f55707aa4]::panicking::panic_with_hook
[INFO] [stdout]    7:     0x5ee5f9d1f7c2 - std[70759c8f55707aa4]::panicking::panic_handler::{closure#0}
[INFO] [stdout]    8:     0x5ee5f9d18429 - std[70759c8f55707aa4]::sys::backtrace::__rust_end_short_backtrace::<std[70759c8f55707aa4]::panicking::panic_handler::{closure#0}, !>
[INFO] [stdout]    9:     0x5ee5f9d2047d - __rustc[8fa7c3cbc660c2b3]::rust_begin_unwind
[INFO] [stdout]   10:     0x5ee5f9d5c17c - core[df12db4294e9bfd3]::panicking::panic_fmt
[INFO] [stdout]   11:     0x5ee5f9cc228f - <version_compat_subprocess[84eca43943ea7c3d]::qa_v_008_wt_list_rejects_git_219::{closure#0} as core[df12db4294e9bfd3]::ops::function::FnOnce<()>>::call_once
[INFO] [stdout]   12:     0x5ee5f9ccae0b - test[9d35eded1c95d3be]::__rust_begin_short_backtrace::<core[df12db4294e9bfd3]::result::Result<(), alloc[2182bb758b4b3781]::string::String>, fn() -> core[df12db4294e9bfd3]::result::Result<(), alloc[2182bb758b4b3781]::string::String>>
[INFO] [stdout]   13:     0x5ee5f9cd8475 - test[9d35eded1c95d3be]::run_test::{closure#0}
[INFO] [stdout]   14:     0x5ee5f9cd1d34 - std[70759c8f55707aa4]::sys::backtrace::__rust_begin_short_backtrace::<test[9d35eded1c95d3be]::run_test::{closure#1}, ()>
[INFO] [stdout]   15:     0x5ee5f9cdb5d2 - <std[70759c8f55707aa4]::thread::lifecycle::spawn_unchecked<test[9d35eded1c95d3be]::run_test::{closure#1}, ()>::{closure#1} as core[df12db4294e9bfd3]::ops::function::FnOnce<()>>::call_once::{shim:vtable#0}
[INFO] [stdout]   16:     0x5ee5f9d45729 - <std[70759c8f55707aa4]::sys::thread::unix::Thread>::new::thread_start
[INFO] [stdout]   17:     0x7702eab3edfa - <unknown>
[INFO] [stdout]   18:     0x7702eabd23d4 - clone
[INFO] [stdout]   19:                0x0 - <unknown>
[INFO] [stdout] 
[INFO] [stdout] 
[INFO] [stdout] failures:
[INFO] [stdout]     qa_v_008_wt_list_rejects_git_219
[INFO] [stdout] 
[INFO] [stdout] test result: FAILED. 1 passed; 1 failed; 0 ignored; 0 measured; 0 filtered out; finished in 0.14s
[INFO] [stdout] 
[INFO] [stderr] error: test failed, to rerun pass `--test version_compat_subprocess`
[INFO] running `Command { std: "docker" "inspect" "45e752fb810f96a7825341aa7f8df23845bbe66d7fc4f89d409a6d7e28eb52bc", kill_on_drop: false }`
[INFO] running `Command { std: "docker" "rm" "-f" "45e752fb810f96a7825341aa7f8df23845bbe66d7fc4f89d409a6d7e28eb52bc", kill_on_drop: false }`
[INFO] [stdout] 45e752fb810f96a7825341aa7f8df23845bbe66d7fc4f89d409a6d7e28eb52bc
