[INFO] fetching crate ironwork-compile 0.9.0...
[INFO] testing ironwork-compile-0.9.0 against 1.100.0-beta.1+cargoflags=--release for beta-release-1.100-2
[INFO] extracting crate ironwork-compile 0.9.0 into /workspace/builds/worker-3-tc2/source
[INFO] started tweaking crates.io crate ironwork-compile 0.9.0
[INFO] removed 0 missing tests
[INFO] finished tweaking crates.io crate ironwork-compile 0.9.0
[INFO] tweaked toml for crates.io crate ironwork-compile 0.9.0 written to /workspace/builds/worker-3-tc2/source/Cargo.toml
[INFO] validating manifest of crates.io crate ironwork-compile 0.9.0 on toolchain 1.100.0-beta.1
[INFO] running `Command { std: CARGO_HOME="/workspace/cargo-home" RUSTUP_HOME="/workspace/rustup-home" "/workspace/cargo-home/bin/cargo" "+1.100.0-beta.1" "metadata" "--manifest-path" "Cargo.toml" "--no-deps", kill_on_drop: false }`
[INFO] crate crates.io crate ironwork-compile 0.9.0 already has a lockfile, it will not be regenerated
[INFO] running `Command { std: CARGO_HOME="/workspace/cargo-home" RUSTUP_HOME="/workspace/rustup-home" "/workspace/cargo-home/bin/cargo" "+1.100.0-beta.1" "fetch" "--manifest-path" "Cargo.toml", kill_on_drop: false }`
[INFO] [stderr] warning: `package.homepage` is redundant with `package.repository`
[INFO] [stderr]   --> Cargo.toml:39:12
[INFO] [stderr]    |
[INFO] [stderr] 39 | homepage = "https://github.com/Portll/ironwork"
[INFO] [stderr]    |            ^^^^^^^^^^^^^^^^^^^^^^^^^^^^^^^^^^^^
[INFO] [stderr] ...
[INFO] [stderr] 45 | repository = "https://github.com/Portll/ironwork"
[INFO] [stderr]    |              ------------------------------------
[INFO] [stderr]    |
[INFO] [stderr]    = note: `cargo::redundant_homepage` is set to `warn` by default
[INFO] [stderr] help: consider removing `package.homepage`
[INFO] [stderr] warning: `ironwork-compile` (manifest) generated 1 warning
[INFO] running `Command { std: "docker" "create" "-v" "/var/lib/crater-agent-workspace/builds/worker-3-tc2/source:/opt/rustwide/workdir:ro,Z" "-v" "/var/lib/crater-agent-workspace/builds/worker-3-tc2/target:/opt/rustwide/target:rw,Z" "-v" "/var/lib/crater-agent-workspace/cargo-home:/opt/rustwide/cargo-home:ro,Z" "-v" "/var/lib/crater-agent-workspace/rustup-home:/opt/rustwide/rustup-home:ro,Z" "-m" "1610612736" "--network" "none" "ghcr.io/rust-lang/crates-build-env/linux@sha256:77db811e55d90add9212f6832c23229e3de5f1c1f9905e8cb07319ea15df73ac" "sleep" "infinity", kill_on_drop: false }`
[INFO] [stdout] 5c54f55a27b779c9eaa6bc1d2770704bb13288c8b49018e69852b4977a48d73f
[INFO] running `Command { std: "docker" "start" "5c54f55a27b779c9eaa6bc1d2770704bb13288c8b49018e69852b4977a48d73f", kill_on_drop: false }`
[INFO] running `Command { std: "docker" "inspect" "5c54f55a27b779c9eaa6bc1d2770704bb13288c8b49018e69852b4977a48d73f", kill_on_drop: false }`
[INFO] running `Command { std: "docker" "exec" "-e" "SOURCE_DIR=/opt/rustwide/workdir" "-e" "CARGO_HOME=/opt/rustwide/cargo-home" "-e" "RUSTUP_HOME=/opt/rustwide/rustup-home" "-e" "CARGO_TARGET_DIR=/opt/rustwide/target" "-w" "/opt/rustwide/workdir" "--user" "0:0" "5c54f55a27b779c9eaa6bc1d2770704bb13288c8b49018e69852b4977a48d73f" "/opt/rustwide/cargo-home/bin/cargo" "+1.100.0-beta.1" "metadata" "--no-deps" "--format-version=1", kill_on_drop: false }`
[INFO] running `Command { std: "docker" "inspect" "5c54f55a27b779c9eaa6bc1d2770704bb13288c8b49018e69852b4977a48d73f", kill_on_drop: false }`
[INFO] running `Command { std: "docker" "exec" "-e" "SOURCE_DIR=/opt/rustwide/workdir" "-e" "CARGO_HOME=/opt/rustwide/cargo-home" "-e" "RUSTUP_HOME=/opt/rustwide/rustup-home" "-e" "CARGO_TARGET_DIR=/opt/rustwide/target" "-e" "CARGO_INCREMENTAL=0" "-e" "RUST_BACKTRACE=full" "-e" "RUSTFLAGS=--cap-lints=warn" "-e" "RUSTDOCFLAGS=--cap-lints=warn" "-w" "/opt/rustwide/workdir" "--user" "0:0" "5c54f55a27b779c9eaa6bc1d2770704bb13288c8b49018e69852b4977a48d73f" "/opt/rustwide/cargo-home/bin/cargo" "+1.100.0-beta.1" "build" "--frozen" "--message-format=json" "--release", kill_on_drop: false }`
[INFO] [stderr] warning: `package.homepage` is redundant with `package.repository`
[INFO] [stderr]   --> Cargo.toml:39:12
[INFO] [stderr]    |
[INFO] [stderr] 39 | homepage = "https://github.com/Portll/ironwork"
[INFO] [stderr]    |            ^^^^^^^^^^^^^^^^^^^^^^^^^^^^^^^^^^^^
[INFO] [stderr] ...
[INFO] [stderr] 45 | repository = "https://github.com/Portll/ironwork"
[INFO] [stderr]    |              ------------------------------------
[INFO] [stderr]    |
[INFO] [stderr]    = note: `cargo::redundant_homepage` is set to `warn` by default
[INFO] [stderr] help: consider removing `package.homepage`
[INFO] [stderr] warning: `ironwork-compile` (manifest) generated 1 warning
[INFO] [stderr]    Compiling ironwork-zarch v0.9.0
[INFO] [stderr]    Compiling ironwork-numeric v0.9.0
[INFO] [stderr]    Compiling ironwork-rt v0.9.0
[INFO] [stderr]    Compiling ironwork-syntax v0.9.0
[INFO] [stderr]    Compiling ironwork-compile v0.9.0 (/opt/rustwide/workdir)
[INFO] [stderr]     Finished `release` profile [optimized] target(s) in 1m 19s
[INFO] running `Command { std: "docker" "inspect" "5c54f55a27b779c9eaa6bc1d2770704bb13288c8b49018e69852b4977a48d73f", kill_on_drop: false }`
[INFO] running `Command { std: "docker" "exec" "-e" "SOURCE_DIR=/opt/rustwide/workdir" "-e" "CARGO_HOME=/opt/rustwide/cargo-home" "-e" "RUSTUP_HOME=/opt/rustwide/rustup-home" "-e" "CARGO_TARGET_DIR=/opt/rustwide/target" "-e" "CARGO_INCREMENTAL=0" "-e" "RUST_BACKTRACE=full" "-e" "RUSTFLAGS=--cap-lints=warn" "-e" "RUSTDOCFLAGS=--cap-lints=warn" "-w" "/opt/rustwide/workdir" "--user" "0:0" "5c54f55a27b779c9eaa6bc1d2770704bb13288c8b49018e69852b4977a48d73f" "/opt/rustwide/cargo-home/bin/cargo" "+1.100.0-beta.1" "test" "--frozen" "--no-run" "--message-format=json" "--release", kill_on_drop: false }`
[INFO] [stderr] warning: `package.homepage` is redundant with `package.repository`
[INFO] [stderr]   --> Cargo.toml:39:12
[INFO] [stderr]    |
[INFO] [stderr] 39 | homepage = "https://github.com/Portll/ironwork"
[INFO] [stderr]    |            ^^^^^^^^^^^^^^^^^^^^^^^^^^^^^^^^^^^^
[INFO] [stderr] ...
[INFO] [stderr] 45 | repository = "https://github.com/Portll/ironwork"
[INFO] [stderr]    |              ------------------------------------
[INFO] [stderr]    |
[INFO] [stderr]    = note: `cargo::redundant_homepage` is set to `warn` by default
[INFO] [stderr] help: consider removing `package.homepage`
[INFO] [stderr] warning: `ironwork-compile` (manifest) generated 1 warning
[INFO] [stderr]    Compiling ironwork-compile v0.9.0 (/opt/rustwide/workdir)
[INFO] [stderr]     Finished `release` profile [optimized] target(s) in 23.24s
[INFO] running `Command { std: "docker" "inspect" "5c54f55a27b779c9eaa6bc1d2770704bb13288c8b49018e69852b4977a48d73f", kill_on_drop: false }`
[INFO] running `Command { std: "docker" "exec" "-e" "SOURCE_DIR=/opt/rustwide/workdir" "-e" "CARGO_HOME=/opt/rustwide/cargo-home" "-e" "RUSTUP_HOME=/opt/rustwide/rustup-home" "-e" "CARGO_TARGET_DIR=/opt/rustwide/target" "-e" "CARGO_INCREMENTAL=0" "-e" "RUST_BACKTRACE=full" "-e" "RUSTFLAGS=--cap-lints=warn" "-e" "RUSTDOCFLAGS=--cap-lints=warn" "-w" "/opt/rustwide/workdir" "--user" "0:0" "5c54f55a27b779c9eaa6bc1d2770704bb13288c8b49018e69852b4977a48d73f" "/opt/rustwide/cargo-home/bin/cargo" "+1.100.0-beta.1" "test" "--frozen" "--release", kill_on_drop: false }`
[INFO] [stderr] warning: `package.homepage` is redundant with `package.repository`
[INFO] [stderr]   --> Cargo.toml:39:12
[INFO] [stderr]    |
[INFO] [stderr] 39 | homepage = "https://github.com/Portll/ironwork"
[INFO] [stderr]    |            ^^^^^^^^^^^^^^^^^^^^^^^^^^^^^^^^^^^^
[INFO] [stderr] ...
[INFO] [stderr] 45 | repository = "https://github.com/Portll/ironwork"
[INFO] [stderr]    |              ------------------------------------
[INFO] [stderr]    |
[INFO] [stderr]    = note: `cargo::redundant_homepage` is set to `warn` by default
[INFO] [stderr] help: consider removing `package.homepage`
[INFO] [stderr] warning: `ironwork-compile` (manifest) generated 1 warning
[INFO] [stderr]     Finished `release` profile [optimized] target(s) in 0.02s
[INFO] [stderr]      Running unittests src/lib.rs (/opt/rustwide/target/release/build/ironwork-compile/f304b3fd3e74acb9/out/ironwork_compile-f304b3fd3e74acb9)
[INFO] [stdout] 
[INFO] [stdout] running 31 tests
[INFO] [stdout] test constructs::tests::a_run_holds_how_it_was_made ... ok
[INFO] [stdout] test initcheck::tests::linkage_file_external_and_global_items_are_not_analysed_and_local_storage_is ... ok
[INFO] [stdout] test corresponding::tests::the_move_table_rows ... ok
[INFO] [stdout] test initcheck::tests::lax_warns_where_no_path_sets_an_item_and_strict_where_one_does_not ... ok
[INFO] [stdout] test initcheck::tests::redefines_and_renames_share_what_is_set ... ok
[INFO] [stdout] test constructs::tests::a_program_holds_the_statements_usages_and_options_it_is_written_with ... ok
[INFO] [stdout] test initcheck::tests::a_loop_may_set_an_item_for_its_next_repetition ... ok
[INFO] [stdout] test initcheck::tests::evaluate_and_condition_names ... ok
[INFO] [stdout] test picture::tests::alphanumeric_and_national ... ok
[INFO] [stdout] test picture::tests::a_currency_sign_clause_names_the_symbol_and_the_value_it_stands_for ... ok
[INFO] [stdout] test initcheck::tests::by_reference_is_no_use_and_any_call_sets_address_taken_records ... ok
[INFO] [stdout] test picture::tests::a_picture_can_end_in_an_insertion_comma_or_the_decimal_point ... ok
[INFO] [stdout] test picture::tests::blank_when_zero_makes_a_numeric_picture_numeric_edited ... ok
[INFO] [stdout] test corresponding::tests::a_picture_of_a_alone_is_alphabetic ... ok
[INFO] [stdout] test initcheck::tests::the_message_names_the_item_and_a_groups_first_item_not_set ... ok
[INFO] [stdout] test picture::tests::edited_pictures ... ok
[INFO] [stdout] test picture::tests::numeric_pictures ... ok
[INFO] [stdout] test initcheck::tests::value_clauses_and_groups_set_their_items ... ok
[INFO] [stdout] test initcheck::tests::a_table_is_one_item_and_reference_modification_counts_as_set ... ok
[INFO] [stdout] test initcheck::tests::a_declarative_may_set_an_item_and_vsam_status_and_supplied_members_are_set ... ok
[INFO] [stdout] test initcheck::tests::a_performed_paragraph_sets_items_for_the_perform_that_ran_it ... ok
[INFO] [stdout] test initcheck::tests::file_statements_set_the_file_status_and_read_into_its_record ... ok
[INFO] [stdout] test initcheck::tests::go_to_and_fall_through_carry_what_is_set ... ok
[INFO] [stdout] test picture::tests::scaling_positions_left_of_the_digits_raise_the_scale_and_right_of_them_scale_the_value ... ok
[INFO] [stdout] test picture::tests::under_decimal_point_is_comma_the_comma_is_the_point_and_the_period_an_insertion ... ok
[INFO] [stdout] test picture::tests::unsupported_and_invalid_pictures_say_why ... ok
[INFO] [stdout] test reserved::tests::standard_only_and_potential_words_and_filler_are_names_a_program_may_use ... ok
[INFO] [stdout] test reserved::tests::section_names ... ok
[INFO] [stdout] test reserved::tests::a_reserved_data_name_is_refused_where_it_is_declared ... ok
[INFO] [stdout] test reserved::tests::conditions_and_indexes_are_names_too ... ok
[INFO] [stdout] test tests::source_date_epoch_decides_the_compile_time_and_the_clock_stands_in_for_it ... ok
[INFO] [stdout] 
[INFO] [stdout] test result: ok. 31 passed; 0 failed; 0 ignored; 0 measured; 0 filtered out; finished in 0.02s
[INFO] [stdout] 
[INFO] [stderr]      Running tests/cobolwork_fixtures.rs (/opt/rustwide/target/release/build/ironwork-compile/4b2ff76d96261aab/out/cobolwork_fixtures-4b2ff76d96261aab)
[INFO] [stdout] 
[INFO] [stdout] running 4 tests
[INFO] [stdout] test the_vendored_fixtures_are_cobolworks ... ok
[INFO] [stdout] test region_definitions_read_as_cobolwork_reads_them ... FAILED
[INFO] [stdout] test symbolic_maps_lay_out_as_the_copybooks_cics_generated ... FAILED
[INFO] [stdout] test host_variables_are_read_and_written_as_the_shared_table_says ... FAILED
[INFO] [stdout] 
[INFO] [stdout] failures:
[INFO] [stdout] 
[INFO] [stdout] ---- region_definitions_read_as_cobolwork_reads_them stdout ----
[INFO] [stdout] 
[INFO] [stdout] thread 'region_definitions_read_as_cobolwork_reads_them' (425) panicked at tests/cobolwork_fixtures.rs:13:54:
[INFO] [stdout] /opt/rustwide/workdir/../../fixtures/cobolwork/csd/entry.csd: No such file or directory (os error 2)
[INFO] [stdout] stack backtrace:
[INFO] [stdout]    0:     0x5b3eb1ad0151 - <<std[617be2ca0a6fd877]::sys::backtrace::BacktraceLock>::print::DisplayBacktrace as core[a373ad73a504971]::fmt::Display>::fmt
[INFO] [stdout]    1:     0x5b3eb1ae619a - core[a373ad73a504971]::fmt::write
[INFO] [stdout]    2:     0x5b3eb1ad465c - <alloc[2e1b2a31b91974c5]::vec::Vec<u8> as core[a373ad73a504971]::io::write::Write>::write_fmt
[INFO] [stdout]    3:     0x5b3eb1aaa7a6 - std[617be2ca0a6fd877]::panicking::default_hook::{closure#0}
[INFO] [stdout]    4:     0x5b3eb1ac7609 - std[617be2ca0a6fd877]::panicking::default_hook
[INFO] [stdout]    5:     0x5b3eb192c870 - test[aada8e7e76ba119b]::test_main_inner::{closure#0}
[INFO] [stdout]    6:     0x5b3eb1ac77c2 - std[617be2ca0a6fd877]::panicking::panic_with_hook
[INFO] [stdout]    7:     0x5b3eb1aaa852 - std[617be2ca0a6fd877]::panicking::panic_handler::{closure#0}
[INFO] [stdout]    8:     0x5b3eb1aa3219 - std[617be2ca0a6fd877]::sys::backtrace::__rust_end_short_backtrace::<std[617be2ca0a6fd877]::panicking::panic_handler::{closure#0}, !>
[INFO] [stdout]    9:     0x5b3eb1aab45d - __rustc[ea4f61d10b84890b]::rust_begin_unwind
[INFO] [stdout]   10:     0x5b3eb1ae68cc - core[a373ad73a504971]::panicking::panic_fmt
[INFO] [stdout]   11:     0x5b3eb1804a09 - cobolwork_fixtures[fbe1a4a77e1ba5c4]::read::{closure#0}
[INFO] [stdout]   12:     0x5b3eb1805747 - cobolwork_fixtures[fbe1a4a77e1ba5c4]::read
[INFO] [stdout]   13:     0x5b3eb1806f9b - <cobolwork_fixtures[fbe1a4a77e1ba5c4]::region_definitions_read_as_cobolwork_reads_them::{closure#0} as core[a373ad73a504971]::ops::function::FnOnce<()>>::call_once
[INFO] [stdout]   14:     0x5b3eb191fcbb - test[aada8e7e76ba119b]::__rust_begin_short_backtrace::<core[a373ad73a504971]::result::Result<(), alloc[2e1b2a31b91974c5]::string::String>, fn() -> core[a373ad73a504971]::result::Result<(), alloc[2e1b2a31b91974c5]::string::String>>
[INFO] [stdout]   15:     0x5b3eb192ce95 - test[aada8e7e76ba119b]::run_test::{closure#0}
[INFO] [stdout]   16:     0x5b3eb1926784 - std[617be2ca0a6fd877]::sys::backtrace::__rust_begin_short_backtrace::<test[aada8e7e76ba119b]::run_test::{closure#1}, ()>
[INFO] [stdout]   17:     0x5b3eb192ff22 - <std[617be2ca0a6fd877]::thread::lifecycle::spawn_unchecked<test[aada8e7e76ba119b]::run_test::{closure#1}, ()>::{closure#1} as core[a373ad73a504971]::ops::function::FnOnce<()>>::call_once::{shim:vtable#0}
[INFO] [stdout]   18:     0x5b3eb1acf15f - <std[617be2ca0a6fd877]::sys::thread::unix::Thread>::new::thread_start
[INFO] [stdout]   19:     0x7d31d047cdfa - <unknown>
[INFO] [stdout]   20:     0x7d31d05103d4 - clone
[INFO] [stdout]   21:                0x0 - <unknown>
[INFO] [stdout] 
[INFO] [stdout] ---- symbolic_maps_lay_out_as_the_copybooks_cics_generated stdout ----
[INFO] [stdout] 
[INFO] [stdout] thread 'symbolic_maps_lay_out_as_the_copybooks_cics_generated' (426) panicked at tests/cobolwork_fixtures.rs:13:54:
[INFO] [stdout] /opt/rustwide/workdir/../../fixtures/cobolwork/bms/COSGN00.bms: No such file or directory (os error 2)
[INFO] [stdout] stack backtrace:
[INFO] [stdout]    0:     0x5b3eb1ad0151 - <<std[617be2ca0a6fd877]::sys::backtrace::BacktraceLock>::print::DisplayBacktrace as core[a373ad73a504971]::fmt::Display>::fmt
[INFO] [stdout]    1:     0x5b3eb1ae619a - core[a373ad73a504971]::fmt::write
[INFO] [stdout]    2:     0x5b3eb1ad465c - <alloc[2e1b2a31b91974c5]::vec::Vec<u8> as core[a373ad73a504971]::io::write::Write>::write_fmt
[INFO] [stdout]    3:     0x5b3eb1aaa7a6 - std[617be2ca0a6fd877]::panicking::default_hook::{closure#0}
[INFO] [stdout]    4:     0x5b3eb1ac7609 - std[617be2ca0a6fd877]::panicking::default_hook
[INFO] [stdout]    5:     0x5b3eb192c870 - test[aada8e7e76ba119b]::test_main_inner::{closure#0}
[INFO] [stdout]    6:     0x5b3eb1ac77c2 - std[617be2ca0a6fd877]::panicking::panic_with_hook
[INFO] [stdout]    7:     0x5b3eb1aaa852 - std[617be2ca0a6fd877]::panicking::panic_handler::{closure#0}
[INFO] [stdout]    8:     0x5b3eb1aa3219 - std[617be2ca0a6fd877]::sys::backtrace::__rust_end_short_backtrace::<std[617be2ca0a6fd877]::panicking::panic_handler::{closure#0}, !>
[INFO] [stdout]    9:     0x5b3eb1aab45d - __rustc[ea4f61d10b84890b]::rust_begin_unwind
[INFO] [stdout]   10:     0x5b3eb1ae68cc - core[a373ad73a504971]::panicking::panic_fmt
[INFO] [stdout]   11:     0x5b3eb1804a09 - cobolwork_fixtures[fbe1a4a77e1ba5c4]::read::{closure#0}
[INFO] [stdout]   12:     0x5b3eb1805747 - cobolwork_fixtures[fbe1a4a77e1ba5c4]::read
[INFO] [stdout]   13:     0x5b3eb1804e3d - cobolwork_fixtures[fbe1a4a77e1ba5c4]::copied_layout
[INFO] [stdout]   14:     0x5b3eb1807741 - <cobolwork_fixtures[fbe1a4a77e1ba5c4]::symbolic_maps_lay_out_as_the_copybooks_cics_generated::{closure#0} as core[a373ad73a504971]::ops::function::FnOnce<()>>::call_once
[INFO] [stdout]   15:     0x5b3eb191fcbb - test[aada8e7e76ba119b]::__rust_begin_short_backtrace::<core[a373ad73a504971]::result::Result<(), alloc[2e1b2a31b91974c5]::string::String>, fn() -> core[a373ad73a504971]::result::Result<(), alloc[2e1b2a31b91974c5]::string::String>>
[INFO] [stdout]   16:     0x5b3eb192ce95 - test[aada8e7e76ba119b]::run_test::{closure#0}
[INFO] [stdout]   17:     0x5b3eb1926784 - std[617be2ca0a6fd877]::sys::backtrace::__rust_begin_short_backtrace::<test[aada8e7e76ba119b]::run_test::{closure#1}, ()>
[INFO] [stdout]   18:     0x5b3eb192ff22 - <std[617be2ca0a6fd877]::thread::lifecycle::spawn_unchecked<test[aada8e7e76ba119b]::run_test::{closure#1}, ()>::{closure#1} as core[a373ad73a504971]::ops::function::FnOnce<()>>::call_once::{shim:vtable#0}
[INFO] [stdout]   19:     0x5b3eb1acf15f - <std[617be2ca0a6fd877]::sys::thread::unix::Thread>::new::thread_start
[INFO] [stdout]   20:     0x7d31d047cdfa - <unknown>
[INFO] [stdout]   21:     0x7d31d05103d4 - clone
[INFO] [stdout]   22:                0x0 - <unknown>
[INFO] [stdout] 
[INFO] [stdout] ---- host_variables_are_read_and_written_as_the_shared_table_says stdout ----
[INFO] [stdout] 
[INFO] [stdout] thread 'host_variables_are_read_and_written_as_the_shared_table_says' (424) panicked at tests/cobolwork_fixtures.rs:13:54:
[INFO] [stdout] /opt/rustwide/workdir/../../fixtures/cobolwork/sql/host-variables.tsv: No such file or directory (os error 2)
[INFO] [stdout] stack backtrace:
[INFO] [stdout]    0:     0x5b3eb1ad0151 - <<std[617be2ca0a6fd877]::sys::backtrace::BacktraceLock>::print::DisplayBacktrace as core[a373ad73a504971]::fmt::Display>::fmt
[INFO] [stdout]    1:     0x5b3eb1ae619a - core[a373ad73a504971]::fmt::write
[INFO] [stdout]    2:     0x5b3eb1ad465c - <alloc[2e1b2a31b91974c5]::vec::Vec<u8> as core[a373ad73a504971]::io::write::Write>::write_fmt
[INFO] [stdout]    3:     0x5b3eb1aaa7a6 - std[617be2ca0a6fd877]::panicking::default_hook::{closure#0}
[INFO] [stdout]    4:     0x5b3eb1ac7609 - std[617be2ca0a6fd877]::panicking::default_hook
[INFO] [stdout]    5:     0x5b3eb192c870 - test[aada8e7e76ba119b]::test_main_inner::{closure#0}
[INFO] [stdout]    6:     0x5b3eb1ac77c2 - std[617be2ca0a6fd877]::panicking::panic_with_hook
[INFO] [stdout]    7:     0x5b3eb1aaa852 - std[617be2ca0a6fd877]::panicking::panic_handler::{closure#0}
[INFO] [stdout]    8:     0x5b3eb1aa3219 - std[617be2ca0a6fd877]::sys::backtrace::__rust_end_short_backtrace::<std[617be2ca0a6fd877]::panicking::panic_handler::{closure#0}, !>
[INFO] [stdout]    9:     0x5b3eb1aab45d - __rustc[ea4f61d10b84890b]::rust_begin_unwind
[INFO] [stdout]   10:     0x5b3eb1ae68cc - core[a373ad73a504971]::panicking::panic_fmt
[INFO] [stdout]   11:     0x5b3eb1804a09 - cobolwork_fixtures[fbe1a4a77e1ba5c4]::read::{closure#0}
[INFO] [stdout]   12:     0x5b3eb1805747 - cobolwork_fixtures[fbe1a4a77e1ba5c4]::read
[INFO] [stdout]   13:     0x5b3eb1807ddf - <cobolwork_fixtures[fbe1a4a77e1ba5c4]::host_variables_are_read_and_written_as_the_shared_table_says::{closure#0} as core[a373ad73a504971]::ops::function::FnOnce<()>>::call_once
[INFO] [stdout]   14:     0x5b3eb191fcbb - test[aada8e7e76ba119b]::__rust_begin_short_backtrace::<core[a373ad73a504971]::result::Result<(), alloc[2e1b2a31b91974c5]::string::String>, fn() -> core[a373ad73a504971]::result::Result<(), alloc[2e1b2a31b91974c5]::string::String>>
[INFO] [stdout]   15:     0x5b3eb192ce95 - test[aada8e7e76ba119b]::run_test::{closure#0}
[INFO] [stdout]   16:     0x5b3eb1926784 - std[617be2ca0a6fd877]::sys::backtrace::__rust_begin_short_backtrace::<test[aada8e7e76ba119b]::run_test::{closure#1}, ()>
[INFO] [stdout]   17:     0x5b3eb192ff22 - <std[617be2ca0a6fd877]::thread::lifecycle::spawn_unchecked<test[aada8e7e76ba119b]::run_test::{closure#1}, ()>::{closure#1} as core[a373ad73a504971]::ops::function::FnOnce<()>>::call_once::{shim:vtable#0}
[INFO] [stdout]   18:     0x5b3eb1acf15f - <std[617be2ca0a6fd877]::sys::thread::unix::Thread>::new::thread_start
[INFO] [stdout]   19:     0x7d31d047cdfa - <unknown>
[INFO] [stdout]   20:     0x7d31d05103d4 - clone
[INFO] [stdout]   21:                0x0 - <unknown>
[INFO] [stdout] 
[INFO] [stdout] 
[INFO] [stdout] failures:
[INFO] [stdout]     host_variables_are_read_and_written_as_the_shared_table_says
[INFO] [stdout]     region_definitions_read_as_cobolwork_reads_them
[INFO] [stdout]     symbolic_maps_lay_out_as_the_copybooks_cics_generated
[INFO] [stdout] 
[INFO] [stdout] test result: FAILED. 1 passed; 3 failed; 0 ignored; 0 measured; 0 filtered out; finished in 0.01s
[INFO] [stdout] 
[INFO] [stderr] error: test failed, to rerun pass `--test cobolwork_fixtures`
[INFO] running `Command { std: "docker" "inspect" "5c54f55a27b779c9eaa6bc1d2770704bb13288c8b49018e69852b4977a48d73f", kill_on_drop: false }`
[INFO] running `Command { std: "docker" "rm" "-f" "5c54f55a27b779c9eaa6bc1d2770704bb13288c8b49018e69852b4977a48d73f", kill_on_drop: false }`
[INFO] [stdout] 5c54f55a27b779c9eaa6bc1d2770704bb13288c8b49018e69852b4977a48d73f
