[INFO] fetching crate ironframe 1.0.0...
[INFO] testing ironframe-1.0.0 against 1.100.0-beta.1+cargoflags=--release for beta-release-1.100-2
[INFO] extracting crate ironframe 1.0.0 into /workspace/builds/worker-5-tc2/source
[INFO] started tweaking crates.io crate ironframe 1.0.0
[INFO] finished tweaking crates.io crate ironframe 1.0.0
[INFO] tweaked toml for crates.io crate ironframe 1.0.0 written to /workspace/builds/worker-5-tc2/source/Cargo.toml
[INFO] validating manifest of crates.io crate ironframe 1.0.0 on toolchain 1.100.0-beta.1
[INFO] running `Command { std: CARGO_HOME="/workspace/cargo-home" RUSTUP_HOME="/workspace/rustup-home" "/workspace/cargo-home/bin/cargo" "+1.100.0-beta.1" "metadata" "--manifest-path" "Cargo.toml" "--no-deps", kill_on_drop: false }`
[INFO] crate crates.io crate ironframe 1.0.0 already has a lockfile, it will not be regenerated
[INFO] running `Command { std: CARGO_HOME="/workspace/cargo-home" RUSTUP_HOME="/workspace/rustup-home" "/workspace/cargo-home/bin/cargo" "+1.100.0-beta.1" "fetch" "--manifest-path" "Cargo.toml", kill_on_drop: false }`
[INFO] running `Command { std: "docker" "create" "-v" "/var/lib/crater-agent-workspace/builds/worker-5-tc2/source:/opt/rustwide/workdir:ro,Z" "-v" "/var/lib/crater-agent-workspace/builds/worker-5-tc2/target:/opt/rustwide/target:rw,Z" "-v" "/var/lib/crater-agent-workspace/cargo-home:/opt/rustwide/cargo-home:ro,Z" "-v" "/var/lib/crater-agent-workspace/rustup-home:/opt/rustwide/rustup-home:ro,Z" "-m" "1610612736" "--network" "none" "ghcr.io/rust-lang/crates-build-env/linux@sha256:77db811e55d90add9212f6832c23229e3de5f1c1f9905e8cb07319ea15df73ac" "sleep" "infinity", kill_on_drop: false }`
[INFO] [stdout] ad8f4c3a431d74e05d06cc562f387a95c8e369a879a6eb1a82bc899186205e9e
[INFO] running `Command { std: "docker" "start" "ad8f4c3a431d74e05d06cc562f387a95c8e369a879a6eb1a82bc899186205e9e", kill_on_drop: false }`
[INFO] running `Command { std: "docker" "inspect" "ad8f4c3a431d74e05d06cc562f387a95c8e369a879a6eb1a82bc899186205e9e", kill_on_drop: false }`
[INFO] running `Command { std: "docker" "exec" "-e" "SOURCE_DIR=/opt/rustwide/workdir" "-e" "CARGO_HOME=/opt/rustwide/cargo-home" "-e" "RUSTUP_HOME=/opt/rustwide/rustup-home" "-e" "CARGO_TARGET_DIR=/opt/rustwide/target" "-w" "/opt/rustwide/workdir" "--user" "0:0" "ad8f4c3a431d74e05d06cc562f387a95c8e369a879a6eb1a82bc899186205e9e" "/opt/rustwide/cargo-home/bin/cargo" "+1.100.0-beta.1" "metadata" "--no-deps" "--format-version=1", kill_on_drop: false }`
[INFO] running `Command { std: "docker" "inspect" "ad8f4c3a431d74e05d06cc562f387a95c8e369a879a6eb1a82bc899186205e9e", kill_on_drop: false }`
[INFO] running `Command { std: "docker" "exec" "-e" "SOURCE_DIR=/opt/rustwide/workdir" "-e" "CARGO_HOME=/opt/rustwide/cargo-home" "-e" "RUSTUP_HOME=/opt/rustwide/rustup-home" "-e" "CARGO_TARGET_DIR=/opt/rustwide/target" "-e" "CARGO_INCREMENTAL=0" "-e" "RUST_BACKTRACE=full" "-e" "RUSTFLAGS=--cap-lints=warn" "-e" "RUSTDOCFLAGS=--cap-lints=warn" "-w" "/opt/rustwide/workdir" "--user" "0:0" "ad8f4c3a431d74e05d06cc562f387a95c8e369a879a6eb1a82bc899186205e9e" "/opt/rustwide/cargo-home/bin/cargo" "+1.100.0-beta.1" "build" "--frozen" "--message-format=json" "--release", kill_on_drop: false }`
[INFO] [stderr]    Compiling quote v1.0.44
[INFO] [stderr]    Compiling proc-macro2 v1.0.106
[INFO] [stderr]    Compiling crossbeam-utils v0.8.21
[INFO] [stderr]    Compiling libc v0.2.180
[INFO] [stderr]    Compiling aho-corasick v1.1.4
[INFO] [stderr]    Compiling regex-syntax v0.8.9
[INFO] [stderr]    Compiling bstr v1.12.1
[INFO] [stderr]    Compiling syn v2.0.114
[INFO] [stderr]    Compiling crossbeam-epoch v0.9.18
[INFO] [stderr]    Compiling crossbeam-channel v0.5.15
[INFO] [stderr]    Compiling crossbeam-deque v0.8.6
[INFO] [stderr]    Compiling inotify-sys v0.1.5
[INFO] [stderr]    Compiling mio v0.8.11
[INFO] [stderr]    Compiling filetime v0.2.27
[INFO] [stderr]    Compiling inotify v0.9.6
[INFO] [stderr]    Compiling regex-automata v0.4.14
[INFO] [stderr]    Compiling notify v6.1.1
[INFO] [stderr]    Compiling serde_derive v1.0.228
[INFO] [stderr]    Compiling globset v0.4.18
[INFO] [stderr]    Compiling ignore v0.4.25
[INFO] [stderr]    Compiling serde v1.0.228
[INFO] [stderr]    Compiling toml_datetime v0.6.11
[INFO] [stderr]    Compiling serde_spanned v0.6.9
[INFO] [stderr]    Compiling toml_edit v0.22.27
[INFO] [stderr]    Compiling toml v0.8.23
[INFO] [stderr]    Compiling ironframe v1.0.0 (/opt/rustwide/workdir)
[INFO] [stderr]     Finished `release` profile [optimized] target(s) in 1m 28s
[INFO] running `Command { std: "docker" "inspect" "ad8f4c3a431d74e05d06cc562f387a95c8e369a879a6eb1a82bc899186205e9e", kill_on_drop: false }`
[INFO] running `Command { std: "docker" "exec" "-e" "SOURCE_DIR=/opt/rustwide/workdir" "-e" "CARGO_HOME=/opt/rustwide/cargo-home" "-e" "RUSTUP_HOME=/opt/rustwide/rustup-home" "-e" "CARGO_TARGET_DIR=/opt/rustwide/target" "-e" "CARGO_INCREMENTAL=0" "-e" "RUST_BACKTRACE=full" "-e" "RUSTFLAGS=--cap-lints=warn" "-e" "RUSTDOCFLAGS=--cap-lints=warn" "-w" "/opt/rustwide/workdir" "--user" "0:0" "ad8f4c3a431d74e05d06cc562f387a95c8e369a879a6eb1a82bc899186205e9e" "/opt/rustwide/cargo-home/bin/cargo" "+1.100.0-beta.1" "test" "--frozen" "--no-run" "--message-format=json" "--release", kill_on_drop: false }`
[INFO] [stderr]    Compiling ironframe v1.0.0 (/opt/rustwide/workdir)
[INFO] [stderr]     Finished `release` profile [optimized] target(s) in 40.54s
[INFO] running `Command { std: "docker" "inspect" "ad8f4c3a431d74e05d06cc562f387a95c8e369a879a6eb1a82bc899186205e9e", kill_on_drop: false }`
[INFO] running `Command { std: "docker" "exec" "-e" "SOURCE_DIR=/opt/rustwide/workdir" "-e" "CARGO_HOME=/opt/rustwide/cargo-home" "-e" "RUSTUP_HOME=/opt/rustwide/rustup-home" "-e" "CARGO_TARGET_DIR=/opt/rustwide/target" "-e" "CARGO_INCREMENTAL=0" "-e" "RUST_BACKTRACE=full" "-e" "RUSTFLAGS=--cap-lints=warn" "-e" "RUSTDOCFLAGS=--cap-lints=warn" "-w" "/opt/rustwide/workdir" "--user" "0:0" "ad8f4c3a431d74e05d06cc562f387a95c8e369a879a6eb1a82bc899186205e9e" "/opt/rustwide/cargo-home/bin/cargo" "+1.100.0-beta.1" "test" "--frozen" "--release", kill_on_drop: false }`
[INFO] [stderr]     Finished `release` profile [optimized] target(s) in 0.11s
[INFO] [stderr]      Running unittests src/lib.rs (/opt/rustwide/target/release/build/ironframe/cfd5728c63138f48/out/ironframe-cfd5728c63138f48)
[INFO] [stdout] 
[INFO] [stdout] running 307 tests
[INFO] [stdout] test generator::tests::configured_colors_override_builtin_palette ... ok
[INFO] [stdout] test generator::tests::custom_utility_keeps_priority_over_effect_utilities ... ok
[INFO] [stdout] test generator::tests::custom_utility_keeps_priority_over_inset_utilities ... ok
[INFO] [stdout] test generator::tests::custom_utility_keeps_priority_over_spacing_utilities ... ok
[INFO] [stdout] test generator::tests::composes_filter_utilities_with_css_variables ... ok
[INFO] [stdout] test config::tests::loads_toml_config ... ok
[INFO] [stdout] test config::tests::loads_theme_colors ... ok
[INFO] [stdout] test config::tests::defaults_when_missing_theme ... ok
[INFO] [stdout] test generator::tests::generates_accent_color_utilities ... ok
[INFO] [stdout] test config::tests::returns_error_for_invalid_toml ... ok
[INFO] [stdout] test generator::tests::custom_utility_keeps_priority_over_sizing_utilities ... ok
[INFO] [stdout] test config::tests::returns_error_for_missing_config_file ... ok
[INFO] [stdout] test generator::tests::generates_animation_rules ... ok
[INFO] [stdout] test generator::tests::generates_appearance_rules ... ok
[INFO] [stdout] test generator::tests::generates_arbitrary_variant_selector ... ok
[INFO] [stdout] test generator::tests::generates_aspect_ratio_rules ... ok
[INFO] [stdout] test generator::tests::generates_arbitrary_property_utility_classes ... ok
[INFO] [stdout] test generator::tests::generates_arbitrary_values_from_core_concepts_examples ... ok
[INFO] [stdout] test generator::tests::generates_backdrop_brightness_rules ... ok
[INFO] [stdout] test generator::tests::generates_backdrop_blur_rules ... ok
[INFO] [stdout] test generator::tests::generates_backdrop_grayscale_rules ... ok
[INFO] [stdout] test generator::tests::generates_backdrop_saturate_rules ... ok
[INFO] [stdout] test generator::tests::generates_backdrop_contrast_rules ... ok
[INFO] [stdout] test generator::tests::generates_backface_visibility_rules ... ok
[INFO] [stdout] test generator::tests::generates_backdrop_filter_rules ... ok
[INFO] [stdout] test generator::tests::generates_background_attachment_rules ... ok
[INFO] [stdout] test generator::tests::generates_background_blend_mode_rules ... ok
[INFO] [stdout] test generator::tests::generates_backdrop_hue_rotate_rules ... ok
[INFO] [stdout] test generator::tests::generates_backdrop_invert_rules ... ok
[INFO] [stdout] test generator::tests::generates_backdrop_opacity_rules ... ok
[INFO] [stdout] test generator::tests::generates_backdrop_sepia_rules ... ok
[INFO] [stdout] test generator::tests::generates_background_origin_rules ... ok
[INFO] [stdout] test generator::tests::generates_background_clip_rules ... ok
[INFO] [stdout] test generator::tests::generates_background_color_rules ... ok
[INFO] [stdout] test generator::tests::generates_background_image_and_gradient_rules ... ok
[INFO] [stdout] test generator::tests::generates_background_position_rules ... ok
[INFO] [stdout] test generator::tests::generates_border_widths ... ok
[INFO] [stdout] test generator::tests::generates_border_colors ... ok
[INFO] [stdout] test generator::tests::generates_background_repeat_rules ... ok
[INFO] [stdout] test generator::tests::generates_background_size_rules ... ok
[INFO] [stdout] test generator::tests::generates_blue_backgrounds ... ok
[INFO] [stdout] test generator::tests::generates_blur_rules ... ok
[INFO] [stdout] test generator::tests::generates_break_after_rules ... ok
[INFO] [stdout] test generator::tests::generates_box_decoration_break_rules ... ok
[INFO] [stdout] test generator::tests::generates_border_styles ... ok
[INFO] [stdout] test generator::tests::generates_box_sizing_rules ... ok
[INFO] [stdout] test generator::tests::generates_break_before_rules ... ok
[INFO] [stdout] test generator::tests::generates_border_spacing_utilities ... ok
[INFO] [stdout] test generator::tests::generates_caret_color_utilities ... ok
[INFO] [stdout] test generator::tests::generates_clear_rules ... ok
[INFO] [stdout] test generator::tests::generates_brightness_rules ... ok
[INFO] [stdout] test generator::tests::generates_content_rules ... ok
[INFO] [stdout] test generator::tests::generates_break_inside_rules ... ok
[INFO] [stdout] test generator::tests::generates_complex_stacked_variant_with_data_and_dark ... ok
[INFO] [stdout] test generator::tests::generates_color_scheme_rules ... ok
[INFO] [stdout] test generator::tests::generates_columns_rules ... ok
[INFO] [stdout] test generator::tests::generates_configured_colors ... ok
[INFO] [stdout] test generator::tests::generates_container_utility_rules ... ok
[INFO] [stdout] test generator::tests::generates_dark_variant ... ok
[INFO] [stdout] test generator::tests::generates_dark_responsive_hover_stacked_variant ... ok
[INFO] [stdout] test generator::tests::generates_data_variants ... ok
[INFO] [stdout] test generator::tests::generates_extended_pseudo_element_and_wrapper_variants ... ok
[INFO] [stdout] test generator::tests::generates_extended_state_and_structural_variants ... ok
[INFO] [stdout] test generator::tests::generates_drop_shadow_rules ... ok
[INFO] [stdout] test generator::tests::generates_cursor_rules ... ok
[INFO] [stdout] test generator::tests::generates_extended_group_peer_and_attribute_variants ... ok
[INFO] [stdout] test generator::tests::generates_contrast_rules ... ok
[INFO] [stdout] test generator::tests::generates_flex_alignment_overflow_and_gap_utilities ... ok
[INFO] [stdout] test generator::tests::generates_flex_shorthand_rules ... ok
[INFO] [stdout] test generator::tests::generates_flex_shrink_rules ... ok
[INFO] [stdout] test generator::tests::generates_float_rules ... ok
[INFO] [stdout] test generator::tests::generates_focus_variant ... ok
[INFO] [stdout] test generator::tests::generates_field_sizing_rules ... ok
[INFO] [stdout] test generator::tests::generates_focus_within_and_disabled_variants ... ok
[INFO] [stdout] test generator::tests::generates_font_family_rules ... ok
[INFO] [stdout] test generator::tests::generates_fill_utilities ... ok
[INFO] [stdout] test generator::tests::generates_flex_basis_rules ... ok
[INFO] [stdout] test generator::tests::generates_filter_rules ... ok
[INFO] [stdout] test generator::tests::generates_flex_grow_rules ... ok
[INFO] [stdout] test generator::tests::generates_font_variant_numeric_rules ... ok
[INFO] [stdout] test generator::tests::generates_gap_rules ... ok
[INFO] [stdout] test generator::tests::generates_font_weight_and_leading_rules ... ok
[INFO] [stdout] test generator::tests::generates_font_smoothing_rules ... ok
[INFO] [stdout] test generator::tests::generates_forced_color_adjust_rules ... ok
[INFO] [stdout] test generator::tests::generates_font_stretch_rules ... ok
[INFO] [stdout] test generator::tests::generates_gray_backgrounds ... ok
[INFO] [stdout] test generator::tests::generates_grid_template_columns_rules ... ok
[INFO] [stdout] test generator::tests::generates_grid_auto_rows_rules ... ok
[INFO] [stdout] test generator::tests::generates_grid_auto_columns_rules ... ok
[INFO] [stdout] test generator::tests::generates_grid_column_rules ... ok
[INFO] [stdout] test generator::tests::generates_grid_row_rules ... ok
[INFO] [stdout] test generator::tests::generates_hover_and_active_variants ... ok
[INFO] [stdout] test generator::tests::generates_grayscale_rules ... ok
[INFO] [stdout] test generator::tests::generates_grid_auto_flow_rules ... ok
[INFO] [stdout] test generator::tests::generates_hue_rotate_rules ... ok
[INFO] [stdout] test generator::tests::generates_hyphens_rules ... ok
[INFO] [stdout] test generator::tests::generates_group_hover_variant ... ok
[INFO] [stdout] test generator::tests::generates_inset_shadow_color_rules ... ok
[INFO] [stdout] test generator::tests::generates_invert_rules ... ok
[INFO] [stdout] test generator::tests::generates_height_rules ... ok
[INFO] [stdout] test generator::tests::generates_important_modifier_with_variants ... ok
[INFO] [stdout] test generator::tests::generates_important_modifier ... ok
[INFO] [stdout] test generator::tests::generates_isolation_rules ... ok
[INFO] [stdout] test generator::tests::generates_inset_spacing_fraction_and_custom_rules ... ok
[INFO] [stdout] test generator::tests::generates_inset_ring_color_rules ... ok
[INFO] [stdout] test generator::tests::generates_important_modifier_with_complex_variants ... ok
[INFO] [stdout] test generator::tests::generates_line_clamp_rules ... ok
[INFO] [stdout] test generator::tests::generates_list_style_position_rules ... ok
[INFO] [stdout] test generator::tests::generates_list_style_type_rules ... ok
[INFO] [stdout] test generator::tests::generates_display_position_and_sizing_utilities ... ok
[INFO] [stdout] test generator::tests::generates_list_style_image_rules ... ok
[INFO] [stdout] test generator::tests::generates_mask_clip_rules ... ok
[INFO] [stdout] test generator::tests::generates_mask_mode_rules ... ok
[INFO] [stdout] test generator::tests::generates_mask_composite_rules ... ok
[INFO] [stdout] test generator::tests::generates_mask_origin_rules ... ok
[INFO] [stdout] test generator::tests::generates_margin_utilities ... ok
[INFO] [stdout] test generator::tests::generates_max_height_rules ... ok
[INFO] [stdout] test generator::tests::generates_mask_image_rules ... ok
[INFO] [stdout] test generator::tests::generates_mask_size_rules ... ok
[INFO] [stdout] test generator::tests::generates_mask_position_rules ... ok
[INFO] [stdout] test generator::tests::generates_mask_type_rules ... ok
[INFO] [stdout] test generator::tests::generates_mask_repeat_rules ... ok
[INFO] [stdout] test generator::tests::generates_max_width_and_container_rules ... ok
[INFO] [stdout] test generator::tests::generates_min_height_rules ... ok
[INFO] [stdout] test generator::tests::generates_mix_blend_mode_rules ... ok
[INFO] [stdout] test generator::tests::generates_opacity_rules ... ok
[INFO] [stdout] test generator::tests::generates_multiple_rules ... ok
[INFO] [stdout] test generator::tests::generates_outline_styles ... ok
[INFO] [stdout] test generator::tests::generates_outline_colors ... ok
[INFO] [stdout] test generator::tests::generates_object_fit_rules ... ok
[INFO] [stdout] test generator::tests::generates_outline_widths ... ok
[INFO] [stdout] test generator::tests::generates_padding_utilities ... ok
[INFO] [stdout] test generator::tests::generates_perspective_origin_rules ... ok
[INFO] [stdout] test generator::tests::generates_perspective_rules ... ok
[INFO] [stdout] test generator::tests::generates_pointer_events_rules ... ok
[INFO] [stdout] test generator::tests::generates_outline_offsets ... ok
[INFO] [stdout] test generator::tests::generates_position_rules ... ok
[INFO] [stdout] test generator::tests::generates_overscroll_rules ... ok
[INFO] [stdout] test generator::tests::generates_responsive_variants ... ok
[INFO] [stdout] test generator::tests::generates_min_width_rules ... ok
[INFO] [stdout] test generator::tests::generates_ring_color_rules ... ok
[INFO] [stdout] test generator::tests::generates_motion_variants ... ok
[INFO] [stdout] test generator::tests::generates_resize_rules ... ok
[INFO] [stdout] test generator::tests::generates_object_position_rules ... ok
[INFO] [stdout] test generator::tests::generates_overflow_wrap_rules ... ok
[INFO] [stdout] test generator::tests::generates_scale_rules ... ok
[INFO] [stdout] test generator::tests::generates_scroll_behavior_rules ... ok
[INFO] [stdout] test generator::tests::generates_scroll_snap_align_rules ... ok
[INFO] [stdout] test generator::tests::generates_scroll_margin_utilities ... ok
[INFO] [stdout] test generator::tests::generates_scroll_padding_utilities ... ok
[INFO] [stdout] test generator::tests::generates_saturate_rules ... ok
[INFO] [stdout] test generator::tests::generates_sepia_rules ... ok
[INFO] [stdout] test generator::tests::generates_shadow_color_rules ... ok
[INFO] [stdout] test generator::tests::generates_p4_rule ... ok
[INFO] [stdout] test generator::tests::generates_ring_rules ... ok
[INFO] [stdout] test generator::tests::generates_rotate_rules ... ok
[INFO] [stdout] test generator::tests::generates_rounded_rules ... ok
[INFO] [stdout] test generator::tests::generates_shadow_rules ... ok
[INFO] [stdout] test generator::tests::generates_scroll_snap_stop_rules ... ok
[INFO] [stdout] test generator::tests::generates_scroll_snap_type_rules ... ok
[INFO] [stdout] test generator::tests::generates_skew_rules ... ok
[INFO] [stdout] test generator::tests::generates_stacked_state_variants ... ok
[INFO] [stdout] test generator::tests::generates_text_colors ... ok
[INFO] [stdout] test generator::tests::generates_text_decoration_colors ... ok
[INFO] [stdout] test generator::tests::generates_text_align_and_font_style_rules ... ok
[INFO] [stdout] test generator::tests::generates_stroke_utilities ... ok
[INFO] [stdout] test generator::tests::generates_stroke_width_utilities ... ok
[INFO] [stdout] test generator::tests::generates_space_rules ... ok
[INFO] [stdout] test generator::tests::generates_text_overflow_rules ... ok
[INFO] [stdout] test generator::tests::generates_text_shadows ... ok
[INFO] [stdout] test generator::tests::generates_text_transform_rules ... ok
[INFO] [stdout] test generator::tests::generates_text_underline_offset_rules ... ok
[INFO] [stdout] test generator::tests::generates_text_decoration_line_rules ... ok
[INFO] [stdout] test generator::tests::generates_tracking_rules ... ok
[INFO] [stdout] test generator::tests::generates_spacing_scale ... ok
[INFO] [stdout] test generator::tests::generates_transform_style_rules ... ok
[INFO] [stdout] test generator::tests::generates_transform_origin_rules ... ok
[INFO] [stdout] test generator::tests::generates_transform_rules ... ok
[INFO] [stdout] test generator::tests::generates_text_decoration_style_rules ... ok
[INFO] [stdout] test generator::tests::generates_text_decoration_thickness_rules ... ok
[INFO] [stdout] test generator::tests::generates_text_wrap_rules ... ok
[INFO] [stdout] test generator::tests::generates_text_indent_rules ... ok
[INFO] [stdout] test generator::tests::generates_transition_property_rules ... ok
[INFO] [stdout] test generator::tests::generates_touch_action_rules ... ok
[INFO] [stdout] test generator::tests::generates_transition_behavior_rules ... ok
[INFO] [stdout] test generator::tests::generates_transition_delay_rules ... ok
[INFO] [stdout] test generator::tests::generates_whitespace_rules ... ok
[INFO] [stdout] test generator::tests::generates_transition_duration_rules ... ok
[INFO] [stdout] test generator::tests::generates_user_select_rules ... ok
[INFO] [stdout] test generator::tests::generates_vertical_align_rules ... ok
[INFO] [stdout] test generator::tests::generates_word_break_rules ... ok
[INFO] [stdout] test generator::tests::generates_z_index_and_inset_rules ... ok
[INFO] [stdout] test generator::tests::generates_transition_timing_function_rules ... ok
[INFO] [stdout] test generator::tests::generates_visibility_rules ... ok
[INFO] [stdout] test generator::tests::generates_width_and_size_rules ... ok
[INFO] [stdout] test generator::tests::generates_will_change_rules ... ok
[INFO] [stdout] test generator::tests::respects_color_family_initial_reset_for_color_utilities ... ok
[INFO] [stdout] test generator::tests::respects_global_theme_reset_for_text_shadow_utilities ... ok
[INFO] [stdout] test generator::tests::generates_translate_rules ... ok
[INFO] [stdout] test generator::tests::generates_typography_rules ... ok
[INFO] [stdout] test generator::tests::rejects_undeclared_theme_variables_when_declarations_are_available ... ok
[INFO] [stdout] test generator::tests::supports_custom_dark_variant_selector_override ... ok
[INFO] [stdout] test generator::tests::respects_namespace_initial_reset_for_color_utilities ... ok
[INFO] [stdout] test generator::tests::supports_custom_utility_with_variants ... ok
[INFO] [stdout] test generator::tests::supports_core_concepts_custom_styles_examples ... ok
[INFO] [stdout] test generator::tests::supports_custom_container_query_sizes_from_overrides ... ok
[INFO] [stdout] test generator::tests::supports_custom_variant_block_with_container_slot ... ok
[INFO] [stdout] test generator::tests::supports_complex_custom_utility_with_variants ... ok
[INFO] [stdout] test generator::tests::supports_custom_and_removed_breakpoints_from_overrides ... ok
[INFO] [stdout] test generator::tests::supports_custom_variant_block_with_supports_and_media_slot ... ok
[INFO] [stdout] test generator::tests::supports_custom_variant_selector_override ... ok
[INFO] [stdout] test generator::tests::supports_functional_custom_utility_with_modifier_function ... ok
[INFO] [stdout] test generator::tests::respects_global_theme_reset_for_theme_driven_utilities ... ok
[INFO] [stdout] test generator::tests::supports_functional_custom_utility_with_value_function ... ok
[INFO] [stdout] test scanner::tests::extracts_classlist_calls_from_markup_scripts ... ok
[INFO] [stdout] test scanner::tests::extracts_from_class_attribute ... ok
[INFO] [stdout] test scanner::tests::extracts_selected_keywords_from_non_class_text ... ok
[INFO] [stdout] test scanner::tests::extracts_selected_utilities_from_style_declarations ... ok
[INFO] [stdout] test generator::tests::supports_custom_variant_block_with_slot ... ok
[INFO] [stdout] test generator::tests::supports_single_token_theme_colors_without_breaking_non_color_utilities ... ok
[INFO] [stdout] test scanner::tests::data_extractor_avoids_generic_string_literal_noise ... ok
[INFO] [stdout] test scanner::tests::extracts_unquoted_object_keys_from_braced_class_bindings ... ok
[INFO] [stdout] test scanner::tests::default_glob_scanning_excludes_css_binary_lock_and_node_modules ... FAILED
[INFO] [stdout] test scanner::tests::extracts_class_like_values_from_data_keys ... ok
[INFO] [stdout] test scanner::tests::extracts_classes_from_escaped_class_attributes ... ok
[INFO] [stdout] test scanner::tests::extracts_from_class_helpers ... ok
[INFO] [stdout] test scanner::tests::glob_options_can_include_node_modules_and_gitignored_files ... FAILED
[INFO] [stdout] test scanner::tests::glob_options_can_include_css_binary_and_lock_files ... FAILED
[INFO] [stdout] test scanner::tests::glob_ignore_patterns_exclude_matching_files ... FAILED
[INFO] [stdout] test scanner::tests::keeps_arbitrary_values_intact ... ok
[INFO] [stdout] test scanner::tests::keeps_classes_inside_go_template_blocks ... ok
[INFO] [stdout] test scanner::tests::handles_template_literals ... ok
[INFO] [stdout] test scanner::tests::keeps_complex_variants_and_important_tokens_intact ... ok
[INFO] [stdout] test scanner::tests::keeps_arbitrary_property_classes_intact ... ok
[INFO] [stdout] test scanner::tests::scan_globs_reports_file_count_with_unique_class_dedup ... FAILED
[INFO] [stdout] test scanner::tests::keeps_arbitrary_content_and_url_classes_intact ... ok
[INFO] [stdout] test scanner::tests::keeps_string_raw_escaped_underscore_class_intact ... ok
[INFO] [stdout] test scanner::tests::rejects_garbage_tokens_from_escaped_markup_fragments ... ok
[INFO] [stdout] test scanner::tests::uses_markup_extractor_for_html ... ok
[INFO] [stdout] test scanner::tests::uses_script_extractor_for_ts ... ok
[INFO] [stdout] test scanner::tests::validates_boundary_candidate_rules ... ok
[INFO] [stdout] test scanner::tests::script_extractor_filters_plain_language_string_noise ... ok
[INFO] [stdout] test scanner::tests::scan_reports_missing_path ... ok
[INFO] [stdout] test tests::applies_prefix_and_important_inside_media_queries ... ok
[INFO] [stdout] test tests::accepts_tailwindcss_and_ironframe_import_aliases ... ok
[INFO] [stdout] test scanner::tests::scans_glob_patterns ... FAILED
[INFO] [stdout] test tests::apply_rejects_variant_utility ... ok
[INFO] [stdout] test tests::apply_rejects_unknown_utility ... ok
[INFO] [stdout] test tests::compare_css_from_second_line_reports_first_mismatch_line ... ok
[INFO] [stdout] test scanner::tests::validates_arbitrary_length_token ... ok
[INFO] [stdout] test tests::apply_requires_at_least_one_utility ... ok
[INFO] [stdout] test scanner::tests::scan_globs_requires_at_least_one_pattern ... ok
[INFO] [stdout] test tests::complex_html_utility_output_matches_tailwind ... FAILED
[INFO] [stdout] test tests::expands_alpha_function_in_css ... ok
[INFO] [stdout] test tests::expands_apply_directive_with_known_utilities ... ok
[INFO] [stdout] test tests::expands_braces_with_nested_lists_and_ranges ... ok
[INFO] [stdout] test tests::expands_nested_variant_directives_in_custom_css ... ok
[INFO] [stdout] test tests::expands_spacing_function_in_css ... ok
[INFO] [stdout] test tests::expands_spacing_function_inside_calc_arbitrary_value ... ok
[INFO] [stdout] test tests::compare_css_from_second_line_reports_missing_actual_body_line ... ok
[INFO] [stdout] test tests::expands_variant_directive_in_custom_css ... ok
[INFO] [stdout] test tests::compare_css_from_second_line_treats_header_only_files_as_equal ... ok
[INFO] [stdout] test tests::ignores_nested_theme_blocks ... ok
[INFO] [stdout] test tests::inlines_regular_css_imports ... FAILED
[INFO] [stdout] test tests::compare_css_from_second_line_ignores_header_line ... ok
[INFO] [stdout] test tests::leaves_invalid_alpha_function_unchanged ... ok
[INFO] [stdout] test tests::normalizes_source_directory_to_recursive_glob ... FAILED
[INFO] [stdout] test tests::parse_args_rejects_unknown_command ... ok
[INFO] [stdout] test tests::parse_build_rejects_poll_interval_flag ... ok
[INFO] [stdout] test tests::parse_build_requires_compare_css_value ... ok
[INFO] [stdout] test tests::parse_build_supports_compare_css_flag ... ok
[INFO] [stdout] test tests::parse_build_supports_input_css_flag ... ok
[INFO] [stdout] test tests::parse_build_supports_input_css_short_and_output_alias ... ok
[INFO] [stdout] test tests::parse_scan_requires_at_least_one_path ... ok
[INFO] [stdout] test tests::can_apply_prefix_and_important_helpers ... ok
[INFO] [stdout] test tests::ignores_theme_markers_inside_comments ... ok
[INFO] [stdout] test tests::can_disable_preflight_by_omitting_preflight_import ... ok
[INFO] [stdout] test tests::inlines_recursive_css_imports_without_duplicate_cycles ... FAILED
[INFO] [stdout] test tests::parse_scan_requires_ignore_value ... ok
[INFO] [stdout] test tests::parse_watch_rejects_invalid_poll_interval_value ... ok
[INFO] [stdout] test tests::parse_theme_with_defaults_respects_global_reset ... ok
[INFO] [stdout] test tests::parse_watch_supports_poll_interval_and_enables_polling ... ok
[INFO] [stdout] test tests::parses_source_directives_from_import_and_source_rules ... ok
[INFO] [stdout] test tests::parse_theme_with_defaults_emits_from_generated_utility_css ... ok
[INFO] [stdout] test tests::parse_theme_with_defaults_emits_core_variables_without_user_theme_block ... ok
[INFO] [stdout] test tests::parses_theme_breakpoint_and_container_overrides ... ok
[INFO] [stdout] test tests::parse_watch_supports_input_css_flag ... ok
[INFO] [stdout] test tests::parse_watch_supports_input_css_short_and_output_short ... ok
[INFO] [stdout] test tests::parse_watch_rejects_zero_poll_interval_value ... ok
[INFO] [stdout] test tests::parses_theme_variables_keyframes_and_inline_mode ... ok
[INFO] [stdout] test tests::parses_source_none_on_import ... ok
[INFO] [stdout] test tests::parse_watch_requires_poll_interval_value ... ok
[INFO] [stdout] test tests::preserves_nested_theme_directives_when_stripping_template ... ok
[INFO] [stdout] test tests::replaces_framework_import_line_with_generated_css ... ok
[INFO] [stdout] test tests::supports_import_prefix_and_important_together ... ok
[INFO] [stdout] test tests::supports_import_prefix_directive ... ok
[INFO] [stdout] test tests::supports_import_important_directive ... ok
[INFO] [stdout] test tests::supports_split_preflight_imports ... ok
[INFO] [stdout] test tests::theme_variables_default_to_usage_based_output ... ok
[INFO] [stdout] test tests::prefixes_framework_variable_definitions_and_references ... ok
[INFO] [stdout] test tests::theme_variables_used_by_template_css_are_emitted ... ok
[INFO] [stdout] test tests::strips_source_directives_from_template ... ok
[INFO] [stdout] test tests::returns_none_when_framework_import_is_missing ... ok
[INFO] [stdout] test tests::strips_custom_theme_and_variant_directives_from_template ... ok
[INFO] [stdout] test tests::watch_roots_include_input_css_and_config_paths ... ok
[INFO] [stdout] test tests::supports_url_import_form ... ok
[INFO] [stdout] test tests::theme_static_option_keeps_unused_variables ... ok
[INFO] [stdout] 
[INFO] [stdout] failures:
[INFO] [stdout] 
[INFO] [stdout] ---- scanner::tests::default_glob_scanning_excludes_css_binary_lock_and_node_modules stdout ----
[INFO] [stdout] 
[INFO] [stdout] thread 'scanner::tests::default_glob_scanning_excludes_css_binary_lock_and_node_modules' (994) panicked at src/scanner.rs:1735:9:
[INFO] [stdout] assertion failed: result.classes.contains(&"p-2".to_string())
[INFO] [stdout] stack backtrace:
[INFO] [stdout]    0:     0x615160ff0331 - <<std[617be2ca0a6fd877]::sys::backtrace::BacktraceLock>::print::DisplayBacktrace as core[a373ad73a504971]::fmt::Display>::fmt
[INFO] [stdout]    1:     0x615161006dba - core[a373ad73a504971]::fmt::write
[INFO] [stdout]    2:     0x615160ff4a2c - <alloc[2e1b2a31b91974c5]::vec::Vec<u8> as core[a373ad73a504971]::io::write::Write>::write_fmt
[INFO] [stdout]    3:     0x615160fc92a6 - std[617be2ca0a6fd877]::panicking::default_hook::{closure#0}
[INFO] [stdout]    4:     0x615160fe6ca9 - std[617be2ca0a6fd877]::panicking::default_hook
[INFO] [stdout]    5:     0x615160e8d230 - test[aada8e7e76ba119b]::test_main_inner::{closure#0}
[INFO] [stdout]    6:     0x615160fe6e62 - std[617be2ca0a6fd877]::panicking::panic_with_hook
[INFO] [stdout]    7:     0x615160fc9384 - std[617be2ca0a6fd877]::panicking::panic_handler::{closure#0}
[INFO] [stdout]    8:     0x615160fc1d19 - std[617be2ca0a6fd877]::sys::backtrace::__rust_end_short_backtrace::<std[617be2ca0a6fd877]::panicking::panic_handler::{closure#0}, !>
[INFO] [stdout]    9:     0x615160fc9f5d - __rustc[ea4f61d10b84890b]::rust_begin_unwind
[INFO] [stdout]   10:     0x61516100759c - core[a373ad73a504971]::panicking::panic_fmt
[INFO] [stdout]   11:     0x615161007562 - core[a373ad73a504971]::panicking::panic
[INFO] [stdout]   12:     0x615160e3c2e8 - <ironframe[d851aa7d2c677db]::scanner::tests::default_glob_scanning_excludes_css_binary_lock_and_node_modules::{closure#0} as core[a373ad73a504971]::ops::function::FnOnce<()>>::call_once
[INFO] [stdout]   13:     0x615160e8067b - test[aada8e7e76ba119b]::__rust_begin_short_backtrace::<core[a373ad73a504971]::result::Result<(), alloc[2e1b2a31b91974c5]::string::String>, fn() -> core[a373ad73a504971]::result::Result<(), alloc[2e1b2a31b91974c5]::string::String>>
[INFO] [stdout]   14:     0x615160e8d855 - test[aada8e7e76ba119b]::run_test::{closure#0}
[INFO] [stdout]   15:     0x615160e87144 - std[617be2ca0a6fd877]::sys::backtrace::__rust_begin_short_backtrace::<test[aada8e7e76ba119b]::run_test::{closure#1}, ()>
[INFO] [stdout]   16:     0x615160e908e2 - <std[617be2ca0a6fd877]::thread::lifecycle::spawn_unchecked<test[aada8e7e76ba119b]::run_test::{closure#1}, ()>::{closure#1} as core[a373ad73a504971]::ops::function::FnOnce<()>>::call_once::{shim:vtable#0}
[INFO] [stdout]   17:     0x615160fef58f - <std[617be2ca0a6fd877]::sys::thread::unix::Thread>::new::thread_start
[INFO] [stdout]   18:     0x7a5408839dfa - <unknown>
[INFO] [stdout]   19:     0x7a54088cd3d4 - clone
[INFO] [stdout]   20:                0x0 - <unknown>
[INFO] [stdout] 
[INFO] [stdout] ---- scanner::tests::glob_options_can_include_node_modules_and_gitignored_files stdout ----
[INFO] [stdout] 
[INFO] [stdout] thread 'scanner::tests::glob_options_can_include_node_modules_and_gitignored_files' (1005) panicked at src/scanner.rs:1803:9:
[INFO] [stdout] assertion failed: result.classes.contains(&"text-sm".to_string())
[INFO] [stdout] stack backtrace:
[INFO] [stdout]    0:     0x615160ff0331 - <<std[617be2ca0a6fd877]::sys::backtrace::BacktraceLock>::print::DisplayBacktrace as core[a373ad73a504971]::fmt::Display>::fmt
[INFO] [stdout]    1:     0x615161006dba - core[a373ad73a504971]::fmt::write
[INFO] [stdout]    2:     0x615160ff4a2c - <alloc[2e1b2a31b91974c5]::vec::Vec<u8> as core[a373ad73a504971]::io::write::Write>::write_fmt
[INFO] [stdout]    3:     0x615160fc92a6 - std[617be2ca0a6fd877]::panicking::default_hook::{closure#0}
[INFO] [stdout]    4:     0x615160fe6ca9 - std[617be2ca0a6fd877]::panicking::default_hook
[INFO] [stdout]    5:     0x615160e8d230 - test[aada8e7e76ba119b]::test_main_inner::{closure#0}
[INFO] [stdout]    6:     0x615160fe6e62 - std[617be2ca0a6fd877]::panicking::panic_with_hook
[INFO] [stdout]    7:     0x615160fc9384 - std[617be2ca0a6fd877]::panicking::panic_handler::{closure#0}
[INFO] [stdout]    8:     0x615160fc1d19 - std[617be2ca0a6fd877]::sys::backtrace::__rust_end_short_backtrace::<std[617be2ca0a6fd877]::panicking::panic_handler::{closure#0}, !>
[INFO] [stdout]    9:     0x615160fc9f5d - __rustc[ea4f61d10b84890b]::rust_begin_unwind
[INFO] [stdout]   10:     0x61516100759c - core[a373ad73a504971]::panicking::panic_fmt
[INFO] [stdout]   11:     0x615161007562 - core[a373ad73a504971]::panicking::panic
[INFO] [stdout]   12:     0x615160e3b9e0 - <ironframe[d851aa7d2c677db]::scanner::tests::glob_options_can_include_node_modules_and_gitignored_files::{closure#0} as core[a373ad73a504971]::ops::function::FnOnce<()>>::call_once
[INFO] [stdout]   13:     0x615160e8067b - test[aada8e7e76ba119b]::__rust_begin_short_backtrace::<core[a373ad73a504971]::result::Result<(), alloc[2e1b2a31b91974c5]::string::String>, fn() -> core[a373ad73a504971]::result::Result<(), alloc[2e1b2a31b91974c5]::string::String>>
[INFO] [stdout]   14:     0x615160e8d855 - test[aada8e7e76ba119b]::run_test::{closure#0}
[INFO] [stdout]   15:     0x615160e87144 - std[617be2ca0a6fd877]::sys::backtrace::__rust_begin_short_backtrace::<test[aada8e7e76ba119b]::run_test::{closure#1}, ()>
[INFO] [stdout]   16:     0x615160e908e2 - <std[617be2ca0a6fd877]::thread::lifecycle::spawn_unchecked<test[aada8e7e76ba119b]::run_test::{closure#1}, ()>::{closure#1} as core[a373ad73a504971]::ops::function::FnOnce<()>>::call_once::{shim:vtable#0}
[INFO] [stdout]   17:     0x615160fef58f - <std[617be2ca0a6fd877]::sys::thread::unix::Thread>::new::thread_start
[INFO] [stdout]   18:     0x7a5408839dfa - <unknown>
[INFO] [stdout]   19:     0x7a54088cd3d4 - clone
[INFO] [stdout]   20:                0x0 - <unknown>
[INFO] [stdout] 
[INFO] [stdout] ---- scanner::tests::glob_options_can_include_css_binary_and_lock_files stdout ----
[INFO] [stdout] 
[INFO] [stdout] thread 'scanner::tests::glob_options_can_include_css_binary_and_lock_files' (1004) panicked at src/scanner.rs:1772:9:
[INFO] [stdout] assertion failed: result.classes.contains(&"from-html".to_string())
[INFO] [stdout] stack backtrace:
[INFO] [stdout]    0:     0x615160ff0331 - <<std[617be2ca0a6fd877]::sys::backtrace::BacktraceLock>::print::DisplayBacktrace as core[a373ad73a504971]::fmt::Display>::fmt
[INFO] [stdout]    1:     0x615161006dba - core[a373ad73a504971]::fmt::write
[INFO] [stdout]    2:     0x615160ff4a2c - <alloc[2e1b2a31b91974c5]::vec::Vec<u8> as core[a373ad73a504971]::io::write::Write>::write_fmt
[INFO] [stdout]    3:     0x615160fc92a6 - std[617be2ca0a6fd877]::panicking::default_hook::{closure#0}
[INFO] [stdout]    4:     0x615160fe6ca9 - std[617be2ca0a6fd877]::panicking::default_hook
[INFO] [stdout]    5:     0x615160e8d230 - test[aada8e7e76ba119b]::test_main_inner::{closure#0}
[INFO] [stdout]    6:     0x615160fe6e62 - std[617be2ca0a6fd877]::panicking::panic_with_hook
[INFO] [stdout]    7:     0x615160fc9384 - std[617be2ca0a6fd877]::panicking::panic_handler::{closure#0}
[INFO] [stdout]    8:     0x615160fc1d19 - std[617be2ca0a6fd877]::sys::backtrace::__rust_end_short_backtrace::<std[617be2ca0a6fd877]::panicking::panic_handler::{closure#0}, !>
[INFO] [stdout]    9:     0x615160fc9f5d - __rustc[ea4f61d10b84890b]::rust_begin_unwind
[INFO] [stdout]   10:     0x61516100759c - core[a373ad73a504971]::panicking::panic_fmt
[INFO] [stdout]   11:     0x615161007562 - core[a373ad73a504971]::panicking::panic
[INFO] [stdout]   12:     0x615160e39583 - <ironframe[d851aa7d2c677db]::scanner::tests::glob_options_can_include_css_binary_and_lock_files::{closure#0} as core[a373ad73a504971]::ops::function::FnOnce<()>>::call_once
[INFO] [stdout]   13:     0x615160e8067b - test[aada8e7e76ba119b]::__rust_begin_short_backtrace::<core[a373ad73a504971]::result::Result<(), alloc[2e1b2a31b91974c5]::string::String>, fn() -> core[a373ad73a504971]::result::Result<(), alloc[2e1b2a31b91974c5]::string::String>>
[INFO] [stdout]   14:     0x615160e8d855 - test[aada8e7e76ba119b]::run_test::{closure#0}
[INFO] [stdout]   15:     0x615160e87144 - std[617be2ca0a6fd877]::sys::backtrace::__rust_begin_short_backtrace::<test[aada8e7e76ba119b]::run_test::{closure#1}, ()>
[INFO] [stdout]   16:     0x615160e908e2 - <std[617be2ca0a6fd877]::thread::lifecycle::spawn_unchecked<test[aada8e7e76ba119b]::run_test::{closure#1}, ()>::{closure#1} as core[a373ad73a504971]::ops::function::FnOnce<()>>::call_once::{shim:vtable#0}
[INFO] [stdout]   17:     0x615160fef58f - <std[617be2ca0a6fd877]::sys::thread::unix::Thread>::new::thread_start
[INFO] [stdout]   18:     0x7a5408839dfa - <unknown>
[INFO] [stdout]   19:     0x7a54088cd3d4 - clone
[INFO] [stdout]   20:                0x0 - <unknown>
[INFO] [stdout] 
[INFO] [stdout] ---- scanner::tests::glob_ignore_patterns_exclude_matching_files stdout ----
[INFO] [stdout] 
[INFO] [stdout] thread 'scanner::tests::glob_ignore_patterns_exclude_matching_files' (1003) panicked at src/scanner.rs:1831:9:
[INFO] [stdout] assertion failed: result.classes.contains(&"p-2".to_string())
[INFO] [stdout] stack backtrace:
[INFO] [stdout]    0:     0x615160ff0331 - <<std[617be2ca0a6fd877]::sys::backtrace::BacktraceLock>::print::DisplayBacktrace as core[a373ad73a504971]::fmt::Display>::fmt
[INFO] [stdout]    1:     0x615161006dba - core[a373ad73a504971]::fmt::write
[INFO] [stdout]    2:     0x615160ff4a2c - <alloc[2e1b2a31b91974c5]::vec::Vec<u8> as core[a373ad73a504971]::io::write::Write>::write_fmt
[INFO] [stdout]    3:     0x615160fc92a6 - std[617be2ca0a6fd877]::panicking::default_hook::{closure#0}
[INFO] [stdout]    4:     0x615160fe6ca9 - std[617be2ca0a6fd877]::panicking::default_hook
[INFO] [stdout]    5:     0x615160e8d230 - test[aada8e7e76ba119b]::test_main_inner::{closure#0}
[INFO] [stdout]    6:     0x615160fe6e62 - std[617be2ca0a6fd877]::panicking::panic_with_hook
[INFO] [stdout]    7:     0x615160fc9384 - std[617be2ca0a6fd877]::panicking::panic_handler::{closure#0}
[INFO] [stdout]    8:     0x615160fc1d19 - std[617be2ca0a6fd877]::sys::backtrace::__rust_end_short_backtrace::<std[617be2ca0a6fd877]::panicking::panic_handler::{closure#0}, !>
[INFO] [stdout]    9:     0x615160fc9f5d - __rustc[ea4f61d10b84890b]::rust_begin_unwind
[INFO] [stdout]   10:     0x61516100759c - core[a373ad73a504971]::panicking::panic_fmt
[INFO] [stdout]   11:     0x615161007562 - core[a373ad73a504971]::panicking::panic
[INFO] [stdout]   12:     0x615160e37caf - <ironframe[d851aa7d2c677db]::scanner::tests::glob_ignore_patterns_exclude_matching_files::{closure#0} as core[a373ad73a504971]::ops::function::FnOnce<()>>::call_once
[INFO] [stdout]   13:     0x615160e8067b - test[aada8e7e76ba119b]::__rust_begin_short_backtrace::<core[a373ad73a504971]::result::Result<(), alloc[2e1b2a31b91974c5]::string::String>, fn() -> core[a373ad73a504971]::result::Result<(), alloc[2e1b2a31b91974c5]::string::String>>
[INFO] [stdout]   14:     0x615160e8d855 - test[aada8e7e76ba119b]::run_test::{closure#0}
[INFO] [stdout]   15:     0x615160e87144 - std[617be2ca0a6fd877]::sys::backtrace::__rust_begin_short_backtrace::<test[aada8e7e76ba119b]::run_test::{closure#1}, ()>
[INFO] [stdout]   16:     0x615160e908e2 - <std[617be2ca0a6fd877]::thread::lifecycle::spawn_unchecked<test[aada8e7e76ba119b]::run_test::{closure#1}, ()>::{closure#1} as core[a373ad73a504971]::ops::function::FnOnce<()>>::call_once::{shim:vtable#0}
[INFO] [stdout]   17:     0x615160fef58f - <std[617be2ca0a6fd877]::sys::thread::unix::Thread>::new::thread_start
[INFO] [stdout]   18:     0x7a5408839dfa - <unknown>
[INFO] [stdout]   19:     0x7a54088cd3d4 - clone
[INFO] [stdout]   20:                0x0 - <unknown>
[INFO] [stdout] 
[INFO] [stdout] ---- scanner::tests::scan_globs_reports_file_count_with_unique_class_dedup stdout ----
[INFO] [stdout] 
[INFO] [stdout] thread 'scanner::tests::scan_globs_reports_file_count_with_unique_class_dedup' (1014) panicked at src/scanner.rs:1686:9:
[INFO] [stdout] assertion `left == right` failed
[INFO] [stdout]   left: 0
[INFO] [stdout]  right: 2
[INFO] [stdout] stack backtrace:
[INFO] [stdout]    0:     0x615160ff0331 - <<std[617be2ca0a6fd877]::sys::backtrace::BacktraceLock>::print::DisplayBacktrace as core[a373ad73a504971]::fmt::Display>::fmt
[INFO] [stdout]    1:     0x615161006dba - core[a373ad73a504971]::fmt::write
[INFO] [stdout]    2:     0x615160ff4a2c - <alloc[2e1b2a31b91974c5]::vec::Vec<u8> as core[a373ad73a504971]::io::write::Write>::write_fmt
[INFO] [stdout]    3:     0x615160fc92a6 - std[617be2ca0a6fd877]::panicking::default_hook::{closure#0}
[INFO] [stdout]    4:     0x615160fe6ca9 - std[617be2ca0a6fd877]::panicking::default_hook
[INFO] [stdout]    5:     0x615160e8d230 - test[aada8e7e76ba119b]::test_main_inner::{closure#0}
[INFO] [stdout]    6:     0x615160fe6e62 - std[617be2ca0a6fd877]::panicking::panic_with_hook
[INFO] [stdout]    7:     0x615160fc9352 - std[617be2ca0a6fd877]::panicking::panic_handler::{closure#0}
[INFO] [stdout]    8:     0x615160fc1d19 - std[617be2ca0a6fd877]::sys::backtrace::__rust_end_short_backtrace::<std[617be2ca0a6fd877]::panicking::panic_handler::{closure#0}, !>
[INFO] [stdout]    9:     0x615160fc9f5d - __rustc[ea4f61d10b84890b]::rust_begin_unwind
[INFO] [stdout]   10:     0x61516100759c - core[a373ad73a504971]::panicking::panic_fmt
[INFO] [stdout]   11:     0x6151610074b3 - core[a373ad73a504971]::panicking::assert_failed_inner
[INFO] [stdout]   12:     0x615161001f7d - core[a373ad73a504971]::panicking::assert_failed::<usize, usize>
[INFO] [stdout]   13:     0x615160e3aefc - <ironframe[d851aa7d2c677db]::scanner::tests::scan_globs_reports_file_count_with_unique_class_dedup::{closure#0} as core[a373ad73a504971]::ops::function::FnOnce<()>>::call_once
[INFO] [stdout]   14:     0x615160e8067b - test[aada8e7e76ba119b]::__rust_begin_short_backtrace::<core[a373ad73a504971]::result::Result<(), alloc[2e1b2a31b91974c5]::string::String>, fn() -> core[a373ad73a504971]::result::Result<(), alloc[2e1b2a31b91974c5]::string::String>>
[INFO] [stdout]   15:     0x615160e8d855 - test[aada8e7e76ba119b]::run_test::{closure#0}
[INFO] [stdout]   16:     0x615160e87144 - std[617be2ca0a6fd877]::sys::backtrace::__rust_begin_short_backtrace::<test[aada8e7e76ba119b]::run_test::{closure#1}, ()>
[INFO] [stdout]   17:     0x615160e908e2 - <std[617be2ca0a6fd877]::thread::lifecycle::spawn_unchecked<test[aada8e7e76ba119b]::run_test::{closure#1}, ()>::{closure#1} as core[a373ad73a504971]::ops::function::FnOnce<()>>::call_once::{shim:vtable#0}
[INFO] [stdout]   18:     0x615160fef58f - <std[617be2ca0a6fd877]::sys::thread::unix::Thread>::new::thread_start
[INFO] [stdout]   19:     0x7a5408839dfa - <unknown>
[INFO] [stdout]   20:     0x7a54088cd3d4 - clone
[INFO] [stdout]   21:                0x0 - <unknown>
[INFO] [stdout] 
[INFO] [stdout] ---- scanner::tests::scans_glob_patterns stdout ----
[INFO] [stdout] 
[INFO] [stdout] thread 'scanner::tests::scans_glob_patterns' (1017) panicked at src/scanner.rs:1668:9:
[INFO] [stdout] assertion failed: result.classes.contains(&"p-2".to_string())
[INFO] [stdout] stack backtrace:
[INFO] [stdout]    0:     0x615160ff0331 - <<std[617be2ca0a6fd877]::sys::backtrace::BacktraceLock>::print::DisplayBacktrace as core[a373ad73a504971]::fmt::Display>::fmt
[INFO] [stdout]    1:     0x615161006dba - core[a373ad73a504971]::fmt::write
[INFO] [stdout]    2:     0x615160ff4a2c - <alloc[2e1b2a31b91974c5]::vec::Vec<u8> as core[a373ad73a504971]::io::write::Write>::write_fmt
[INFO] [stdout]    3:     0x615160fc92a6 - std[617be2ca0a6fd877]::panicking::default_hook::{closure#0}
[INFO] [stdout]    4:     0x615160fe6ca9 - std[617be2ca0a6fd877]::panicking::default_hook
[INFO] [stdout]    5:     0x615160e8d230 - test[aada8e7e76ba119b]::test_main_inner::{closure#0}
[INFO] [stdout]    6:     0x615160fe6e62 - std[617be2ca0a6fd877]::panicking::panic_with_hook
[INFO] [stdout]    7:     0x615160fc9384 - std[617be2ca0a6fd877]::panicking::panic_handler::{closure#0}
[INFO] [stdout]    8:     0x615160fc1d19 - std[617be2ca0a6fd877]::sys::backtrace::__rust_end_short_backtrace::<std[617be2ca0a6fd877]::panicking::panic_handler::{closure#0}, !>
[INFO] [stdout]    9:     0x615160fc9f5d - __rustc[ea4f61d10b84890b]::rust_begin_unwind
[INFO] [stdout]   10:     0x61516100759c - core[a373ad73a504971]::panicking::panic_fmt
[INFO] [stdout]   11:     0x615161007562 - core[a373ad73a504971]::panicking::panic
[INFO] [stdout]   12:     0x615160e35468 - <ironframe[d851aa7d2c677db]::scanner::tests::scans_glob_patterns::{closure#0} as core[a373ad73a504971]::ops::function::FnOnce<()>>::call_once
[INFO] [stdout]   13:     0x615160e8067b - test[aada8e7e76ba119b]::__rust_begin_short_backtrace::<core[a373ad73a504971]::result::Result<(), alloc[2e1b2a31b91974c5]::string::String>, fn() -> core[a373ad73a504971]::result::Result<(), alloc[2e1b2a31b91974c5]::string::String>>
[INFO] [stdout]   14:     0x615160e8d855 - test[aada8e7e76ba119b]::run_test::{closure#0}
[INFO] [stdout]   15:     0x615160e87144 - std[617be2ca0a6fd877]::sys::backtrace::__rust_begin_short_backtrace::<test[aada8e7e76ba119b]::run_test::{closure#1}, ()>
[INFO] [stdout]   16:     0x615160e908e2 - <std[617be2ca0a6fd877]::thread::lifecycle::spawn_unchecked<test[aada8e7e76ba119b]::run_test::{closure#1}, ()>::{closure#1} as core[a373ad73a504971]::ops::function::FnOnce<()>>::call_once::{shim:vtable#0}
[INFO] [stdout]   17:     0x615160fef58f - <std[617be2ca0a6fd877]::sys::thread::unix::Thread>::new::thread_start
[INFO] [stdout]   18:     0x7a5408839dfa - <unknown>
[INFO] [stdout]   19:     0x7a54088cd3d4 - clone
[INFO] [stdout]   20:                0x0 - <unknown>
[INFO] [stdout] 
[INFO] [stdout] ---- tests::complex_html_utility_output_matches_tailwind stdout ----
[INFO] [stdout] 
[INFO] [stdout] thread 'tests::complex_html_utility_output_matches_tailwind' (1034) panicked at src/lib.rs:3779:35:
[INFO] [stdout] should create temporary workspace: Os { code: 30, kind: ReadOnlyFilesystem, message: "Read-only file system" }
[INFO] [stdout] stack backtrace:
[INFO] [stdout]    0:     0x615160ff0331 - <<std[617be2ca0a6fd877]::sys::backtrace::BacktraceLock>::print::DisplayBacktrace as core[a373ad73a504971]::fmt::Display>::fmt
[INFO] [stdout]    1:     0x615161006dba - core[a373ad73a504971]::fmt::write
[INFO] [stdout]    2:     0x615160ff4a2c - <alloc[2e1b2a31b91974c5]::vec::Vec<u8> as core[a373ad73a504971]::io::write::Write>::write_fmt
[INFO] [stdout]    3:     0x615160fc92a6 - std[617be2ca0a6fd877]::panicking::default_hook::{closure#0}
[INFO] [stdout]    4:     0x615160fe6ca9 - std[617be2ca0a6fd877]::panicking::default_hook
[INFO] [stdout]    5:     0x615160e8d230 - test[aada8e7e76ba119b]::test_main_inner::{closure#0}
[INFO] [stdout]    6:     0x615160fe6e62 - std[617be2ca0a6fd877]::panicking::panic_with_hook
[INFO] [stdout]    7:     0x615160fc9352 - std[617be2ca0a6fd877]::panicking::panic_handler::{closure#0}
[INFO] [stdout]    8:     0x615160fc1d19 - std[617be2ca0a6fd877]::sys::backtrace::__rust_end_short_backtrace::<std[617be2ca0a6fd877]::panicking::panic_handler::{closure#0}, !>
[INFO] [stdout]    9:     0x615160fc9f5d - __rustc[ea4f61d10b84890b]::rust_begin_unwind
[INFO] [stdout]   10:     0x61516100759c - core[a373ad73a504971]::panicking::panic_fmt
[INFO] [stdout]   11:     0x615161007372 - core[a373ad73a504971]::result::unwrap_failed
[INFO] [stdout]   12:     0x615160e07cbb - <ironframe[d851aa7d2c677db]::tests::complex_html_utility_output_matches_tailwind::{closure#0} as core[a373ad73a504971]::ops::function::FnOnce<()>>::call_once
[INFO] [stdout]   13:     0x615160e8067b - test[aada8e7e76ba119b]::__rust_begin_short_backtrace::<core[a373ad73a504971]::result::Result<(), alloc[2e1b2a31b91974c5]::string::String>, fn() -> core[a373ad73a504971]::result::Result<(), alloc[2e1b2a31b91974c5]::string::String>>
[INFO] [stdout]   14:     0x615160e8d855 - test[aada8e7e76ba119b]::run_test::{closure#0}
[INFO] [stdout]   15:     0x615160e87144 - std[617be2ca0a6fd877]::sys::backtrace::__rust_begin_short_backtrace::<test[aada8e7e76ba119b]::run_test::{closure#1}, ()>
[INFO] [stdout]   16:     0x615160e908e2 - <std[617be2ca0a6fd877]::thread::lifecycle::spawn_unchecked<test[aada8e7e76ba119b]::run_test::{closure#1}, ()>::{closure#1} as core[a373ad73a504971]::ops::function::FnOnce<()>>::call_once::{shim:vtable#0}
[INFO] [stdout]   17:     0x615160fef58f - <std[617be2ca0a6fd877]::sys::thread::unix::Thread>::new::thread_start
[INFO] [stdout]   18:     0x7a5408839dfa - <unknown>
[INFO] [stdout]   19:     0x7a54088cd3d4 - clone
[INFO] [stdout]   20:                0x0 - <unknown>
[INFO] [stdout] 
[INFO] [stdout] ---- tests::inlines_regular_css_imports stdout ----
[INFO] [stdout] 
[INFO] [stdout] thread 'tests::inlines_regular_css_imports' (1045) panicked at src/lib.rs:4004:57:
[INFO] [stdout] should write nested.css: Os { code: 2, kind: NotFound, message: "No such file or directory" }
[INFO] [stdout] stack backtrace:
[INFO] [stdout]    0:     0x615160ff0331 - <<std[617be2ca0a6fd877]::sys::backtrace::BacktraceLock>::print::DisplayBacktrace as core[a373ad73a504971]::fmt::Display>::fmt
[INFO] [stdout]    1:     0x615161006dba - core[a373ad73a504971]::fmt::write
[INFO] [stdout]    2:     0x615160ff4a2c - <alloc[2e1b2a31b91974c5]::vec::Vec<u8> as core[a373ad73a504971]::io::write::Write>::write_fmt
[INFO] [stdout]    3:     0x615160fc92a6 - std[617be2ca0a6fd877]::panicking::default_hook::{closure#0}
[INFO] [stdout]    4:     0x615160fe6ca9 - std[617be2ca0a6fd877]::panicking::default_hook
[INFO] [stdout]    5:     0x615160e8d230 - test[aada8e7e76ba119b]::test_main_inner::{closure#0}
[INFO] [stdout]    6:     0x615160fe6e62 - std[617be2ca0a6fd877]::panicking::panic_with_hook
[INFO] [stdout]    7:     0x615160fc9352 - std[617be2ca0a6fd877]::panicking::panic_handler::{closure#0}
[INFO] [stdout]    8:     0x615160fc1d19 - std[617be2ca0a6fd877]::sys::backtrace::__rust_end_short_backtrace::<std[617be2ca0a6fd877]::panicking::panic_handler::{closure#0}, !>
[INFO] [stdout]    9:     0x615160fc9f5d - __rustc[ea4f61d10b84890b]::rust_begin_unwind
[INFO] [stdout]   10:     0x61516100759c - core[a373ad73a504971]::panicking::panic_fmt
[INFO] [stdout]   11:     0x615161007372 - core[a373ad73a504971]::result::unwrap_failed
[INFO] [stdout]   12:     0x615160e0399c - <ironframe[d851aa7d2c677db]::tests::inlines_regular_css_imports::{closure#0} as core[a373ad73a504971]::ops::function::FnOnce<()>>::call_once
[INFO] [stdout]   13:     0x615160e8067b - test[aada8e7e76ba119b]::__rust_begin_short_backtrace::<core[a373ad73a504971]::result::Result<(), alloc[2e1b2a31b91974c5]::string::String>, fn() -> core[a373ad73a504971]::result::Result<(), alloc[2e1b2a31b91974c5]::string::String>>
[INFO] [stdout]   14:     0x615160e8d855 - test[aada8e7e76ba119b]::run_test::{closure#0}
[INFO] [stdout]   15:     0x615160e87144 - std[617be2ca0a6fd877]::sys::backtrace::__rust_begin_short_backtrace::<test[aada8e7e76ba119b]::run_test::{closure#1}, ()>
[INFO] [stdout]   16:     0x615160e908e2 - <std[617be2ca0a6fd877]::thread::lifecycle::spawn_unchecked<test[aada8e7e76ba119b]::run_test::{closure#1}, ()>::{closure#1} as core[a373ad73a504971]::ops::function::FnOnce<()>>::call_once::{shim:vtable#0}
[INFO] [stdout]   17:     0x615160fef58f - <std[617be2ca0a6fd877]::sys::thread::unix::Thread>::new::thread_start
[INFO] [stdout]   18:     0x7a5408839dfa - <unknown>
[INFO] [stdout]   19:     0x7a54088cd3d4 - clone
[INFO] [stdout]   20:                0x0 - <unknown>
[INFO] [stdout] 
[INFO] [stdout] ---- tests::normalizes_source_directory_to_recursive_glob stdout ----
[INFO] [stdout] 
[INFO] [stdout] thread 'tests::normalizes_source_directory_to_recursive_glob' (1047) panicked at src/lib.rs:4471:9:
[INFO] [stdout] assertion failed: pattern.ends_with("node_modules/acme-ui/**/*")
[INFO] [stdout] stack backtrace:
[INFO] [stdout]    0:     0x615160ff0331 - <<std[617be2ca0a6fd877]::sys::backtrace::BacktraceLock>::print::DisplayBacktrace as core[a373ad73a504971]::fmt::Display>::fmt
[INFO] [stdout]    1:     0x615161006dba - core[a373ad73a504971]::fmt::write
[INFO] [stdout]    2:     0x615160ff4a2c - <alloc[2e1b2a31b91974c5]::vec::Vec<u8> as core[a373ad73a504971]::io::write::Write>::write_fmt
[INFO] [stdout]    3:     0x615160fc92a6 - std[617be2ca0a6fd877]::panicking::default_hook::{closure#0}
[INFO] [stdout]    4:     0x615160fe6ca9 - std[617be2ca0a6fd877]::panicking::default_hook
[INFO] [stdout]    5:     0x615160e8d230 - test[aada8e7e76ba119b]::test_main_inner::{closure#0}
[INFO] [stdout]    6:     0x615160fe6e62 - std[617be2ca0a6fd877]::panicking::panic_with_hook
[INFO] [stdout]    7:     0x615160fc9384 - std[617be2ca0a6fd877]::panicking::panic_handler::{closure#0}
[INFO] [stdout]    8:     0x615160fc1d19 - std[617be2ca0a6fd877]::sys::backtrace::__rust_end_short_backtrace::<std[617be2ca0a6fd877]::panicking::panic_handler::{closure#0}, !>
[INFO] [stdout]    9:     0x615160fc9f5d - __rustc[ea4f61d10b84890b]::rust_begin_unwind
[INFO] [stdout]   10:     0x61516100759c - core[a373ad73a504971]::panicking::panic_fmt
[INFO] [stdout]   11:     0x615161007562 - core[a373ad73a504971]::panicking::panic
[INFO] [stdout]   12:     0x615160e08b6f - <ironframe[d851aa7d2c677db]::tests::normalizes_source_directory_to_recursive_glob::{closure#0} as core[a373ad73a504971]::ops::function::FnOnce<()>>::call_once
[INFO] [stdout]   13:     0x615160e8067b - test[aada8e7e76ba119b]::__rust_begin_short_backtrace::<core[a373ad73a504971]::result::Result<(), alloc[2e1b2a31b91974c5]::string::String>, fn() -> core[a373ad73a504971]::result::Result<(), alloc[2e1b2a31b91974c5]::string::String>>
[INFO] [stdout]   14:     0x615160e8d855 - test[aada8e7e76ba119b]::run_test::{closure#0}
[INFO] [stdout]   15:     0x615160e87144 - std[617be2ca0a6fd877]::sys::backtrace::__rust_begin_short_backtrace::<test[aada8e7e76ba119b]::run_test::{closure#1}, ()>
[INFO] [stdout]   16:     0x615160e908e2 - <std[617be2ca0a6fd877]::thread::lifecycle::spawn_unchecked<test[aada8e7e76ba119b]::run_test::{closure#1}, ()>::{closure#1} as core[a373ad73a504971]::ops::function::FnOnce<()>>::call_once::{shim:vtable#0}
[INFO] [stdout]   17:     0x615160fef58f - <std[617be2ca0a6fd877]::sys::thread::unix::Thread>::new::thread_start
[INFO] [stdout]   18:     0x7a5408839dfa - <unknown>
[INFO] [stdout]   19:     0x7a54088cd3d4 - clone
[INFO] [stdout]   20:                0x0 - <unknown>
[INFO] [stdout] 
[INFO] [stdout] ---- tests::inlines_recursive_css_imports_without_duplicate_cycles stdout ----
[INFO] [stdout] 
[INFO] [stdout] thread 'tests::inlines_recursive_css_imports_without_duplicate_cycles' (1044) panicked at src/lib.rs:4031:10:
[INFO] [stdout] should write a.css: Os { code: 2, kind: NotFound, message: "No such file or directory" }
[INFO] [stdout] stack backtrace:
[INFO] [stdout]    0:     0x615160ff0331 - <<std[617be2ca0a6fd877]::sys::backtrace::BacktraceLock>::print::DisplayBacktrace as core[a373ad73a504971]::fmt::Display>::fmt
[INFO] [stdout]    1:     0x615161006dba - core[a373ad73a504971]::fmt::write
[INFO] [stdout]    2:     0x615160ff4a2c - <alloc[2e1b2a31b91974c5]::vec::Vec<u8> as core[a373ad73a504971]::io::write::Write>::write_fmt
[INFO] [stdout]    3:     0x615160fc92a6 - std[617be2ca0a6fd877]::panicking::default_hook::{closure#0}
[INFO] [stdout]    4:     0x615160fe6ca9 - std[617be2ca0a6fd877]::panicking::default_hook
[INFO] [stdout]    5:     0x615160e8d230 - test[aada8e7e76ba119b]::test_main_inner::{closure#0}
[INFO] [stdout]    6:     0x615160fe6e62 - std[617be2ca0a6fd877]::panicking::panic_with_hook
[INFO] [stdout]    7:     0x615160fc9352 - std[617be2ca0a6fd877]::panicking::panic_handler::{closure#0}
[INFO] [stdout]    8:     0x615160fc1d19 - std[617be2ca0a6fd877]::sys::backtrace::__rust_end_short_backtrace::<std[617be2ca0a6fd877]::panicking::panic_handler::{closure#0}, !>
[INFO] [stdout]    9:     0x615160fc9f5d - __rustc[ea4f61d10b84890b]::rust_begin_unwind
[INFO] [stdout]   10:     0x61516100759c - core[a373ad73a504971]::panicking::panic_fmt
[INFO] [stdout]   11:     0x615161007372 - core[a373ad73a504971]::result::unwrap_failed
[INFO] [stdout]   12:     0x615160e0d549 - <ironframe[d851aa7d2c677db]::tests::inlines_recursive_css_imports_without_duplicate_cycles::{closure#0} as core[a373ad73a504971]::ops::function::FnOnce<()>>::call_once
[INFO] [stdout]   13:     0x615160e8067b - test[aada8e7e76ba119b]::__rust_begin_short_backtrace::<core[a373ad73a504971]::result::Result<(), alloc[2e1b2a31b91974c5]::string::String>, fn() -> core[a373ad73a504971]::result::Result<(), alloc[2e1b2a31b91974c5]::string::String>>
[INFO] [stdout]   14:     0x615160e8d855 - test[aada8e7e76ba119b]::run_test::{closure#0}
[INFO] [stdout]   15:     0x615160e87144 - std[617be2ca0a6fd877]::sys::backtrace::__rust_begin_short_backtrace::<test[aada8e7e76ba119b]::run_test::{closure#1}, ()>
[INFO] [stdout]   16:     0x615160e908e2 - <std[617be2ca0a6fd877]::thread::lifecycle::spawn_unchecked<test[aada8e7e76ba119b]::run_test::{closure#1}, ()>::{closure#1} as core[a373ad73a504971]::ops::function::FnOnce<()>>::call_once::{shim:vtable#0}
[INFO] [stdout]   17:     0x615160fef58f - <std[617be2ca0a6fd877]::sys::thread::unix::Thread>::new::thread_start
[INFO] [stdout]   18:     0x7a5408839dfa - <unknown>
[INFO] [stdout]   19:     0x7a54088cd3d4 - clone
[INFO] [stdout]   20:                0x0 - <unknown>
[INFO] [stdout] 
[INFO] [stdout] 
[INFO] [stdout] failures:
[INFO] [stdout]     scanner::tests::default_glob_scanning_excludes_css_binary_lock_and_node_modules
[INFO] [stdout]     scanner::tests::glob_ignore_patterns_exclude_matching_files
[INFO] [stdout]     scanner::tests::glob_options_can_include_css_binary_and_lock_files
[INFO] [stdout]     scanner::tests::glob_options_can_include_node_modules_and_gitignored_files
[INFO] [stdout]     scanner::tests::scan_globs_reports_file_count_with_unique_class_dedup
[INFO] [stdout]     scanner::tests::scans_glob_patterns
[INFO] [stdout]     tests::complex_html_utility_output_matches_tailwind
[INFO] [stdout]     tests::inlines_recursive_css_imports_without_duplicate_cycles
[INFO] [stdout]     tests::inlines_regular_css_imports
[INFO] [stdout]     tests::normalizes_source_directory_to_recursive_glob
[INFO] [stdout] 
[INFO] [stdout] test result: FAILED. 297 passed; 10 failed; 0 ignored; 0 measured; 0 filtered out; finished in 0.10s
[INFO] [stdout] 
[INFO] [stderr] error: test failed, to rerun pass `--lib`
[INFO] running `Command { std: "docker" "inspect" "ad8f4c3a431d74e05d06cc562f387a95c8e369a879a6eb1a82bc899186205e9e", kill_on_drop: false }`
[INFO] running `Command { std: "docker" "rm" "-f" "ad8f4c3a431d74e05d06cc562f387a95c8e369a879a6eb1a82bc899186205e9e", kill_on_drop: false }`
[INFO] [stdout] ad8f4c3a431d74e05d06cc562f387a95c8e369a879a6eb1a82bc899186205e9e
