[INFO] fetching crate iron-crypto 0.2.7...
[INFO] testing iron-crypto-0.2.7 against 1.99.0-beta.8+cargoflags=--release for beta-release-1.100-2
[INFO] extracting crate iron-crypto 0.2.7 into /workspace/builds/worker-4-tc1/source
[INFO] started tweaking crates.io crate iron-crypto 0.2.7
[INFO] removed 0 missing tests
[INFO] finished tweaking crates.io crate iron-crypto 0.2.7
[INFO] tweaked toml for crates.io crate iron-crypto 0.2.7 written to /workspace/builds/worker-4-tc1/source/Cargo.toml
[INFO] validating manifest of crates.io crate iron-crypto 0.2.7 on toolchain 1.99.0-beta.8
[INFO] running `Command { std: CARGO_HOME="/workspace/cargo-home" RUSTUP_HOME="/workspace/rustup-home" "/workspace/cargo-home/bin/cargo" "+1.99.0-beta.8" "metadata" "--manifest-path" "Cargo.toml" "--no-deps", kill_on_drop: false }`
[INFO] crate crates.io crate iron-crypto 0.2.7 already has a lockfile, it will not be regenerated
[INFO] running `Command { std: CARGO_HOME="/workspace/cargo-home" RUSTUP_HOME="/workspace/rustup-home" "/workspace/cargo-home/bin/cargo" "+1.99.0-beta.8" "fetch" "--manifest-path" "Cargo.toml", kill_on_drop: false }`
[INFO] [stderr]     Updating crates.io index
[INFO] [stderr]  Downloading crates ...
[INFO] [stderr]   Downloaded ic-vectors v0.2.7
[INFO] [stderr]   Downloaded ic-core v0.2.7
[INFO] [stderr]   Downloaded ic-hash v0.2.7
[INFO] [stderr]   Downloaded ic-rsa v0.2.7
[INFO] [stderr]   Downloaded ic-json v0.2.7
[INFO] [stderr]   Downloaded ic-drbg v0.2.7
[INFO] [stderr]   Downloaded ic-pkix v0.2.7
[INFO] [stderr]   Downloaded ic-kdf v0.2.7
[INFO] [stderr]   Downloaded ic-mlkem v0.2.7
[INFO] [stderr]   Downloaded ic-mac v0.2.7
[INFO] [stderr]   Downloaded ic-fips v0.2.7
[INFO] [stderr]   Downloaded ic-mldsa v0.2.7
[INFO] [stderr]   Downloaded ic-cipher v0.2.7
[INFO] [stderr]   Downloaded ic-ec v0.2.7
[INFO] [stderr]   Downloaded ic-ontology v0.2.7
[INFO] running `Command { std: "docker" "create" "-v" "/var/lib/crater-agent-workspace/builds/worker-4-tc1/source:/opt/rustwide/workdir:ro,Z" "-v" "/var/lib/crater-agent-workspace/builds/worker-4-tc1/target:/opt/rustwide/target:rw,Z" "-v" "/var/lib/crater-agent-workspace/cargo-home:/opt/rustwide/cargo-home:ro,Z" "-v" "/var/lib/crater-agent-workspace/rustup-home:/opt/rustwide/rustup-home:ro,Z" "-m" "1610612736" "--network" "none" "ghcr.io/rust-lang/crates-build-env/linux@sha256:77db811e55d90add9212f6832c23229e3de5f1c1f9905e8cb07319ea15df73ac" "sleep" "infinity", kill_on_drop: false }`
[INFO] [stdout] a408bdd15966acf2ba0443037f91d68b4b03a54f887b205ab32724fde54a308a
[INFO] running `Command { std: "docker" "start" "a408bdd15966acf2ba0443037f91d68b4b03a54f887b205ab32724fde54a308a", kill_on_drop: false }`
[INFO] running `Command { std: "docker" "inspect" "a408bdd15966acf2ba0443037f91d68b4b03a54f887b205ab32724fde54a308a", kill_on_drop: false }`
[INFO] running `Command { std: "docker" "exec" "-e" "SOURCE_DIR=/opt/rustwide/workdir" "-e" "CARGO_HOME=/opt/rustwide/cargo-home" "-e" "RUSTUP_HOME=/opt/rustwide/rustup-home" "-e" "CARGO_TARGET_DIR=/opt/rustwide/target" "-w" "/opt/rustwide/workdir" "--user" "0:0" "a408bdd15966acf2ba0443037f91d68b4b03a54f887b205ab32724fde54a308a" "/opt/rustwide/cargo-home/bin/cargo" "+1.99.0-beta.8" "metadata" "--no-deps" "--format-version=1", kill_on_drop: false }`
[INFO] running `Command { std: "docker" "inspect" "a408bdd15966acf2ba0443037f91d68b4b03a54f887b205ab32724fde54a308a", kill_on_drop: false }`
[INFO] running `Command { std: "docker" "exec" "-e" "SOURCE_DIR=/opt/rustwide/workdir" "-e" "CARGO_HOME=/opt/rustwide/cargo-home" "-e" "RUSTUP_HOME=/opt/rustwide/rustup-home" "-e" "CARGO_TARGET_DIR=/opt/rustwide/target" "-e" "CARGO_INCREMENTAL=0" "-e" "RUST_BACKTRACE=full" "-e" "RUSTFLAGS=--cap-lints=warn" "-e" "RUSTDOCFLAGS=--cap-lints=warn" "-w" "/opt/rustwide/workdir" "--user" "0:0" "a408bdd15966acf2ba0443037f91d68b4b03a54f887b205ab32724fde54a308a" "/opt/rustwide/cargo-home/bin/cargo" "+1.99.0-beta.8" "build" "--frozen" "--message-format=json" "--release", kill_on_drop: false }`
[INFO] [stderr]    Compiling ic-core v0.2.7
[INFO] [stderr]    Compiling ic-hash v0.2.7
[INFO] [stderr]    Compiling ic-cipher v0.2.7
[INFO] [stderr]    Compiling ic-ontology v0.2.7
[INFO] [stderr]    Compiling ic-pkix v0.2.7
[INFO] [stderr]    Compiling ic-mldsa v0.2.7
[INFO] [stderr]    Compiling ic-rsa v0.2.7
[INFO] [stderr]    Compiling ic-mlkem v0.2.7
[INFO] [stderr]    Compiling ic-mac v0.2.7
[INFO] [stderr]    Compiling ic-kdf v0.2.7
[INFO] [stderr]    Compiling ic-drbg v0.2.7
[INFO] [stderr]    Compiling ic-ec v0.2.7
[INFO] [stderr]    Compiling ic-fips v0.2.7
[INFO] [stderr]    Compiling iron-crypto v0.2.7 (/opt/rustwide/workdir)
[INFO] [stderr]     Finished `release` profile [optimized] target(s) in 17.05s
[INFO] running `Command { std: "docker" "inspect" "a408bdd15966acf2ba0443037f91d68b4b03a54f887b205ab32724fde54a308a", kill_on_drop: false }`
[INFO] running `Command { std: "docker" "exec" "-e" "SOURCE_DIR=/opt/rustwide/workdir" "-e" "CARGO_HOME=/opt/rustwide/cargo-home" "-e" "RUSTUP_HOME=/opt/rustwide/rustup-home" "-e" "CARGO_TARGET_DIR=/opt/rustwide/target" "-e" "CARGO_INCREMENTAL=0" "-e" "RUST_BACKTRACE=full" "-e" "RUSTFLAGS=--cap-lints=warn" "-e" "RUSTDOCFLAGS=--cap-lints=warn" "-w" "/opt/rustwide/workdir" "--user" "0:0" "a408bdd15966acf2ba0443037f91d68b4b03a54f887b205ab32724fde54a308a" "/opt/rustwide/cargo-home/bin/cargo" "+1.99.0-beta.8" "test" "--frozen" "--no-run" "--message-format=json" "--release", kill_on_drop: false }`
[INFO] [stderr]    Compiling ic-json v0.2.7
[INFO] [stderr]    Compiling ic-vectors v0.2.7
[INFO] [stderr]    Compiling iron-crypto v0.2.7 (/opt/rustwide/workdir)
[INFO] [stderr]     Finished `release` profile [optimized] target(s) in 6.19s
[INFO] running `Command { std: "docker" "inspect" "a408bdd15966acf2ba0443037f91d68b4b03a54f887b205ab32724fde54a308a", kill_on_drop: false }`
[INFO] running `Command { std: "docker" "exec" "-e" "SOURCE_DIR=/opt/rustwide/workdir" "-e" "CARGO_HOME=/opt/rustwide/cargo-home" "-e" "RUSTUP_HOME=/opt/rustwide/rustup-home" "-e" "CARGO_TARGET_DIR=/opt/rustwide/target" "-e" "CARGO_INCREMENTAL=0" "-e" "RUST_BACKTRACE=full" "-e" "RUSTFLAGS=--cap-lints=warn" "-e" "RUSTDOCFLAGS=--cap-lints=warn" "-w" "/opt/rustwide/workdir" "--user" "0:0" "a408bdd15966acf2ba0443037f91d68b4b03a54f887b205ab32724fde54a308a" "/opt/rustwide/cargo-home/bin/cargo" "+1.99.0-beta.8" "test" "--frozen" "--release", kill_on_drop: false }`
[INFO] [stderr]     Finished `release` profile [optimized] target(s) in 0.02s
[INFO] [stderr]      Running unittests src/lib.rs (/opt/rustwide/target/release/deps/iron_crypto-fef00251d0c1f776)
[INFO] [stdout] 
[INFO] [stdout] running 6 tests
[INFO] [stdout] test tests::digest_output_sizes_match_the_ontology ... ok
[INFO] [stdout] test tests::ontology_sizes_match_the_implementations ... ok
[INFO] [stdout] test tests::algorithm_ids_resolve_in_the_ontology ... ok
[INFO] [stdout] test tests::curve_key_sizes_match_the_ontology ... ok
[INFO] [stdout] test tests::recommended_algorithm_is_usable_as_described ... ok
[INFO] [stdout] test tests::a_full_agent_workflow_runs_end_to_end ... ok
[INFO] [stderr]      Running tests/api_hygiene.rs (/opt/rustwide/target/release/deps/api_hygiene-ad7cd402a47c4ed4)
[INFO] [stdout] 
[INFO] [stdout] test result: ok. 6 passed; 0 failed; 0 ignored; 0 measured; 0 filtered out; finished in 0.00s
[INFO] [stdout] 
[INFO] [stdout] 
[INFO] [stdout] running 3 tests
[INFO] [stderr] error: test failed, to rerun pass `--test api_hygiene`
[INFO] [stdout] test public_predicates_cannot_be_ignored ... FAILED
[INFO] [stdout] test fixed_base_multiplication_goes_through_its_funnel ... FAILED
[INFO] [stdout] test secret_bearing_types_wipe_on_drop ... FAILED
[INFO] [stdout] 
[INFO] [stdout] failures:
[INFO] [stdout] 
[INFO] [stdout] ---- public_predicates_cannot_be_ignored stdout ----
[INFO] [stdout] 
[INFO] [stdout] thread 'public_predicates_cannot_be_ignored' (609) panicked at tests/api_hygiene.rs:52:5:
[INFO] [stdout] could not find the workspace root
[INFO] [stdout] stack backtrace:
[INFO] [stdout]    0:     0x562c485d4b81 - <<std[70759c8f55707aa4]::sys::backtrace::BacktraceLock>::print::DisplayBacktrace as core[df12db4294e9bfd3]::fmt::Display>::fmt
[INFO] [stdout]    1:     0x562c485e90ba - core[df12db4294e9bfd3]::fmt::write
[INFO] [stdout]    2:     0x562c485d930c - <alloc[2182bb758b4b3781]::vec::Vec<u8> as core[df12db4294e9bfd3]::io::write::Write>::write_fmt
[INFO] [stdout]    3:     0x562c485b05e6 - std[70759c8f55707aa4]::panicking::default_hook::{closure#0}
[INFO] [stdout]    4:     0x562c485ccd69 - std[70759c8f55707aa4]::panicking::default_hook
[INFO] [stdout]    5:     0x562c48568590 - test[9d35eded1c95d3be]::test_main_inner::<test[9d35eded1c95d3be]::test_main_static::{closure#0}>::{closure#0}
[INFO] [stdout]    6:     0x562c485ccf22 - std[70759c8f55707aa4]::panicking::panic_with_hook
[INFO] [stdout]    7:     0x562c485b06c4 - std[70759c8f55707aa4]::panicking::panic_handler::{closure#0}
[INFO] [stdout]    8:     0x562c485a91e9 - std[70759c8f55707aa4]::sys::backtrace::__rust_end_short_backtrace::<std[70759c8f55707aa4]::panicking::panic_handler::{closure#0}, !>
[INFO] [stdout]    9:     0x562c485b128d - __rustc[8fa7c3cbc660c2b3]::rust_begin_unwind
[INFO] [stdout]   10:     0x562c485e97ec - core[df12db4294e9bfd3]::panicking::panic_fmt
[INFO] [stdout]   11:     0x562c485565f9 - api_hygiene[44102e5f5e591a80]::workspace_root
[INFO] [stdout]   12:     0x562c48557e60 - <api_hygiene[44102e5f5e591a80]::public_predicates_cannot_be_ignored::{closure#0} as core[df12db4294e9bfd3]::ops::function::FnOnce<()>>::call_once
[INFO] [stdout]   13:     0x562c4855b87b - test[9d35eded1c95d3be]::__rust_begin_short_backtrace::<core[df12db4294e9bfd3]::result::Result<(), alloc[2182bb758b4b3781]::string::String>, fn() -> core[df12db4294e9bfd3]::result::Result<(), alloc[2182bb758b4b3781]::string::String>>
[INFO] [stdout]   14:     0x562c48568ee5 - test[9d35eded1c95d3be]::run_test::{closure#0}
[INFO] [stdout]   15:     0x562c485627a4 - std[70759c8f55707aa4]::sys::backtrace::__rust_begin_short_backtrace::<test[9d35eded1c95d3be]::run_test::{closure#1}, ()>
[INFO] [stdout]   16:     0x562c4856c042 - <std[70759c8f55707aa4]::thread::lifecycle::spawn_unchecked<test[9d35eded1c95d3be]::run_test::{closure#1}, ()>::{closure#1} as core[df12db4294e9bfd3]::ops::function::FnOnce<()>>::call_once::{shim:vtable#0}
[INFO] [stdout]   17:     0x562c485d40e9 - <std[70759c8f55707aa4]::sys::thread::unix::Thread>::new::thread_start
[INFO] [stdout]   18:     0x75d03b975dfa - <unknown>
[INFO] [stdout]   19:     0x75d03ba093d4 - clone
[INFO] [stdout]   20:                0x0 - <unknown>
[INFO] [stdout] 
[INFO] [stdout] ---- fixed_base_multiplication_goes_through_its_funnel stdout ----
[INFO] [stdout] 
[INFO] [stdout] thread 'fixed_base_multiplication_goes_through_its_funnel' (608) panicked at tests/api_hygiene.rs:52:5:
[INFO] [stdout] could not find the workspace root
[INFO] [stdout] stack backtrace:
[INFO] [stdout]    0:     0x562c485d4b81 - <<std[70759c8f55707aa4]::sys::backtrace::BacktraceLock>::print::DisplayBacktrace as core[df12db4294e9bfd3]::fmt::Display>::fmt
[INFO] [stdout]    1:     0x562c485e90ba - core[df12db4294e9bfd3]::fmt::write
[INFO] [stdout]    2:     0x562c485d930c - <alloc[2182bb758b4b3781]::vec::Vec<u8> as core[df12db4294e9bfd3]::io::write::Write>::write_fmt
[INFO] [stdout]    3:     0x562c485b05e6 - std[70759c8f55707aa4]::panicking::default_hook::{closure#0}
[INFO] [stdout]    4:     0x562c485ccd69 - std[70759c8f55707aa4]::panicking::default_hook
[INFO] [stdout]    5:     0x562c48568590 - test[9d35eded1c95d3be]::test_main_inner::<test[9d35eded1c95d3be]::test_main_static::{closure#0}>::{closure#0}
[INFO] [stdout]    6:     0x562c485ccf22 - std[70759c8f55707aa4]::panicking::panic_with_hook
[INFO] [stdout]    7:     0x562c485b06c4 - std[70759c8f55707aa4]::panicking::panic_handler::{closure#0}
[INFO] [stdout]    8:     0x562c485a91e9 - std[70759c8f55707aa4]::sys::backtrace::__rust_end_short_backtrace::<std[70759c8f55707aa4]::panicking::panic_handler::{closure#0}, !>
[INFO] [stdout]    9:     0x562c485b128d - __rustc[8fa7c3cbc660c2b3]::rust_begin_unwind
[INFO] [stdout]   10:     0x562c485e97ec - core[df12db4294e9bfd3]::panicking::panic_fmt
[INFO] [stdout]   11:     0x562c485565f9 - api_hygiene[44102e5f5e591a80]::workspace_root
[INFO] [stdout]   12:     0x562c48559381 - <api_hygiene[44102e5f5e591a80]::fixed_base_multiplication_goes_through_its_funnel::{closure#0} as core[df12db4294e9bfd3]::ops::function::FnOnce<()>>::call_once
[INFO] [stdout]   13:     0x562c4855b87b - test[9d35eded1c95d3be]::__rust_begin_short_backtrace::<core[df12db4294e9bfd3]::result::Result<(), alloc[2182bb758b4b3781]::string::String>, fn() -> core[df12db4294e9bfd3]::result::Result<(), alloc[2182bb758b4b3781]::string::String>>
[INFO] [stdout]   14:     0x562c48568ee5 - test[9d35eded1c95d3be]::run_test::{closure#0}
[INFO] [stdout]   15:     0x562c485627a4 - std[70759c8f55707aa4]::sys::backtrace::__rust_begin_short_backtrace::<test[9d35eded1c95d3be]::run_test::{closure#1}, ()>
[INFO] [stdout]   16:     0x562c4856c042 - <std[70759c8f55707aa4]::thread::lifecycle::spawn_unchecked<test[9d35eded1c95d3be]::run_test::{closure#1}, ()>::{closure#1} as core[df12db4294e9bfd3]::ops::function::FnOnce<()>>::call_once::{shim:vtable#0}
[INFO] [stdout]   17:     0x562c485d40e9 - <std[70759c8f55707aa4]::sys::thread::unix::Thread>::new::thread_start
[INFO] [stdout]   18:     0x75d03b975dfa - <unknown>
[INFO] [stdout]   19:     0x75d03ba093d4 - clone
[INFO] [stdout]   20:                0x0 - <unknown>
[INFO] [stdout] 
[INFO] [stdout] ---- secret_bearing_types_wipe_on_drop stdout ----
[INFO] [stdout] 
[INFO] [stdout] thread 'secret_bearing_types_wipe_on_drop' (610) panicked at tests/api_hygiene.rs:52:5:
[INFO] [stdout] could not find the workspace root
[INFO] [stdout] stack backtrace:
[INFO] [stdout]    0:     0x562c485d4b81 - <<std[70759c8f55707aa4]::sys::backtrace::BacktraceLock>::print::DisplayBacktrace as core[df12db4294e9bfd3]::fmt::Display>::fmt
[INFO] [stdout]    1:     0x562c485e90ba - core[df12db4294e9bfd3]::fmt::write
[INFO] [stdout]    2:     0x562c485d930c - <alloc[2182bb758b4b3781]::vec::Vec<u8> as core[df12db4294e9bfd3]::io::write::Write>::write_fmt
[INFO] [stdout]    3:     0x562c485b05e6 - std[70759c8f55707aa4]::panicking::default_hook::{closure#0}
[INFO] [stdout]    4:     0x562c485ccd69 - std[70759c8f55707aa4]::panicking::default_hook
[INFO] [stdout]    5:     0x562c48568590 - test[9d35eded1c95d3be]::test_main_inner::<test[9d35eded1c95d3be]::test_main_static::{closure#0}>::{closure#0}
[INFO] [stdout]    6:     0x562c485ccf22 - std[70759c8f55707aa4]::panicking::panic_with_hook
[INFO] [stdout]    7:     0x562c485b06c4 - std[70759c8f55707aa4]::panicking::panic_handler::{closure#0}
[INFO] [stdout]    8:     0x562c485a91e9 - std[70759c8f55707aa4]::sys::backtrace::__rust_end_short_backtrace::<std[70759c8f55707aa4]::panicking::panic_handler::{closure#0}, !>
[INFO] [stdout]    9:     0x562c485b128d - __rustc[8fa7c3cbc660c2b3]::rust_begin_unwind
[INFO] [stdout]   10:     0x562c485e97ec - core[df12db4294e9bfd3]::panicking::panic_fmt
[INFO] [stdout]   11:     0x562c485565f9 - api_hygiene[44102e5f5e591a80]::workspace_root
[INFO] [stdout]   12:     0x562c48557006 - <api_hygiene[44102e5f5e591a80]::secret_bearing_types_wipe_on_drop::{closure#0} as core[df12db4294e9bfd3]::ops::function::FnOnce<()>>::call_once
[INFO] [stdout]   13:     0x562c4855b87b - test[9d35eded1c95d3be]::__rust_begin_short_backtrace::<core[df12db4294e9bfd3]::result::Result<(), alloc[2182bb758b4b3781]::string::String>, fn() -> core[df12db4294e9bfd3]::result::Result<(), alloc[2182bb758b4b3781]::string::String>>
[INFO] [stdout]   14:     0x562c48568ee5 - test[9d35eded1c95d3be]::run_test::{closure#0}
[INFO] [stdout]   15:     0x562c485627a4 - std[70759c8f55707aa4]::sys::backtrace::__rust_begin_short_backtrace::<test[9d35eded1c95d3be]::run_test::{closure#1}, ()>
[INFO] [stdout]   16:     0x562c4856c042 - <std[70759c8f55707aa4]::thread::lifecycle::spawn_unchecked<test[9d35eded1c95d3be]::run_test::{closure#1}, ()>::{closure#1} as core[df12db4294e9bfd3]::ops::function::FnOnce<()>>::call_once::{shim:vtable#0}
[INFO] [stdout]   17:     0x562c485d40e9 - <std[70759c8f55707aa4]::sys::thread::unix::Thread>::new::thread_start
[INFO] [stdout]   18:     0x75d03b975dfa - <unknown>
[INFO] [stdout]   19:     0x75d03ba093d4 - clone
[INFO] [stdout]   20:                0x0 - <unknown>
[INFO] [stdout] 
[INFO] [stdout] 
[INFO] [stdout] failures:
[INFO] [stdout]     fixed_base_multiplication_goes_through_its_funnel
[INFO] [stdout]     public_predicates_cannot_be_ignored
[INFO] [stdout]     secret_bearing_types_wipe_on_drop
[INFO] [stdout] 
[INFO] [stdout] test result: FAILED. 0 passed; 3 failed; 0 ignored; 0 measured; 0 filtered out; finished in 0.00s
[INFO] [stdout] 
[INFO] running `Command { std: "docker" "inspect" "a408bdd15966acf2ba0443037f91d68b4b03a54f887b205ab32724fde54a308a", kill_on_drop: false }`
[INFO] running `Command { std: "docker" "rm" "-f" "a408bdd15966acf2ba0443037f91d68b4b03a54f887b205ab32724fde54a308a", kill_on_drop: false }`
[INFO] [stdout] a408bdd15966acf2ba0443037f91d68b4b03a54f887b205ab32724fde54a308a
