[INFO] fetching crate iris-reactive 1.1.5...
[INFO] testing iris-reactive-1.1.5 against 1.99.0-beta.8+cargoflags=--release for beta-release-1.100-2
[INFO] extracting crate iris-reactive 1.1.5 into /workspace/builds/worker-2-tc1/source
[INFO] started tweaking crates.io crate iris-reactive 1.1.5
[INFO] removed 0 missing tests
[INFO] finished tweaking crates.io crate iris-reactive 1.1.5
[INFO] tweaked toml for crates.io crate iris-reactive 1.1.5 written to /workspace/builds/worker-2-tc1/source/Cargo.toml
[INFO] validating manifest of crates.io crate iris-reactive 1.1.5 on toolchain 1.99.0-beta.8
[INFO] running `Command { std: CARGO_HOME="/workspace/cargo-home" RUSTUP_HOME="/workspace/rustup-home" "/workspace/cargo-home/bin/cargo" "+1.99.0-beta.8" "metadata" "--manifest-path" "Cargo.toml" "--no-deps", kill_on_drop: false }`
[INFO] crate crates.io crate iris-reactive 1.1.5 already has a lockfile, it will not be regenerated
[INFO] running `Command { std: CARGO_HOME="/workspace/cargo-home" RUSTUP_HOME="/workspace/rustup-home" "/workspace/cargo-home/bin/cargo" "+1.99.0-beta.8" "fetch" "--manifest-path" "Cargo.toml", kill_on_drop: false }`
[INFO] running `Command { std: "docker" "create" "-v" "/var/lib/crater-agent-workspace/builds/worker-2-tc1/source:/opt/rustwide/workdir:ro,Z" "-v" "/var/lib/crater-agent-workspace/builds/worker-2-tc1/target:/opt/rustwide/target:rw,Z" "-v" "/var/lib/crater-agent-workspace/cargo-home:/opt/rustwide/cargo-home:ro,Z" "-v" "/var/lib/crater-agent-workspace/rustup-home:/opt/rustwide/rustup-home:ro,Z" "-m" "1610612736" "--network" "none" "ghcr.io/rust-lang/crates-build-env/linux@sha256:77db811e55d90add9212f6832c23229e3de5f1c1f9905e8cb07319ea15df73ac" "sleep" "infinity", kill_on_drop: false }`
[INFO] [stdout] 160bc2e9d97d810947312f6316604e183bbe33ddfcfc71ec56fca0a9f754d6e7
[INFO] running `Command { std: "docker" "start" "160bc2e9d97d810947312f6316604e183bbe33ddfcfc71ec56fca0a9f754d6e7", kill_on_drop: false }`
[INFO] running `Command { std: "docker" "inspect" "160bc2e9d97d810947312f6316604e183bbe33ddfcfc71ec56fca0a9f754d6e7", kill_on_drop: false }`
[INFO] running `Command { std: "docker" "exec" "-e" "SOURCE_DIR=/opt/rustwide/workdir" "-e" "CARGO_HOME=/opt/rustwide/cargo-home" "-e" "RUSTUP_HOME=/opt/rustwide/rustup-home" "-e" "CARGO_TARGET_DIR=/opt/rustwide/target" "-w" "/opt/rustwide/workdir" "--user" "0:0" "160bc2e9d97d810947312f6316604e183bbe33ddfcfc71ec56fca0a9f754d6e7" "/opt/rustwide/cargo-home/bin/cargo" "+1.99.0-beta.8" "metadata" "--no-deps" "--format-version=1", kill_on_drop: false }`
[INFO] running `Command { std: "docker" "inspect" "160bc2e9d97d810947312f6316604e183bbe33ddfcfc71ec56fca0a9f754d6e7", kill_on_drop: false }`
[INFO] running `Command { std: "docker" "exec" "-e" "SOURCE_DIR=/opt/rustwide/workdir" "-e" "CARGO_HOME=/opt/rustwide/cargo-home" "-e" "RUSTUP_HOME=/opt/rustwide/rustup-home" "-e" "CARGO_TARGET_DIR=/opt/rustwide/target" "-e" "CARGO_INCREMENTAL=0" "-e" "RUST_BACKTRACE=full" "-e" "RUSTFLAGS=--cap-lints=warn" "-e" "RUSTDOCFLAGS=--cap-lints=warn" "-w" "/opt/rustwide/workdir" "--user" "0:0" "160bc2e9d97d810947312f6316604e183bbe33ddfcfc71ec56fca0a9f754d6e7" "/opt/rustwide/cargo-home/bin/cargo" "+1.99.0-beta.8" "build" "--frozen" "--message-format=json" "--release", kill_on_drop: false }`
[INFO] [stderr]    Compiling syn v2.0.117
[INFO] [stderr]    Compiling tracing-attributes v0.1.31
[INFO] [stderr]    Compiling tracing v0.1.44
[INFO] [stderr]    Compiling iris-reactive v1.1.5 (/opt/rustwide/workdir)
[INFO] [stderr]     Finished `release` profile [optimized] target(s) in 7.10s
[INFO] running `Command { std: "docker" "inspect" "160bc2e9d97d810947312f6316604e183bbe33ddfcfc71ec56fca0a9f754d6e7", kill_on_drop: false }`
[INFO] running `Command { std: "docker" "exec" "-e" "SOURCE_DIR=/opt/rustwide/workdir" "-e" "CARGO_HOME=/opt/rustwide/cargo-home" "-e" "RUSTUP_HOME=/opt/rustwide/rustup-home" "-e" "CARGO_TARGET_DIR=/opt/rustwide/target" "-e" "CARGO_INCREMENTAL=0" "-e" "RUST_BACKTRACE=full" "-e" "RUSTFLAGS=--cap-lints=warn" "-e" "RUSTDOCFLAGS=--cap-lints=warn" "-w" "/opt/rustwide/workdir" "--user" "0:0" "160bc2e9d97d810947312f6316604e183bbe33ddfcfc71ec56fca0a9f754d6e7" "/opt/rustwide/cargo-home/bin/cargo" "+1.99.0-beta.8" "test" "--frozen" "--no-run" "--message-format=json" "--release", kill_on_drop: false }`
[INFO] [stderr]    Compiling syn v2.0.117
[INFO] [stderr]    Compiling clap_builder v4.6.0
[INFO] [stderr]    Compiling regex-automata v0.4.14
[INFO] [stderr]    Compiling itertools v0.10.5
[INFO] [stderr]    Compiling is-terminal v0.4.17
[INFO] [stderr]    Compiling plotters v0.3.7
[INFO] [stderr]    Compiling rayon v1.12.0
[INFO] [stderr]    Compiling criterion-plot v0.5.0
[INFO] [stderr]    Compiling clap v4.6.1
[INFO] [stderr]    Compiling regex v1.12.3
[INFO] [stderr]    Compiling zerocopy-derive v0.8.48
[INFO] [stderr]    Compiling serde_derive v1.0.228
[INFO] [stderr]    Compiling tracing-attributes v0.1.31
[INFO] [stderr]    Compiling tracing v0.1.44
[INFO] [stderr]    Compiling iris-reactive v1.1.5 (/opt/rustwide/workdir)
[INFO] [stderr]    Compiling zerocopy v0.8.48
[INFO] [stderr]    Compiling serde v1.0.228
[INFO] [stderr]    Compiling tinytemplate v1.2.1
[INFO] [stderr]    Compiling half v2.7.1
[INFO] [stderr]    Compiling ciborium-ll v0.2.2
[INFO] [stderr]    Compiling ciborium v0.2.2
[INFO] [stderr]    Compiling criterion v0.5.1
[INFO] [stdout] warning: unused imports: `AtomicU32` and `Ordering`
[INFO] [stdout]  --> tests/integration_tests.rs:4:25
[INFO] [stdout]   |
[INFO] [stdout] 4 | use std::sync::atomic::{AtomicU32, Ordering};
[INFO] [stdout]   |                         ^^^^^^^^^  ^^^^^^^^
[INFO] [stdout]   |
[INFO] [stdout]   = note: `#[warn(unused_imports)]` (part of `#[warn(unused)]`) on by default
[INFO] [stdout] 
[INFO] [stdout] 
[INFO] [stdout] warning: variant `Admin` is never constructed
[INFO] [stdout]    --> tests/integration_tests.rs:182:9
[INFO] [stdout]     |
[INFO] [stdout] 179 |     enum Role {
[INFO] [stdout]     |          ---- variant in this enum
[INFO] [stdout] ...
[INFO] [stdout] 182 |         Admin,
[INFO] [stdout]     |         ^^^^^
[INFO] [stdout]     |
[INFO] [stdout]     = note: `Role` has a derived impl for the trait `Clone`, but this is intentionally ignored during dead code analysis
[INFO] [stdout]     = note: `#[warn(dead_code)]` (part of `#[warn(unused)]`) on by default
[INFO] [stdout] 
[INFO] [stdout] 
[INFO] [stderr]     Finished `release` profile [optimized] target(s) in 45.22s
[INFO] running `Command { std: "docker" "inspect" "160bc2e9d97d810947312f6316604e183bbe33ddfcfc71ec56fca0a9f754d6e7", kill_on_drop: false }`
[INFO] running `Command { std: "docker" "exec" "-e" "SOURCE_DIR=/opt/rustwide/workdir" "-e" "CARGO_HOME=/opt/rustwide/cargo-home" "-e" "RUSTUP_HOME=/opt/rustwide/rustup-home" "-e" "CARGO_TARGET_DIR=/opt/rustwide/target" "-e" "CARGO_INCREMENTAL=0" "-e" "RUST_BACKTRACE=full" "-e" "RUSTFLAGS=--cap-lints=warn" "-e" "RUSTDOCFLAGS=--cap-lints=warn" "-w" "/opt/rustwide/workdir" "--user" "0:0" "160bc2e9d97d810947312f6316604e183bbe33ddfcfc71ec56fca0a9f754d6e7" "/opt/rustwide/cargo-home/bin/cargo" "+1.99.0-beta.8" "test" "--frozen" "--release", kill_on_drop: false }`
[INFO] [stderr] warning: unused imports: `AtomicU32` and `Ordering`
[INFO] [stderr]  --> tests/integration_tests.rs:4:25
[INFO] [stderr]   |
[INFO] [stderr] 4 | use std::sync::atomic::{AtomicU32, Ordering};
[INFO] [stderr]   |                         ^^^^^^^^^  ^^^^^^^^
[INFO] [stderr]   |
[INFO] [stderr]   = note: `#[warn(unused_imports)]` (part of `#[warn(unused)]`) on by default
[INFO] [stderr] 
[INFO] [stderr] warning: variant `Admin` is never constructed
[INFO] [stderr]    --> tests/integration_tests.rs:182:9
[INFO] [stderr]     |
[INFO] [stderr] 179 |     enum Role {
[INFO] [stderr]     |          ---- variant in this enum
[INFO] [stderr] ...
[INFO] [stderr] 182 |         Admin,
[INFO] [stderr]     |         ^^^^^
[INFO] [stderr]     |
[INFO] [stderr]     = note: `Role` has a derived impl for the trait `Clone`, but this is intentionally ignored during dead code analysis
[INFO] [stderr]     = note: `#[warn(dead_code)]` (part of `#[warn(unused)]`) on by default
[INFO] [stderr] 
[INFO] [stderr] warning: `iris-reactive` (test "integration_tests") generated 2 warnings (run `cargo fix --test "integration_tests" -p iris-reactive` to apply 1 suggestion)
[INFO] [stderr]     Finished `release` profile [optimized] target(s) in 0.11s
[INFO] [stderr]      Running unittests src/lib.rs (/opt/rustwide/target/release/deps/iris_reactive-b397a4193bb42e02)
[INFO] [stdout] 
[INFO] [stdout] running 17 tests
[INFO] [stdout] test signal::tests::test_signal_id_unique ... ok
[INFO] [stdout] test dependency::tests::test_clear_dependencies ... ok
[INFO] [stdout] test dependency::tests::test_track_dependency ... ok
[INFO] [stdout] test dependency::tests::test_run_effect ... ok
[INFO] [stdout] test effect::tests::test_dispose_effect ... ok
[INFO] [stdout] test batch::tests::test_batch_reduces_effect_runs ... ok
[INFO] [stdout] test effect::tests::test_effect_tracks_multiple_signals ... ok
[INFO] [stdout] test effect::tests::test_memo_updates_on_dependency_change ... ok
[INFO] [stdout] test effect::tests::test_effect_reruns_on_signal_change ... ok
[INFO] [stdout] test signal::tests::test_create_signal ... ok
[INFO] [stdout] test effect::tests::test_effect_runs_immediately ... ok
[INFO] [stdout] test signal::tests::test_set_signal ... ok
[INFO] [stdout] test effect::tests::test_memo_computes_value ... ok
[INFO] [stdout] test batch::tests::test_is_batching ... ok
[INFO] [stdout] test signal::tests::test_update_signal ... ok
[INFO] [stdout] test batch::tests::test_nested_batch ... ok
[INFO] [stdout] test signal::tests::test_clone_signal ... ok
[INFO] [stdout] 
[INFO] [stdout] test result: ok. 17 passed; 0 failed; 0 ignored; 0 measured; 0 filtered out; finished in 0.02s
[INFO] [stdout] 
[INFO] [stderr]      Running tests/batch_tests.rs (/opt/rustwide/target/release/deps/batch_tests-4acb3f8025b294fe)
[INFO] [stdout] 
[INFO] [stdout] running 5 tests
[INFO] [stdout] test test_batch_empty ... ok
[INFO] [stdout] test test_batch_performance ... ok
[INFO] [stdout] test test_batch_reduces_runs ... ok
[INFO] [stderr]      Running tests/effect_tests.rs (/opt/rustwide/target/release/deps/effect_tests-4be21dc8eb650c0d)
[INFO] [stdout] test test_batch_multiple_signals ... ok
[INFO] [stdout] test test_batch_nested ... ok
[INFO] [stdout] 
[INFO] [stdout] test result: ok. 5 passed; 0 failed; 0 ignored; 0 measured; 0 filtered out; finished in 0.02s
[INFO] [stdout] 
[INFO] [stdout] 
[INFO] [stdout] running 6 tests
[INFO] [stdout] test test_effect_multiple_signals ... ok
[INFO] [stdout] test test_memo_computation ... ok
[INFO] [stdout] test test_effect_reruns_on_change ... ok
[INFO] [stdout] test test_effect_computed_value ... ok
[INFO] [stdout] test test_effect_runs_immediately ... ok
[INFO] [stdout] test test_effect_dispose ... ok
[INFO] [stdout] 
[INFO] [stdout] test result: ok. 6 passed; 0 failed; 0 ignored; 0 measured; 0 filtered out; finished in 0.01s
[INFO] [stderr]      Running tests/integration_tests.rs (/opt/rustwide/target/release/deps/integration_tests-0636bcbd0446cf4f)
[INFO] [stdout] 
[INFO] [stdout] 
[INFO] [stdout] running 8 tests
[INFO] [stdout] test test_counter_pattern ... ok
[INFO] [stdout] test test_theme_switching ... ok
[INFO] [stdout] test test_style_computation ... ok
[INFO] [stdout] test test_list_filtering ... ok
[INFO] [stdout] test test_form_validation ... ok
[INFO] [stdout] test test_layout_recalculation ... ok
[INFO] [stdout] test test_permission_system ... ok
[INFO] [stdout] test test_animation_batch ... ok
[INFO] [stdout] 
[INFO] [stdout] test result: ok. 8 passed; 0 failed; 0 ignored; 0 measured; 0 filtered out; finished in 0.01s
[INFO] [stdout] 
[INFO] [stderr]      Running tests/signal_tests.rs (/opt/rustwide/target/release/deps/signal_tests-4548f2033f2372f3)
[INFO] [stdout] 
[INFO] [stdout] running 10 tests
[INFO] [stdout] test test_signal_rapid_updates ... ok
[INFO] [stdout] test test_signal_with_string ... ok
[INFO] [stdout] test test_signal_with_vec ... ok
[INFO] [stdout] test test_signal_update ... ok
[INFO] [stdout] test test_signal_debug ... ok
[INFO] [stdout] test test_signal_id_unique ... ok
[INFO] [stdout] test test_basic_signal ... ok
[INFO] [stdout] test test_signal_clone ... ok
[INFO] [stdout] test test_signal_with_option ... ok
[INFO] [stdout] test test_signal_concurrent_access ... ok
[INFO] [stderr]    Doc-tests iris_reactive
[INFO] [stdout] 
[INFO] [stdout] test result: ok. 10 passed; 0 failed; 0 ignored; 0 measured; 0 filtered out; finished in 0.01s
[INFO] [stdout] 
[INFO] [stdout] 
[INFO] [stdout] running 9 tests
[INFO] [stdout] test src/signal.rs - signal::Signal<T>::set (line 102) ... FAILED
[INFO] [stdout] test src/effect.rs - effect::create_effect (line 40) ... FAILED
[INFO] [stdout] test src/lib.rs - (line 29) ... FAILED
[INFO] [stdout] test src/batch.rs - batch::batch (line 25) ... FAILED
[INFO] [stdout] test src/effect.rs - effect::create_memo (line 78) ... FAILED
[INFO] [stdout] test src/signal.rs - signal::Signal (line 27) ... ok
[INFO] [stdout] test src/signal.rs - signal::Signal<T>::update (line 124) ... ok
[INFO] [stdout] test src/signal.rs - signal::Signal<T>::new (line 52) ... ok
[INFO] [stdout] test src/signal.rs - signal::Signal<T>::get (line 74) ... ok
[INFO] [stdout] 
[INFO] [stdout] failures:
[INFO] [stdout] 
[INFO] [stdout] ---- src/signal.rs - signal::Signal<T>::set (line 102) stdout ----
[INFO] [stdout] error[E0382]: borrow of moved value: `signal`
[INFO] [stdout]    --> src/signal.rs:112:1
[INFO] [stdout]     |
[INFO] [stdout] 106 | let signal = Signal::new(100);
[INFO] [stdout]     |     ------ move occurs because `signal` has type `Signal<i32>`, which does not implement the `Copy` trait
[INFO] [stdout] 107 |
[INFO] [stdout] 108 | create_effect(move || {
[INFO] [stdout]     |               ------- value moved into closure here
[INFO] [stdout] 109 |     println!("Signal changed to: {}", signal.get());
[INFO] [stdout]     |                                       ------ variable moved due to use in closure
[INFO] [stdout] ...
[INFO] [stdout] 112 | signal.set(200);
[INFO] [stdout]     | ^^^^^^ value borrowed here after move
[INFO] [stdout]     |
[INFO] [stdout] help: consider cloning the value before moving it into the closure
[INFO] [stdout]     |
[INFO] [stdout] 108 + let value = signal.clone();
[INFO] [stdout] 109 | create_effect(move || {
[INFO] [stdout] 110 ~     println!("Signal changed to: {}", value.get());
[INFO] [stdout]     |
[INFO] [stdout] 
[INFO] [stdout] error: aborting due to 1 previous error
[INFO] [stdout] 
[INFO] [stdout] For more information about this error, try `rustc --explain E0382`.
[INFO] [stdout] Couldn't compile the test.
[INFO] [stdout] ---- src/effect.rs - effect::create_effect (line 40) stdout ----
[INFO] [stdout] error[E0382]: borrow of moved value: `width`
[INFO] [stdout]   --> src/effect.rs:55:1
[INFO] [stdout]    |
[INFO] [stdout] 44 | let width = Signal::new(100.0);
[INFO] [stdout]    |     ----- move occurs because `width` has type `Signal<f64>`, which does not implement the `Copy` trait
[INFO] [stdout] ...
[INFO] [stdout] 48 | let handle = create_effect(move || {
[INFO] [stdout]    |                            ------- value moved into closure here
[INFO] [stdout] 49 |     let w = width.get();  // Subscribe to width
[INFO] [stdout]    |             ----- variable moved due to use in closure
[INFO] [stdout] ...
[INFO] [stdout] 55 | width.set(200.0);
[INFO] [stdout]    | ^^^^^ value borrowed here after move
[INFO] [stdout]    |
[INFO] [stdout] help: consider cloning the value before moving it into the closure
[INFO] [stdout]    |
[INFO] [stdout] 48 + let value = width.clone();
[INFO] [stdout] 49 | let handle = create_effect(move || {
[INFO] [stdout] 50 ~     let w = value.get();  // Subscribe to width
[INFO] [stdout]    |
[INFO] [stdout] 
[INFO] [stdout] error: aborting due to 1 previous error
[INFO] [stdout] 
[INFO] [stdout] For more information about this error, try `rustc --explain E0382`.
[INFO] [stdout] Couldn't compile the test.
[INFO] [stdout] ---- src/lib.rs - (line 29) stdout ----
[INFO] [stdout] error[E0382]: borrow of moved value: `width`
[INFO] [stdout]   --> src/lib.rs:45:1
[INFO] [stdout]    |
[INFO] [stdout] 34 | let width = Signal::new(100.0);
[INFO] [stdout]    |     ----- move occurs because `width` has type `Signal<f64>`, which does not implement the `Copy` trait
[INFO] [stdout] ...
[INFO] [stdout] 38 | create_effect(move || {
[INFO] [stdout]    |               ------- value moved into closure here
[INFO] [stdout] 39 |     let w = width.get();  // Subscribe to width
[INFO] [stdout]    |             ----- variable moved due to use in closure
[INFO] [stdout] ...
[INFO] [stdout] 45 | width.set(200.0);  // → Effect re-runs automatically
[INFO] [stdout]    | ^^^^^ value borrowed here after move
[INFO] [stdout]    |
[INFO] [stdout] help: consider cloning the value before moving it into the closure
[INFO] [stdout]    |
[INFO] [stdout] 38 + let value = width.clone();
[INFO] [stdout] 39 | create_effect(move || {
[INFO] [stdout] 40 ~     let w = value.get();  // Subscribe to width
[INFO] [stdout]    |
[INFO] [stdout] 
[INFO] [stdout] error[E0382]: borrow of moved value: `height`
[INFO] [stdout]   --> src/lib.rs:48:7
[INFO] [stdout]    |
[INFO] [stdout] 35 | let height = Signal::new(50.0);
[INFO] [stdout]    |     ------ move occurs because `height` has type `Signal<f64>`, which does not implement the `Copy` trait
[INFO] [stdout] ...
[INFO] [stdout] 38 | create_effect(move || {
[INFO] [stdout]    |               ------- value moved into closure here
[INFO] [stdout] 39 |     let w = width.get();  // Subscribe to width
[INFO] [stdout] 40 |     let h = height.get(); // Subscribe to height
[INFO] [stdout]    |             ------ variable moved due to use in closure
[INFO] [stdout] ...
[INFO] [stdout] 48 | batch(|| {
[INFO] [stdout]    |       ^^ value borrowed here after move
[INFO] [stdout] 49 |     width.set(300.0);
[INFO] [stdout] 50 |     height.set(100.0);
[INFO] [stdout]    |     ------ borrow occurs due to use in closure
[INFO] [stdout]    |
[INFO] [stdout] help: consider cloning the value before moving it into the closure
[INFO] [stdout]    |
[INFO] [stdout] 38 + let value = height.clone();
[INFO] [stdout] 39 | create_effect(move || {
[INFO] [stdout] 40 |     let w = width.get();  // Subscribe to width
[INFO] [stdout] 41 ~     let h = value.get(); // Subscribe to height
[INFO] [stdout]    |
[INFO] [stdout] 
[INFO] [stdout] error: aborting due to 2 previous errors
[INFO] [stdout] 
[INFO] [stdout] For more information about this error, try `rustc --explain E0382`.
[INFO] [stdout] Couldn't compile the test.
[INFO] [stdout] ---- src/batch.rs - batch::batch (line 25) stdout ----
[INFO] [stdout] error[E0594]: cannot assign to `update_count`, as it is a captured variable in a `Fn` closure
[INFO] [stdout]   --> src/batch.rs:37:5
[INFO] [stdout]    |
[INFO] [stdout] 34 | create_effect(move || {
[INFO] [stdout]    | ------------- ------- in this closure
[INFO] [stdout]    | |
[INFO] [stdout]    | expects `Fn` instead of `FnMut`
[INFO] [stdout] ...
[INFO] [stdout] 37 |     update_count += 1;
[INFO] [stdout]    |     ^^^^^^^^^^^^^^^^^ cannot assign
[INFO] [stdout] 
[INFO] [stdout] error[E0382]: borrow of moved value: `width`
[INFO] [stdout]   --> src/batch.rs:45:7
[INFO] [stdout]    |
[INFO] [stdout] 29 | let width = Signal::new(100.0);
[INFO] [stdout]    |     ----- move occurs because `width` has type `Signal<f64>`, which does not implement the `Copy` trait
[INFO] [stdout] ...
[INFO] [stdout] 34 | create_effect(move || {
[INFO] [stdout]    |               ------- value moved into closure here
[INFO] [stdout] 35 |     let _ = width.get();
[INFO] [stdout]    |             ----- variable moved due to use in closure
[INFO] [stdout] ...
[INFO] [stdout] 45 | batch(|| {
[INFO] [stdout]    |       ^^ value borrowed here after move
[INFO] [stdout] 46 |     width.set(200.0);
[INFO] [stdout]    |     ----- borrow occurs due to use in closure
[INFO] [stdout]    |
[INFO] [stdout] help: consider cloning the value before moving it into the closure
[INFO] [stdout]    |
[INFO] [stdout] 34 + let value = width.clone();
[INFO] [stdout] 35 | create_effect(move || {
[INFO] [stdout] 36 ~     let _ = value.get();
[INFO] [stdout]    |
[INFO] [stdout] 
[INFO] [stdout] error[E0382]: borrow of moved value: `height`
[INFO] [stdout]   --> src/batch.rs:45:7
[INFO] [stdout]    |
[INFO] [stdout] 30 | let height = Signal::new(50.0);
[INFO] [stdout]    |     ------ move occurs because `height` has type `Signal<f64>`, which does not implement the `Copy` trait
[INFO] [stdout] ...
[INFO] [stdout] 34 | create_effect(move || {
[INFO] [stdout]    |               ------- value moved into closure here
[INFO] [stdout] 35 |     let _ = width.get();
[INFO] [stdout] 36 |     let _ = height.get();
[INFO] [stdout]    |             ------ variable moved due to use in closure
[INFO] [stdout] ...
[INFO] [stdout] 45 | batch(|| {
[INFO] [stdout]    |       ^^ value borrowed here after move
[INFO] [stdout] 46 |     width.set(200.0);
[INFO] [stdout] 47 |     height.set(100.0);
[INFO] [stdout]    |     ------ borrow occurs due to use in closure
[INFO] [stdout]    |
[INFO] [stdout] help: consider cloning the value before moving it into the closure
[INFO] [stdout]    |
[INFO] [stdout] 34 + let value = height.clone();
[INFO] [stdout] 35 | create_effect(move || {
[INFO] [stdout] 36 |     let _ = width.get();
[INFO] [stdout] 37 ~     let _ = value.get();
[INFO] [stdout]    |
[INFO] [stdout] 
[INFO] [stdout] error: aborting due to 3 previous errors
[INFO] [stdout] 
[INFO] [stdout] Some errors have detailed explanations: E0382, E0594.
[INFO] [stdout] For more information about an error, try `rustc --explain E0382`.
[INFO] [stdout] Couldn't compile the test.
[INFO] [stdout] ---- src/effect.rs - effect::create_memo (line 78) stdout ----
[INFO] [stdout] error[E0382]: borrow of moved value: `width`
[INFO] [stdout]   --> src/effect.rs:91:1
[INFO] [stdout]    |
[INFO] [stdout] 82 | let width = Signal::new(100.0);
[INFO] [stdout]    |     ----- move occurs because `width` has type `Signal<f64>`, which does not implement the `Copy` trait
[INFO] [stdout] ...
[INFO] [stdout] 85 | let area = create_memo(move || {
[INFO] [stdout]    |                        ------- value moved into closure here
[INFO] [stdout] 86 |     width.get() * height.get()
[INFO] [stdout]    |     ----- variable moved due to use in closure
[INFO] [stdout] ...
[INFO] [stdout] 91 | width.set(200.0);
[INFO] [stdout]    | ^^^^^ value borrowed here after move
[INFO] [stdout]    |
[INFO] [stdout] help: consider cloning the value before moving it into the closure
[INFO] [stdout]    |
[INFO] [stdout] 85 + let value = width.clone();
[INFO] [stdout] 86 | let area = create_memo(move || {
[INFO] [stdout] 87 ~     value.get() * height.get()
[INFO] [stdout]    |
[INFO] [stdout] 
[INFO] [stdout] error: aborting due to 1 previous error
[INFO] [stdout] 
[INFO] [stdout] For more information about this error, try `rustc --explain E0382`.
[INFO] [stdout] Couldn't compile the test.
[INFO] [stdout] 
[INFO] [stdout] failures:
[INFO] [stdout]     src/batch.rs - batch::batch (line 25)
[INFO] [stdout]     src/effect.rs - effect::create_effect (line 40)
[INFO] [stdout]     src/effect.rs - effect::create_memo (line 78)
[INFO] [stdout]     src/lib.rs - (line 29)
[INFO] [stdout]     src/signal.rs - signal::Signal<T>::set (line 102)
[INFO] [stdout] 
[INFO] [stdout] test result: FAILED. 4 passed; 5 failed; 0 ignored; 0 measured; 0 filtered out; finished in 0.59s
[INFO] [stdout] 
[INFO] [stderr] error: doctest failed, to rerun pass `--doc`
[INFO] running `Command { std: "docker" "inspect" "160bc2e9d97d810947312f6316604e183bbe33ddfcfc71ec56fca0a9f754d6e7", kill_on_drop: false }`
[INFO] running `Command { std: "docker" "rm" "-f" "160bc2e9d97d810947312f6316604e183bbe33ddfcfc71ec56fca0a9f754d6e7", kill_on_drop: false }`
[INFO] [stdout] 160bc2e9d97d810947312f6316604e183bbe33ddfcfc71ec56fca0a9f754d6e7
