[INFO] fetching crate ipscan 0.2.0...
[INFO] testing ipscan-0.2.0 against 1.99.0-beta.8+cargoflags=--release for beta-release-1.100-2
[INFO] extracting crate ipscan 0.2.0 into /workspace/builds/worker-2-tc1/source
[INFO] started tweaking crates.io crate ipscan 0.2.0
[INFO] finished tweaking crates.io crate ipscan 0.2.0
[INFO] tweaked toml for crates.io crate ipscan 0.2.0 written to /workspace/builds/worker-2-tc1/source/Cargo.toml
[INFO] validating manifest of crates.io crate ipscan 0.2.0 on toolchain 1.99.0-beta.8
[INFO] running `Command { std: CARGO_HOME="/workspace/cargo-home" RUSTUP_HOME="/workspace/rustup-home" "/workspace/cargo-home/bin/cargo" "+1.99.0-beta.8" "metadata" "--manifest-path" "Cargo.toml" "--no-deps", kill_on_drop: false }`
[INFO] crate crates.io crate ipscan 0.2.0 already has a lockfile, it will not be regenerated
[INFO] running `Command { std: CARGO_HOME="/workspace/cargo-home" RUSTUP_HOME="/workspace/rustup-home" "/workspace/cargo-home/bin/cargo" "+1.99.0-beta.8" "fetch" "--manifest-path" "Cargo.toml", kill_on_drop: false }`
[INFO] [stderr]     Updating crates.io index
[INFO] [stderr]  Downloading crates ...
[INFO] [stderr]   Downloaded indicatif v0.17.11
[INFO] [stderr]   Downloaded wasm-bindgen-shared v0.2.125
[INFO] [stderr]   Downloaded wasm-bindgen-macro v0.2.125
[INFO] [stderr]   Downloaded number_prefix v0.4.0
[INFO] [stderr]   Downloaded wasm-bindgen v0.2.125
[INFO] [stderr]   Downloaded console v0.15.11
[INFO] [stderr]   Downloaded clap_derive v4.6.1
[INFO] [stderr]   Downloaded wasm-bindgen-macro-support v0.2.125
[INFO] [stderr]   Downloaded js-sys v0.3.102
[INFO] running `Command { std: "docker" "create" "-v" "/var/lib/crater-agent-workspace/builds/worker-2-tc1/source:/opt/rustwide/workdir:ro,Z" "-v" "/var/lib/crater-agent-workspace/builds/worker-2-tc1/target:/opt/rustwide/target:rw,Z" "-v" "/var/lib/crater-agent-workspace/cargo-home:/opt/rustwide/cargo-home:ro,Z" "-v" "/var/lib/crater-agent-workspace/rustup-home:/opt/rustwide/rustup-home:ro,Z" "-m" "1610612736" "--network" "none" "ghcr.io/rust-lang/crates-build-env/linux@sha256:77db811e55d90add9212f6832c23229e3de5f1c1f9905e8cb07319ea15df73ac" "sleep" "infinity", kill_on_drop: false }`
[INFO] [stdout] 868be29bd3c713d08a2da489531a61da2c6ff91a415f31b5138e4b1087257253
[INFO] running `Command { std: "docker" "start" "868be29bd3c713d08a2da489531a61da2c6ff91a415f31b5138e4b1087257253", kill_on_drop: false }`
[INFO] running `Command { std: "docker" "inspect" "868be29bd3c713d08a2da489531a61da2c6ff91a415f31b5138e4b1087257253", kill_on_drop: false }`
[INFO] running `Command { std: "docker" "exec" "-e" "SOURCE_DIR=/opt/rustwide/workdir" "-e" "CARGO_HOME=/opt/rustwide/cargo-home" "-e" "RUSTUP_HOME=/opt/rustwide/rustup-home" "-e" "CARGO_TARGET_DIR=/opt/rustwide/target" "-w" "/opt/rustwide/workdir" "--user" "0:0" "868be29bd3c713d08a2da489531a61da2c6ff91a415f31b5138e4b1087257253" "/opt/rustwide/cargo-home/bin/cargo" "+1.99.0-beta.8" "metadata" "--no-deps" "--format-version=1", kill_on_drop: false }`
[INFO] running `Command { std: "docker" "inspect" "868be29bd3c713d08a2da489531a61da2c6ff91a415f31b5138e4b1087257253", kill_on_drop: false }`
[INFO] running `Command { std: "docker" "exec" "-e" "SOURCE_DIR=/opt/rustwide/workdir" "-e" "CARGO_HOME=/opt/rustwide/cargo-home" "-e" "RUSTUP_HOME=/opt/rustwide/rustup-home" "-e" "CARGO_TARGET_DIR=/opt/rustwide/target" "-e" "CARGO_INCREMENTAL=0" "-e" "RUST_BACKTRACE=full" "-e" "RUSTFLAGS=--cap-lints=warn" "-e" "RUSTDOCFLAGS=--cap-lints=warn" "-w" "/opt/rustwide/workdir" "--user" "0:0" "868be29bd3c713d08a2da489531a61da2c6ff91a415f31b5138e4b1087257253" "/opt/rustwide/cargo-home/bin/cargo" "+1.99.0-beta.8" "build" "--frozen" "--message-format=json" "--release", kill_on_drop: false }`
[INFO] [stderr]    Compiling quote v1.0.45
[INFO] [stderr]    Compiling smallvec v1.15.2
[INFO] [stderr]    Compiling portable-atomic v1.13.1
[INFO] [stderr]    Compiling anyhow v1.0.102
[INFO] [stderr]    Compiling clap_builder v4.6.0
[INFO] [stderr]    Compiling console v0.15.11
[INFO] [stderr]    Compiling bytes v1.11.1
[INFO] [stderr]    Compiling number_prefix v0.4.0
[INFO] [stderr]    Compiling socket2 v0.5.10
[INFO] [stderr]    Compiling parking_lot_core v0.9.12
[INFO] [stderr]    Compiling syn v2.0.118
[INFO] [stderr]    Compiling parking_lot v0.12.5
[INFO] [stderr]    Compiling indicatif v0.17.11
[INFO] [stderr]    Compiling clap_derive v4.6.1
[INFO] [stderr]    Compiling tokio-macros v2.7.0
[INFO] [stderr]    Compiling tokio v1.52.3
[INFO] [stderr]    Compiling clap v4.6.1
[INFO] [stderr]    Compiling ipscan v0.2.0 (/opt/rustwide/workdir)
[INFO] [stderr]     Finished `release` profile [optimized] target(s) in 52.54s
[INFO] running `Command { std: "docker" "inspect" "868be29bd3c713d08a2da489531a61da2c6ff91a415f31b5138e4b1087257253", kill_on_drop: false }`
[INFO] running `Command { std: "docker" "exec" "-e" "SOURCE_DIR=/opt/rustwide/workdir" "-e" "CARGO_HOME=/opt/rustwide/cargo-home" "-e" "RUSTUP_HOME=/opt/rustwide/rustup-home" "-e" "CARGO_TARGET_DIR=/opt/rustwide/target" "-e" "CARGO_INCREMENTAL=0" "-e" "RUST_BACKTRACE=full" "-e" "RUSTFLAGS=--cap-lints=warn" "-e" "RUSTDOCFLAGS=--cap-lints=warn" "-w" "/opt/rustwide/workdir" "--user" "0:0" "868be29bd3c713d08a2da489531a61da2c6ff91a415f31b5138e4b1087257253" "/opt/rustwide/cargo-home/bin/cargo" "+1.99.0-beta.8" "test" "--frozen" "--no-run" "--message-format=json" "--release", kill_on_drop: false }`
[INFO] [stderr]    Compiling ipscan v0.2.0 (/opt/rustwide/workdir)
[INFO] [stderr]     Finished `release` profile [optimized] target(s) in 3.49s
[INFO] running `Command { std: "docker" "inspect" "868be29bd3c713d08a2da489531a61da2c6ff91a415f31b5138e4b1087257253", kill_on_drop: false }`
[INFO] running `Command { std: "docker" "exec" "-e" "SOURCE_DIR=/opt/rustwide/workdir" "-e" "CARGO_HOME=/opt/rustwide/cargo-home" "-e" "RUSTUP_HOME=/opt/rustwide/rustup-home" "-e" "CARGO_TARGET_DIR=/opt/rustwide/target" "-e" "CARGO_INCREMENTAL=0" "-e" "RUST_BACKTRACE=full" "-e" "RUSTFLAGS=--cap-lints=warn" "-e" "RUSTDOCFLAGS=--cap-lints=warn" "-w" "/opt/rustwide/workdir" "--user" "0:0" "868be29bd3c713d08a2da489531a61da2c6ff91a415f31b5138e4b1087257253" "/opt/rustwide/cargo-home/bin/cargo" "+1.99.0-beta.8" "test" "--frozen" "--release", kill_on_drop: false }`
[INFO] [stderr]     Finished `release` profile [optimized] target(s) in 0.05s
[INFO] [stderr]      Running unittests src/main.rs (/opt/rustwide/target/release/deps/ipscan-e02d44b4cd9628ff)
[INFO] [stdout] 
[INFO] [stdout] running 8 tests
[INFO] [stdout] test utils::tests::test_parse_dash_short_range ... ok
[INFO] [stdout] test utils::tests::test_parse_hex_invalid ... ok
[INFO] [stdout] test utils::tests::test_parse_cidr ... ok
[INFO] [stdout] test utils::tests::test_parse_hex_valid ... ok
[INFO] [stdout] test utils::tests::test_parse_single_ip ... ok
[INFO] [stdout] test scanner::tests::test_get_routing_ip ... FAILED
[INFO] [stdout] test scanner::tests::test_check_ip_port_closed ... ok
[INFO] [stdout] test utils::tests::test_parse_dash_full_range ... ok
[INFO] [stdout] 
[INFO] [stdout] failures:
[INFO] [stdout] 
[INFO] [stdout] ---- scanner::tests::test_get_routing_ip stdout ----
[INFO] [stdout] 
[INFO] [stdout] thread 'scanner::tests::test_get_routing_ip' (575) panicked at src/scanner.rs:277:9:
[INFO] [stdout] assertion failed: routing_ip.is_some()
[INFO] [stdout] stack backtrace:
[INFO] [stdout]    0:     0x56faf00abd91 - <<std[70759c8f55707aa4]::sys::backtrace::BacktraceLock>::print::DisplayBacktrace as core[df12db4294e9bfd3]::fmt::Display>::fmt
[INFO] [stdout]    1:     0x56faf00c153a - core[df12db4294e9bfd3]::fmt::write
[INFO] [stdout]    2:     0x56faf00b0e1c - <alloc[2182bb758b4b3781]::vec::Vec<u8> as core[df12db4294e9bfd3]::io::write::Write>::write_fmt
[INFO] [stdout]    3:     0x56faf0086da6 - std[70759c8f55707aa4]::panicking::default_hook::{closure#0}
[INFO] [stdout]    4:     0x56faf00a3c79 - std[70759c8f55707aa4]::panicking::default_hook
[INFO] [stdout]    5:     0x56faf001ba20 - test[9d35eded1c95d3be]::test_main_inner::<test[9d35eded1c95d3be]::test_main_static::{closure#0}>::{closure#0}
[INFO] [stdout]    6:     0x56faf00a3fa2 - std[70759c8f55707aa4]::panicking::panic_with_hook
[INFO] [stdout]    7:     0x56faf0086e84 - std[70759c8f55707aa4]::panicking::panic_handler::{closure#0}
[INFO] [stdout]    8:     0x56faf007f599 - std[70759c8f55707aa4]::sys::backtrace::__rust_end_short_backtrace::<std[70759c8f55707aa4]::panicking::panic_handler::{closure#0}, !>
[INFO] [stdout]    9:     0x56faf0087d4d - __rustc[8fa7c3cbc660c2b3]::rust_begin_unwind
[INFO] [stdout]   10:     0x56faf00c1c9c - core[df12db4294e9bfd3]::panicking::panic_fmt
[INFO] [stdout]   11:     0x56faf00c1c62 - core[df12db4294e9bfd3]::panicking::panic
[INFO] [stdout]   12:     0x56faf0008a7d - <ipscan[50852d85bffbd929]::scanner::tests::test_get_routing_ip::{closure#0} as core[df12db4294e9bfd3]::ops::function::FnOnce<()>>::call_once
[INFO] [stdout]   13:     0x56faf000ed0b - test[9d35eded1c95d3be]::__rust_begin_short_backtrace::<core[df12db4294e9bfd3]::result::Result<(), alloc[2182bb758b4b3781]::string::String>, fn() -> core[df12db4294e9bfd3]::result::Result<(), alloc[2182bb758b4b3781]::string::String>>
[INFO] [stdout]   14:     0x56faf001c375 - test[9d35eded1c95d3be]::run_test::{closure#0}
[INFO] [stdout]   15:     0x56faf0015c34 - std[70759c8f55707aa4]::sys::backtrace::__rust_begin_short_backtrace::<test[9d35eded1c95d3be]::run_test::{closure#1}, ()>
[INFO] [stdout]   16:     0x56faf001f4d2 - <std[70759c8f55707aa4]::thread::lifecycle::spawn_unchecked<test[9d35eded1c95d3be]::run_test::{closure#1}, ()>::{closure#1} as core[df12db4294e9bfd3]::ops::function::FnOnce<()>>::call_once::{shim:vtable#0}
[INFO] [stdout]   17:     0x56faf00ab069 - <std[70759c8f55707aa4]::sys::thread::unix::Thread>::new::thread_start
[INFO] [stdout]   18:     0x70e6e4756dfa - <unknown>
[INFO] [stdout]   19:     0x70e6e47ea3d4 - clone
[INFO] [stdout]   20:                0x0 - <unknown>
[INFO] [stdout] 
[INFO] [stdout] 
[INFO] [stdout] failures:
[INFO] [stdout]     scanner::tests::test_get_routing_ip
[INFO] [stdout] 
[INFO] [stdout] test result: FAILED. 7 passed; 1 failed; 0 ignored; 0 measured; 0 filtered out; finished in 0.01s
[INFO] [stdout] 
[INFO] [stderr] error: test failed, to rerun pass `--bin ipscan`
[INFO] running `Command { std: "docker" "inspect" "868be29bd3c713d08a2da489531a61da2c6ff91a415f31b5138e4b1087257253", kill_on_drop: false }`
[INFO] running `Command { std: "docker" "rm" "-f" "868be29bd3c713d08a2da489531a61da2c6ff91a415f31b5138e4b1087257253", kill_on_drop: false }`
[INFO] [stdout] 868be29bd3c713d08a2da489531a61da2c6ff91a415f31b5138e4b1087257253
