[INFO] fetching crate iprr 0.1.5...
[INFO] testing iprr-0.1.5 against 1.100.0-beta.1+cargoflags=--release for beta-release-1.100-2
[INFO] extracting crate iprr 0.1.5 into /workspace/builds/worker-7-tc2/source
[INFO] started tweaking crates.io crate iprr 0.1.5
[INFO] finished tweaking crates.io crate iprr 0.1.5
[INFO] tweaked toml for crates.io crate iprr 0.1.5 written to /workspace/builds/worker-7-tc2/source/Cargo.toml
[INFO] validating manifest of crates.io crate iprr 0.1.5 on toolchain 1.100.0-beta.1
[INFO] running `Command { std: CARGO_HOME="/workspace/cargo-home" RUSTUP_HOME="/workspace/rustup-home" "/workspace/cargo-home/bin/cargo" "+1.100.0-beta.1" "metadata" "--manifest-path" "Cargo.toml" "--no-deps", kill_on_drop: false }`
[INFO] crate crates.io crate iprr 0.1.5 already has a lockfile, it will not be regenerated
[INFO] running `Command { std: CARGO_HOME="/workspace/cargo-home" RUSTUP_HOME="/workspace/rustup-home" "/workspace/cargo-home/bin/cargo" "+1.100.0-beta.1" "fetch" "--manifest-path" "Cargo.toml", kill_on_drop: false }`
[INFO] running `Command { std: "docker" "create" "-v" "/var/lib/crater-agent-workspace/builds/worker-7-tc2/source:/opt/rustwide/workdir:ro,Z" "-v" "/var/lib/crater-agent-workspace/builds/worker-7-tc2/target:/opt/rustwide/target:rw,Z" "-v" "/var/lib/crater-agent-workspace/cargo-home:/opt/rustwide/cargo-home:ro,Z" "-v" "/var/lib/crater-agent-workspace/rustup-home:/opt/rustwide/rustup-home:ro,Z" "-m" "1610612736" "--network" "none" "ghcr.io/rust-lang/crates-build-env/linux@sha256:77db811e55d90add9212f6832c23229e3de5f1c1f9905e8cb07319ea15df73ac" "sleep" "infinity", kill_on_drop: false }`
[INFO] [stdout] c97bfaadaf12d6a2abf31b474ed60eb3ab50b4ea0fafce1e870d9e3951024af2
[INFO] running `Command { std: "docker" "start" "c97bfaadaf12d6a2abf31b474ed60eb3ab50b4ea0fafce1e870d9e3951024af2", kill_on_drop: false }`
[INFO] running `Command { std: "docker" "inspect" "c97bfaadaf12d6a2abf31b474ed60eb3ab50b4ea0fafce1e870d9e3951024af2", kill_on_drop: false }`
[INFO] running `Command { std: "docker" "exec" "-e" "SOURCE_DIR=/opt/rustwide/workdir" "-e" "CARGO_HOME=/opt/rustwide/cargo-home" "-e" "RUSTUP_HOME=/opt/rustwide/rustup-home" "-e" "CARGO_TARGET_DIR=/opt/rustwide/target" "-w" "/opt/rustwide/workdir" "--user" "0:0" "c97bfaadaf12d6a2abf31b474ed60eb3ab50b4ea0fafce1e870d9e3951024af2" "/opt/rustwide/cargo-home/bin/cargo" "+1.100.0-beta.1" "metadata" "--no-deps" "--format-version=1", kill_on_drop: false }`
[INFO] running `Command { std: "docker" "inspect" "c97bfaadaf12d6a2abf31b474ed60eb3ab50b4ea0fafce1e870d9e3951024af2", kill_on_drop: false }`
[INFO] running `Command { std: "docker" "exec" "-e" "SOURCE_DIR=/opt/rustwide/workdir" "-e" "CARGO_HOME=/opt/rustwide/cargo-home" "-e" "RUSTUP_HOME=/opt/rustwide/rustup-home" "-e" "CARGO_TARGET_DIR=/opt/rustwide/target" "-e" "CARGO_INCREMENTAL=0" "-e" "RUST_BACKTRACE=full" "-e" "RUSTFLAGS=--cap-lints=warn" "-e" "RUSTDOCFLAGS=--cap-lints=warn" "-w" "/opt/rustwide/workdir" "--user" "0:0" "c97bfaadaf12d6a2abf31b474ed60eb3ab50b4ea0fafce1e870d9e3951024af2" "/opt/rustwide/cargo-home/bin/cargo" "+1.100.0-beta.1" "build" "--frozen" "--message-format=json" "--release", kill_on_drop: false }`
[INFO] [stderr]    Compiling libc v0.2.155
[INFO] [stderr]    Compiling proc-macro2 v1.0.86
[INFO] [stderr]    Compiling unicode-ident v1.0.12
[INFO] [stderr]    Compiling autocfg v1.3.0
[INFO] [stderr]    Compiling cfg-if v1.0.0
[INFO] [stderr]    Compiling memchr v2.7.4
[INFO] [stderr]    Compiling pin-project-lite v0.2.14
[INFO] [stderr]    Compiling futures-core v0.3.30
[INFO] [stderr]    Compiling parking_lot_core v0.9.10
[INFO] [stderr]    Compiling futures-sink v0.3.30
[INFO] [stderr]    Compiling bytes v1.7.1
[INFO] [stderr]    Compiling pin-utils v0.1.0
[INFO] [stderr]    Compiling scopeguard v1.2.0
[INFO] [stderr]    Compiling smallvec v1.13.2
[INFO] [stderr]    Compiling itoa v1.0.11
[INFO] [stderr]    Compiling futures-task v0.3.30
[INFO] [stderr]    Compiling cc v1.1.10
[INFO] [stderr]    Compiling futures-io v0.3.30
[INFO] [stderr]    Compiling fnv v1.0.7
[INFO] [stderr]    Compiling futures-channel v0.3.30
[INFO] [stderr]    Compiling once_cell v1.19.0
[INFO] [stderr]    Compiling rustls-pki-types v1.8.0
[INFO] [stderr]    Compiling encoding_index_tests v0.1.4
[INFO] [stderr]    Compiling untrusted v0.9.0
[INFO] [stderr]    Compiling spin v0.9.8
[INFO] [stderr]    Compiling httparse v1.9.4
[INFO] [stderr]    Compiling try-lock v0.2.5
[INFO] [stderr]    Compiling serde v1.0.206
[INFO] [stderr]    Compiling tinyvec_macros v0.1.1
[INFO] [stderr]    Compiling rustls v0.23.12
[INFO] [stderr]    Compiling tinyvec v1.8.0
[INFO] [stderr]    Compiling want v0.3.1
[INFO] [stderr]    Compiling tower-service v0.3.2
[INFO] [stderr]    Compiling cfg_aliases v0.1.1
[INFO] [stderr]    Compiling percent-encoding v2.3.1
[INFO] [stderr]    Compiling subtle v2.6.1
[INFO] [stderr]    Compiling http v1.1.0
[INFO] [stderr]    Compiling tracing-core v0.1.32
[INFO] [stderr]    Compiling tower-layer v0.3.2
[INFO] [stderr]    Compiling utf8parse v0.2.2
[INFO] [stderr]    Compiling zeroize v1.8.1
[INFO] [stderr]    Compiling anstyle-parse v0.2.5
[INFO] [stderr]    Compiling form_urlencoded v1.2.1
[INFO] [stderr]    Compiling nix v0.28.0
[INFO] [stderr]    Compiling anstyle v1.0.8
[INFO] [stderr]    Compiling slab v0.4.9
[INFO] [stderr]    Compiling lock_api v0.4.12
[INFO] [stderr]    Compiling colorchoice v1.0.2
[INFO] [stderr]    Compiling serde_json v1.0.124
[INFO] [stderr]    Compiling anstyle-query v1.1.1
[INFO] [stderr]    Compiling ryu v1.0.18
[INFO] [stderr]    Compiling unicode-bidi v0.3.15
[INFO] [stderr]    Compiling is_terminal_polyfill v1.70.1
[INFO] [stderr]    Compiling aho-corasick v1.1.3
[INFO] [stderr]    Compiling anstream v0.6.15
[INFO] [stderr]    Compiling webpki-roots v0.26.3
[INFO] [stderr]    Compiling regex-syntax v0.8.4
[INFO] [stderr]    Compiling quote v1.0.36
[INFO] [stderr]    Compiling futures-util v0.3.30
[INFO] [stderr]    Compiling bitflags v2.6.0
[INFO] [stderr]    Compiling base64 v0.22.1
[INFO] [stderr]    Compiling clap_lex v0.7.2
[INFO] [stderr]    Compiling unicode-normalization v0.1.23
[INFO] [stderr]    Compiling strsim v0.11.1
[INFO] [stderr]    Compiling syn v2.0.74
[INFO] [stderr]    Compiling tracing v0.1.40
[INFO] [stderr]    Compiling anyhow v1.0.86
[INFO] [stderr]    Compiling encoding-index-singlebyte v1.20141219.5
[INFO] [stderr]    Compiling encoding-index-simpchinese v1.20141219.5
[INFO] [stderr]    Compiling rustls-pemfile v2.1.3
[INFO] [stderr]    Compiling clap_builder v4.5.15
[INFO] [stderr]    Compiling encoding-index-korean v1.20141219.5
[INFO] [stderr]    Compiling encoding-index-tradchinese v1.20141219.5
[INFO] [stderr]    Compiling encoding-index-japanese v1.20141219.5
[INFO] [stderr]    Compiling encoding_rs v0.8.34
[INFO] [stderr]    Compiling lazy_static v1.5.0
[INFO] [stderr]    Compiling sync_wrapper v1.0.1
[INFO] [stderr]    Compiling idna v0.5.0
[INFO] [stderr]    Compiling ipnet v2.9.0
[INFO] [stderr]    Compiling log v0.4.22
[INFO] [stderr]    Compiling ring v0.17.8
[INFO] [stderr]    Compiling mime v0.3.17
[INFO] [stderr]    Compiling http-body v1.0.1
[INFO] [stderr]    Compiling encoding v0.2.33
[INFO] [stderr]    Compiling colored v2.1.0
[INFO] [stderr]    Compiling signal-hook-registry v1.4.2
[INFO] [stderr]    Compiling mio v1.0.2
[INFO] [stderr]    Compiling socket2 v0.5.7
[INFO] [stderr]    Compiling getrandom v0.2.15
[INFO] [stderr]    Compiling parking_lot v0.12.3
[INFO] [stderr]    Compiling url v2.5.2
[INFO] [stderr]    Compiling is-terminal v0.4.12
[INFO] [stderr]    Compiling regex-automata v0.4.7
[INFO] [stderr]    Compiling ctrlc v3.4.4
[INFO] [stderr]    Compiling futures-executor v0.3.30
[INFO] [stderr]    Compiling http-body-util v0.1.2
[INFO] [stderr]    Compiling futures v0.3.30
[INFO] [stderr]    Compiling tokio-macros v2.4.0
[INFO] [stderr]    Compiling pin-project-internal v1.1.5
[INFO] [stderr]    Compiling serde_derive v1.0.206
[INFO] [stderr]    Compiling clap_derive v4.5.13
[INFO] [stderr]    Compiling tokio v1.39.2
[INFO] [stderr]    Compiling clap v4.5.15
[INFO] [stderr]    Compiling pin-project v1.1.5
[INFO] [stderr]    Compiling rustls-webpki v0.102.6
[INFO] [stderr]    Compiling regex v1.10.6
[INFO] [stderr]    Compiling hyper v1.4.1
[INFO] [stderr]    Compiling tower v0.4.13
[INFO] [stderr]    Compiling hyper-util v0.1.7
[INFO] [stderr]    Compiling serde_urlencoded v0.7.1
[INFO] [stderr]    Compiling tokio-rustls v0.26.0
[INFO] [stderr]    Compiling hyper-rustls v0.27.2
[INFO] [stderr]    Compiling reqwest v0.12.5
[INFO] [stderr]    Compiling iprr v0.1.5 (/opt/rustwide/workdir)
[INFO] [stdout] warning: unnecessary transmute
[INFO] [stdout]    --> src/qqwry_lib.rs:136:14
[INFO] [stdout]     |
[INFO] [stdout] 136 |     unsafe { mem::transmute([buf[0], buf[1], buf[2], buf[3]]) }
[INFO] [stdout]     |              ^^^^^^^^^^^^^^^^^^^^^^^^^^^^^^^^^^^^^^^^^^^^^^^^
[INFO] [stdout]     |
[INFO] [stdout]     = help: there's also `from_le_bytes` and `from_be_bytes` if you expect a particular byte order
[INFO] [stdout]     = note: `#[warn(unnecessary_transmutes)]` on by default
[INFO] [stdout] help: replace this with
[INFO] [stdout]     |
[INFO] [stdout] 136 -     unsafe { mem::transmute([buf[0], buf[1], buf[2], buf[3]]) }
[INFO] [stdout] 136 +     unsafe { u32::from_ne_bytes([buf[0], buf[1], buf[2], buf[3]]) }
[INFO] [stdout]     |
[INFO] [stdout] 
[INFO] [stdout] 
[INFO] [stdout] warning: unnecessary transmute
[INFO] [stdout]    --> src/qqwry_lib.rs:141:14
[INFO] [stdout]     |
[INFO] [stdout] 141 |     unsafe { mem::transmute([buf[0], buf[1], buf[2], 0]) }
[INFO] [stdout]     |              ^^^^^^^^^^^^^^^^^^^^^^^^^^^^^^^^^^^^^^^^^^^
[INFO] [stdout]     |
[INFO] [stdout]     = help: there's also `from_le_bytes` and `from_be_bytes` if you expect a particular byte order
[INFO] [stdout] help: replace this with
[INFO] [stdout]     |
[INFO] [stdout] 141 -     unsafe { mem::transmute([buf[0], buf[1], buf[2], 0]) }
[INFO] [stdout] 141 +     unsafe { u32::from_ne_bytes([buf[0], buf[1], buf[2], 0]) }
[INFO] [stdout]     |
[INFO] [stdout] 
[INFO] [stdout] 
[INFO] [stderr]     Finished `release` profile [optimized] target(s) in 1m 17s
[INFO] [stderr] warning: the following packages contain code that will be rejected by a future version of Rust: nix v0.28.0
[INFO] [stderr] note: to see what the problems were, use the option `--future-incompat-report`, or run `cargo report future-incompatibilities --id 6`
[INFO] running `Command { std: "docker" "inspect" "c97bfaadaf12d6a2abf31b474ed60eb3ab50b4ea0fafce1e870d9e3951024af2", kill_on_drop: false }`
[INFO] running `Command { std: "docker" "exec" "-e" "SOURCE_DIR=/opt/rustwide/workdir" "-e" "CARGO_HOME=/opt/rustwide/cargo-home" "-e" "RUSTUP_HOME=/opt/rustwide/rustup-home" "-e" "CARGO_TARGET_DIR=/opt/rustwide/target" "-e" "CARGO_INCREMENTAL=0" "-e" "RUST_BACKTRACE=full" "-e" "RUSTFLAGS=--cap-lints=warn" "-e" "RUSTDOCFLAGS=--cap-lints=warn" "-w" "/opt/rustwide/workdir" "--user" "0:0" "c97bfaadaf12d6a2abf31b474ed60eb3ab50b4ea0fafce1e870d9e3951024af2" "/opt/rustwide/cargo-home/bin/cargo" "+1.100.0-beta.1" "test" "--frozen" "--no-run" "--message-format=json" "--release", kill_on_drop: false }`
[INFO] [stderr]    Compiling cfg-if v1.0.0
[INFO] [stderr]    Compiling memchr v2.7.4
[INFO] [stderr]    Compiling pin-project-lite v0.2.14
[INFO] [stderr]    Compiling futures-core v0.3.30
[INFO] [stderr]    Compiling futures-sink v0.3.30
[INFO] [stderr]    Compiling bytes v1.7.1
[INFO] [stderr]    Compiling smallvec v1.13.2
[INFO] [stderr]    Compiling futures-task v0.3.30
[INFO] [stderr]    Compiling futures-io v0.3.30
[INFO] [stderr]    Compiling pin-utils v0.1.0
[INFO] [stderr]    Compiling libc v0.2.155
[INFO] [stderr]    Compiling scopeguard v1.2.0
[INFO] [stderr]    Compiling itoa v1.0.11
[INFO] [stderr]    Compiling slab v0.4.9
[INFO] [stderr]    Compiling rustls-pki-types v1.8.0
[INFO] [stderr]    Compiling once_cell v1.19.0
[INFO] [stderr]    Compiling fnv v1.0.7
[INFO] [stderr]    Compiling lock_api v0.4.12
[INFO] [stderr]    Compiling encoding_index_tests v0.1.4
[INFO] [stderr]    Compiling futures-channel v0.3.30
[INFO] [stderr]    Compiling untrusted v0.9.0
[INFO] [stderr]    Compiling spin v0.9.8
[INFO] [stderr]    Compiling try-lock v0.2.5
[INFO] [stderr]    Compiling tinyvec_macros v0.1.1
[INFO] [stderr]    Compiling pin-project v1.1.5
[INFO] [stderr]    Compiling want v0.3.1
[INFO] [stderr]    Compiling tracing-core v0.1.32
[INFO] [stderr]    Compiling httparse v1.9.4
[INFO] [stderr]    Compiling percent-encoding v2.3.1
[INFO] [stderr]    Compiling subtle v2.6.1
[INFO] [stderr]    Compiling tinyvec v1.8.0
[INFO] [stderr]    Compiling tower-layer v0.3.2
[INFO] [stderr]    Compiling zeroize v1.8.1
[INFO] [stderr]    Compiling tower-service v0.3.2
[INFO] [stderr]    Compiling utf8parse v0.2.2
[INFO] [stderr]    Compiling anstyle-parse v0.2.5
[INFO] [stderr]    Compiling form_urlencoded v1.2.1
[INFO] [stderr]    Compiling serde v1.0.206
[INFO] [stderr]    Compiling anstyle v1.0.8
[INFO] [stderr]    Compiling colorchoice v1.0.2
[INFO] [stderr]    Compiling http v1.1.0
[INFO] [stderr]    Compiling anstyle-query v1.1.1
[INFO] [stderr]    Compiling ryu v1.0.18
[INFO] [stderr]    Compiling is_terminal_polyfill v1.70.1
[INFO] [stderr]    Compiling unicode-bidi v0.3.15
[INFO] [stderr]    Compiling webpki-roots v0.26.3
[INFO] [stderr]    Compiling regex-syntax v0.8.4
[INFO] [stderr]    Compiling base64 v0.22.1
[INFO] [stderr]    Compiling strsim v0.11.1
[INFO] [stderr]    Compiling clap_lex v0.7.2
[INFO] [stderr]    Compiling bitflags v2.6.0
[INFO] [stderr]    Compiling anstream v0.6.15
[INFO] [stderr]    Compiling encoding-index-japanese v1.20141219.5
[INFO] [stderr]    Compiling encoding-index-singlebyte v1.20141219.5
[INFO] [stderr]    Compiling encoding-index-simpchinese v1.20141219.5
[INFO] [stderr]    Compiling encoding-index-korean v1.20141219.5
[INFO] [stderr]    Compiling encoding-index-tradchinese v1.20141219.5
[INFO] [stderr]    Compiling clap_builder v4.5.15
[INFO] [stderr]    Compiling encoding_rs v0.8.34
[INFO] [stderr]    Compiling futures-util v0.3.30
[INFO] [stderr]    Compiling tracing v0.1.40
[INFO] [stderr]    Compiling aho-corasick v1.1.3
[INFO] [stderr]    Compiling rustls-pemfile v2.1.3
[INFO] [stderr]    Compiling lazy_static v1.5.0
[INFO] [stderr]    Compiling ipnet v2.9.0
[INFO] [stderr]    Compiling log v0.4.22
[INFO] [stderr]    Compiling mime v0.3.17
[INFO] [stderr]    Compiling sync_wrapper v1.0.1
[INFO] [stderr]    Compiling encoding v0.2.33
[INFO] [stderr]    Compiling colored v2.1.0
[INFO] [stderr]    Compiling anyhow v1.0.86
[INFO] [stderr]    Compiling unicode-normalization v0.1.23
[INFO] [stderr]    Compiling parking_lot_core v0.9.10
[INFO] [stderr]    Compiling socket2 v0.5.7
[INFO] [stderr]    Compiling mio v1.0.2
[INFO] [stderr]    Compiling signal-hook-registry v1.4.2
[INFO] [stderr]    Compiling getrandom v0.2.15
[INFO] [stderr]    Compiling nix v0.28.0
[INFO] [stderr]    Compiling http-body v1.0.1
[INFO] [stderr]    Compiling ring v0.17.8
[INFO] [stderr]    Compiling parking_lot v0.12.3
[INFO] [stderr]    Compiling idna v0.5.0
[INFO] [stderr]    Compiling is-terminal v0.4.12
[INFO] [stderr]    Compiling tokio v1.39.2
[INFO] [stderr]    Compiling url v2.5.2
[INFO] [stderr]    Compiling rustls-webpki v0.102.6
[INFO] [stderr]    Compiling regex-automata v0.4.7
[INFO] [stderr]    Compiling ctrlc v3.4.4
[INFO] [stderr]    Compiling rustls v0.23.12
[INFO] [stderr]    Compiling clap v4.5.15
[INFO] [stderr]    Compiling serde_json v1.0.124
[INFO] [stderr]    Compiling serde_urlencoded v0.7.1
[INFO] [stderr]    Compiling http-body-util v0.1.2
[INFO] [stderr]    Compiling futures-executor v0.3.30
[INFO] [stderr]    Compiling futures v0.3.30
[INFO] [stderr]    Compiling regex v1.10.6
[INFO] [stderr]    Compiling hyper v1.4.1
[INFO] [stderr]    Compiling tower v0.4.13
[INFO] [stderr]    Compiling tokio-rustls v0.26.0
[INFO] [stderr]    Compiling hyper-util v0.1.7
[INFO] [stderr]    Compiling hyper-rustls v0.27.2
[INFO] [stderr]    Compiling reqwest v0.12.5
[INFO] [stderr]    Compiling iprr v0.1.5 (/opt/rustwide/workdir)
[INFO] [stdout] warning: unnecessary transmute
[INFO] [stdout]    --> src/qqwry_lib.rs:136:14
[INFO] [stdout]     |
[INFO] [stdout] 136 |     unsafe { mem::transmute([buf[0], buf[1], buf[2], buf[3]]) }
[INFO] [stdout]     |              ^^^^^^^^^^^^^^^^^^^^^^^^^^^^^^^^^^^^^^^^^^^^^^^^
[INFO] [stdout]     |
[INFO] [stdout]     = help: there's also `from_le_bytes` and `from_be_bytes` if you expect a particular byte order
[INFO] [stdout]     = note: `#[warn(unnecessary_transmutes)]` on by default
[INFO] [stdout] help: replace this with
[INFO] [stdout]     |
[INFO] [stdout] 136 -     unsafe { mem::transmute([buf[0], buf[1], buf[2], buf[3]]) }
[INFO] [stdout] 136 +     unsafe { u32::from_ne_bytes([buf[0], buf[1], buf[2], buf[3]]) }
[INFO] [stdout]     |
[INFO] [stdout] 
[INFO] [stdout] 
[INFO] [stdout] warning: unnecessary transmute
[INFO] [stdout]    --> src/qqwry_lib.rs:141:14
[INFO] [stdout]     |
[INFO] [stdout] 141 |     unsafe { mem::transmute([buf[0], buf[1], buf[2], 0]) }
[INFO] [stdout]     |              ^^^^^^^^^^^^^^^^^^^^^^^^^^^^^^^^^^^^^^^^^^^
[INFO] [stdout]     |
[INFO] [stdout]     = help: there's also `from_le_bytes` and `from_be_bytes` if you expect a particular byte order
[INFO] [stdout] help: replace this with
[INFO] [stdout]     |
[INFO] [stdout] 141 -     unsafe { mem::transmute([buf[0], buf[1], buf[2], 0]) }
[INFO] [stdout] 141 +     unsafe { u32::from_ne_bytes([buf[0], buf[1], buf[2], 0]) }
[INFO] [stdout]     |
[INFO] [stdout] 
[INFO] [stdout] 
[INFO] [stdout] warning: unnecessary transmute
[INFO] [stdout]    --> src/qqwry_lib.rs:136:14
[INFO] [stdout]     |
[INFO] [stdout] 136 |     unsafe { mem::transmute([buf[0], buf[1], buf[2], buf[3]]) }
[INFO] [stdout]     |              ^^^^^^^^^^^^^^^^^^^^^^^^^^^^^^^^^^^^^^^^^^^^^^^^
[INFO] [stdout]     |
[INFO] [stdout]     = help: there's also `from_le_bytes` and `from_be_bytes` if you expect a particular byte order
[INFO] [stdout]     = note: `#[warn(unnecessary_transmutes)]` on by default
[INFO] [stdout] help: replace this with
[INFO] [stdout]     |
[INFO] [stdout] 136 -     unsafe { mem::transmute([buf[0], buf[1], buf[2], buf[3]]) }
[INFO] [stdout] 136 +     unsafe { u32::from_ne_bytes([buf[0], buf[1], buf[2], buf[3]]) }
[INFO] [stdout]     |
[INFO] [stdout] 
[INFO] [stdout] 
[INFO] [stdout] warning: unnecessary transmute
[INFO] [stdout]    --> src/qqwry_lib.rs:141:14
[INFO] [stdout]     |
[INFO] [stdout] 141 |     unsafe { mem::transmute([buf[0], buf[1], buf[2], 0]) }
[INFO] [stdout]     |              ^^^^^^^^^^^^^^^^^^^^^^^^^^^^^^^^^^^^^^^^^^^
[INFO] [stdout]     |
[INFO] [stdout]     = help: there's also `from_le_bytes` and `from_be_bytes` if you expect a particular byte order
[INFO] [stdout] help: replace this with
[INFO] [stdout]     |
[INFO] [stdout] 141 -     unsafe { mem::transmute([buf[0], buf[1], buf[2], 0]) }
[INFO] [stdout] 141 +     unsafe { u32::from_ne_bytes([buf[0], buf[1], buf[2], 0]) }
[INFO] [stdout]     |
[INFO] [stdout] 
[INFO] [stdout] 
[INFO] [stderr]     Finished `release` profile [optimized] target(s) in 56.03s
[INFO] [stderr] warning: the following packages contain code that will be rejected by a future version of Rust: nix v0.28.0
[INFO] [stderr] note: to see what the problems were, use the option `--future-incompat-report`, or run `cargo report future-incompatibilities --id 6`
[INFO] running `Command { std: "docker" "inspect" "c97bfaadaf12d6a2abf31b474ed60eb3ab50b4ea0fafce1e870d9e3951024af2", kill_on_drop: false }`
[INFO] running `Command { std: "docker" "exec" "-e" "SOURCE_DIR=/opt/rustwide/workdir" "-e" "CARGO_HOME=/opt/rustwide/cargo-home" "-e" "RUSTUP_HOME=/opt/rustwide/rustup-home" "-e" "CARGO_TARGET_DIR=/opt/rustwide/target" "-e" "CARGO_INCREMENTAL=0" "-e" "RUST_BACKTRACE=full" "-e" "RUSTFLAGS=--cap-lints=warn" "-e" "RUSTDOCFLAGS=--cap-lints=warn" "-w" "/opt/rustwide/workdir" "--user" "0:0" "c97bfaadaf12d6a2abf31b474ed60eb3ab50b4ea0fafce1e870d9e3951024af2" "/opt/rustwide/cargo-home/bin/cargo" "+1.100.0-beta.1" "test" "--frozen" "--release", kill_on_drop: false }`
[INFO] [stderr] warning: unnecessary transmute
[INFO] [stderr]    --> src/qqwry_lib.rs:136:14
[INFO] [stderr]     |
[INFO] [stderr] 136 |     unsafe { mem::transmute([buf[0], buf[1], buf[2], buf[3]]) }
[INFO] [stderr]     |              ^^^^^^^^^^^^^^^^^^^^^^^^^^^^^^^^^^^^^^^^^^^^^^^^
[INFO] [stderr]     |
[INFO] [stderr]     = help: there's also `from_le_bytes` and `from_be_bytes` if you expect a particular byte order
[INFO] [stderr]     = note: `#[warn(unnecessary_transmutes)]` on by default
[INFO] [stderr] help: replace this with
[INFO] [stderr]     |
[INFO] [stderr] 136 -     unsafe { mem::transmute([buf[0], buf[1], buf[2], buf[3]]) }
[INFO] [stderr] 136 +     unsafe { u32::from_ne_bytes([buf[0], buf[1], buf[2], buf[3]]) }
[INFO] [stderr]     |
[INFO] [stderr] 
[INFO] [stderr] warning: unnecessary transmute
[INFO] [stderr]    --> src/qqwry_lib.rs:141:14
[INFO] [stderr]     |
[INFO] [stderr] 141 |     unsafe { mem::transmute([buf[0], buf[1], buf[2], 0]) }
[INFO] [stderr]     |              ^^^^^^^^^^^^^^^^^^^^^^^^^^^^^^^^^^^^^^^^^^^
[INFO] [stderr]     |
[INFO] [stderr]     = help: there's also `from_le_bytes` and `from_be_bytes` if you expect a particular byte order
[INFO] [stderr] help: replace this with
[INFO] [stderr]     |
[INFO] [stderr] 141 -     unsafe { mem::transmute([buf[0], buf[1], buf[2], 0]) }
[INFO] [stderr] 141 +     unsafe { u32::from_ne_bytes([buf[0], buf[1], buf[2], 0]) }
[INFO] [stderr]     |
[INFO] [stderr] 
[INFO] [stderr] warning: `iprr` (lib) generated 2 warnings (run `cargo fix --lib -p iprr` to apply 2 suggestions)
[INFO] [stderr] warning: `iprr` (lib test) generated 2 warnings (2 duplicates)
[INFO] [stderr]     Finished `release` profile [optimized] target(s) in 0.18s
[INFO] [stderr] warning: the following packages contain code that will be rejected by a future version of Rust: nix v0.28.0
[INFO] [stderr] note: to see what the problems were, use the option `--future-incompat-report`, or run `cargo report future-incompatibilities --id 6`
[INFO] [stdout] 
[INFO] [stderr]      Running unittests src/lib.rs (/opt/rustwide/target/release/build/iprr/d1f5ccade465a86f/out/iprr-d1f5ccade465a86f)
[INFO] [stdout] running 9 tests
[INFO] [stdout] test xdb::ip_value::test_ip::test_ip_addr ... ok
[INFO] [stdout] test xdb::searcher::tests::test_match_all_ip_correct ... FAILED
[INFO] [stdout] test xdb::searcher::tests::test_multi_type_ip ... FAILED
[INFO] [stdout] test xdb::ip_value::test_ip::test_ip_u32_str ... ok
[INFO] [stdout] test xdb::searcher::tests::test_multi_searcher_init ... FAILED
[INFO] [stdout] test xdb::ip_value::test_ip::test_ip_str_2_u32 ... ok
[INFO] [stdout] test xdb::searcher::tests::test_multi_thread_only_load_xdb_once ... FAILED
[INFO] [stderr] error: test failed, to rerun pass `--lib`
[INFO] [stdout] test qqwry_lib::test::it_works ... ok
[INFO] [stdout] test xdb::ip_value::test_ip::test_ip_u32 ... ok
[INFO] [stdout] 
[INFO] [stdout] failures:
[INFO] [stdout] 
[INFO] [stdout] ---- xdb::searcher::tests::test_match_all_ip_correct stdout ----
[INFO] [stdout] 
[INFO] [stdout] thread 'xdb::searcher::tests::test_match_all_ip_correct' (2317) panicked at src/xdb/searcher.rs:80:81:
[INFO] [stdout] called `Result::unwrap()` on an `Err` value: "default filepath not find the xdb file, so you must set xdb_filepath"
[INFO] [stdout] stack backtrace:
[INFO] [stdout]    0:     0x5e2c735dffc7 - <unknown>
[INFO] [stdout]    1:     0x5e2c735c7fc4 - <unknown>
[INFO] [stdout]    2:     0x5e2c735df58b - <unknown>
[INFO] [stdout]    3:     0x5e2c735df189 - <unknown>
[INFO] [stdout]    4:     0x5e2c735dee0a - <unknown>
[INFO] [stdout]    5:     0x5e2c735de93b - <unknown>
[INFO] [stdout]    6:     0x5e2c736046d1 - <unknown>
[INFO] [stdout]    7:     0x5e2c73604689 - <unknown>
[INFO] [stdout]    8:     0x5e2c73604b7c - <unknown>
[INFO] [stdout]    9:     0x5e2c735c7e5b - <unknown>
[INFO] [stdout]   10:     0x5e2c735cace1 - <unknown>
[INFO] [stdout]   11:     0x5e2c735c47e6 - <unknown>
[INFO] [stdout]   12:     0x5e2c735c592d - <unknown>
[INFO] [stdout]   13:     0x5e2c7361b9eb - <unknown>
[INFO] [stdout]   14:     0x5e2c736170a2 - <unknown>
[INFO] [stdout]   15:     0x5e2c73616b4c - <unknown>
[INFO] [stdout]   16:     0x5e2c73634fec - <unknown>
[INFO] [stdout]   17:     0x5e2c73606578 - <unknown>
[INFO] [stdout]   18:     0x720bd2cbadfa - <unknown>
[INFO] [stdout]   19:     0x720bd2d4e3d4 - clone
[INFO] [stdout]   20:                0x0 - <unknown>
[INFO] [stdout] 
[INFO] [stdout] ---- xdb::searcher::tests::test_multi_type_ip stdout ----
[INFO] [stdout] 
[INFO] [stdout] thread 'xdb::searcher::tests::test_multi_type_ip' (2320) panicked at src/xdb/searcher.rs:80:81:
[INFO] [stdout] called `Result::unwrap()` on an `Err` value: "default filepath not find the xdb file, so you must set xdb_filepath"
[INFO] [stdout] stack backtrace:
[INFO] [stdout]    0:     0x5e2c735dffc7 - <unknown>
[INFO] [stdout]    1:     0x5e2c735c7fc4 - <unknown>
[INFO] [stdout]    2:     0x5e2c735df58b - <unknown>
[INFO] [stdout]    3:     0x5e2c735df189 - <unknown>
[INFO] [stdout]    4:     0x5e2c735dee0a - <unknown>
[INFO] [stdout]    5:     0x5e2c735de93b - <unknown>
[INFO] [stdout]    6:     0x5e2c736046d1 - <unknown>
[INFO] [stdout]    7:     0x5e2c73604689 - <unknown>
[INFO] [stdout]    8:     0x5e2c73604b7c - <unknown>
[INFO] [stdout]    9:     0x5e2c735c7e5b - <unknown>
[INFO] [stdout]   10:     0x5e2c735cace1 - <unknown>
[INFO] [stdout]   11:     0x5e2c735c47e6 - <unknown>
[INFO] [stdout]   12:     0x5e2c735c51b3 - <unknown>
[INFO] [stdout]   13:     0x5e2c7361b9eb - <unknown>
[INFO] [stdout]   14:     0x5e2c736170a2 - <unknown>
[INFO] [stdout]   15:     0x5e2c73616b4c - <unknown>
[INFO] [stdout]   16:     0x5e2c73634fec - <unknown>
[INFO] [stdout]   17:     0x5e2c73606578 - <unknown>
[INFO] [stdout]   18:     0x720bd2cbadfa - <unknown>
[INFO] [stdout]   19:     0x720bd2d4e3d4 - clone
[INFO] [stdout]   20:                0x0 - <unknown>
[INFO] [stdout] 
[INFO] [stdout] ---- xdb::searcher::tests::test_multi_searcher_init stdout ----
[INFO] [stdout] 
[INFO] [stdout] thread '<unnamed>' (2321) panicked at src/xdb/searcher.rs:80:81:
[INFO] [stdout] called `Result::unwrap()` on an `Err` value: "default filepath not find the xdb file, so you must set xdb_filepath"
[INFO] [stdout] stack backtrace:
[INFO] [stdout]    0:     0x5e2c735dffc7 - <unknown>
[INFO] [stdout]    1:     0x5e2c735c7fc4 - <unknown>
[INFO] [stdout]    2:     0x5e2c735df58b - <unknown>
[INFO] [stdout]    3:     0x5e2c735df189 - <unknown>
[INFO] [stdout]    4:     0x5e2c735dee0a - <unknown>
[INFO] [stdout]    5:     0x5e2c735de93b - <unknown>
[INFO] [stdout]    6:     0x5e2c736046d1 - <unknown>
[INFO] [stdout]    7:     0x5e2c73604689 - <unknown>
[INFO] [stdout]    8:     0x5e2c73604b7c - <unknown>
[INFO] [stdout]    9:     0x5e2c735c7e5b - <unknown>
[INFO] [stdout]   10:     0x5e2c735cace1 - <unknown>
[INFO] [stdout]   11:     0x5e2c735c47e6 - <unknown>
[INFO] [stdout]   12:     0x5e2c735c25d9 - <unknown>
[INFO] [stdout]   13:     0x5e2c735c2e22 - <unknown>
[INFO] [stdout]   14:     0x5e2c73606578 - <unknown>
[INFO] [stdout]   15:     0x720bd2cbadfa - <unknown>
[INFO] [stdout]   16:     0x720bd2d4e3d4 - clone
[INFO] [stdout]   17:                0x0 - <unknown>
[INFO] [stdout] 
[INFO] [stdout] thread 'xdb::searcher::tests::test_multi_searcher_init' (2318) panicked at src/xdb/searcher.rs:80:81:
[INFO] [stdout] called `Result::unwrap()` on an `Err` value: "default filepath not find the xdb file, so you must set xdb_filepath"
[INFO] [stdout] stack backtrace:
[INFO] [stdout]    0:     0x5e2c735dffc7 - <unknown>
[INFO] [stdout]    1:     0x5e2c735c7fc4 - <unknown>
[INFO] [stdout]    2:     0x5e2c735df58b - <unknown>
[INFO] [stdout]    3:     0x5e2c735df189 - <unknown>
[INFO] [stdout]    4:     0x5e2c735dee0a - <unknown>
[INFO] [stdout]    5:     0x5e2c735de93b - <unknown>
[INFO] [stdout]    6:     0x5e2c736046d1 - <unknown>
[INFO] [stdout]    7:     0x5e2c73604689 - <unknown>
[INFO] [stdout]    8:     0x5e2c73604b7c - <unknown>
[INFO] [stdout]    9:     0x5e2c735c7e5b - <unknown>
[INFO] [stdout]   10:     0x5e2c735cace1 - <unknown>
[INFO] [stdout]   11:     0x5e2c735c47e6 - <unknown>
[INFO] [stdout]   12:     0x5e2c735c57de - <unknown>
[INFO] [stdout]   13:     0x5e2c7361b9eb - <unknown>
[INFO] [stdout]   14:     0x5e2c736170a2 - <unknown>
[INFO] [stdout]   15:     0x5e2c73616b4c - <unknown>
[INFO] [stdout]   16:     0x5e2c73634fec - <unknown>
[INFO] [stdout]   17:     0x5e2c73606578 - <unknown>
[INFO] [stdout]   18:     0x720bd2cbadfa - <unknown>
[INFO] [stdout]   19:     0x720bd2d4e3d4 - clone
[INFO] [stdout]   20:                0x0 - <unknown>
[INFO] [stdout] 
[INFO] [stdout] ---- xdb::searcher::tests::test_multi_thread_only_load_xdb_once stdout ----
[INFO] [stdout] 
[INFO] [stdout] thread 'xdb::searcher::tests::test_multi_thread_only_load_xdb_once' (2319) panicked at src/xdb/searcher.rs:80:81:
[INFO] [stdout] called `Result::unwrap()` on an `Err` value: "default filepath not find the xdb file, so you must set xdb_filepath"
[INFO] [stdout] stack backtrace:
[INFO] [stdout]    0:     0x5e2c735dffc7 - <unknown>
[INFO] [stdout]    1:     0x5e2c735c7fc4 - <unknown>
[INFO] [stdout]    2:     0x5e2c735df58b - <unknown>
[INFO] [stdout]    3:     0x5e2c735df189 - <unknown>
[INFO] [stdout]    4:     0x5e2c735dee0a - <unknown>
[INFO] [stdout]    5:     0x5e2c735de93b - <unknown>
[INFO] [stdout]    6:     0x5e2c736046d1 - <unknown>
[INFO] [stdout]    7:     0x5e2c73604689 - <unknown>
[INFO] [stdout]    8:     0x5e2c73604b7c - <unknown>
[INFO] [stdout]    9:     0x5e2c735c7e5b - <unknown>
[INFO] [stdout]   10:     0x5e2c735cace1 - <unknown>
[INFO] [stdout]   11:     0x5e2c735c47e6 - <unknown>
[INFO] [stdout]   12:     0x5e2c735c63ef - <unknown>
[INFO] [stdout]   13:     0x5e2c7361b9eb - <unknown>
[INFO] [stdout]   14:     0x5e2c736170a2 - <unknown>
[INFO] [stdout]   15:     0x5e2c73616b4c - <unknown>
[INFO] [stdout]   16:     0x5e2c73634fec - <unknown>
[INFO] [stdout]   17:     0x5e2c73606578 - <unknown>
[INFO] [stdout]   18:     0x720bd2cbadfa - <unknown>
[INFO] [stdout]   19:     0x720bd2d4e3d4 - clone
[INFO] [stdout]   20:                0x0 - <unknown>
[INFO] [stdout] 
[INFO] [stdout] 
[INFO] [stdout] failures:
[INFO] [stdout]     xdb::searcher::tests::test_match_all_ip_correct
[INFO] [stdout]     xdb::searcher::tests::test_multi_searcher_init
[INFO] [stdout]     xdb::searcher::tests::test_multi_thread_only_load_xdb_once
[INFO] [stdout]     xdb::searcher::tests::test_multi_type_ip
[INFO] [stdout] 
[INFO] [stdout] test result: FAILED. 5 passed; 4 failed; 0 ignored; 0 measured; 0 filtered out; finished in 0.00s
[INFO] [stdout] 
[INFO] running `Command { std: "docker" "inspect" "c97bfaadaf12d6a2abf31b474ed60eb3ab50b4ea0fafce1e870d9e3951024af2", kill_on_drop: false }`
[INFO] running `Command { std: "docker" "rm" "-f" "c97bfaadaf12d6a2abf31b474ed60eb3ab50b4ea0fafce1e870d9e3951024af2", kill_on_drop: false }`
[INFO] [stdout] c97bfaadaf12d6a2abf31b474ed60eb3ab50b4ea0fafce1e870d9e3951024af2
