[INFO] fetching crate ipp 7.0.0...
[INFO] testing ipp-7.0.0 against 1.100.0-beta.1+cargoflags=--release for beta-release-1.100-2
[INFO] extracting crate ipp 7.0.0 into /workspace/builds/worker-5-tc2/source
[INFO] started tweaking crates.io crate ipp 7.0.0
[INFO] finished tweaking crates.io crate ipp 7.0.0
[INFO] tweaked toml for crates.io crate ipp 7.0.0 written to /workspace/builds/worker-5-tc2/source/Cargo.toml
[INFO] validating manifest of crates.io crate ipp 7.0.0 on toolchain 1.100.0-beta.1
[INFO] running `Command { std: CARGO_HOME="/workspace/cargo-home" RUSTUP_HOME="/workspace/rustup-home" "/workspace/cargo-home/bin/cargo" "+1.100.0-beta.1" "metadata" "--manifest-path" "Cargo.toml" "--no-deps", kill_on_drop: false }`
[INFO] crate crates.io crate ipp 7.0.0 already has a lockfile, it will not be regenerated
[INFO] running `Command { std: CARGO_HOME="/workspace/cargo-home" RUSTUP_HOME="/workspace/rustup-home" "/workspace/cargo-home/bin/cargo" "+1.100.0-beta.1" "fetch" "--manifest-path" "Cargo.toml", kill_on_drop: false }`
[INFO] running `Command { std: "docker" "create" "-v" "/var/lib/crater-agent-workspace/builds/worker-5-tc2/source:/opt/rustwide/workdir:ro,Z" "-v" "/var/lib/crater-agent-workspace/builds/worker-5-tc2/target:/opt/rustwide/target:rw,Z" "-v" "/var/lib/crater-agent-workspace/cargo-home:/opt/rustwide/cargo-home:ro,Z" "-v" "/var/lib/crater-agent-workspace/rustup-home:/opt/rustwide/rustup-home:ro,Z" "-m" "1610612736" "--network" "none" "ghcr.io/rust-lang/crates-build-env/linux@sha256:77db811e55d90add9212f6832c23229e3de5f1c1f9905e8cb07319ea15df73ac" "sleep" "infinity", kill_on_drop: false }`
[INFO] [stdout] 32789590b3409d27ae7d86ea03788df443c1fe1aa018ea196405adc0b45b30cf
[INFO] running `Command { std: "docker" "start" "32789590b3409d27ae7d86ea03788df443c1fe1aa018ea196405adc0b45b30cf", kill_on_drop: false }`
[INFO] running `Command { std: "docker" "inspect" "32789590b3409d27ae7d86ea03788df443c1fe1aa018ea196405adc0b45b30cf", kill_on_drop: false }`
[INFO] running `Command { std: "docker" "exec" "-e" "SOURCE_DIR=/opt/rustwide/workdir" "-e" "CARGO_HOME=/opt/rustwide/cargo-home" "-e" "RUSTUP_HOME=/opt/rustwide/rustup-home" "-e" "CARGO_TARGET_DIR=/opt/rustwide/target" "-w" "/opt/rustwide/workdir" "--user" "0:0" "32789590b3409d27ae7d86ea03788df443c1fe1aa018ea196405adc0b45b30cf" "/opt/rustwide/cargo-home/bin/cargo" "+1.100.0-beta.1" "metadata" "--no-deps" "--format-version=1", kill_on_drop: false }`
[INFO] running `Command { std: "docker" "inspect" "32789590b3409d27ae7d86ea03788df443c1fe1aa018ea196405adc0b45b30cf", kill_on_drop: false }`
[INFO] running `Command { std: "docker" "exec" "-e" "SOURCE_DIR=/opt/rustwide/workdir" "-e" "CARGO_HOME=/opt/rustwide/cargo-home" "-e" "RUSTUP_HOME=/opt/rustwide/rustup-home" "-e" "CARGO_TARGET_DIR=/opt/rustwide/target" "-e" "CARGO_INCREMENTAL=0" "-e" "RUST_BACKTRACE=full" "-e" "RUSTFLAGS=--cap-lints=warn" "-e" "RUSTDOCFLAGS=--cap-lints=warn" "-w" "/opt/rustwide/workdir" "--user" "0:0" "32789590b3409d27ae7d86ea03788df443c1fe1aa018ea196405adc0b45b30cf" "/opt/rustwide/cargo-home/bin/cargo" "+1.100.0-beta.1" "build" "--frozen" "--message-format=json" "--release", kill_on_drop: false }`
[INFO] [stderr]    Compiling stable_deref_trait v1.2.1
[INFO] [stderr]    Compiling find-msvc-tools v0.1.10
[INFO] [stderr]    Compiling futures-core v0.3.34
[INFO] [stderr]    Compiling libc v0.2.189
[INFO] [stderr]    Compiling pkg-config v0.3.33
[INFO] [stderr]    Compiling fs_extra v1.3.0
[INFO] [stderr]    Compiling dunce v1.0.5
[INFO] [stderr]    Compiling syn v2.0.119
[INFO] [stderr]    Compiling syn v3.0.3
[INFO] [stderr]    Compiling bytes v1.12.1
[INFO] [stderr]    Compiling mio v1.2.2
[INFO] [stderr]    Compiling socket2 v0.6.5
[INFO] [stderr]    Compiling litemap v0.8.2
[INFO] [stderr]    Compiling zeroize v1.9.0
[INFO] [stderr]    Compiling writeable v0.6.3
[INFO] [stderr]    Compiling smallvec v1.15.2
[INFO] [stderr]    Compiling aws-lc-rs v1.18.0
[INFO] [stderr]    Compiling tokio v1.53.1
[INFO] [stderr]    Compiling icu_properties_data v2.2.0
[INFO] [stderr]    Compiling icu_normalizer_data v2.2.0
[INFO] [stderr]    Compiling once_cell v1.21.4
[INFO] [stderr]    Compiling futures-io v0.3.34
[INFO] [stderr]    Compiling utf8_iter v1.0.4
[INFO] [stderr]    Compiling http v1.5.0
[INFO] [stderr]    Compiling rustls-pki-types v1.15.1
[INFO] [stderr]    Compiling autocfg v1.5.1
[INFO] [stderr]    Compiling futures-util v0.3.34
[INFO] [stderr]    Compiling jobserver v0.1.35
[INFO] [stderr]    Compiling httparse v1.10.1
[INFO] [stderr]    Compiling cc v1.4.2
[INFO] [stderr]    Compiling rustls v0.23.43
[INFO] [stderr]    Compiling percent-encoding v2.3.2
[INFO] [stderr]    Compiling untrusted v0.9.0
[INFO] [stderr]    Compiling subtle v2.6.1
[INFO] [stderr]    Compiling tower-service v0.3.3
[INFO] [stderr]    Compiling try-lock v0.2.5
[INFO] [stderr]    Compiling http-body v1.1.0
[INFO] [stderr]    Compiling want v0.3.1
[INFO] [stderr]    Compiling tracing-core v0.1.36
[INFO] [stderr]    Compiling cmake v0.1.58
[INFO] [stderr]    Compiling synstructure v0.13.2
[INFO] [stderr]    Compiling displaydoc v0.2.7
[INFO] [stderr]    Compiling futures-channel v0.3.34
[INFO] [stderr]    Compiling aws-lc-sys v0.44.0
[INFO] [stderr]    Compiling atomic-waker v1.1.2
[INFO] [stderr]    Compiling tracing v0.1.44
[INFO] [stderr]    Compiling form_urlencoded v1.2.2
[INFO] [stderr]    Compiling num-traits v0.2.19
[INFO] [stderr]    Compiling sync_wrapper v1.0.2
[INFO] [stderr]    Compiling base64 v0.22.1
[INFO] [stderr]    Compiling tower-layer v0.3.3
[INFO] [stderr]    Compiling ipnet v2.12.1
[INFO] [stderr]    Compiling openssl-probe v0.2.1
[INFO] [stderr]    Compiling rustls-native-certs v0.8.4
[INFO] [stderr]    Compiling zerofrom-derive v0.1.7
[INFO] [stderr]    Compiling yoke-derive v0.8.2
[INFO] [stderr]    Compiling zerovec-derive v0.11.3
[INFO] [stderr]    Compiling futures-sink v0.3.34
[INFO] [stderr]    Compiling log v0.4.33
[INFO] [stderr]    Compiling bitflags v2.13.1
[INFO] [stderr]    Compiling zerofrom v0.1.8
[INFO] [stderr]    Compiling thiserror-impl v2.0.20
[INFO] [stderr]    Compiling yoke v0.8.3
[INFO] [stderr]    Compiling http-body-util v0.1.5
[INFO] [stderr]    Compiling zerotrie v0.2.4
[INFO] [stderr]    Compiling heck v0.5.0
[INFO] [stderr]    Compiling zerovec v0.11.6
[INFO] [stderr]    Compiling enum-as-inner v0.7.0
[INFO] [stderr]    Compiling enum-primitive-derive v0.3.0
[INFO] [stderr]    Compiling futures-executor v0.3.34
[INFO] [stderr]    Compiling hyper v1.11.0
[INFO] [stderr]    Compiling tower v0.5.3
[INFO] [stderr]    Compiling tokio-util v0.7.19
[INFO] [stderr]    Compiling tinystr v0.8.3
[INFO] [stderr]    Compiling potential_utf v0.1.5
[INFO] [stderr]    Compiling icu_locale_core v2.2.0
[INFO] [stderr]    Compiling icu_collections v2.2.0
[INFO] [stderr]    Compiling thiserror v2.0.20
[INFO] [stderr]    Compiling base64 v0.23.1
[INFO] [stderr]    Compiling hyper-util v0.1.20
[INFO] [stderr]    Compiling icu_provider v2.2.0
[INFO] [stderr]    Compiling icu_properties v2.2.0
[INFO] [stderr]    Compiling icu_normalizer v2.2.0
[INFO] [stderr]    Compiling idna_adapter v1.2.2
[INFO] [stderr]    Compiling idna v1.1.0
[INFO] [stderr]    Compiling url v2.5.8
[INFO] [stderr]    Compiling tower-http v0.6.11
[INFO] [stderr]    Compiling rustls-webpki v0.103.14
[INFO] [stderr]    Compiling tokio-rustls v0.26.4
[INFO] [stderr]    Compiling rustls-platform-verifier v0.7.0
[INFO] [stderr]    Compiling hyper-rustls v0.27.9
[INFO] [stderr]    Compiling reqwest v0.13.4
[INFO] [stderr]    Compiling ipp v7.0.0 (/opt/rustwide/workdir)
[INFO] [stderr]     Finished `release` profile [optimized] target(s) in 3m 13s
[INFO] running `Command { std: "docker" "inspect" "32789590b3409d27ae7d86ea03788df443c1fe1aa018ea196405adc0b45b30cf", kill_on_drop: false }`
[INFO] running `Command { std: "docker" "exec" "-e" "SOURCE_DIR=/opt/rustwide/workdir" "-e" "CARGO_HOME=/opt/rustwide/cargo-home" "-e" "RUSTUP_HOME=/opt/rustwide/rustup-home" "-e" "CARGO_TARGET_DIR=/opt/rustwide/target" "-e" "CARGO_INCREMENTAL=0" "-e" "RUST_BACKTRACE=full" "-e" "RUSTFLAGS=--cap-lints=warn" "-e" "RUSTDOCFLAGS=--cap-lints=warn" "-w" "/opt/rustwide/workdir" "--user" "0:0" "32789590b3409d27ae7d86ea03788df443c1fe1aa018ea196405adc0b45b30cf" "/opt/rustwide/cargo-home/bin/cargo" "+1.100.0-beta.1" "test" "--frozen" "--no-run" "--message-format=json" "--release", kill_on_drop: false }`
[INFO] [stderr]    Compiling syn v3.0.3
[INFO] [stderr]    Compiling serde_core v1.0.229
[INFO] [stderr]    Compiling displaydoc v0.2.7
[INFO] [stderr]    Compiling tokio-macros v2.7.2
[INFO] [stderr]    Compiling thiserror-impl v2.0.20
[INFO] [stderr]    Compiling serde_json v1.0.151
[INFO] [stderr]    Compiling tinystr v0.8.3
[INFO] [stderr]    Compiling zerotrie v0.2.4
[INFO] [stderr]    Compiling icu_collections v2.2.0
[INFO] [stderr]    Compiling tokio v1.53.1
[INFO] [stderr]    Compiling icu_locale_core v2.2.0
[INFO] [stderr]    Compiling thiserror v2.0.20
[INFO] [stderr]    Compiling icu_provider v2.2.0
[INFO] [stderr]    Compiling icu_normalizer v2.2.0
[INFO] [stderr]    Compiling icu_properties v2.2.0
[INFO] [stderr]    Compiling idna_adapter v1.2.2
[INFO] [stderr]    Compiling idna v1.1.0
[INFO] [stderr]    Compiling url v2.5.8
[INFO] [stderr]    Compiling hyper v1.11.0
[INFO] [stderr]    Compiling tokio-rustls v0.26.4
[INFO] [stderr]    Compiling tower v0.5.3
[INFO] [stderr]    Compiling tokio-util v0.7.19
[INFO] [stderr]    Compiling tower-http v0.6.11
[INFO] [stderr]    Compiling hyper-util v0.1.20
[INFO] [stderr]    Compiling hyper-rustls v0.27.9
[INFO] [stderr]    Compiling reqwest v0.13.4
[INFO] [stderr]    Compiling ipp v7.0.0 (/opt/rustwide/workdir)
[INFO] [stderr]     Finished `release` profile [optimized] target(s) in 1m 12s
[INFO] running `Command { std: "docker" "inspect" "32789590b3409d27ae7d86ea03788df443c1fe1aa018ea196405adc0b45b30cf", kill_on_drop: false }`
[INFO] running `Command { std: "docker" "exec" "-e" "SOURCE_DIR=/opt/rustwide/workdir" "-e" "CARGO_HOME=/opt/rustwide/cargo-home" "-e" "RUSTUP_HOME=/opt/rustwide/rustup-home" "-e" "CARGO_TARGET_DIR=/opt/rustwide/target" "-e" "CARGO_INCREMENTAL=0" "-e" "RUST_BACKTRACE=full" "-e" "RUSTFLAGS=--cap-lints=warn" "-e" "RUSTDOCFLAGS=--cap-lints=warn" "-w" "/opt/rustwide/workdir" "--user" "0:0" "32789590b3409d27ae7d86ea03788df443c1fe1aa018ea196405adc0b45b30cf" "/opt/rustwide/cargo-home/bin/cargo" "+1.100.0-beta.1" "test" "--frozen" "--release", kill_on_drop: false }`
[INFO] [stderr]     Finished `release` profile [optimized] target(s) in 0.25s
[INFO] [stderr]      Running unittests src/lib.rs (/opt/rustwide/target/release/build/ipp/3cc3d87f7e65ef05/out/ipp-3cc3d87f7e65ef05)
[INFO] [stdout] 
[INFO] [stdout] running 37 tests
[INFO] [stdout] test client::tests::test_http_uri_no_change ... ok
[INFO] [stdout] test client::tests::test_ipp_uri_with_port ... ok
[INFO] [stdout] test client::tests::test_ipps_uri_no_port ... ok
[INFO] [stdout] test client::tests::test_ipps_uri_with_port ... ok
[INFO] [stdout] test client::tests::test_ipp_uri_no_port ... ok
[INFO] [stdout] test parser::tests::test_async_parse_collection ... ok
[INFO] [stdout] test parser::tests::test_async_parse_array ... ok
[INFO] [stdout] test model::test_version_display ... ok
[INFO] [stdout] test parser::tests::test_async_parse_single_value ... ok
[INFO] [stdout] test parser::tests::test_parse_collection ... ok
[INFO] [stdout] test parser::tests::test_parse_failed_for_invalid_value ... ok
[INFO] [stdout] test parser::tests::test_parse_groups ... ok
[INFO] [stdout] test parser::tests::test_async_parse_header_only ... ok
[INFO] [stdout] test parser::tests::test_parse_array ... ok
[INFO] [stdout] test parser::tests::test_async_parse_parts ... ok
[INFO] [stdout] test parser::tests::test_async_parse_no_attributes ... ok
[INFO] [stdout] test parser::tests::test_parse_header_only ... ok
[INFO] [stdout] test parser::tests::test_parse_single_value ... ok
[INFO] [stdout] test parser::tests::test_async_parse_with_payload ... ok
[INFO] [stdout] test reader::tests::test_async_read_header ... ok
[INFO] [stdout] test reader::tests::test_async_read_name ... ok
[INFO] [stdout] test reader::tests::test_async_read_value ... ok
[INFO] [stdout] test parser::tests::test_parse_no_attributes ... ok
[INFO] [stdout] test reader::tests::test_read_borrowed_value ... ok
[INFO] [stdout] test reader::tests::test_read_header ... ok
[INFO] [stdout] test value::tests::test_collection ... ok
[INFO] [stdout] test value::tests::test_truncated_bounded_string ... ok
[INFO] [stdout] test value::tests::test_value_iterator_multiple ... ok
[INFO] [stdout] test value::tests::test_value_iterator_single ... ok
[INFO] [stdout] test value::tests::test_array ... ok
[INFO] [stdout] test value::tests::test_value_single ... ok
[INFO] [stdout] test reader::tests::test_read_value ... ok
[INFO] [stdout] test parser::tests::test_parse_parts ... ok
[INFO] [stdout] test parser::tests::test_parser_with_payload ... ok
[INFO] [stderr]    Doc-tests ipp
[INFO] [stdout] test tests::test_header_to_bytes ... ok
[INFO] [stdout] test reader::tests::test_read_name ... ok
[INFO] [stdout] test util::tests::test_canonicalize_uri ... ok
[INFO] [stdout] 
[INFO] [stdout] test result: ok. 37 passed; 0 failed; 0 ignored; 0 measured; 0 filtered out; finished in 0.01s
[INFO] [stdout] 
[INFO] [stdout] 
[INFO] [stdout] running 3 tests
[INFO] [stdout] test src/lib.rs - (line 26) - compile ... ok
[INFO] [stdout] test src/lib.rs - (line 46) - compile ... FAILED
[INFO] [stdout] test src/attribute.rs - attribute::IppAttrWithName (line 438) ... ok
[INFO] [stdout] 
[INFO] [stdout] failures:
[INFO] [stdout] 
[INFO] [stdout] ---- src/lib.rs - (line 46) stdout ----
[INFO] [stdout] error[E0433]: cannot find type `IppClient` in this scope
[INFO] [stdout]   --> src/lib.rs:54:19
[INFO] [stdout]    |
[INFO] [stdout] 54 |      let client = IppClient::new(uri);
[INFO] [stdout]    |                   ^^^^^^^^^ use of undeclared type `IppClient`
[INFO] [stdout] 
[INFO] [stdout] error: aborting due to 1 previous error
[INFO] [stdout] 
[INFO] [stdout] For more information about this error, try `rustc --explain E0433`.
[INFO] [stdout] Couldn't compile the test.
[INFO] [stdout] 
[INFO] [stdout] failures:
[INFO] [stdout]     src/lib.rs - (line 46)
[INFO] [stdout] 
[INFO] [stdout] test result: FAILED. 2 passed; 1 failed; 0 ignored; 0 measured; 0 filtered out; finished in 0.52s
[INFO] [stdout] 
[INFO] [stdout] all doctests ran in 0.72s; merged doctests compilation took 0.20s
[INFO] [stderr] error: doctest failed, to rerun pass `--doc`
[INFO] running `Command { std: "docker" "inspect" "32789590b3409d27ae7d86ea03788df443c1fe1aa018ea196405adc0b45b30cf", kill_on_drop: false }`
[INFO] running `Command { std: "docker" "rm" "-f" "32789590b3409d27ae7d86ea03788df443c1fe1aa018ea196405adc0b45b30cf", kill_on_drop: false }`
[INFO] [stdout] 32789590b3409d27ae7d86ea03788df443c1fe1aa018ea196405adc0b45b30cf
