[INFO] fetching crate ion-core 0.11.0...
[INFO] testing ion-core-0.11.0 against 1.100.0-beta.1+cargoflags=--release for beta-release-1.100-2
[INFO] extracting crate ion-core 0.11.0 into /workspace/builds/worker-6-tc2/source
[INFO] started tweaking crates.io crate ion-core 0.11.0
[INFO] removed 0 missing examples
[INFO] removed 0 missing tests
[INFO] finished tweaking crates.io crate ion-core 0.11.0
[INFO] tweaked toml for crates.io crate ion-core 0.11.0 written to /workspace/builds/worker-6-tc2/source/Cargo.toml
[INFO] validating manifest of crates.io crate ion-core 0.11.0 on toolchain 1.100.0-beta.1
[INFO] running `Command { std: CARGO_HOME="/workspace/cargo-home" RUSTUP_HOME="/workspace/rustup-home" "/workspace/cargo-home/bin/cargo" "+1.100.0-beta.1" "metadata" "--manifest-path" "Cargo.toml" "--no-deps", kill_on_drop: false }`
[INFO] crate crates.io crate ion-core 0.11.0 already has a lockfile, it will not be regenerated
[INFO] running `Command { std: CARGO_HOME="/workspace/cargo-home" RUSTUP_HOME="/workspace/rustup-home" "/workspace/cargo-home/bin/cargo" "+1.100.0-beta.1" "fetch" "--manifest-path" "Cargo.toml", kill_on_drop: false }`
[INFO] running `Command { std: "docker" "create" "-v" "/var/lib/crater-agent-workspace/builds/worker-6-tc2/source:/opt/rustwide/workdir:ro,Z" "-v" "/var/lib/crater-agent-workspace/builds/worker-6-tc2/target:/opt/rustwide/target:rw,Z" "-v" "/var/lib/crater-agent-workspace/cargo-home:/opt/rustwide/cargo-home:ro,Z" "-v" "/var/lib/crater-agent-workspace/rustup-home:/opt/rustwide/rustup-home:ro,Z" "-m" "1610612736" "--network" "none" "ghcr.io/rust-lang/crates-build-env/linux@sha256:77db811e55d90add9212f6832c23229e3de5f1c1f9905e8cb07319ea15df73ac" "sleep" "infinity", kill_on_drop: false }`
[INFO] [stdout] 324ba3d93d5bc50e85d764a144d704006ad4bec2185e44f1dc0e2fd7629009c5
[INFO] running `Command { std: "docker" "start" "324ba3d93d5bc50e85d764a144d704006ad4bec2185e44f1dc0e2fd7629009c5", kill_on_drop: false }`
[INFO] running `Command { std: "docker" "inspect" "324ba3d93d5bc50e85d764a144d704006ad4bec2185e44f1dc0e2fd7629009c5", kill_on_drop: false }`
[INFO] running `Command { std: "docker" "exec" "-e" "SOURCE_DIR=/opt/rustwide/workdir" "-e" "CARGO_HOME=/opt/rustwide/cargo-home" "-e" "RUSTUP_HOME=/opt/rustwide/rustup-home" "-e" "CARGO_TARGET_DIR=/opt/rustwide/target" "-w" "/opt/rustwide/workdir" "--user" "0:0" "324ba3d93d5bc50e85d764a144d704006ad4bec2185e44f1dc0e2fd7629009c5" "/opt/rustwide/cargo-home/bin/cargo" "+1.100.0-beta.1" "metadata" "--no-deps" "--format-version=1", kill_on_drop: false }`
[INFO] running `Command { std: "docker" "inspect" "324ba3d93d5bc50e85d764a144d704006ad4bec2185e44f1dc0e2fd7629009c5", kill_on_drop: false }`
[INFO] running `Command { std: "docker" "exec" "-e" "SOURCE_DIR=/opt/rustwide/workdir" "-e" "CARGO_HOME=/opt/rustwide/cargo-home" "-e" "RUSTUP_HOME=/opt/rustwide/rustup-home" "-e" "CARGO_TARGET_DIR=/opt/rustwide/target" "-e" "CARGO_INCREMENTAL=0" "-e" "RUST_BACKTRACE=full" "-e" "RUSTFLAGS=--cap-lints=warn" "-e" "RUSTDOCFLAGS=--cap-lints=warn" "-w" "/opt/rustwide/workdir" "--user" "0:0" "324ba3d93d5bc50e85d764a144d704006ad4bec2185e44f1dc0e2fd7629009c5" "/opt/rustwide/cargo-home/bin/cargo" "+1.100.0-beta.1" "build" "--frozen" "--message-format=json" "--release", kill_on_drop: false }`
[INFO] [stderr]    Compiling object v0.37.3
[INFO] [stderr]    Compiling thiserror v2.0.19
[INFO] [stderr]    Compiling redacted-error v0.2.0
[INFO] [stderr]    Compiling stacker v0.1.24
[INFO] [stderr]    Compiling indexmap v2.14.0
[INFO] [stderr]    Compiling ion-derive v0.11.0
[INFO] [stderr]    Compiling ar_archive_writer v0.5.2
[INFO] [stderr]    Compiling psm v0.1.31
[INFO] [stderr]    Compiling ion-core v0.11.0 (/opt/rustwide/workdir)
[INFO] [stderr] warning: unused dependency `serde`
[INFO] [stderr]   --> Cargo.toml:30:15
[INFO] [stderr]    |
[INFO] [stderr] 30 | [dependencies.serde]
[INFO] [stderr]    |               ^^^^^^
[INFO] [stderr]    |
[INFO] [stderr]    = note: `cargo::unused_dependencies` is set to `warn` by default
[INFO] [stderr] help: consider removing the dependency on `serde`
[INFO] [stderr] warning: unused dependency `thiserror`
[INFO] [stderr]   --> Cargo.toml:41:15
[INFO] [stderr]    |
[INFO] [stderr] 41 | [dependencies.thiserror]
[INFO] [stderr]    |               ^^^^^^^^^^
[INFO] [stderr]    |
[INFO] [stderr] help: consider removing the dependency on `thiserror`
[INFO] [stderr] warning: `ion-core` (manifest) generated 2 warnings
[INFO] [stderr]     Finished `release` profile [optimized] target(s) in 22.78s
[INFO] running `Command { std: "docker" "inspect" "324ba3d93d5bc50e85d764a144d704006ad4bec2185e44f1dc0e2fd7629009c5", kill_on_drop: false }`
[INFO] running `Command { std: "docker" "exec" "-e" "SOURCE_DIR=/opt/rustwide/workdir" "-e" "CARGO_HOME=/opt/rustwide/cargo-home" "-e" "RUSTUP_HOME=/opt/rustwide/rustup-home" "-e" "CARGO_TARGET_DIR=/opt/rustwide/target" "-e" "CARGO_INCREMENTAL=0" "-e" "RUST_BACKTRACE=full" "-e" "RUSTFLAGS=--cap-lints=warn" "-e" "RUSTDOCFLAGS=--cap-lints=warn" "-w" "/opt/rustwide/workdir" "--user" "0:0" "324ba3d93d5bc50e85d764a144d704006ad4bec2185e44f1dc0e2fd7629009c5" "/opt/rustwide/cargo-home/bin/cargo" "+1.100.0-beta.1" "test" "--frozen" "--no-run" "--message-format=json" "--release", kill_on_drop: false }`
[INFO] [stderr]    Compiling zerocopy v0.8.55
[INFO] [stderr]    Compiling either v1.17.0
[INFO] [stderr]    Compiling zerocopy-derive v0.8.55
[INFO] [stderr]    Compiling clap_builder v4.6.2
[INFO] [stderr]    Compiling regex-automata v0.4.16
[INFO] [stderr]    Compiling thiserror-impl v2.0.19
[INFO] [stderr]    Compiling tokio-macros v2.7.2
[INFO] [stderr]    Compiling serde v1.0.229
[INFO] [stderr]    Compiling indexmap v2.14.0
[INFO] [stderr]    Compiling itertools v0.10.5
[INFO] [stderr]    Compiling rayon v1.12.0
[INFO] [stderr]    Compiling tokio v1.53.1
[INFO] [stderr]    Compiling tinytemplate v1.2.1
[INFO] [stderr]    Compiling thiserror v2.0.19
[INFO] [stderr]    Compiling ion-core v0.11.0 (/opt/rustwide/workdir)
[INFO] [stderr]    Compiling criterion-plot v0.5.0
[INFO] [stderr]    Compiling regex v1.13.1
[INFO] [stderr]    Compiling clap v4.6.4
[INFO] [stderr]    Compiling half v2.7.1
[INFO] [stderr]    Compiling ciborium-ll v0.2.2
[INFO] [stderr]    Compiling ciborium v0.2.2
[INFO] [stderr]    Compiling criterion v0.5.1
[INFO] [stderr] warning: unused dependency `serde`
[INFO] [stderr]   --> Cargo.toml:30:15
[INFO] [stderr]    |
[INFO] [stderr] 30 | [dependencies.serde]
[INFO] [stderr]    |               ^^^^^^
[INFO] [stderr]    |
[INFO] [stderr]    = note: `cargo::unused_dependencies` is set to `warn` by default
[INFO] [stderr] help: consider removing the dependency on `serde`
[INFO] [stderr] warning: unused dependency `thiserror`
[INFO] [stderr]   --> Cargo.toml:41:15
[INFO] [stderr]    |
[INFO] [stderr] 41 | [dependencies.thiserror]
[INFO] [stderr]    |               ^^^^^^^^^^
[INFO] [stderr]    |
[INFO] [stderr] help: consider removing the dependency on `thiserror`
[INFO] [stderr] warning: `ion-core` (manifest) generated 2 warnings
[INFO] [stderr]     Finished `release` profile [optimized] target(s) in 1m 12s
[INFO] running `Command { std: "docker" "inspect" "324ba3d93d5bc50e85d764a144d704006ad4bec2185e44f1dc0e2fd7629009c5", kill_on_drop: false }`
[INFO] running `Command { std: "docker" "exec" "-e" "SOURCE_DIR=/opt/rustwide/workdir" "-e" "CARGO_HOME=/opt/rustwide/cargo-home" "-e" "RUSTUP_HOME=/opt/rustwide/rustup-home" "-e" "CARGO_TARGET_DIR=/opt/rustwide/target" "-e" "CARGO_INCREMENTAL=0" "-e" "RUST_BACKTRACE=full" "-e" "RUSTFLAGS=--cap-lints=warn" "-e" "RUSTDOCFLAGS=--cap-lints=warn" "-w" "/opt/rustwide/workdir" "--user" "0:0" "324ba3d93d5bc50e85d764a144d704006ad4bec2185e44f1dc0e2fd7629009c5" "/opt/rustwide/cargo-home/bin/cargo" "+1.100.0-beta.1" "test" "--frozen" "--release", kill_on_drop: false }`
[INFO] [stderr] warning: unused dependency `serde`
[INFO] [stderr]   --> Cargo.toml:30:15
[INFO] [stderr]    |
[INFO] [stderr] 30 | [dependencies.serde]
[INFO] [stderr]    |               ^^^^^^
[INFO] [stderr]    |
[INFO] [stderr]    = note: `cargo::unused_dependencies` is set to `warn` by default
[INFO] [stderr] help: consider removing the dependency on `serde`
[INFO] [stderr] warning: unused dependency `thiserror`
[INFO] [stderr]   --> Cargo.toml:41:15
[INFO] [stderr]    |
[INFO] [stderr] 41 | [dependencies.thiserror]
[INFO] [stderr]    |               ^^^^^^^^^^
[INFO] [stderr]    |
[INFO] [stderr] help: consider removing the dependency on `thiserror`
[INFO] [stderr] warning: `ion-core` (manifest) generated 2 warnings
[INFO] [stderr]     Finished `release` profile [optimized] target(s) in 0.19s
[INFO] [stderr]      Running unittests src/lib.rs (/opt/rustwide/target/release/build/ion-core/13ef61be79376efa/out/ion_core-13ef61be79376efa)
[INFO] [stdout] 
[INFO] [stdout] running 29 tests
[INFO] [stdout] test lexer::tests::test_float ... ok
[INFO] [stdout] test lexer::tests::test_fstring ... ok
[INFO] [stdout] test lexer::tests::test_basic_tokens ... ok
[INFO] [stdout] test log::tests::atomic_round_trip ... ok
[INFO] [stdout] test log::tests::level_ordering ... ok
[INFO] [stdout] test log::tests::parse_level ... ok
[INFO] [stdout] test hash::tests::h_macro_matches_const_fn ... ok
[INFO] [stdout] test hash::tests::qh_matches_mix ... ok
[INFO] [stdout] test hash::tests::mix_is_order_sensitive ... ok
[INFO] [stdout] test hash::tests::distinct_inputs_distinct_hashes ... ok
[INFO] [stdout] test lexer::tests::test_comments ... ok
[INFO] [stdout] test parser::tests::test_let_mut ... ok
[INFO] [stdout] test parser::tests::test_for_loop ... ok
[INFO] [stdout] test parser::tests::test_if_expr ... ok
[INFO] [stdout] test parser::tests::test_fn_decl ... ok
[INFO] [stdout] test parser::tests::test_let_stmt ... ok
[INFO] [stdout] test parser::tests::test_lambda ... ok
[INFO] [stdout] test hash::tests::fnv1a_matches_known_vectors ... ok
[INFO] [stdout] test names::tests::register_and_lookup_roundtrip ... ok
[INFO] [stdout] test parser::tests::test_dict ... ok
[INFO] [stdout] test stdlib_docs_tests::embedded_manifest_is_valid_v2_json ... ok
[INFO] [stdout] test lexer::tests::test_hash_brace ... ok
[INFO] [stdout] test parser::tests::test_match_expr ... ok
[INFO] [stdout] test names::tests::dump_and_reload_via_json_sidecar ... ok
[INFO] [stdout] test lexer::tests::test_string ... ok
[INFO] [stdout] test names::tests::lookup_returns_none_for_unknown_hash ... ok
[INFO] [stdout] test names::tests::register_many_inserts_in_one_lock ... ok
[INFO] [stdout] test tests::ion_format_skips_argument_evaluation_in_release ... ok
[INFO] [stdout] test lexer::tests::test_operators ... ok
[INFO] [stdout] 
[INFO] [stdout] test result: ok. 29 passed; 0 failed; 0 ignored; 0 measured; 0 filtered out; finished in 0.01s
[INFO] [stdout] 
[INFO] [stderr]      Running tests/async_runtime.rs (/opt/rustwide/target/release/build/ion-core/74bbfb26e449745b/out/async_runtime-74bbfb26e449745b)
[INFO] [stdout] 
[INFO] [stderr]      Running tests/cross_validate.rs (/opt/rustwide/target/release/build/ion-core/2874b56492ab86a0/out/cross_validate-2874b56492ab86a0)
[INFO] [stdout] running 0 tests
[INFO] [stdout] 
[INFO] [stdout] test result: ok. 0 passed; 0 failed; 0 ignored; 0 measured; 0 filtered out; finished in 0.00s
[INFO] [stdout] 
[INFO] [stdout] 
[INFO] [stdout] running 245 tests
[INFO] [stdout] test cross_assignment_evaluates_left_to_right ... ok
[INFO] [stdout] test cross_assert_no_error ... ok
[INFO] [stdout] test cross_arithmetic ... ok
[INFO] [stdout] test cross_assert_eq_pass ... ok
[INFO] [stdout] test cross_break_continue_out_of_try_clears_handler ... FAILED
[INFO] [stdout] test cross_bool_literals ... ok
[INFO] [stdout] test cross_bytes_basic ... ok
[INFO] [stdout] test cross_accumulator_pattern ... ok
[INFO] [stdout] test cross_bitwise ... ok
[INFO] [stdout] test cross_call_spreads_and_argument_errors ... ok
[INFO] [stdout] test cross_cell_type_of ... FAILED
[INFO] [stdout] test cross_call_depth_limit_is_enforced ... FAILED
[INFO] [stdout] test cross_clamp ... ok
[INFO] [stdout] test cross_block_with_trailing_semicolon_is_unit ... ok
[INFO] [stdout] test cross_complex_match ... ok
[INFO] [stdout] test cross_closure_returning_closure ... ok
[INFO] [stdout] test cross_cell_shared_closures ... ok
[INFO] [stdout] test cross_dict_assign ... ok
[INFO] [stdout] test cross_compound_assign ... ok
[INFO] [stdout] test cross_closure_captures_loop_var ... ok
[INFO] [stdout] test cross_cell_update ... ok
[INFO] [stdout] test cross_dict ... ok
[INFO] [stdout] test cross_cell_update_returns_value ... ok
[INFO] [stdout] test cross_dict_get ... ok
[INFO] [stdout] test cross_comparison ... ok
[INFO] [stdout] test cross_dict_keys_must_be_strings ... FAILED
[INFO] [stdout] test cross_cell_accumulator ... ok
[INFO] [stdout] test cross_cell_basic ... ok
[INFO] [stdout] test cross_dict_update ... ok
[INFO] [stdout] test cross_cell_factory ... ok
[INFO] [stdout] test cross_cell_counter_closure ... ok
[INFO] [stdout] test cross_dict_keys_values ... ok
[INFO] [stdout] test cross_dict_methods ... ok
[INFO] [stdout] test cross_dict_zip ... ok
[INFO] [stdout] test cross_enumerate_list ... ok
[INFO] [stdout] test cross_early_return ... ok
[INFO] [stdout] test cross_enumerate_string ... ok
[INFO] [stdout] test cross_double_not_coerces_to_bool ... ok
[INFO] [stdout] test cross_field_access ... ok
[INFO] [stdout] test cross_dict_keys_of ... ok
[INFO] [stdout] test cross_failed_shape_patterns_leave_no_junk ... ok
[INFO] [stdout] test cross_dict_map ... ok
[INFO] [stdout] test cross_dict_shorthand_keys ... ok
[INFO] [stdout] test cross_fibonacci ... ok
[INFO] [stdout] test cross_double_negation_still_checks_overflow ... FAILED
[INFO] [stdout] test cross_filtered_comprehension ... ok
[INFO] [stdout] test cross_closures_capture_loop_values ... ok
[INFO] [stdout] test cross_dict_comprehension_key_is_an_expression ... ok
[INFO] [stdout] test cross_dict_entries ... ok
[INFO] [stdout] test cross_dict_comprehension ... FAILED
[INFO] [stdout] test cross_fn_default_params ... ok
[INFO] [stdout] test cross_float_literals ... ok
[INFO] [stdout] test cross_fn_default_uses_prior_param ... ok
[INFO] [stdout] test cross_fn_missing_required_arg_errors ... ok
[INFO] [stdout] test cross_float_modulo ... ok
[INFO] [stdout] test cross_fn_recursive ... ok
[INFO] [stdout] test cross_for_in_enumerate_destructure ... ok
[INFO] [stdout] test cross_for_in_tuple_destructure ... ok
[INFO] [stdout] test cross_for_break ... ok
[INFO] [stdout] test cross_fn_default_uses_outer_binding ... ok
[INFO] [stdout] test cross_fstring ... ok
[INFO] [stdout] test cross_flat_map ... ok
[INFO] [stdout] test cross_fn_named_default_uses_outer_binding ... ok
[INFO] [stdout] test cross_fn_basic ... ok
[INFO] [stdout] test cross_functions_are_lexically_scoped ... FAILED
[INFO] [stdout] test cross_functional_pipeline ... ok
[INFO] [stdout] test cross_for_loop ... ok
[INFO] [stdout] test cross_glob_import_of_stdlib_module ... ok
[INFO] [stdout] test cross_int_to_float ... ok
[INFO] [stdout] test cross_int_float_comparison_is_exact ... ok
[INFO] [stdout] test cross_int_literals ... ok
[INFO] [stdout] test cross_i64_min_literal ... ok
[INFO] [stdout] test cross_join_builtin ... ok
[INFO] [stdout] test cross_huge_string_repeat_errors ... FAILED
[INFO] [stdout] test cross_if_chain ... ok
[INFO] [stdout] test cross_json_encode_decode ... ok
[INFO] [stdout] test cross_let_bindings ... ok
[INFO] [stdout] test cross_json_encode_self_referential_cell ... FAILED
[INFO] [stdout] test cross_if_else ... ok
[INFO] [stdout] test cross_let_destructure_tuple ... ok
[INFO] [stdout] test cross_let_destructure_list ... ok
[INFO] [stdout] test cross_if_let ... ok
[INFO] [stdout] test cross_index ... ok
[INFO] [stdout] test cross_lambda ... ok
[INFO] [stdout] test cross_list_chunk ... ok
[INFO] [stdout] test cross_block_scope ... ok
[INFO] [stdout] test cross_json_decode_depth_limited ... FAILED
[INFO] [stdout] test cross_closure ... ok
[INFO] [stdout] test cross_dict_filter ... ok
[INFO] [stdout] test cross_for_continue ... ok
[INFO] [stdout] test cross_list_concatenation ... ok
[INFO] [stdout] test cross_list_closure_methods ... ok
[INFO] [stdout] test cross_list_find ... ok
[INFO] [stdout] test cross_list ... ok
[INFO] [stdout] test cross_list_count ... ok
[INFO] [stdout] test cross_list_assign ... ok
[INFO] [stdout] test cross_list_first_last ... ok
[INFO] [stdout] test cross_list_pop ... ok
[INFO] [stdout] test cross_list_comprehension ... ok
[INFO] [stdout] test cross_list_dedup ... ok
[INFO] [stdout] test cross_list_flatten_zip ... ok
[INFO] [stdout] test cross_list_enumerate ... ok
[INFO] [stdout] test cross_list_index ... ok
[INFO] [stdout] test cross_list_max ... ok
[INFO] [stdout] test cross_list_negative_index ... ok
[INFO] [stdout] test cross_list_push ... ok
[INFO] [stdout] test cross_list_methods ... ok
[INFO] [stdout] test cross_list_min ... ok
[INFO] [stdout] test cross_list_slice ... ok
[INFO] [stdout] test cross_list_reduce ... ok
[INFO] [stdout] test cross_match_non_exhaustive ... ok
[INFO] [stdout] test cross_list_unique ... ok
[INFO] [stdout] test cross_match_bool ... ok
[INFO] [stdout] test cross_map_filter ... ok
[INFO] [stdout] test cross_list_sum ... ok
[INFO] [stdout] test cross_list_window ... ok
[INFO] [stdout] test cross_match_literal ... ok
[INFO] [stdout] test cross_match_guards_see_pattern_bindings ... ok
[INFO] [stdout] test cross_match_option ... ok
[INFO] [stdout] test cross_match_list ... ok
[INFO] [stdout] test cross_loop_as_expr ... ok
[INFO] [stdout] test cross_logical_operators_yield_bool ... ok
[INFO] [stdout] test cross_logic ... ok
[INFO] [stdout] test cross_match_in_function ... ok
[INFO] [stdout] test cross_list_spread ... ok
[INFO] [stdout] test cross_match_string ... ok
[INFO] [stdout] test cross_list_sum_overflow_errors ... FAILED
[INFO] [stdout] test cross_match_tuple ... ok
[INFO] [stdout] test cross_math_constants ... ok
[INFO] [stdout] test cross_math_abs_min_int_overflows ... FAILED
[INFO] [stdout] test cross_math_pow_overflow_and_huge_exponent ... FAILED
[INFO] [stdout] test cross_math_builtins ... ok
[INFO] [stdout] test cross_match_result ... ok
[INFO] [stdout] test cross_math_module ... ok
[INFO] [stdout] test cross_math_unary_arity_errors ... FAILED
[INFO] [stdout] test cross_multiline_lambda ... ok
[INFO] [stdout] test cross_method_call_spreads_and_keyword_errors ... ok
[INFO] [stdout] test cross_method_missing_argument_errors ... ok
[INFO] [stdout] test cross_named_args ... ok
[INFO] [stdout] test cross_named_entry_preserves_tail_calls ... ok
[INFO] [stdout] test cross_nan_is_unordered ... ok
[INFO] [stdout] test cross_negative_literals_in_patterns ... ok
[INFO] [stdout] test cross_nested_closures ... ok
[INFO] [stdout] test cross_named_args_with_default ... ok
[INFO] [stdout] test cross_match_nested_option ... ok
[INFO] [stdout] test cross_nested_list_index ... ok
[INFO] [stdout] test cross_nested_loops ... ok
[INFO] [stdout] test cross_option_is_some_none ... ok
[INFO] [stdout] test cross_pipe_chain ... ok
[INFO] [stdout] test cross_range ... ok
[INFO] [stdout] test cross_range_in_list ... ok
[INFO] [stdout] test cross_range_iteration ... ok
[INFO] [stdout] test cross_nested_match_in_loop ... ok
[INFO] [stdout] test cross_range_len_saturates_instead_of_overflowing ... ok
[INFO] [stdout] test cross_python_style_function_args ... ok
[INFO] [stdout] test cross_recursive_sum ... ok
[INFO] [stdout] test cross_option_methods ... ok
[INFO] [stdout] test cross_pipe_into_any_callable ... ok
[INFO] [stdout] test cross_pipe ... ok
[INFO] [stdout] test cross_range_inclusive_boundary ... ok
[INFO] [stdout] test cross_rand_module ... FAILED
[INFO] [stdout] test cross_result_methods ... ok
[INFO] [stdout] test cross_nested_dict_access ... ok
[INFO] [stdout] test cross_set_add_remove ... ok
[INFO] [stdout] test cross_operators_inside_index ... ok
[INFO] [stdout] test cross_result ... ok
[INFO] [stdout] test cross_option_map ... ok
[INFO] [stdout] test cross_set_difference ... ok
[INFO] [stdout] test cross_shift_left ... ok
[INFO] [stdout] test cross_set_add_duplicate ... ok
[INFO] [stdout] test cross_set_contains ... ok
[INFO] [stdout] test cross_set_intersection ... ok
[INFO] [stdout] test cross_result_is_ok_err ... ok
[INFO] [stdout] test cross_set_basic ... ok
[INFO] [stdout] test cross_sort_by ... ok
[INFO] [stdout] test cross_spread_multiple ... ok
[INFO] [stdout] test cross_sort_homogeneous ... ok
[INFO] [stdout] test cross_spread_empty ... ok
[INFO] [stdout] test cross_string_bytes ... ok
[INFO] [stdout] test cross_set_to_list ... ok
[INFO] [stdout] test cross_spread_with_elements ... ok
[INFO] [stdout] test cross_set_union ... ok
[INFO] [stdout] test cross_string_char_len ... ok
[INFO] [stdout] test cross_shift_out_of_range ... ok
[INFO] [stdout] test cross_string_contains_int ... ok
[INFO] [stdout] test cross_string_join ... ok
[INFO] [stdout] test cross_string_pad_start ... ok
[INFO] [stdout] test cross_string_slice ... ok
[INFO] [stdout] test cross_string_find ... ok
[INFO] [stdout] test cross_string_find_char_offset ... ok
[INFO] [stdout] test cross_string_chars ... ok
[INFO] [stdout] test cross_string_slice_unicode ... ok
[INFO] [stdout] test cross_string_strip_prefix ... ok
[INFO] [stdout] test cross_string_multiply ... ok
[INFO] [stdout] test cross_string_slice_char ... ok
[INFO] [stdout] test cross_string_split_replace ... ok
[INFO] [stdout] test cross_string_to_int ... ok
[INFO] [stdout] test cross_string_index ... ok
[INFO] [stdout] test cross_string_negative_index_unicode ... ok
[INFO] [stdout] test cross_string_strip_suffix ... ok
[INFO] [stdout] test cross_string_literals ... ok
[INFO] [stdout] test cross_result_map ... ok
[INFO] [stdout] test cross_string_to_int_builtin ... ok
[INFO] [stdout] test cross_set_is_empty ... ok
[INFO] [stdout] test cross_string_pad_end ... ok
[INFO] [stdout] test cross_string_methods ... ok
[INFO] [stdout] test cross_shift_right ... ok
[INFO] [stdout] test cross_string_module_method_aliases ... ok
[INFO] [stdout] test cross_triple_string ... ok
[INFO] [stdout] test cross_string_to_float ... ok
[INFO] [stdout] test cross_try_catch_as_expression ... ok
[INFO] [stdout] test cross_try_catch_with_error ... FAILED
[INFO] [stdout] test cross_tuple ... ok
[INFO] [stdout] test cross_tuple_field_access ... ok
[INFO] [stdout] test cross_to_string ... ok
[INFO] [stdout] test cross_try_catch_division_by_zero ... ok
[INFO] [stdout] test cross_type_ann_any ... ok
[INFO] [stdout] test cross_try_catch_no_error ... ok
[INFO] [stdout] test cross_tuple_methods ... ok
[INFO] [stdout] test cross_try_top_level ... FAILED
[INFO] [stdout] test cross_type_ann_dict ... ok
[INFO] [stdout] test cross_try_none_propagates ... ok
[INFO] [stdout] test cross_type_ann ... ok
[INFO] [stdout] test cross_type_ann_float ... ok
[INFO] [stdout] test cross_type_ann_generic_list ... ok
[INFO] [stdout] test cross_type_ann_fn ... ok
[INFO] [stdout] test cross_try_operator_passes_through_catch ... FAILED
[INFO] [stdout] test cross_unicode_escape ... ok
[INFO] [stdout] test cross_try_some ... ok
[INFO] [stdout] test cross_unit ... ok
[INFO] [stdout] test cross_type_ann_list ... ok
[INFO] [stdout] test cross_type_ann_mismatch ... FAILED
[INFO] [stdout] test cross_while_let ... ok
[INFO] [stdout] test cross_type_ann_option ... ok
[INFO] [stdout] test cross_type_ann_result ... ok
[INFO] [stdout] test cross_window ... ok
[INFO] [stdout] test cross_type_of ... FAILED
[INFO] [stdout] test cross_window_zero_error ... ok
[INFO] [stdout] test cross_unary ... ok
[INFO] [stdout] test cross_try_err_propagates ... ok
[INFO] [stdout] test cross_try_ok ... ok
[INFO] [stdout] test cross_value_nesting_is_capped ... FAILED
[INFO] [stdout] test cross_while_loop ... ok
[INFO] [stdout] test cross_recursion_reaches_documented_depth ... ok
[INFO] [stdout] test cross_option ... ok
[INFO] [stderr] error: test failed, to rerun pass `--test cross_validate`
[INFO] [stdout] 
[INFO] [stdout] failures:
[INFO] [stdout] 
[INFO] [stdout] ---- cross_break_continue_out_of_try_clears_handler stdout ----
[INFO] [stdout] 
[INFO] [stdout] thread 'cross_break_continue_out_of_try_clears_handler' (1299) panicked at tests/cross_validate.rs:2108:5:
[INFO] [stdout] tree-walk message "runtime error" lacks "division by zero" for: for i in [1, 2, 3] { try { continue; } catch e { } }
[INFO] [stdout]            1 / 0
[INFO] [stdout] stack backtrace:
[INFO] [stdout]    0:     0x629d66e79921 - <<std[617be2ca0a6fd877]::sys::backtrace::BacktraceLock>::print::DisplayBacktrace as core[a373ad73a504971]::fmt::Display>::fmt
[INFO] [stdout]    1:     0x629d66e90dca - core[a373ad73a504971]::fmt::write
[INFO] [stdout]    2:     0x629d66e7e09c - <alloc[2e1b2a31b91974c5]::vec::Vec<u8> as core[a373ad73a504971]::io::write::Write>::write_fmt
[INFO] [stdout]    3:     0x629d66e52726 - std[617be2ca0a6fd877]::panicking::default_hook::{closure#0}
[INFO] [stdout]    4:     0x629d66e6fc69 - std[617be2ca0a6fd877]::panicking::default_hook
[INFO] [stdout]    5:     0x629d66cf9790 - test[aada8e7e76ba119b]::test_main_inner::{closure#0}
[INFO] [stdout]    6:     0x629d66e6ff92 - std[617be2ca0a6fd877]::panicking::panic_with_hook
[INFO] [stdout]    7:     0x629d66e527d2 - std[617be2ca0a6fd877]::panicking::panic_handler::{closure#0}
[INFO] [stdout]    8:     0x629d66e4b139 - std[617be2ca0a6fd877]::sys::backtrace::__rust_end_short_backtrace::<std[617be2ca0a6fd877]::panicking::panic_handler::{closure#0}, !>
[INFO] [stdout]    9:     0x629d66e534cd - __rustc[ea4f61d10b84890b]::rust_begin_unwind
[INFO] [stdout]   10:     0x629d66e914fc - core[a373ad73a504971]::panicking::panic_fmt
[INFO] [stdout]   11:     0x629d66cc4e89 - cross_validate[3c3d5bb2c81d0a71]::assert_both_err
[INFO] [stdout]   12:     0x629d66cd48ad - <cross_validate[3c3d5bb2c81d0a71]::cross_break_continue_out_of_try_clears_handler::{closure#0} as core[a373ad73a504971]::ops::function::FnOnce<()>>::call_once
[INFO] [stdout]   13:     0x629d66cecbdb - test[aada8e7e76ba119b]::__rust_begin_short_backtrace::<core[a373ad73a504971]::result::Result<(), alloc[2e1b2a31b91974c5]::string::String>, fn() -> core[a373ad73a504971]::result::Result<(), alloc[2e1b2a31b91974c5]::string::String>>
[INFO] [stdout]   14:     0x629d66cf9db5 - test[aada8e7e76ba119b]::run_test::{closure#0}
[INFO] [stdout]   15:     0x629d66cf36a4 - std[617be2ca0a6fd877]::sys::backtrace::__rust_begin_short_backtrace::<test[aada8e7e76ba119b]::run_test::{closure#1}, ()>
[INFO] [stdout]   16:     0x629d66cfce42 - <std[617be2ca0a6fd877]::thread::lifecycle::spawn_unchecked<test[aada8e7e76ba119b]::run_test::{closure#1}, ()>::{closure#1} as core[a373ad73a504971]::ops::function::FnOnce<()>>::call_once::{shim:vtable#0}
[INFO] [stdout]   17:     0x629d66e7885f - <std[617be2ca0a6fd877]::sys::thread::unix::Thread>::new::thread_start
[INFO] [stdout]   18:     0x71edb9252dfa - <unknown>
[INFO] [stdout]   19:     0x71edb92e63d4 - clone
[INFO] [stdout]   20:                0x0 - <unknown>
[INFO] [stdout] 
[INFO] [stdout] ---- cross_cell_type_of stdout ----
[INFO] [stdout] 
[INFO] [stdout] thread 'cross_cell_type_of' (1308) panicked at tests/cross_validate.rs:45:5:
[INFO] [stdout] assertion `left == right` failed: tree-walk mismatch: type_of(cell(0))
[INFO] [stdout]   left: Str("value")
[INFO] [stdout]  right: Str("cell")
[INFO] [stdout] stack backtrace:
[INFO] [stdout]    0:     0x629d66e79921 - <<std[617be2ca0a6fd877]::sys::backtrace::BacktraceLock>::print::DisplayBacktrace as core[a373ad73a504971]::fmt::Display>::fmt
[INFO] [stdout]    1:     0x629d66e90dca - core[a373ad73a504971]::fmt::write
[INFO] [stdout]    2:     0x629d66e7e09c - <alloc[2e1b2a31b91974c5]::vec::Vec<u8> as core[a373ad73a504971]::io::write::Write>::write_fmt
[INFO] [stdout]    3:     0x629d66e52726 - std[617be2ca0a6fd877]::panicking::default_hook::{closure#0}
[INFO] [stdout]    4:     0x629d66e6fc69 - std[617be2ca0a6fd877]::panicking::default_hook
[INFO] [stdout]    5:     0x629d66cf9790 - test[aada8e7e76ba119b]::test_main_inner::{closure#0}
[INFO] [stdout]    6:     0x629d66e6ff92 - std[617be2ca0a6fd877]::panicking::panic_with_hook
[INFO] [stdout]    7:     0x629d66e527d2 - std[617be2ca0a6fd877]::panicking::panic_handler::{closure#0}
[INFO] [stdout]    8:     0x629d66e4b139 - std[617be2ca0a6fd877]::sys::backtrace::__rust_end_short_backtrace::<std[617be2ca0a6fd877]::panicking::panic_handler::{closure#0}, !>
[INFO] [stdout]    9:     0x629d66e534cd - __rustc[ea4f61d10b84890b]::rust_begin_unwind
[INFO] [stdout]   10:     0x629d66e914fc - core[a373ad73a504971]::panicking::panic_fmt
[INFO] [stdout]   11:     0x629d66e91473 - core[a373ad73a504971]::panicking::assert_failed_inner
[INFO] [stdout]   12:     0x629d66cebc9e - core[a373ad73a504971]::panicking::assert_failed::<ion_core[9c29b4463d8c9f82]::value::Value, ion_core[9c29b4463d8c9f82]::value::Value>
[INFO] [stdout]   13:     0x629d66cc4978 - cross_validate[3c3d5bb2c81d0a71]::assert_both_eq
[INFO] [stdout]   14:     0x629d66ccab45 - <cross_validate[3c3d5bb2c81d0a71]::cross_cell_type_of::{closure#0} as core[a373ad73a504971]::ops::function::FnOnce<()>>::call_once
[INFO] [stdout]   15:     0x629d66cecbdb - test[aada8e7e76ba119b]::__rust_begin_short_backtrace::<core[a373ad73a504971]::result::Result<(), alloc[2e1b2a31b91974c5]::string::String>, fn() -> core[a373ad73a504971]::result::Result<(), alloc[2e1b2a31b91974c5]::string::String>>
[INFO] [stdout]   16:     0x629d66cf9db5 - test[aada8e7e76ba119b]::run_test::{closure#0}
[INFO] [stdout]   17:     0x629d66cf36a4 - std[617be2ca0a6fd877]::sys::backtrace::__rust_begin_short_backtrace::<test[aada8e7e76ba119b]::run_test::{closure#1}, ()>
[INFO] [stdout]   18:     0x629d66cfce42 - <std[617be2ca0a6fd877]::thread::lifecycle::spawn_unchecked<test[aada8e7e76ba119b]::run_test::{closure#1}, ()>::{closure#1} as core[a373ad73a504971]::ops::function::FnOnce<()>>::call_once::{shim:vtable#0}
[INFO] [stdout]   19:     0x629d66e7885f - <std[617be2ca0a6fd877]::sys::thread::unix::Thread>::new::thread_start
[INFO] [stdout]   20:     0x71edb9252dfa - <unknown>
[INFO] [stdout]   21:     0x71edb92e63d4 - clone
[INFO] [stdout]   22:                0x0 - <unknown>
[INFO] [stdout] 
[INFO] [stdout] ---- cross_call_depth_limit_is_enforced stdout ----
[INFO] [stdout] 
[INFO] [stdout] thread 'cross_call_depth_limit_is_enforced' (1301) panicked at tests/cross_validate.rs:2368:9:
[INFO] [stdout] got: runtime error
[INFO] [stdout] stack backtrace:
[INFO] [stdout]    0:     0x629d66e79921 - <<std[617be2ca0a6fd877]::sys::backtrace::BacktraceLock>::print::DisplayBacktrace as core[a373ad73a504971]::fmt::Display>::fmt
[INFO] [stdout]    1:     0x629d66e90dca - core[a373ad73a504971]::fmt::write
[INFO] [stdout]    2:     0x629d66e7e09c - <alloc[2e1b2a31b91974c5]::vec::Vec<u8> as core[a373ad73a504971]::io::write::Write>::write_fmt
[INFO] [stdout]    3:     0x629d66e52726 - std[617be2ca0a6fd877]::panicking::default_hook::{closure#0}
[INFO] [stdout]    4:     0x629d66e6fc69 - std[617be2ca0a6fd877]::panicking::default_hook
[INFO] [stdout]    5:     0x629d66cf9790 - test[aada8e7e76ba119b]::test_main_inner::{closure#0}
[INFO] [stdout]    6:     0x629d66e6ff92 - std[617be2ca0a6fd877]::panicking::panic_with_hook
[INFO] [stdout]    7:     0x629d66e527d2 - std[617be2ca0a6fd877]::panicking::panic_handler::{closure#0}
[INFO] [stdout]    8:     0x629d66e4b139 - std[617be2ca0a6fd877]::sys::backtrace::__rust_end_short_backtrace::<std[617be2ca0a6fd877]::panicking::panic_handler::{closure#0}, !>
[INFO] [stdout]    9:     0x629d66e534cd - __rustc[ea4f61d10b84890b]::rust_begin_unwind
[INFO] [stdout]   10:     0x629d66e914fc - core[a373ad73a504971]::panicking::panic_fmt
[INFO] [stdout]   11:     0x629d66cd2216 - <cross_validate[3c3d5bb2c81d0a71]::cross_call_depth_limit_is_enforced::{closure#0} as core[a373ad73a504971]::ops::function::FnOnce<()>>::call_once
[INFO] [stdout]   12:     0x629d66cecbdb - test[aada8e7e76ba119b]::__rust_begin_short_backtrace::<core[a373ad73a504971]::result::Result<(), alloc[2e1b2a31b91974c5]::string::String>, fn() -> core[a373ad73a504971]::result::Result<(), alloc[2e1b2a31b91974c5]::string::String>>
[INFO] [stdout]   13:     0x629d66cf9db5 - test[aada8e7e76ba119b]::run_test::{closure#0}
[INFO] [stdout]   14:     0x629d66cf36a4 - std[617be2ca0a6fd877]::sys::backtrace::__rust_begin_short_backtrace::<test[aada8e7e76ba119b]::run_test::{closure#1}, ()>
[INFO] [stdout]   15:     0x629d66cfce42 - <std[617be2ca0a6fd877]::thread::lifecycle::spawn_unchecked<test[aada8e7e76ba119b]::run_test::{closure#1}, ()>::{closure#1} as core[a373ad73a504971]::ops::function::FnOnce<()>>::call_once::{shim:vtable#0}
[INFO] [stdout]   16:     0x629d66e7885f - <std[617be2ca0a6fd877]::sys::thread::unix::Thread>::new::thread_start
[INFO] [stdout]   17:     0x71edb9252dfa - <unknown>
[INFO] [stdout]   18:     0x71edb92e63d4 - clone
[INFO] [stdout]   19:                0x0 - <unknown>
[INFO] [stdout] 
[INFO] [stdout] ---- cross_dict_keys_must_be_strings stdout ----
[INFO] [stdout] 
[INFO] [stdout] thread 'cross_dict_keys_must_be_strings' (1326) panicked at tests/cross_validate.rs:2108:5:
[INFO] [stdout] tree-walk message "type error" lacks "dict keys must be strings" for: #{1: "a"}
[INFO] [stdout] stack backtrace:
[INFO] [stdout]    0:     0x629d66e79921 - <<std[617be2ca0a6fd877]::sys::backtrace::BacktraceLock>::print::DisplayBacktrace as core[a373ad73a504971]::fmt::Display>::fmt
[INFO] [stdout]    1:     0x629d66e90dca - core[a373ad73a504971]::fmt::write
[INFO] [stdout]    2:     0x629d66e7e09c - <alloc[2e1b2a31b91974c5]::vec::Vec<u8> as core[a373ad73a504971]::io::write::Write>::write_fmt
[INFO] [stdout]    3:     0x629d66e52726 - std[617be2ca0a6fd877]::panicking::default_hook::{closure#0}
[INFO] [stdout]    4:     0x629d66e6fc69 - std[617be2ca0a6fd877]::panicking::default_hook
[INFO] [stdout]    5:     0x629d66cf9790 - test[aada8e7e76ba119b]::test_main_inner::{closure#0}
[INFO] [stdout]    6:     0x629d66e6ff92 - std[617be2ca0a6fd877]::panicking::panic_with_hook
[INFO] [stdout]    7:     0x629d66e527d2 - std[617be2ca0a6fd877]::panicking::panic_handler::{closure#0}
[INFO] [stdout]    8:     0x629d66e4b139 - std[617be2ca0a6fd877]::sys::backtrace::__rust_end_short_backtrace::<std[617be2ca0a6fd877]::panicking::panic_handler::{closure#0}, !>
[INFO] [stdout]    9:     0x629d66e534cd - __rustc[ea4f61d10b84890b]::rust_begin_unwind
[INFO] [stdout]   10:     0x629d66e914fc - core[a373ad73a504971]::panicking::panic_fmt
[INFO] [stdout]   11:     0x629d66cc4e89 - cross_validate[3c3d5bb2c81d0a71]::assert_both_err
[INFO] [stdout]   12:     0x629d66cd19a8 - <cross_validate[3c3d5bb2c81d0a71]::cross_dict_keys_must_be_strings::{closure#0} as core[a373ad73a504971]::ops::function::FnOnce<()>>::call_once
[INFO] [stdout]   13:     0x629d66cecbdb - test[aada8e7e76ba119b]::__rust_begin_short_backtrace::<core[a373ad73a504971]::result::Result<(), alloc[2e1b2a31b91974c5]::string::String>, fn() -> core[a373ad73a504971]::result::Result<(), alloc[2e1b2a31b91974c5]::string::String>>
[INFO] [stdout]   14:     0x629d66cf9db5 - test[aada8e7e76ba119b]::run_test::{closure#0}
[INFO] [stdout]   15:     0x629d66cf36a4 - std[617be2ca0a6fd877]::sys::backtrace::__rust_begin_short_backtrace::<test[aada8e7e76ba119b]::run_test::{closure#1}, ()>
[INFO] [stdout]   16:     0x629d66cfce42 - <std[617be2ca0a6fd877]::thread::lifecycle::spawn_unchecked<test[aada8e7e76ba119b]::run_test::{closure#1}, ()>::{closure#1} as core[a373ad73a504971]::ops::function::FnOnce<()>>::call_once::{shim:vtable#0}
[INFO] [stdout]   17:     0x629d66e7885f - <std[617be2ca0a6fd877]::sys::thread::unix::Thread>::new::thread_start
[INFO] [stdout]   18:     0x71edb9252dfa - <unknown>
[INFO] [stdout]   19:     0x71edb92e63d4 - clone
[INFO] [stdout]   20:                0x0 - <unknown>
[INFO] [stdout] 
[INFO] [stdout] ---- cross_double_negation_still_checks_overflow stdout ----
[INFO] [stdout] 
[INFO] [stdout] thread 'cross_double_negation_still_checks_overflow' (1334) panicked at tests/cross_validate.rs:2108:5:
[INFO] [stdout] tree-walk message "runtime error" lacks "integer overflow" for: -(-(-9223372036854775807 - 1))
[INFO] [stdout] stack backtrace:
[INFO] [stdout]    0:     0x629d66e79921 - <<std[617be2ca0a6fd877]::sys::backtrace::BacktraceLock>::print::DisplayBacktrace as core[a373ad73a504971]::fmt::Display>::fmt
[INFO] [stdout]    1:     0x629d66e90dca - core[a373ad73a504971]::fmt::write
[INFO] [stdout]    2:     0x629d66e7e09c - <alloc[2e1b2a31b91974c5]::vec::Vec<u8> as core[a373ad73a504971]::io::write::Write>::write_fmt
[INFO] [stdout]    3:     0x629d66e52726 - std[617be2ca0a6fd877]::panicking::default_hook::{closure#0}
[INFO] [stdout]    4:     0x629d66e6fc69 - std[617be2ca0a6fd877]::panicking::default_hook
[INFO] [stdout]    5:     0x629d66cf9790 - test[aada8e7e76ba119b]::test_main_inner::{closure#0}
[INFO] [stdout]    6:     0x629d66e6ff92 - std[617be2ca0a6fd877]::panicking::panic_with_hook
[INFO] [stdout]    7:     0x629d66e527d2 - std[617be2ca0a6fd877]::panicking::panic_handler::{closure#0}
[INFO] [stdout]    8:     0x629d66e4b139 - std[617be2ca0a6fd877]::sys::backtrace::__rust_end_short_backtrace::<std[617be2ca0a6fd877]::panicking::panic_handler::{closure#0}, !>
[INFO] [stdout]    9:     0x629d66e534cd - __rustc[ea4f61d10b84890b]::rust_begin_unwind
[INFO] [stdout]   10:     0x629d66e914fc - core[a373ad73a504971]::panicking::panic_fmt
[INFO] [stdout]   11:     0x629d66cc4e89 - cross_validate[3c3d5bb2c81d0a71]::assert_both_err
[INFO] [stdout]   12:     0x629d66cd4728 - <cross_validate[3c3d5bb2c81d0a71]::cross_double_negation_still_checks_overflow::{closure#0} as core[a373ad73a504971]::ops::function::FnOnce<()>>::call_once
[INFO] [stdout]   13:     0x629d66cecbdb - test[aada8e7e76ba119b]::__rust_begin_short_backtrace::<core[a373ad73a504971]::result::Result<(), alloc[2e1b2a31b91974c5]::string::String>, fn() -> core[a373ad73a504971]::result::Result<(), alloc[2e1b2a31b91974c5]::string::String>>
[INFO] [stdout]   14:     0x629d66cf9db5 - test[aada8e7e76ba119b]::run_test::{closure#0}
[INFO] [stdout]   15:     0x629d66cf36a4 - std[617be2ca0a6fd877]::sys::backtrace::__rust_begin_short_backtrace::<test[aada8e7e76ba119b]::run_test::{closure#1}, ()>
[INFO] [stdout]   16:     0x629d66cfce42 - <std[617be2ca0a6fd877]::thread::lifecycle::spawn_unchecked<test[aada8e7e76ba119b]::run_test::{closure#1}, ()>::{closure#1} as core[a373ad73a504971]::ops::function::FnOnce<()>>::call_once::{shim:vtable#0}
[INFO] [stdout]   17:     0x629d66e7885f - <std[617be2ca0a6fd877]::sys::thread::unix::Thread>::new::thread_start
[INFO] [stdout]   18:     0x71edb9252dfa - <unknown>
[INFO] [stdout]   19:     0x71edb92e63d4 - clone
[INFO] [stdout]   20:                0x0 - <unknown>
[INFO] [stdout] 
[INFO] [stdout] ---- cross_dict_comprehension stdout ----
[INFO] [stdout] 
[INFO] [stdout] thread 'cross_dict_comprehension' (1321) panicked at tests/cross_validate.rs:2108:5:
[INFO] [stdout] tree-walk message "type error" lacks "must be strings" for: #{x: x * x for x in [1, 2, 3]}
[INFO] [stdout] stack backtrace:
[INFO] [stdout]    0:     0x629d66e79921 - <<std[617be2ca0a6fd877]::sys::backtrace::BacktraceLock>::print::DisplayBacktrace as core[a373ad73a504971]::fmt::Display>::fmt
[INFO] [stdout]    1:     0x629d66e90dca - core[a373ad73a504971]::fmt::write
[INFO] [stdout]    2:     0x629d66e7e09c - <alloc[2e1b2a31b91974c5]::vec::Vec<u8> as core[a373ad73a504971]::io::write::Write>::write_fmt
[INFO] [stdout]    3:     0x629d66e52726 - std[617be2ca0a6fd877]::panicking::default_hook::{closure#0}
[INFO] [stdout]    4:     0x629d66e6fc69 - std[617be2ca0a6fd877]::panicking::default_hook
[INFO] [stdout]    5:     0x629d66cf9790 - test[aada8e7e76ba119b]::test_main_inner::{closure#0}
[INFO] [stdout]    6:     0x629d66e6ff92 - std[617be2ca0a6fd877]::panicking::panic_with_hook
[INFO] [stdout]    7:     0x629d66e527d2 - std[617be2ca0a6fd877]::panicking::panic_handler::{closure#0}
[INFO] [stdout]    8:     0x629d66e4b139 - std[617be2ca0a6fd877]::sys::backtrace::__rust_end_short_backtrace::<std[617be2ca0a6fd877]::panicking::panic_handler::{closure#0}, !>
[INFO] [stdout]    9:     0x629d66e534cd - __rustc[ea4f61d10b84890b]::rust_begin_unwind
[INFO] [stdout]   10:     0x629d66e914fc - core[a373ad73a504971]::panicking::panic_fmt
[INFO] [stdout]   11:     0x629d66cc4e89 - cross_validate[3c3d5bb2c81d0a71]::assert_both_err
[INFO] [stdout]   12:     0x629d66ccf2f9 - <cross_validate[3c3d5bb2c81d0a71]::cross_dict_comprehension::{closure#0} as core[a373ad73a504971]::ops::function::FnOnce<()>>::call_once
[INFO] [stdout]   13:     0x629d66cecbdb - test[aada8e7e76ba119b]::__rust_begin_short_backtrace::<core[a373ad73a504971]::result::Result<(), alloc[2e1b2a31b91974c5]::string::String>, fn() -> core[a373ad73a504971]::result::Result<(), alloc[2e1b2a31b91974c5]::string::String>>
[INFO] [stdout]   14:     0x629d66cf9db5 - test[aada8e7e76ba119b]::run_test::{closure#0}
[INFO] [stdout]   15:     0x629d66cf36a4 - std[617be2ca0a6fd877]::sys::backtrace::__rust_begin_short_backtrace::<test[aada8e7e76ba119b]::run_test::{closure#1}, ()>
[INFO] [stdout]   16:     0x629d66cfce42 - <std[617be2ca0a6fd877]::thread::lifecycle::spawn_unchecked<test[aada8e7e76ba119b]::run_test::{closure#1}, ()>::{closure#1} as core[a373ad73a504971]::ops::function::FnOnce<()>>::call_once::{shim:vtable#0}
[INFO] [stdout]   17:     0x629d66e7885f - <std[617be2ca0a6fd877]::sys::thread::unix::Thread>::new::thread_start
[INFO] [stdout]   18:     0x71edb9252dfa - <unknown>
[INFO] [stdout]   19:     0x71edb92e63d4 - clone
[INFO] [stdout]   20:                0x0 - <unknown>
[INFO] [stdout] 
[INFO] [stdout] ---- cross_functions_are_lexically_scoped stdout ----
[INFO] [stdout] 
[INFO] [stdout] thread 'cross_functions_are_lexically_scoped' (1360) panicked at tests/cross_validate.rs:2108:5:
[INFO] [stdout] tree-walk message "name error" lacks "hidden" for: fn g() { return hidden; } fn caller() { let hidden = 7; return g(); } caller()
[INFO] [stdout] stack backtrace:
[INFO] [stdout]    0:     0x629d66e79921 - <<std[617be2ca0a6fd877]::sys::backtrace::BacktraceLock>::print::DisplayBacktrace as core[a373ad73a504971]::fmt::Display>::fmt
[INFO] [stdout]    1:     0x629d66e90dca - core[a373ad73a504971]::fmt::write
[INFO] [stdout]    2:     0x629d66e7e09c - <alloc[2e1b2a31b91974c5]::vec::Vec<u8> as core[a373ad73a504971]::io::write::Write>::write_fmt
[INFO] [stdout]    3:     0x629d66e52726 - std[617be2ca0a6fd877]::panicking::default_hook::{closure#0}
[INFO] [stdout]    4:     0x629d66e6fc69 - std[617be2ca0a6fd877]::panicking::default_hook
[INFO] [stdout]    5:     0x629d66cf9790 - test[aada8e7e76ba119b]::test_main_inner::{closure#0}
[INFO] [stdout]    6:     0x629d66e6ff92 - std[617be2ca0a6fd877]::panicking::panic_with_hook
[INFO] [stdout]    7:     0x629d66e527d2 - std[617be2ca0a6fd877]::panicking::panic_handler::{closure#0}
[INFO] [stdout]    8:     0x629d66e4b139 - std[617be2ca0a6fd877]::sys::backtrace::__rust_end_short_backtrace::<std[617be2ca0a6fd877]::panicking::panic_handler::{closure#0}, !>
[INFO] [stdout]    9:     0x629d66e534cd - __rustc[ea4f61d10b84890b]::rust_begin_unwind
[INFO] [stdout]   10:     0x629d66e914fc - core[a373ad73a504971]::panicking::panic_fmt
[INFO] [stdout]   11:     0x629d66cc4e89 - cross_validate[3c3d5bb2c81d0a71]::assert_both_err
[INFO] [stdout]   12:     0x629d66cd2cda - <cross_validate[3c3d5bb2c81d0a71]::cross_functions_are_lexically_scoped::{closure#0} as core[a373ad73a504971]::ops::function::FnOnce<()>>::call_once
[INFO] [stdout]   13:     0x629d66cecbdb - test[aada8e7e76ba119b]::__rust_begin_short_backtrace::<core[a373ad73a504971]::result::Result<(), alloc[2e1b2a31b91974c5]::string::String>, fn() -> core[a373ad73a504971]::result::Result<(), alloc[2e1b2a31b91974c5]::string::String>>
[INFO] [stdout]   14:     0x629d66cf9db5 - test[aada8e7e76ba119b]::run_test::{closure#0}
[INFO] [stdout]   15:     0x629d66cf36a4 - std[617be2ca0a6fd877]::sys::backtrace::__rust_begin_short_backtrace::<test[aada8e7e76ba119b]::run_test::{closure#1}, ()>
[INFO] [stdout]   16:     0x629d66cfce42 - <std[617be2ca0a6fd877]::thread::lifecycle::spawn_unchecked<test[aada8e7e76ba119b]::run_test::{closure#1}, ()>::{closure#1} as core[a373ad73a504971]::ops::function::FnOnce<()>>::call_once::{shim:vtable#0}
[INFO] [stdout]   17:     0x629d66e7885f - <std[617be2ca0a6fd877]::sys::thread::unix::Thread>::new::thread_start
[INFO] [stdout]   18:     0x71edb9252dfa - <unknown>
[INFO] [stdout]   19:     0x71edb92e63d4 - clone
[INFO] [stdout]   20:                0x0 - <unknown>
[INFO] [stdout] 
[INFO] [stdout] ---- cross_huge_string_repeat_errors stdout ----
[INFO] [stdout] 
[INFO] [stdout] thread 'cross_huge_string_repeat_errors' (1362) panicked at tests/cross_validate.rs:2108:5:
[INFO] [stdout] tree-walk message "runtime error" lacks "too large" for: "x" * 100000000000
[INFO] [stdout] stack backtrace:
[INFO] [stdout]    0:     0x629d66e79921 - <<std[617be2ca0a6fd877]::sys::backtrace::BacktraceLock>::print::DisplayBacktrace as core[a373ad73a504971]::fmt::Display>::fmt
[INFO] [stdout]    1:     0x629d66e90dca - core[a373ad73a504971]::fmt::write
[INFO] [stdout]    2:     0x629d66e7e09c - <alloc[2e1b2a31b91974c5]::vec::Vec<u8> as core[a373ad73a504971]::io::write::Write>::write_fmt
[INFO] [stdout]    3:     0x629d66e52726 - std[617be2ca0a6fd877]::panicking::default_hook::{closure#0}
[INFO] [stdout]    4:     0x629d66e6fc69 - std[617be2ca0a6fd877]::panicking::default_hook
[INFO] [stdout]    5:     0x629d66cf9790 - test[aada8e7e76ba119b]::test_main_inner::{closure#0}
[INFO] [stdout]    6:     0x629d66e6ff92 - std[617be2ca0a6fd877]::panicking::panic_with_hook
[INFO] [stdout]    7:     0x629d66e527d2 - std[617be2ca0a6fd877]::panicking::panic_handler::{closure#0}
[INFO] [stdout]    8:     0x629d66e4b139 - std[617be2ca0a6fd877]::sys::backtrace::__rust_end_short_backtrace::<std[617be2ca0a6fd877]::panicking::panic_handler::{closure#0}, !>
[INFO] [stdout]    9:     0x629d66e534cd - __rustc[ea4f61d10b84890b]::rust_begin_unwind
[INFO] [stdout]   10:     0x629d66e914fc - core[a373ad73a504971]::panicking::panic_fmt
[INFO] [stdout]   11:     0x629d66cc4e89 - cross_validate[3c3d5bb2c81d0a71]::assert_both_err
[INFO] [stdout]   12:     0x629d66cd1a17 - <cross_validate[3c3d5bb2c81d0a71]::cross_huge_string_repeat_errors::{closure#0} as core[a373ad73a504971]::ops::function::FnOnce<()>>::call_once
[INFO] [stdout]   13:     0x629d66cecbdb - test[aada8e7e76ba119b]::__rust_begin_short_backtrace::<core[a373ad73a504971]::result::Result<(), alloc[2e1b2a31b91974c5]::string::String>, fn() -> core[a373ad73a504971]::result::Result<(), alloc[2e1b2a31b91974c5]::string::String>>
[INFO] [stdout]   14:     0x629d66cf9db5 - test[aada8e7e76ba119b]::run_test::{closure#0}
[INFO] [stdout]   15:     0x629d66cf36a4 - std[617be2ca0a6fd877]::sys::backtrace::__rust_begin_short_backtrace::<test[aada8e7e76ba119b]::run_test::{closure#1}, ()>
[INFO] [stdout]   16:     0x629d66cfce42 - <std[617be2ca0a6fd877]::thread::lifecycle::spawn_unchecked<test[aada8e7e76ba119b]::run_test::{closure#1}, ()>::{closure#1} as core[a373ad73a504971]::ops::function::FnOnce<()>>::call_once::{shim:vtable#0}
[INFO] [stdout]   17:     0x629d66e7885f - <std[617be2ca0a6fd877]::sys::thread::unix::Thread>::new::thread_start
[INFO] [stdout]   18:     0x71edb9252dfa - <unknown>
[INFO] [stdout]   19:     0x71edb92e63d4 - clone
[INFO] [stdout]   20:                0x0 - <unknown>
[INFO] [stdout] 
[INFO] [stdout] ---- cross_json_encode_self_referential_cell stdout ----
[INFO] [stdout] 
[INFO] [stdout] thread 'cross_json_encode_self_referential_cell' (1374) panicked at tests/cross_validate.rs:2108:5:
[INFO] [stdout] tree-walk message "runtime error" lacks "recursion limit exceeded" for: let c = cell(0); c.set(c); json::encode(c)
[INFO] [stdout] stack backtrace:
[INFO] [stdout]    0:     0x629d66e79921 - <<std[617be2ca0a6fd877]::sys::backtrace::BacktraceLock>::print::DisplayBacktrace as core[a373ad73a504971]::fmt::Display>::fmt
[INFO] [stdout]    1:     0x629d66e90dca - core[a373ad73a504971]::fmt::write
[INFO] [stdout]    2:     0x629d66e7e09c - <alloc[2e1b2a31b91974c5]::vec::Vec<u8> as core[a373ad73a504971]::io::write::Write>::write_fmt
[INFO] [stdout]    3:     0x629d66e52726 - std[617be2ca0a6fd877]::panicking::default_hook::{closure#0}
[INFO] [stdout]    4:     0x629d66e6fc69 - std[617be2ca0a6fd877]::panicking::default_hook
[INFO] [stdout]    5:     0x629d66cf9790 - test[aada8e7e76ba119b]::test_main_inner::{closure#0}
[INFO] [stdout]    6:     0x629d66e6ff92 - std[617be2ca0a6fd877]::panicking::panic_with_hook
[INFO] [stdout]    7:     0x629d66e527d2 - std[617be2ca0a6fd877]::panicking::panic_handler::{closure#0}
[INFO] [stdout]    8:     0x629d66e4b139 - std[617be2ca0a6fd877]::sys::backtrace::__rust_end_short_backtrace::<std[617be2ca0a6fd877]::panicking::panic_handler::{closure#0}, !>
[INFO] [stdout]    9:     0x629d66e534cd - __rustc[ea4f61d10b84890b]::rust_begin_unwind
[INFO] [stdout]   10:     0x629d66e914fc - core[a373ad73a504971]::panicking::panic_fmt
[INFO] [stdout]   11:     0x629d66cc4e89 - cross_validate[3c3d5bb2c81d0a71]::assert_both_err
[INFO] [stdout]   12:     0x629d66cd3891 - <cross_validate[3c3d5bb2c81d0a71]::cross_json_encode_self_referential_cell::{closure#0} as core[a373ad73a504971]::ops::function::FnOnce<()>>::call_once
[INFO] [stdout]   13:     0x629d66cecbdb - test[aada8e7e76ba119b]::__rust_begin_short_backtrace::<core[a373ad73a504971]::result::Result<(), alloc[2e1b2a31b91974c5]::string::String>, fn() -> core[a373ad73a504971]::result::Result<(), alloc[2e1b2a31b91974c5]::string::String>>
[INFO] [stdout]   14:     0x629d66cf9db5 - test[aada8e7e76ba119b]::run_test::{closure#0}
[INFO] [stdout]   15:     0x629d66cf36a4 - std[617be2ca0a6fd877]::sys::backtrace::__rust_begin_short_backtrace::<test[aada8e7e76ba119b]::run_test::{closure#1}, ()>
[INFO] [stdout]   16:     0x629d66cfce42 - <std[617be2ca0a6fd877]::thread::lifecycle::spawn_unchecked<test[aada8e7e76ba119b]::run_test::{closure#1}, ()>::{closure#1} as core[a373ad73a504971]::ops::function::FnOnce<()>>::call_once::{shim:vtable#0}
[INFO] [stdout]   17:     0x629d66e7885f - <std[617be2ca0a6fd877]::sys::thread::unix::Thread>::new::thread_start
[INFO] [stdout]   18:     0x71edb9252dfa - <unknown>
[INFO] [stdout]   19:     0x71edb92e63d4 - clone
[INFO] [stdout]   20:                0x0 - <unknown>
[INFO] [stdout] 
[INFO] [stdout] ---- cross_json_decode_depth_limited stdout ----
[INFO] [stdout] 
[INFO] [stdout] thread 'cross_json_decode_depth_limited' (1372) panicked at tests/cross_validate.rs:2108:5:
[INFO] [stdout] tree-walk message "runtime error" lacks "recursion limit exceeded" for: json::decode("[".repeat(300) + "]".repeat(300))
[INFO] [stdout] stack backtrace:
[INFO] [stdout]    0:     0x629d66e79921 - <<std[617be2ca0a6fd877]::sys::backtrace::BacktraceLock>::print::DisplayBacktrace as core[a373ad73a504971]::fmt::Display>::fmt
[INFO] [stdout]    1:     0x629d66e90dca - core[a373ad73a504971]::fmt::write
[INFO] [stdout]    2:     0x629d66e7e09c - <alloc[2e1b2a31b91974c5]::vec::Vec<u8> as core[a373ad73a504971]::io::write::Write>::write_fmt
[INFO] [stdout]    3:     0x629d66e52726 - std[617be2ca0a6fd877]::panicking::default_hook::{closure#0}
[INFO] [stdout]    4:     0x629d66e6fc69 - std[617be2ca0a6fd877]::panicking::default_hook
[INFO] [stdout]    5:     0x629d66cf9790 - test[aada8e7e76ba119b]::test_main_inner::{closure#0}
[INFO] [stdout]    6:     0x629d66e6ff92 - std[617be2ca0a6fd877]::panicking::panic_with_hook
[INFO] [stdout]    7:     0x629d66e527d2 - std[617be2ca0a6fd877]::panicking::panic_handler::{closure#0}
[INFO] [stdout]    8:     0x629d66e4b139 - std[617be2ca0a6fd877]::sys::backtrace::__rust_end_short_backtrace::<std[617be2ca0a6fd877]::panicking::panic_handler::{closure#0}, !>
[INFO] [stdout]    9:     0x629d66e534cd - __rustc[ea4f61d10b84890b]::rust_begin_unwind
[INFO] [stdout]   10:     0x629d66e914fc - core[a373ad73a504971]::panicking::panic_fmt
[INFO] [stdout]   11:     0x629d66cc4e89 - cross_validate[3c3d5bb2c81d0a71]::assert_both_err
[INFO] [stdout]   12:     0x629d66cd1a81 - <cross_validate[3c3d5bb2c81d0a71]::cross_json_decode_depth_limited::{closure#0} as core[a373ad73a504971]::ops::function::FnOnce<()>>::call_once
[INFO] [stdout]   13:     0x629d66cecbdb - test[aada8e7e76ba119b]::__rust_begin_short_backtrace::<core[a373ad73a504971]::result::Result<(), alloc[2e1b2a31b91974c5]::string::String>, fn() -> core[a373ad73a504971]::result::Result<(), alloc[2e1b2a31b91974c5]::string::String>>
[INFO] [stdout]   14:     0x629d66cf9db5 - test[aada8e7e76ba119b]::run_test::{closure#0}
[INFO] [stdout]   15:     0x629d66cf36a4 - std[617be2ca0a6fd877]::sys::backtrace::__rust_begin_short_backtrace::<test[aada8e7e76ba119b]::run_test::{closure#1}, ()>
[INFO] [stdout]   16:     0x629d66cfce42 - <std[617be2ca0a6fd877]::thread::lifecycle::spawn_unchecked<test[aada8e7e76ba119b]::run_test::{closure#1}, ()>::{closure#1} as core[a373ad73a504971]::ops::function::FnOnce<()>>::call_once::{shim:vtable#0}
[INFO] [stdout]   17:     0x629d66e7885f - <std[617be2ca0a6fd877]::sys::thread::unix::Thread>::new::thread_start
[INFO] [stdout]   18:     0x71edb9252dfa - <unknown>
[INFO] [stdout]   19:     0x71edb92e63d4 - clone
[INFO] [stdout]   20:                0x0 - <unknown>
[INFO] [stdout] 
[INFO] [stdout] ---- cross_list_sum_overflow_errors stdout ----
[INFO] [stdout] 
[INFO] [stdout] thread 'cross_list_sum_overflow_errors' (1402) panicked at tests/cross_validate.rs:2108:5:
[INFO] [stdout] tree-walk message "runtime error" lacks "integer overflow" for: [9223372036854775807, 1].sum()
[INFO] [stdout] stack backtrace:
[INFO] [stdout]    0:     0x629d66e79921 - <<std[617be2ca0a6fd877]::sys::backtrace::BacktraceLock>::print::DisplayBacktrace as core[a373ad73a504971]::fmt::Display>::fmt
[INFO] [stdout]    1:     0x629d66e90dca - core[a373ad73a504971]::fmt::write
[INFO] [stdout]    2:     0x629d66e7e09c - <alloc[2e1b2a31b91974c5]::vec::Vec<u8> as core[a373ad73a504971]::io::write::Write>::write_fmt
[INFO] [stdout]    3:     0x629d66e52726 - std[617be2ca0a6fd877]::panicking::default_hook::{closure#0}
[INFO] [stdout]    4:     0x629d66e6fc69 - std[617be2ca0a6fd877]::panicking::default_hook
[INFO] [stdout]    5:     0x629d66cf9790 - test[aada8e7e76ba119b]::test_main_inner::{closure#0}
[INFO] [stdout]    6:     0x629d66e6ff92 - std[617be2ca0a6fd877]::panicking::panic_with_hook
[INFO] [stdout]    7:     0x629d66e527d2 - std[617be2ca0a6fd877]::panicking::panic_handler::{closure#0}
[INFO] [stdout]    8:     0x629d66e4b139 - std[617be2ca0a6fd877]::sys::backtrace::__rust_end_short_backtrace::<std[617be2ca0a6fd877]::panicking::panic_handler::{closure#0}, !>
[INFO] [stdout]    9:     0x629d66e534cd - __rustc[ea4f61d10b84890b]::rust_begin_unwind
[INFO] [stdout]   10:     0x629d66e914fc - core[a373ad73a504971]::panicking::panic_fmt
[INFO] [stdout]   11:     0x629d66cc4e89 - cross_validate[3c3d5bb2c81d0a71]::assert_both_err
[INFO] [stdout]   12:     0x629d66cd17e1 - <cross_validate[3c3d5bb2c81d0a71]::cross_list_sum_overflow_errors::{closure#0} as core[a373ad73a504971]::ops::function::FnOnce<()>>::call_once
[INFO] [stdout]   13:     0x629d66cecbdb - test[aada8e7e76ba119b]::__rust_begin_short_backtrace::<core[a373ad73a504971]::result::Result<(), alloc[2e1b2a31b91974c5]::string::String>, fn() -> core[a373ad73a504971]::result::Result<(), alloc[2e1b2a31b91974c5]::string::String>>
[INFO] [stdout]   14:     0x629d66cf9db5 - test[aada8e7e76ba119b]::run_test::{closure#0}
[INFO] [stdout]   15:     0x629d66cf36a4 - std[617be2ca0a6fd877]::sys::backtrace::__rust_begin_short_backtrace::<test[aada8e7e76ba119b]::run_test::{closure#1}, ()>
[INFO] [stdout]   16:     0x629d66cfce42 - <std[617be2ca0a6fd877]::thread::lifecycle::spawn_unchecked<test[aada8e7e76ba119b]::run_test::{closure#1}, ()>::{closure#1} as core[a373ad73a504971]::ops::function::FnOnce<()>>::call_once::{shim:vtable#0}
[INFO] [stdout]   17:     0x629d66e7885f - <std[617be2ca0a6fd877]::sys::thread::unix::Thread>::new::thread_start
[INFO] [stdout]   18:     0x71edb9252dfa - <unknown>
[INFO] [stdout]   19:     0x71edb92e63d4 - clone
[INFO] [stdout]   20:                0x0 - <unknown>
[INFO] [stdout] 
[INFO] [stdout] ---- cross_math_abs_min_int_overflows stdout ----
[INFO] [stdout] 
[INFO] [stdout] thread 'cross_math_abs_min_int_overflows' (1420) panicked at tests/cross_validate.rs:2108:5:
[INFO] [stdout] tree-walk message "runtime error" lacks "integer overflow" for: math::abs(-9223372036854775807 - 1)
[INFO] [stdout] stack backtrace:
[INFO] [stdout]    0:     0x629d66e79921 - <<std[617be2ca0a6fd877]::sys::backtrace::BacktraceLock>::print::DisplayBacktrace as core[a373ad73a504971]::fmt::Display>::fmt
[INFO] [stdout]    1:     0x629d66e90dca - core[a373ad73a504971]::fmt::write
[INFO] [stdout]    2:     0x629d66e7e09c - <alloc[2e1b2a31b91974c5]::vec::Vec<u8> as core[a373ad73a504971]::io::write::Write>::write_fmt
[INFO] [stdout]    3:     0x629d66e52726 - std[617be2ca0a6fd877]::panicking::default_hook::{closure#0}
[INFO] [stdout]    4:     0x629d66e6fc69 - std[617be2ca0a6fd877]::panicking::default_hook
[INFO] [stdout]    5:     0x629d66cf9790 - test[aada8e7e76ba119b]::test_main_inner::{closure#0}
[INFO] [stdout]    6:     0x629d66e6ff92 - std[617be2ca0a6fd877]::panicking::panic_with_hook
[INFO] [stdout]    7:     0x629d66e527d2 - std[617be2ca0a6fd877]::panicking::panic_handler::{closure#0}
[INFO] [stdout]    8:     0x629d66e4b139 - std[617be2ca0a6fd877]::sys::backtrace::__rust_end_short_backtrace::<std[617be2ca0a6fd877]::panicking::panic_handler::{closure#0}, !>
[INFO] [stdout]    9:     0x629d66e534cd - __rustc[ea4f61d10b84890b]::rust_begin_unwind
[INFO] [stdout]   10:     0x629d66e914fc - core[a373ad73a504971]::panicking::panic_fmt
[INFO] [stdout]   11:     0x629d66cc4e89 - cross_validate[3c3d5bb2c81d0a71]::assert_both_err
[INFO] [stdout]   12:     0x629d66cd1bd1 - <cross_validate[3c3d5bb2c81d0a71]::cross_math_abs_min_int_overflows::{closure#0} as core[a373ad73a504971]::ops::function::FnOnce<()>>::call_once
[INFO] [stdout]   13:     0x629d66cecbdb - test[aada8e7e76ba119b]::__rust_begin_short_backtrace::<core[a373ad73a504971]::result::Result<(), alloc[2e1b2a31b91974c5]::string::String>, fn() -> core[a373ad73a504971]::result::Result<(), alloc[2e1b2a31b91974c5]::string::String>>
[INFO] [stdout]   14:     0x629d66cf9db5 - test[aada8e7e76ba119b]::run_test::{closure#0}
[INFO] [stdout]   15:     0x629d66cf36a4 - std[617be2ca0a6fd877]::sys::backtrace::__rust_begin_short_backtrace::<test[aada8e7e76ba119b]::run_test::{closure#1}, ()>
[INFO] [stdout]   16:     0x629d66cfce42 - <std[617be2ca0a6fd877]::thread::lifecycle::spawn_unchecked<test[aada8e7e76ba119b]::run_test::{closure#1}, ()>::{closure#1} as core[a373ad73a504971]::ops::function::FnOnce<()>>::call_once::{shim:vtable#0}
[INFO] [stdout]   17:     0x629d66e7885f - <std[617be2ca0a6fd877]::sys::thread::unix::Thread>::new::thread_start
[INFO] [stdout]   18:     0x71edb9252dfa - <unknown>
[INFO] [stdout]   19:     0x71edb92e63d4 - clone
[INFO] [stdout]   20:                0x0 - <unknown>
[INFO] [stdout] 
[INFO] [stdout] ---- cross_math_pow_overflow_and_huge_exponent stdout ----
[INFO] [stdout] 
[INFO] [stdout] thread 'cross_math_pow_overflow_and_huge_exponent' (1424) panicked at tests/cross_validate.rs:2108:5:
[INFO] [stdout] tree-walk message "runtime error" lacks "integer overflow" for: math::pow(10, 100)
[INFO] [stdout] stack backtrace:
[INFO] [stdout]    0:     0x629d66e79921 - <<std[617be2ca0a6fd877]::sys::backtrace::BacktraceLock>::print::DisplayBacktrace as core[a373ad73a504971]::fmt::Display>::fmt
[INFO] [stdout]    1:     0x629d66e90dca - core[a373ad73a504971]::fmt::write
[INFO] [stdout]    2:     0x629d66e7e09c - <alloc[2e1b2a31b91974c5]::vec::Vec<u8> as core[a373ad73a504971]::io::write::Write>::write_fmt
[INFO] [stdout]    3:     0x629d66e52726 - std[617be2ca0a6fd877]::panicking::default_hook::{closure#0}
[INFO] [stdout]    4:     0x629d66e6fc69 - std[617be2ca0a6fd877]::panicking::default_hook
[INFO] [stdout]    5:     0x629d66cf9790 - test[aada8e7e76ba119b]::test_main_inner::{closure#0}
[INFO] [stdout]    6:     0x629d66e6ff92 - std[617be2ca0a6fd877]::panicking::panic_with_hook
[INFO] [stdout]    7:     0x629d66e527d2 - std[617be2ca0a6fd877]::panicking::panic_handler::{closure#0}
[INFO] [stdout]    8:     0x629d66e4b139 - std[617be2ca0a6fd877]::sys::backtrace::__rust_end_short_backtrace::<std[617be2ca0a6fd877]::panicking::panic_handler::{closure#0}, !>
[INFO] [stdout]    9:     0x629d66e534cd - __rustc[ea4f61d10b84890b]::rust_begin_unwind
[INFO] [stdout]   10:     0x629d66e914fc - core[a373ad73a504971]::panicking::panic_fmt
[INFO] [stdout]   11:     0x629d66cc4e89 - cross_validate[3c3d5bb2c81d0a71]::assert_both_err
[INFO] [stdout]   12:     0x629d66cd43e7 - <cross_validate[3c3d5bb2c81d0a71]::cross_math_pow_overflow_and_huge_exponent::{closure#0} as core[a373ad73a504971]::ops::function::FnOnce<()>>::call_once
[INFO] [stdout]   13:     0x629d66cecbdb - test[aada8e7e76ba119b]::__rust_begin_short_backtrace::<core[a373ad73a504971]::result::Result<(), alloc[2e1b2a31b91974c5]::string::String>, fn() -> core[a373ad73a504971]::result::Result<(), alloc[2e1b2a31b91974c5]::string::String>>
[INFO] [stdout]   14:     0x629d66cf9db5 - test[aada8e7e76ba119b]::run_test::{closure#0}
[INFO] [stdout]   15:     0x629d66cf36a4 - std[617be2ca0a6fd877]::sys::backtrace::__rust_begin_short_backtrace::<test[aada8e7e76ba119b]::run_test::{closure#1}, ()>
[INFO] [stdout]   16:     0x629d66cfce42 - <std[617be2ca0a6fd877]::thread::lifecycle::spawn_unchecked<test[aada8e7e76ba119b]::run_test::{closure#1}, ()>::{closure#1} as core[a373ad73a504971]::ops::function::FnOnce<()>>::call_once::{shim:vtable#0}
[INFO] [stdout]   17:     0x629d66e7885f - <std[617be2ca0a6fd877]::sys::thread::unix::Thread>::new::thread_start
[INFO] [stdout]   18:     0x71edb9252dfa - <unknown>
[INFO] [stdout]   19:     0x71edb92e63d4 - clone
[INFO] [stdout]   20:                0x0 - <unknown>
[INFO] [stdout] 
[INFO] [stdout] ---- cross_math_unary_arity_errors stdout ----
[INFO] [stdout] 
[INFO] [stdout] thread 'cross_math_unary_arity_errors' (1425) panicked at tests/cross_validate.rs:2108:5:
[INFO] [stdout] tree-walk message "runtime error" lacks "argument" for: math::floor()
[INFO] [stdout] stack backtrace:
[INFO] [stdout]    0:     0x629d66e79921 - <<std[617be2ca0a6fd877]::sys::backtrace::BacktraceLock>::print::DisplayBacktrace as core[a373ad73a504971]::fmt::Display>::fmt
[INFO] [stdout]    1:     0x629d66e90dca - core[a373ad73a504971]::fmt::write
[INFO] [stdout]    2:     0x629d66e7e09c - <alloc[2e1b2a31b91974c5]::vec::Vec<u8> as core[a373ad73a504971]::io::write::Write>::write_fmt
[INFO] [stdout]    3:     0x629d66e52726 - std[617be2ca0a6fd877]::panicking::default_hook::{closure#0}
[INFO] [stdout]    4:     0x629d66e6fc69 - std[617be2ca0a6fd877]::panicking::default_hook
[INFO] [stdout]    5:     0x629d66cf9790 - test[aada8e7e76ba119b]::test_main_inner::{closure#0}
[INFO] [stdout]    6:     0x629d66e6ff92 - std[617be2ca0a6fd877]::panicking::panic_with_hook
[INFO] [stdout]    7:     0x629d66e527d2 - std[617be2ca0a6fd877]::panicking::panic_handler::{closure#0}
[INFO] [stdout]    8:     0x629d66e4b139 - std[617be2ca0a6fd877]::sys::backtrace::__rust_end_short_backtrace::<std[617be2ca0a6fd877]::panicking::panic_handler::{closure#0}, !>
[INFO] [stdout]    9:     0x629d66e534cd - __rustc[ea4f61d10b84890b]::rust_begin_unwind
[INFO] [stdout]   10:     0x629d66e914fc - core[a373ad73a504971]::panicking::panic_fmt
[INFO] [stdout]   11:     0x629d66cc4e89 - cross_validate[3c3d5bb2c81d0a71]::assert_both_err
[INFO] [stdout]   12:     0x629d66cd11df - <cross_validate[3c3d5bb2c81d0a71]::cross_math_unary_arity_errors::{closure#0} as core[a373ad73a504971]::ops::function::FnOnce<()>>::call_once
[INFO] [stdout]   13:     0x629d66cecbdb - test[aada8e7e76ba119b]::__rust_begin_short_backtrace::<core[a373ad73a504971]::result::Result<(), alloc[2e1b2a31b91974c5]::string::String>, fn() -> core[a373ad73a504971]::result::Result<(), alloc[2e1b2a31b91974c5]::string::String>>
[INFO] [stdout]   14:     0x629d66cf9db5 - test[aada8e7e76ba119b]::run_test::{closure#0}
[INFO] [stdout]   15:     0x629d66cf36a4 - std[617be2ca0a6fd877]::sys::backtrace::__rust_begin_short_backtrace::<test[aada8e7e76ba119b]::run_test::{closure#1}, ()>
[INFO] [stdout]   16:     0x629d66cfce42 - <std[617be2ca0a6fd877]::thread::lifecycle::spawn_unchecked<test[aada8e7e76ba119b]::run_test::{closure#1}, ()>::{closure#1} as core[a373ad73a504971]::ops::function::FnOnce<()>>::call_once::{shim:vtable#0}
[INFO] [stdout]   17:     0x629d66e7885f - <std[617be2ca0a6fd877]::sys::thread::unix::Thread>::new::thread_start
[INFO] [stdout]   18:     0x71edb9252dfa - <unknown>
[INFO] [stdout]   19:     0x71edb92e63d4 - clone
[INFO] [stdout]   20:                0x0 - <unknown>
[INFO] [stdout] 
[INFO] [stdout] ---- cross_rand_module stdout ----
[INFO] [stdout] 
[INFO] [stdout] thread 'cross_rand_module' (1448) panicked at tests/cross_validate.rs:45:5:
[INFO] [stdout] assertion `left == right` failed: tree-walk mismatch: type_of(rand::int())
[INFO] [stdout]   left: Str("value")
[INFO] [stdout]  right: Str("int")
[INFO] [stdout] stack backtrace:
[INFO] [stdout]    0:     0x629d66e79921 - <<std[617be2ca0a6fd877]::sys::backtrace::BacktraceLock>::print::DisplayBacktrace as core[a373ad73a504971]::fmt::Display>::fmt
[INFO] [stdout]    1:     0x629d66e90dca - core[a373ad73a504971]::fmt::write
[INFO] [stdout]    2:     0x629d66e7e09c - <alloc[2e1b2a31b91974c5]::vec::Vec<u8> as core[a373ad73a504971]::io::write::Write>::write_fmt
[INFO] [stdout]    3:     0x629d66e52726 - std[617be2ca0a6fd877]::panicking::default_hook::{closure#0}
[INFO] [stdout]    4:     0x629d66e6fc69 - std[617be2ca0a6fd877]::panicking::default_hook
[INFO] [stdout]    5:     0x629d66cf9790 - test[aada8e7e76ba119b]::test_main_inner::{closure#0}
[INFO] [stdout]    6:     0x629d66e6ff92 - std[617be2ca0a6fd877]::panicking::panic_with_hook
[INFO] [stdout]    7:     0x629d66e527d2 - std[617be2ca0a6fd877]::panicking::panic_handler::{closure#0}
[INFO] [stdout]    8:     0x629d66e4b139 - std[617be2ca0a6fd877]::sys::backtrace::__rust_end_short_backtrace::<std[617be2ca0a6fd877]::panicking::panic_handler::{closure#0}, !>
[INFO] [stdout]    9:     0x629d66e534cd - __rustc[ea4f61d10b84890b]::rust_begin_unwind
[INFO] [stdout]   10:     0x629d66e914fc - core[a373ad73a504971]::panicking::panic_fmt
[INFO] [stdout]   11:     0x629d66e91473 - core[a373ad73a504971]::panicking::assert_failed_inner
[INFO] [stdout]   12:     0x629d66cebc9e - core[a373ad73a504971]::panicking::assert_failed::<ion_core[9c29b4463d8c9f82]::value::Value, ion_core[9c29b4463d8c9f82]::value::Value>
[INFO] [stdout]   13:     0x629d66cc4978 - cross_validate[3c3d5bb2c81d0a71]::assert_both_eq
[INFO] [stdout]   14:     0x629d66cca384 - <cross_validate[3c3d5bb2c81d0a71]::cross_rand_module::{closure#0} as core[a373ad73a504971]::ops::function::FnOnce<()>>::call_once
[INFO] [stdout]   15:     0x629d66cecbdb - test[aada8e7e76ba119b]::__rust_begin_short_backtrace::<core[a373ad73a504971]::result::Result<(), alloc[2e1b2a31b91974c5]::string::String>, fn() -> core[a373ad73a504971]::result::Result<(), alloc[2e1b2a31b91974c5]::string::String>>
[INFO] [stdout]   16:     0x629d66cf9db5 - test[aada8e7e76ba119b]::run_test::{closure#0}
[INFO] [stdout]   17:     0x629d66cf36a4 - std[617be2ca0a6fd877]::sys::backtrace::__rust_begin_short_backtrace::<test[aada8e7e76ba119b]::run_test::{closure#1}, ()>
[INFO] [stdout]   18:     0x629d66cfce42 - <std[617be2ca0a6fd877]::thread::lifecycle::spawn_unchecked<test[aada8e7e76ba119b]::run_test::{closure#1}, ()>::{closure#1} as core[a373ad73a504971]::ops::function::FnOnce<()>>::call_once::{shim:vtable#0}
[INFO] [stdout]   19:     0x629d66e7885f - <std[617be2ca0a6fd877]::sys::thread::unix::Thread>::new::thread_start
[INFO] [stdout]   20:     0x71edb9252dfa - <unknown>
[INFO] [stdout]   21:     0x71edb92e63d4 - clone
[INFO] [stdout]   22:                0x0 - <unknown>
[INFO] [stdout] 
[INFO] [stdout] ---- cross_try_catch_with_error stdout ----
[INFO] [stdout] 
[INFO] [stdout] thread 'cross_try_catch_with_error' (1506) panicked at tests/cross_validate.rs:45:5:
[INFO] [stdout] assertion `left == right` failed: tree-walk mismatch: try { assert(false, "boom"); 1 } catch e { e }
[INFO] [stdout]   left: Str("runtime error")
[INFO] [stdout]  right: Str("boom")
[INFO] [stdout] stack backtrace:
[INFO] [stdout]    0:     0x629d66e79921 - <<std[617be2ca0a6fd877]::sys::backtrace::BacktraceLock>::print::DisplayBacktrace as core[a373ad73a504971]::fmt::Display>::fmt
[INFO] [stdout]    1:     0x629d66e90dca - core[a373ad73a504971]::fmt::write
[INFO] [stdout]    2:     0x629d66e7e09c - <alloc[2e1b2a31b91974c5]::vec::Vec<u8> as core[a373ad73a504971]::io::write::Write>::write_fmt
[INFO] [stdout]    3:     0x629d66e52726 - std[617be2ca0a6fd877]::panicking::default_hook::{closure#0}
[INFO] [stdout]    4:     0x629d66e6fc69 - std[617be2ca0a6fd877]::panicking::default_hook
[INFO] [stdout]    5:     0x629d66cf9790 - test[aada8e7e76ba119b]::test_main_inner::{closure#0}
[INFO] [stdout]    6:     0x629d66e6ff92 - std[617be2ca0a6fd877]::panicking::panic_with_hook
[INFO] [stdout]    7:     0x629d66e527d2 - std[617be2ca0a6fd877]::panicking::panic_handler::{closure#0}
[INFO] [stdout]    8:     0x629d66e4b139 - std[617be2ca0a6fd877]::sys::backtrace::__rust_end_short_backtrace::<std[617be2ca0a6fd877]::panicking::panic_handler::{closure#0}, !>
[INFO] [stdout]    9:     0x629d66e534cd - __rustc[ea4f61d10b84890b]::rust_begin_unwind
[INFO] [stdout]   10:     0x629d66e914fc - core[a373ad73a504971]::panicking::panic_fmt
[INFO] [stdout]   11:     0x629d66e91473 - core[a373ad73a504971]::panicking::assert_failed_inner
[INFO] [stdout]   12:     0x629d66cebc9e - core[a373ad73a504971]::panicking::assert_failed::<ion_core[9c29b4463d8c9f82]::value::Value, ion_core[9c29b4463d8c9f82]::value::Value>
[INFO] [stdout]   13:     0x629d66cc4978 - cross_validate[3c3d5bb2c81d0a71]::assert_both_eq
[INFO] [stdout]   14:     0x629d66cd0bb5 - <cross_validate[3c3d5bb2c81d0a71]::cross_try_catch_with_error::{closure#0} as core[a373ad73a504971]::ops::function::FnOnce<()>>::call_once
[INFO] [stdout]   15:     0x629d66cecbdb - test[aada8e7e76ba119b]::__rust_begin_short_backtrace::<core[a373ad73a504971]::result::Result<(), alloc[2e1b2a31b91974c5]::string::String>, fn() -> core[a373ad73a504971]::result::Result<(), alloc[2e1b2a31b91974c5]::string::String>>
[INFO] [stdout]   16:     0x629d66cf9db5 - test[aada8e7e76ba119b]::run_test::{closure#0}
[INFO] [stdout]   17:     0x629d66cf36a4 - std[617be2ca0a6fd877]::sys::backtrace::__rust_begin_short_backtrace::<test[aada8e7e76ba119b]::run_test::{closure#1}, ()>
[INFO] [stdout]   18:     0x629d66cfce42 - <std[617be2ca0a6fd877]::thread::lifecycle::spawn_unchecked<test[aada8e7e76ba119b]::run_test::{closure#1}, ()>::{closure#1} as core[a373ad73a504971]::ops::function::FnOnce<()>>::call_once::{shim:vtable#0}
[INFO] [stdout]   19:     0x629d66e7885f - <std[617be2ca0a6fd877]::sys::thread::unix::Thread>::new::thread_start
[INFO] [stdout]   20:     0x71edb9252dfa - <unknown>
[INFO] [stdout]   21:     0x71edb92e63d4 - clone
[INFO] [stdout]   22:                0x0 - <unknown>
[INFO] [stdout] 
[INFO] [stdout] ---- cross_try_top_level stdout ----
[INFO] [stdout] 
[INFO] [stdout] thread 'cross_try_top_level' (1512) panicked at tests/cross_validate.rs:45:5:
[INFO] [stdout] assertion `left == right` failed: tree-walk mismatch: let x = Err("oops"); x?
[INFO] [stdout]   left: Result(Err(Str("propagated error")))
[INFO] [stdout]  right: Result(Err(Str("oops")))
[INFO] [stdout] stack backtrace:
[INFO] [stdout]    0:     0x629d66e79921 - <<std[617be2ca0a6fd877]::sys::backtrace::BacktraceLock>::print::DisplayBacktrace as core[a373ad73a504971]::fmt::Display>::fmt
[INFO] [stdout]    1:     0x629d66e90dca - core[a373ad73a504971]::fmt::write
[INFO] [stdout]    2:     0x629d66e7e09c - <alloc[2e1b2a31b91974c5]::vec::Vec<u8> as core[a373ad73a504971]::io::write::Write>::write_fmt
[INFO] [stdout]    3:     0x629d66e52726 - std[617be2ca0a6fd877]::panicking::default_hook::{closure#0}
[INFO] [stdout]    4:     0x629d66e6fc69 - std[617be2ca0a6fd877]::panicking::default_hook
[INFO] [stdout]    5:     0x629d66cf9790 - test[aada8e7e76ba119b]::test_main_inner::{closure#0}
[INFO] [stdout]    6:     0x629d66e6ff92 - std[617be2ca0a6fd877]::panicking::panic_with_hook
[INFO] [stdout]    7:     0x629d66e527d2 - std[617be2ca0a6fd877]::panicking::panic_handler::{closure#0}
[INFO] [stdout]    8:     0x629d66e4b139 - std[617be2ca0a6fd877]::sys::backtrace::__rust_end_short_backtrace::<std[617be2ca0a6fd877]::panicking::panic_handler::{closure#0}, !>
[INFO] [stdout]    9:     0x629d66e534cd - __rustc[ea4f61d10b84890b]::rust_begin_unwind
[INFO] [stdout]   10:     0x629d66e914fc - core[a373ad73a504971]::panicking::panic_fmt
[INFO] [stdout]   11:     0x629d66e91473 - core[a373ad73a504971]::panicking::assert_failed_inner
[INFO] [stdout]   12:     0x629d66cebc9e - core[a373ad73a504971]::panicking::assert_failed::<ion_core[9c29b4463d8c9f82]::value::Value, ion_core[9c29b4463d8c9f82]::value::Value>
[INFO] [stdout]   13:     0x629d66cc4978 - cross_validate[3c3d5bb2c81d0a71]::assert_both_eq
[INFO] [stdout]   14:     0x629d66ccc76f - <cross_validate[3c3d5bb2c81d0a71]::cross_try_top_level::{closure#0} as core[a373ad73a504971]::ops::function::FnOnce<()>>::call_once
[INFO] [stdout]   15:     0x629d66cecbdb - test[aada8e7e76ba119b]::__rust_begin_short_backtrace::<core[a373ad73a504971]::result::Result<(), alloc[2e1b2a31b91974c5]::string::String>, fn() -> core[a373ad73a504971]::result::Result<(), alloc[2e1b2a31b91974c5]::string::String>>
[INFO] [stdout]   16:     0x629d66cf9db5 - test[aada8e7e76ba119b]::run_test::{closure#0}
[INFO] [stdout]   17:     0x629d66cf36a4 - std[617be2ca0a6fd877]::sys::backtrace::__rust_begin_short_backtrace::<test[aada8e7e76ba119b]::run_test::{closure#1}, ()>
[INFO] [stdout]   18:     0x629d66cfce42 - <std[617be2ca0a6fd877]::thread::lifecycle::spawn_unchecked<test[aada8e7e76ba119b]::run_test::{closure#1}, ()>::{closure#1} as core[a373ad73a504971]::ops::function::FnOnce<()>>::call_once::{shim:vtable#0}
[INFO] [stdout]   19:     0x629d66e7885f - <std[617be2ca0a6fd877]::sys::thread::unix::Thread>::new::thread_start
[INFO] [stdout]   20:     0x71edb9252dfa - <unknown>
[INFO] [stdout]   21:     0x71edb92e63d4 - clone
[INFO] [stdout]   22:                0x0 - <unknown>
[INFO] [stdout] 
[INFO] [stdout] ---- cross_try_operator_passes_through_catch stdout ----
[INFO] [stdout] 
[INFO] [stdout] thread 'cross_try_operator_passes_through_catch' (1510) panicked at tests/cross_validate.rs:45:5:
[INFO] [stdout] assertion `left == right` failed: tree-walk mismatch: fn f() { try { let v = Err("boom")?; v } catch e { "caught" } }
[INFO] [stdout]            match f() { Err(m) => m, _ => "not-propagated" }
[INFO] [stdout]   left: Str("propagated error")
[INFO] [stdout]  right: Str("boom")
[INFO] [stdout] stack backtrace:
[INFO] [stdout]    0:     0x629d66e79921 - <<std[617be2ca0a6fd877]::sys::backtrace::BacktraceLock>::print::DisplayBacktrace as core[a373ad73a504971]::fmt::Display>::fmt
[INFO] [stdout]    1:     0x629d66e90dca - core[a373ad73a504971]::fmt::write
[INFO] [stdout]    2:     0x629d66e7e09c - <alloc[2e1b2a31b91974c5]::vec::Vec<u8> as core[a373ad73a504971]::io::write::Write>::write_fmt
[INFO] [stdout]    3:     0x629d66e52726 - std[617be2ca0a6fd877]::panicking::default_hook::{closure#0}
[INFO] [stdout]    4:     0x629d66e6fc69 - std[617be2ca0a6fd877]::panicking::default_hook
[INFO] [stdout]    5:     0x629d66cf9790 - test[aada8e7e76ba119b]::test_main_inner::{closure#0}
[INFO] [stdout]    6:     0x629d66e6ff92 - std[617be2ca0a6fd877]::panicking::panic_with_hook
[INFO] [stdout]    7:     0x629d66e527d2 - std[617be2ca0a6fd877]::panicking::panic_handler::{closure#0}
[INFO] [stdout]    8:     0x629d66e4b139 - std[617be2ca0a6fd877]::sys::backtrace::__rust_end_short_backtrace::<std[617be2ca0a6fd877]::panicking::panic_handler::{closure#0}, !>
[INFO] [stdout]    9:     0x629d66e534cd - __rustc[ea4f61d10b84890b]::rust_begin_unwind
[INFO] [stdout]   10:     0x629d66e914fc - core[a373ad73a504971]::panicking::panic_fmt
[INFO] [stdout]   11:     0x629d66e91473 - core[a373ad73a504971]::panicking::assert_failed_inner
[INFO] [stdout]   12:     0x629d66cebc9e - core[a373ad73a504971]::panicking::assert_failed::<ion_core[9c29b4463d8c9f82]::value::Value, ion_core[9c29b4463d8c9f82]::value::Value>
[INFO] [stdout]   13:     0x629d66cc4978 - cross_validate[3c3d5bb2c81d0a71]::assert_both_eq
[INFO] [stdout]   14:     0x629d66cd3d6e - <cross_validate[3c3d5bb2c81d0a71]::cross_try_operator_passes_through_catch::{closure#0} as core[a373ad73a504971]::ops::function::FnOnce<()>>::call_once
[INFO] [stdout]   15:     0x629d66cecbdb - test[aada8e7e76ba119b]::__rust_begin_short_backtrace::<core[a373ad73a504971]::result::Result<(), alloc[2e1b2a31b91974c5]::string::String>, fn() -> core[a373ad73a504971]::result::Result<(), alloc[2e1b2a31b91974c5]::string::String>>
[INFO] [stdout]   16:     0x629d66cf9db5 - test[aada8e7e76ba119b]::run_test::{closure#0}
[INFO] [stdout]   17:     0x629d66cf36a4 - std[617be2ca0a6fd877]::sys::backtrace::__rust_begin_short_backtrace::<test[aada8e7e76ba119b]::run_test::{closure#1}, ()>
[INFO] [stdout]   18:     0x629d66cfce42 - <std[617be2ca0a6fd877]::thread::lifecycle::spawn_unchecked<test[aada8e7e76ba119b]::run_test::{closure#1}, ()>::{closure#1} as core[a373ad73a504971]::ops::function::FnOnce<()>>::call_once::{shim:vtable#0}
[INFO] [stdout]   19:     0x629d66e7885f - <std[617be2ca0a6fd877]::sys::thread::unix::Thread>::new::thread_start
[INFO] [stdout]   20:     0x71edb9252dfa - <unknown>
[INFO] [stdout]   21:     0x71edb92e63d4 - clone
[INFO] [stdout]   22:                0x0 - <unknown>
[INFO] [stdout] 
[INFO] [stdout] ---- cross_type_ann_mismatch stdout ----
[INFO] [stdout] 
[INFO] [stdout] thread 'cross_type_ann_mismatch' (1523) panicked at tests/cross_validate.rs:31:13:
[INFO] [stdout] tree-walk errored (type error) but VM OK: Unit | src: let x: int = true;
[INFO] [stdout] stack backtrace:
[INFO] [stdout]    0:     0x629d66e79921 - <<std[617be2ca0a6fd877]::sys::backtrace::BacktraceLock>::print::DisplayBacktrace as core[a373ad73a504971]::fmt::Display>::fmt
[INFO] [stdout]    1:     0x629d66e90dca - core[a373ad73a504971]::fmt::write
[INFO] [stdout]    2:     0x629d66e7e09c - <alloc[2e1b2a31b91974c5]::vec::Vec<u8> as core[a373ad73a504971]::io::write::Write>::write_fmt
[INFO] [stdout]    3:     0x629d66e52726 - std[617be2ca0a6fd877]::panicking::default_hook::{closure#0}
[INFO] [stdout]    4:     0x629d66e6fc69 - std[617be2ca0a6fd877]::panicking::default_hook
[INFO] [stdout]    5:     0x629d66cf9790 - test[aada8e7e76ba119b]::test_main_inner::{closure#0}
[INFO] [stdout]    6:     0x629d66e6ff92 - std[617be2ca0a6fd877]::panicking::panic_with_hook
[INFO] [stdout]    7:     0x629d66e527d2 - std[617be2ca0a6fd877]::panicking::panic_handler::{closure#0}
[INFO] [stdout]    8:     0x629d66e4b139 - std[617be2ca0a6fd877]::sys::backtrace::__rust_end_short_backtrace::<std[617be2ca0a6fd877]::panicking::panic_handler::{closure#0}, !>
[INFO] [stdout]    9:     0x629d66e534cd - __rustc[ea4f61d10b84890b]::rust_begin_unwind
[INFO] [stdout]   10:     0x629d66e914fc - core[a373ad73a504971]::panicking::panic_fmt
[INFO] [stdout]   11:     0x629d66cc4548 - cross_validate[3c3d5bb2c81d0a71]::assert_both
[INFO] [stdout]   12:     0x629d66ccf275 - <cross_validate[3c3d5bb2c81d0a71]::cross_type_ann_mismatch::{closure#0} as core[a373ad73a504971]::ops::function::FnOnce<()>>::call_once
[INFO] [stdout]   13:     0x629d66cecbdb - test[aada8e7e76ba119b]::__rust_begin_short_backtrace::<core[a373ad73a504971]::result::Result<(), alloc[2e1b2a31b91974c5]::string::String>, fn() -> core[a373ad73a504971]::result::Result<(), alloc[2e1b2a31b91974c5]::string::String>>
[INFO] [stdout]   14:     0x629d66cf9db5 - test[aada8e7e76ba119b]::run_test::{closure#0}
[INFO] [stdout]   15:     0x629d66cf36a4 - std[617be2ca0a6fd877]::sys::backtrace::__rust_begin_short_backtrace::<test[aada8e7e76ba119b]::run_test::{closure#1}, ()>
[INFO] [stdout]   16:     0x629d66cfce42 - <std[617be2ca0a6fd877]::thread::lifecycle::spawn_unchecked<test[aada8e7e76ba119b]::run_test::{closure#1}, ()>::{closure#1} as core[a373ad73a504971]::ops::function::FnOnce<()>>::call_once::{shim:vtable#0}
[INFO] [stdout]   17:     0x629d66e7885f - <std[617be2ca0a6fd877]::sys::thread::unix::Thread>::new::thread_start
[INFO] [stdout]   18:     0x71edb9252dfa - <unknown>
[INFO] [stdout]   19:     0x71edb92e63d4 - clone
[INFO] [stdout]   20:                0x0 - <unknown>
[INFO] [stdout] 
[INFO] [stdout] ---- cross_type_of stdout ----
[INFO] [stdout] 
[INFO] [stdout] thread 'cross_type_of' (1526) panicked at tests/cross_validate.rs:45:5:
[INFO] [stdout] assertion `left == right` failed: tree-walk mismatch: type_of(42)
[INFO] [stdout]   left: Str("value")
[INFO] [stdout]  right: Str("int")
[INFO] [stdout] stack backtrace:
[INFO] [stdout]    0:     0x629d66e79921 - <<std[617be2ca0a6fd877]::sys::backtrace::BacktraceLock>::print::DisplayBacktrace as core[a373ad73a504971]::fmt::Display>::fmt
[INFO] [stdout]    1:     0x629d66e90dca - core[a373ad73a504971]::fmt::write
[INFO] [stdout]    2:     0x629d66e7e09c - <alloc[2e1b2a31b91974c5]::vec::Vec<u8> as core[a373ad73a504971]::io::write::Write>::write_fmt
[INFO] [stdout]    3:     0x629d66e52726 - std[617be2ca0a6fd877]::panicking::default_hook::{closure#0}
[INFO] [stdout]    4:     0x629d66e6fc69 - std[617be2ca0a6fd877]::panicking::default_hook
[INFO] [stdout]    5:     0x629d66cf9790 - test[aada8e7e76ba119b]::test_main_inner::{closure#0}
[INFO] [stdout]    6:     0x629d66e6ff92 - std[617be2ca0a6fd877]::panicking::panic_with_hook
[INFO] [stdout]    7:     0x629d66e527d2 - std[617be2ca0a6fd877]::panicking::panic_handler::{closure#0}
[INFO] [stdout]    8:     0x629d66e4b139 - std[617be2ca0a6fd877]::sys::backtrace::__rust_end_short_backtrace::<std[617be2ca0a6fd877]::panicking::panic_handler::{closure#0}, !>
[INFO] [stdout]    9:     0x629d66e534cd - __rustc[ea4f61d10b84890b]::rust_begin_unwind
[INFO] [stdout]   10:     0x629d66e914fc - core[a373ad73a504971]::panicking::panic_fmt
[INFO] [stdout]   11:     0x629d66e91473 - core[a373ad73a504971]::panicking::assert_failed_inner
[INFO] [stdout]   12:     0x629d66cebc9e - core[a373ad73a504971]::panicking::assert_failed::<ion_core[9c29b4463d8c9f82]::value::Value, ion_core[9c29b4463d8c9f82]::value::Value>
[INFO] [stdout]   13:     0x629d66cc4978 - cross_validate[3c3d5bb2c81d0a71]::assert_both_eq
[INFO] [stdout]   14:     0x629d66cc7c11 - <cross_validate[3c3d5bb2c81d0a71]::cross_type_of::{closure#0} as core[a373ad73a504971]::ops::function::FnOnce<()>>::call_once
[INFO] [stdout]   15:     0x629d66cecbdb - test[aada8e7e76ba119b]::__rust_begin_short_backtrace::<core[a373ad73a504971]::result::Result<(), alloc[2e1b2a31b91974c5]::string::String>, fn() -> core[a373ad73a504971]::result::Result<(), alloc[2e1b2a31b91974c5]::string::String>>
[INFO] [stdout]   16:     0x629d66cf9db5 - test[aada8e7e76ba119b]::run_test::{closure#0}
[INFO] [stdout]   17:     0x629d66cf36a4 - std[617be2ca0a6fd877]::sys::backtrace::__rust_begin_short_backtrace::<test[aada8e7e76ba119b]::run_test::{closure#1}, ()>
[INFO] [stdout]   18:     0x629d66cfce42 - <std[617be2ca0a6fd877]::thread::lifecycle::spawn_unchecked<test[aada8e7e76ba119b]::run_test::{closure#1}, ()>::{closure#1} as core[a373ad73a504971]::ops::function::FnOnce<()>>::call_once::{shim:vtable#0}
[INFO] [stdout]   19:     0x629d66e7885f - <std[617be2ca0a6fd877]::sys::thread::unix::Thread>::new::thread_start
[INFO] [stdout]   20:     0x71edb9252dfa - <unknown>
[INFO] [stdout]   21:     0x71edb92e63d4 - clone
[INFO] [stdout]   22:                0x0 - <unknown>
[INFO] [stdout] 
[INFO] [stdout] ---- cross_value_nesting_is_capped stdout ----
[INFO] [stdout] 
[INFO] [stdout] thread 'cross_value_nesting_is_capped' (1530) panicked at tests/cross_validate.rs:2108:5:
[INFO] [stdout] tree-walk message "runtime error" lacks "nested too deeply" for: let mut x = 0; let mut i = 0; while i < 5000 { x = [x]; i += 1; } x
[INFO] [stdout] stack backtrace:
[INFO] [stdout]    0:     0x629d66e79921 - <<std[617be2ca0a6fd877]::sys::backtrace::BacktraceLock>::print::DisplayBacktrace as core[a373ad73a504971]::fmt::Display>::fmt
[INFO] [stdout]    1:     0x629d66e90dca - core[a373ad73a504971]::fmt::write
[INFO] [stdout]    2:     0x629d66e7e09c - <alloc[2e1b2a31b91974c5]::vec::Vec<u8> as core[a373ad73a504971]::io::write::Write>::write_fmt
[INFO] [stdout]    3:     0x629d66e52726 - std[617be2ca0a6fd877]::panicking::default_hook::{closure#0}
[INFO] [stdout]    4:     0x629d66e6fc69 - std[617be2ca0a6fd877]::panicking::default_hook
[INFO] [stdout]    5:     0x629d66cf9790 - test[aada8e7e76ba119b]::test_main_inner::{closure#0}
[INFO] [stdout]    6:     0x629d66e6ff92 - std[617be2ca0a6fd877]::panicking::panic_with_hook
[INFO] [stdout]    7:     0x629d66e527d2 - std[617be2ca0a6fd877]::panicking::panic_handler::{closure#0}
[INFO] [stdout]    8:     0x629d66e4b139 - std[617be2ca0a6fd877]::sys::backtrace::__rust_end_short_backtrace::<std[617be2ca0a6fd877]::panicking::panic_handler::{closure#0}, !>
[INFO] [stdout]    9:     0x629d66e534cd - __rustc[ea4f61d10b84890b]::rust_begin_unwind
[INFO] [stdout]   10:     0x629d66e914fc - core[a373ad73a504971]::panicking::panic_fmt
[INFO] [stdout]   11:     0x629d66cc4e89 - cross_validate[3c3d5bb2c81d0a71]::assert_both_err
[INFO] [stdout]   12:     0x629d66cd14c5 - <cross_validate[3c3d5bb2c81d0a71]::cross_value_nesting_is_capped::{closure#0} as core[a373ad73a504971]::ops::function::FnOnce<()>>::call_once
[INFO] [stdout]   13:     0x629d66cecbdb - test[aada8e7e76ba119b]::__rust_begin_short_backtrace::<core[a373ad73a504971]::result::Result<(), alloc[2e1b2a31b91974c5]::string::String>, fn() -> core[a373ad73a504971]::result::Result<(), alloc[2e1b2a31b91974c5]::string::String>>
[INFO] [stdout]   14:     0x629d66cf9db5 - test[aada8e7e76ba119b]::run_test::{closure#0}
[INFO] [stdout]   15:     0x629d66cf36a4 - std[617be2ca0a6fd877]::sys::backtrace::__rust_begin_short_backtrace::<test[aada8e7e76ba119b]::run_test::{closure#1}, ()>
[INFO] [stdout]   16:     0x629d66cfce42 - <std[617be2ca0a6fd877]::thread::lifecycle::spawn_unchecked<test[aada8e7e76ba119b]::run_test::{closure#1}, ()>::{closure#1} as core[a373ad73a504971]::ops::function::FnOnce<()>>::call_once::{shim:vtable#0}
[INFO] [stdout]   17:     0x629d66e7885f - <std[617be2ca0a6fd877]::sys::thread::unix::Thread>::new::thread_start
[INFO] [stdout]   18:     0x71edb9252dfa - <unknown>
[INFO] [stdout]   19:     0x71edb92e63d4 - clone
[INFO] [stdout]   20:                0x0 - <unknown>
[INFO] [stdout] 
[INFO] [stdout] 
[INFO] [stdout] failures:
[INFO] [stdout]     cross_break_continue_out_of_try_clears_handler
[INFO] [stdout]     cross_call_depth_limit_is_enforced
[INFO] [stdout]     cross_cell_type_of
[INFO] [stdout]     cross_dict_comprehension
[INFO] [stdout]     cross_dict_keys_must_be_strings
[INFO] [stdout]     cross_double_negation_still_checks_overflow
[INFO] [stdout]     cross_functions_are_lexically_scoped
[INFO] [stdout]     cross_huge_string_repeat_errors
[INFO] [stdout]     cross_json_decode_depth_limited
[INFO] [stdout]     cross_json_encode_self_referential_cell
[INFO] [stdout]     cross_list_sum_overflow_errors
[INFO] [stdout]     cross_math_abs_min_int_overflows
[INFO] [stdout]     cross_math_pow_overflow_and_huge_exponent
[INFO] [stdout]     cross_math_unary_arity_errors
[INFO] [stdout]     cross_rand_module
[INFO] [stdout]     cross_try_catch_with_error
[INFO] [stdout]     cross_try_operator_passes_through_catch
[INFO] [stdout]     cross_try_top_level
[INFO] [stdout]     cross_type_ann_mismatch
[INFO] [stdout]     cross_type_of
[INFO] [stdout]     cross_value_nesting_is_capped
[INFO] [stdout] 
[INFO] [stdout] test result: FAILED. 224 passed; 21 failed; 0 ignored; 0 measured; 0 filtered out; finished in 0.11s
[INFO] [stdout] 
[INFO] running `Command { std: "docker" "inspect" "324ba3d93d5bc50e85d764a144d704006ad4bec2185e44f1dc0e2fd7629009c5", kill_on_drop: false }`
[INFO] running `Command { std: "docker" "rm" "-f" "324ba3d93d5bc50e85d764a144d704006ad4bec2185e44f1dc0e2fd7629009c5", kill_on_drop: false }`
[INFO] [stdout] 324ba3d93d5bc50e85d764a144d704006ad4bec2185e44f1dc0e2fd7629009c5
