[INFO] fetching crate io_uring_actor 0.2.0...
[INFO] testing io_uring_actor-0.2.0 against 1.99.0-beta.8+cargoflags=--release for beta-release-1.100-2
[INFO] extracting crate io_uring_actor 0.2.0 into /workspace/builds/worker-0-tc1/source
[INFO] started tweaking crates.io crate io_uring_actor 0.2.0
[INFO] finished tweaking crates.io crate io_uring_actor 0.2.0
[INFO] tweaked toml for crates.io crate io_uring_actor 0.2.0 written to /workspace/builds/worker-0-tc1/source/Cargo.toml
[INFO] validating manifest of crates.io crate io_uring_actor 0.2.0 on toolchain 1.99.0-beta.8
[INFO] running `Command { std: CARGO_HOME="/workspace/cargo-home" RUSTUP_HOME="/workspace/rustup-home" "/workspace/cargo-home/bin/cargo" "+1.99.0-beta.8" "metadata" "--manifest-path" "Cargo.toml" "--no-deps", kill_on_drop: false }`
[INFO] running `Command { std: CARGO_HOME="/workspace/cargo-home" RUSTUP_HOME="/workspace/rustup-home" "/workspace/cargo-home/bin/cargo" "+1.99.0-beta.8" "generate-lockfile" "--manifest-path" "Cargo.toml", kill_on_drop: false }`
[INFO] [stderr]     Updating crates.io index
[INFO] [stderr]      Locking 60 packages to highest compatible versions
[INFO] [stderr]       Adding flume v0.11.1 (available: v0.12.0)
[INFO] running `Command { std: CARGO_HOME="/workspace/cargo-home" RUSTUP_HOME="/workspace/rustup-home" "/workspace/cargo-home/bin/cargo" "+1.99.0-beta.8" "fetch" "--manifest-path" "Cargo.toml", kill_on_drop: false }`
[INFO] [stderr]  Downloading crates ...
[INFO] [stderr]   Downloaded io-uring v0.7.15
[INFO] running `Command { std: "docker" "create" "-v" "/var/lib/crater-agent-workspace/builds/worker-0-tc1/source:/opt/rustwide/workdir:ro,Z" "-v" "/var/lib/crater-agent-workspace/builds/worker-0-tc1/target:/opt/rustwide/target:rw,Z" "-v" "/var/lib/crater-agent-workspace/cargo-home:/opt/rustwide/cargo-home:ro,Z" "-v" "/var/lib/crater-agent-workspace/rustup-home:/opt/rustwide/rustup-home:ro,Z" "-m" "1610612736" "--network" "none" "ghcr.io/rust-lang/crates-build-env/linux@sha256:77db811e55d90add9212f6832c23229e3de5f1c1f9905e8cb07319ea15df73ac" "sleep" "infinity", kill_on_drop: false }`
[INFO] [stdout] 96e52c6da32f76e41e0999c2b0518b31f38303b43b274ed96098a90e038f7ce3
[INFO] running `Command { std: "docker" "start" "96e52c6da32f76e41e0999c2b0518b31f38303b43b274ed96098a90e038f7ce3", kill_on_drop: false }`
[INFO] running `Command { std: "docker" "inspect" "96e52c6da32f76e41e0999c2b0518b31f38303b43b274ed96098a90e038f7ce3", kill_on_drop: false }`
[INFO] running `Command { std: "docker" "exec" "-e" "SOURCE_DIR=/opt/rustwide/workdir" "-e" "CARGO_HOME=/opt/rustwide/cargo-home" "-e" "RUSTUP_HOME=/opt/rustwide/rustup-home" "-e" "CARGO_TARGET_DIR=/opt/rustwide/target" "-w" "/opt/rustwide/workdir" "--user" "0:0" "96e52c6da32f76e41e0999c2b0518b31f38303b43b274ed96098a90e038f7ce3" "/opt/rustwide/cargo-home/bin/cargo" "+1.99.0-beta.8" "metadata" "--no-deps" "--format-version=1", kill_on_drop: false }`
[INFO] running `Command { std: "docker" "inspect" "96e52c6da32f76e41e0999c2b0518b31f38303b43b274ed96098a90e038f7ce3", kill_on_drop: false }`
[INFO] running `Command { std: "docker" "exec" "-e" "SOURCE_DIR=/opt/rustwide/workdir" "-e" "CARGO_HOME=/opt/rustwide/cargo-home" "-e" "RUSTUP_HOME=/opt/rustwide/rustup-home" "-e" "CARGO_TARGET_DIR=/opt/rustwide/target" "-e" "CARGO_INCREMENTAL=0" "-e" "RUST_BACKTRACE=full" "-e" "RUSTFLAGS=--cap-lints=warn" "-e" "RUSTDOCFLAGS=--cap-lints=warn" "-w" "/opt/rustwide/workdir" "--user" "0:0" "96e52c6da32f76e41e0999c2b0518b31f38303b43b274ed96098a90e038f7ce3" "/opt/rustwide/cargo-home/bin/cargo" "+1.99.0-beta.8" "build" "--frozen" "--message-format=json" "--release", kill_on_drop: false }`
[INFO] [stderr]    Compiling io-uring v0.7.15
[INFO] [stderr]    Compiling futures-core v0.3.34
[INFO] [stderr]    Compiling futures-sink v0.3.34
[INFO] [stderr]    Compiling getrandom v0.2.17
[INFO] [stderr]    Compiling errno v0.3.14
[INFO] [stderr]    Compiling tracing-subscriber v0.3.23
[INFO] [stderr]    Compiling signal-hook-registry v1.4.8
[INFO] [stderr]    Compiling nanorand v0.7.0
[INFO] [stderr]    Compiling tokio v1.53.3
[INFO] [stderr]    Compiling flume v0.11.1
[INFO] [stderr]    Compiling io_uring_actor v0.2.0 (/opt/rustwide/workdir)
[INFO] [stdout] warning: type `statx` should have an upper camel case name
[INFO] [stdout]    --> src/io_uring.rs:127:16
[INFO] [stdout]     |
[INFO] [stdout] 127 |     pub struct statx {
[INFO] [stdout]     |                ^^^^^ help: convert the identifier to upper camel case (notice the capitalization): `Statx`
[INFO] [stdout]     |
[INFO] [stdout]     = note: `#[warn(non_camel_case_types)]` (part of `#[warn(nonstandard_style)]`) on by default
[INFO] [stdout] 
[INFO] [stdout] 
[INFO] [stdout] warning: type `statx_timestamp` should have an upper camel case name
[INFO] [stdout]    --> src/io_uring.rs:155:16
[INFO] [stdout]     |
[INFO] [stdout] 155 |     pub struct statx_timestamp {
[INFO] [stdout]     |                ^^^^^^^^^^^^^^^ help: convert the identifier to upper camel case: `StatxTimestamp`
[INFO] [stdout] 
[INFO] [stdout] 
[INFO] [stderr]     Finished `release` profile [optimized] target(s) in 16.79s
[INFO] running `Command { std: "docker" "inspect" "96e52c6da32f76e41e0999c2b0518b31f38303b43b274ed96098a90e038f7ce3", kill_on_drop: false }`
[INFO] running `Command { std: "docker" "exec" "-e" "SOURCE_DIR=/opt/rustwide/workdir" "-e" "CARGO_HOME=/opt/rustwide/cargo-home" "-e" "RUSTUP_HOME=/opt/rustwide/rustup-home" "-e" "CARGO_TARGET_DIR=/opt/rustwide/target" "-e" "CARGO_INCREMENTAL=0" "-e" "RUST_BACKTRACE=full" "-e" "RUSTFLAGS=--cap-lints=warn" "-e" "RUSTDOCFLAGS=--cap-lints=warn" "-w" "/opt/rustwide/workdir" "--user" "0:0" "96e52c6da32f76e41e0999c2b0518b31f38303b43b274ed96098a90e038f7ce3" "/opt/rustwide/cargo-home/bin/cargo" "+1.99.0-beta.8" "test" "--frozen" "--no-run" "--message-format=json" "--release", kill_on_drop: false }`
[INFO] [stderr]    Compiling io-uring v0.7.15
[INFO] [stderr]    Compiling rustix v1.1.5
[INFO] [stderr]    Compiling io_uring_actor v0.2.0 (/opt/rustwide/workdir)
[INFO] [stdout] warning: type `statx` should have an upper camel case name
[INFO] [stdout]    --> src/io_uring.rs:127:16
[INFO] [stdout]     |
[INFO] [stdout] 127 |     pub struct statx {
[INFO] [stdout]     |                ^^^^^ help: convert the identifier to upper camel case (notice the capitalization): `Statx`
[INFO] [stdout]     |
[INFO] [stdout]     = note: `#[warn(non_camel_case_types)]` (part of `#[warn(nonstandard_style)]`) on by default
[INFO] [stdout] 
[INFO] [stdout] 
[INFO] [stdout] warning: type `statx_timestamp` should have an upper camel case name
[INFO] [stdout]    --> src/io_uring.rs:155:16
[INFO] [stdout]     |
[INFO] [stdout] 155 |     pub struct statx_timestamp {
[INFO] [stdout]     |                ^^^^^^^^^^^^^^^ help: convert the identifier to upper camel case: `StatxTimestamp`
[INFO] [stdout] 
[INFO] [stdout] 
[INFO] [stderr]    Compiling tempfile v3.27.0
[INFO] [stdout] warning: type `statx` should have an upper camel case name
[INFO] [stdout]    --> src/io_uring.rs:127:16
[INFO] [stdout]     |
[INFO] [stdout] 127 |     pub struct statx {
[INFO] [stdout]     |                ^^^^^ help: convert the identifier to upper camel case (notice the capitalization): `Statx`
[INFO] [stdout]     |
[INFO] [stdout]     = note: `#[warn(non_camel_case_types)]` (part of `#[warn(nonstandard_style)]`) on by default
[INFO] [stdout] 
[INFO] [stdout] 
[INFO] [stdout] warning: type `statx_timestamp` should have an upper camel case name
[INFO] [stdout]    --> src/io_uring.rs:155:16
[INFO] [stdout]     |
[INFO] [stdout] 155 |     pub struct statx_timestamp {
[INFO] [stdout]     |                ^^^^^^^^^^^^^^^ help: convert the identifier to upper camel case: `StatxTimestamp`
[INFO] [stdout] 
[INFO] [stdout] 
[INFO] [stdout] warning: associated items `new_zeroed`, `new_with_data`, and `as_slice` are never used
[INFO] [stdout]    --> src/io_uring.rs:35:20
[INFO] [stdout]     |
[INFO] [stdout]  34 |         impl<const N: usize> $name<N> {
[INFO] [stdout]     |         ----------------------------- associated items in this implementation
[INFO] [stdout]  35 |             pub fn new_zeroed() -> Self {
[INFO] [stdout]     |                    ^^^^^^^^^^
[INFO] [stdout] ...
[INFO] [stdout]  39 |             pub fn new_with_data(data: &[u8]) -> Self {
[INFO] [stdout]     |                    ^^^^^^^^^^^^^
[INFO] [stdout] ...
[INFO] [stdout]  46 |             pub fn as_slice(&self) -> &[u8] {
[INFO] [stdout]     |                    ^^^^^^^^
[INFO] [stdout] ...
[INFO] [stdout] 812 |         create_aligned_page!(Page4K, 4096);
[INFO] [stdout]     |         ---------------------------------- in this macro invocation
[INFO] [stdout]     |
[INFO] [stdout]     = note: `#[warn(dead_code)]` (part of `#[warn(unused)]`) on by default
[INFO] [stdout]     = note: this warning originates in the macro `create_aligned_page` (in Nightly builds, run with -Z macro-backtrace for more info)
[INFO] [stdout] 
[INFO] [stdout] 
[INFO] [stdout] warning: associated items `new_zeroed` and `as_slice` are never used
[INFO] [stdout]    --> src/io_uring.rs:35:20
[INFO] [stdout]     |
[INFO] [stdout]  34 |         impl<const N: usize> $name<N> {
[INFO] [stdout]     |         ----------------------------- associated items in this implementation
[INFO] [stdout]  35 |             pub fn new_zeroed() -> Self {
[INFO] [stdout]     |                    ^^^^^^^^^^
[INFO] [stdout] ...
[INFO] [stdout]  46 |             pub fn as_slice(&self) -> &[u8] {
[INFO] [stdout]     |                    ^^^^^^^^
[INFO] [stdout] ...
[INFO] [stdout] 906 |         create_aligned_page!(Page4K, 4096);
[INFO] [stdout]     |         ---------------------------------- in this macro invocation
[INFO] [stdout]     |
[INFO] [stdout]     = note: this warning originates in the macro `create_aligned_page` (in Nightly builds, run with -Z macro-backtrace for more info)
[INFO] [stdout] 
[INFO] [stdout] 
[INFO] [stderr]     Finished `release` profile [optimized] target(s) in 8.80s
[INFO] running `Command { std: "docker" "inspect" "96e52c6da32f76e41e0999c2b0518b31f38303b43b274ed96098a90e038f7ce3", kill_on_drop: false }`
[INFO] running `Command { std: "docker" "exec" "-e" "SOURCE_DIR=/opt/rustwide/workdir" "-e" "CARGO_HOME=/opt/rustwide/cargo-home" "-e" "RUSTUP_HOME=/opt/rustwide/rustup-home" "-e" "CARGO_TARGET_DIR=/opt/rustwide/target" "-e" "CARGO_INCREMENTAL=0" "-e" "RUST_BACKTRACE=full" "-e" "RUSTFLAGS=--cap-lints=warn" "-e" "RUSTDOCFLAGS=--cap-lints=warn" "-w" "/opt/rustwide/workdir" "--user" "0:0" "96e52c6da32f76e41e0999c2b0518b31f38303b43b274ed96098a90e038f7ce3" "/opt/rustwide/cargo-home/bin/cargo" "+1.99.0-beta.8" "test" "--frozen" "--release", kill_on_drop: false }`
[INFO] [stderr] warning: type `statx` should have an upper camel case name
[INFO] [stderr]    --> src/io_uring.rs:127:16
[INFO] [stderr]     |
[INFO] [stderr] 127 |     pub struct statx {
[INFO] [stderr]     |                ^^^^^ help: convert the identifier to upper camel case (notice the capitalization): `Statx`
[INFO] [stderr]     |
[INFO] [stderr]     = note: `#[warn(non_camel_case_types)]` (part of `#[warn(nonstandard_style)]`) on by default
[INFO] [stderr] 
[INFO] [stderr] warning: type `statx_timestamp` should have an upper camel case name
[INFO] [stderr]    --> src/io_uring.rs:155:16
[INFO] [stderr]     |
[INFO] [stderr] 155 |     pub struct statx_timestamp {
[INFO] [stderr]     |                ^^^^^^^^^^^^^^^ help: convert the identifier to upper camel case: `StatxTimestamp`
[INFO] [stderr] 
[INFO] [stderr] warning: associated items `new_zeroed`, `new_with_data`, and `as_slice` are never used
[INFO] [stderr]    --> src/io_uring.rs:35:20
[INFO] [stderr]     |
[INFO] [stderr]  34 |         impl<const N: usize> $name<N> {
[INFO] [stderr]     |         ----------------------------- associated items in this implementation
[INFO] [stderr]  35 |             pub fn new_zeroed() -> Self {
[INFO] [stderr]     |                    ^^^^^^^^^^
[INFO] [stderr] ...
[INFO] [stderr]  39 |             pub fn new_with_data(data: &[u8]) -> Self {
[INFO] [stderr]     |                    ^^^^^^^^^^^^^
[INFO] [stderr] ...
[INFO] [stderr]  46 |             pub fn as_slice(&self) -> &[u8] {
[INFO] [stderr]     |                    ^^^^^^^^
[INFO] [stderr] ...
[INFO] [stderr] 812 |         create_aligned_page!(Page4K, 4096);
[INFO] [stderr]     |         ---------------------------------- in this macro invocation
[INFO] [stderr]     |
[INFO] [stderr]     = note: `#[warn(dead_code)]` (part of `#[warn(unused)]`) on by default
[INFO] [stderr]     = note: this warning originates in the macro `create_aligned_page` (in Nightly builds, run with -Z macro-backtrace for more info)
[INFO] [stderr] 
[INFO] [stderr] warning: associated items `new_zeroed` and `as_slice` are never used
[INFO] [stderr]    --> src/io_uring.rs:35:20
[INFO] [stderr]     |
[INFO] [stderr]  34 |         impl<const N: usize> $name<N> {
[INFO] [stderr]     |         ----------------------------- associated items in this implementation
[INFO] [stderr]  35 |             pub fn new_zeroed() -> Self {
[INFO] [stderr]     |                    ^^^^^^^^^^
[INFO] [stderr] ...
[INFO] [stderr]  46 |             pub fn as_slice(&self) -> &[u8] {
[INFO] [stderr]     |                    ^^^^^^^^
[INFO] [stderr] ...
[INFO] [stderr] 906 |         create_aligned_page!(Page4K, 4096);
[INFO] [stderr]     |         ---------------------------------- in this macro invocation
[INFO] [stderr]     |
[INFO] [stderr]     = note: this warning originates in the macro `create_aligned_page` (in Nightly builds, run with -Z macro-backtrace for more info)
[INFO] [stderr] 
[INFO] [stderr] warning: `io_uring_actor` (lib) generated 2 warnings
[INFO] [stderr] warning: `io_uring_actor` (lib test) generated 4 warnings (2 duplicates)
[INFO] [stderr]     Finished `release` profile [optimized] target(s) in 0.07s
[INFO] [stderr]      Running unittests src/lib.rs (/opt/rustwide/target/release/deps/io_uring_actor-73b8c6c1f6d50cea)
[INFO] [stdout] 
[INFO] [stdout] running 3 tests
[INFO] [stdout] test io_uring::tests::test_io_uring_read_write ... FAILED
[INFO] [stdout] test io_uring::tests::test_io_uring_direct_read_write ... FAILED
[INFO] [stdout] test io_uring::tests::test_aligned_buffer_is_send ... ok
[INFO] [stdout] 
[INFO] [stdout] failures:
[INFO] [stdout] 
[INFO] [stdout] ---- io_uring::tests::test_io_uring_read_write stdout ----
[INFO] [stdout] Error: Os { code: 1, kind: PermissionDenied, message: "Operation not permitted" }
[INFO] [stdout] 
[INFO] [stdout] ---- io_uring::tests::test_io_uring_direct_read_write stdout ----
[INFO] [stdout] Error: Os { code: 1, kind: PermissionDenied, message: "Operation not permitted" }
[INFO] [stdout] 
[INFO] [stdout] 
[INFO] [stdout] failures:
[INFO] [stdout]     io_uring::tests::test_io_uring_direct_read_write
[INFO] [stdout]     io_uring::tests::test_io_uring_read_write
[INFO] [stdout] 
[INFO] [stdout] test result: FAILED. 1 passed; 2 failed; 0 ignored; 0 measured; 0 filtered out; finished in 0.00s
[INFO] [stdout] 
[INFO] [stderr] error: test failed, to rerun pass `--lib`
[INFO] running `Command { std: "docker" "inspect" "96e52c6da32f76e41e0999c2b0518b31f38303b43b274ed96098a90e038f7ce3", kill_on_drop: false }`
[INFO] running `Command { std: "docker" "rm" "-f" "96e52c6da32f76e41e0999c2b0518b31f38303b43b274ed96098a90e038f7ce3", kill_on_drop: false }`
[INFO] [stdout] 96e52c6da32f76e41e0999c2b0518b31f38303b43b274ed96098a90e038f7ce3
