[INFO] fetching crate intuicio-runner-simpleton 0.8.1...
[INFO] testing intuicio-runner-simpleton-0.8.1 against 1.99.0-beta.8+cargoflags=--release for beta-release-1.100-2
[INFO] extracting crate intuicio-runner-simpleton 0.8.1 into /workspace/builds/worker-4-tc1/source
[INFO] started tweaking crates.io crate intuicio-runner-simpleton 0.8.1
[INFO] finished tweaking crates.io crate intuicio-runner-simpleton 0.8.1
[INFO] tweaked toml for crates.io crate intuicio-runner-simpleton 0.8.1 written to /workspace/builds/worker-4-tc1/source/Cargo.toml
[INFO] validating manifest of crates.io crate intuicio-runner-simpleton 0.8.1 on toolchain 1.99.0-beta.8
[INFO] running `Command { std: CARGO_HOME="/workspace/cargo-home" RUSTUP_HOME="/workspace/rustup-home" "/workspace/cargo-home/bin/cargo" "+1.99.0-beta.8" "metadata" "--manifest-path" "Cargo.toml" "--no-deps", kill_on_drop: false }`
[INFO] crate crates.io crate intuicio-runner-simpleton 0.8.1 already has a lockfile, it will not be regenerated
[INFO] running `Command { std: CARGO_HOME="/workspace/cargo-home" RUSTUP_HOME="/workspace/rustup-home" "/workspace/cargo-home/bin/cargo" "+1.99.0-beta.8" "fetch" "--manifest-path" "Cargo.toml", kill_on_drop: false }`
[INFO] [stderr]     Updating crates.io index
[INFO] [stderr]  Downloading crates ...
[INFO] [stderr]   Downloaded intuicio-frontend-simpleton v0.8.1
[INFO] [stderr]   Downloaded toml_edit v0.19.8
[INFO] [stderr]   Downloaded typid v1.1.1
[INFO] [stderr]   Downloaded intuicio-backend-vm v0.8.1
[INFO] [stderr]   Downloaded is-terminal v0.4.5
[INFO] [stderr]   Downloaded dirs v5.0.0
[INFO] [stderr]   Downloaded intuicio-derive v0.8.1
[INFO] [stderr]   Downloaded toml_datetime v0.6.1
[INFO] [stderr]   Downloaded intuicio-plugins v0.8.1
[INFO] [stderr]   Downloaded intuicio-data v0.8.1
[INFO] [stderr]   Downloaded serde_spanned v0.6.1
[INFO] [stderr]   Downloaded dirs-sys v0.4.0
[INFO] [stderr]   Downloaded intuicio-core v0.8.1
[INFO] [stderr]   Downloaded bitflags v2.0.2
[INFO] [stderr]   Downloaded snailquote v0.3.1
[INFO] [stderr]   Downloaded pest_derive v2.5.6
[INFO] [stderr]   Downloaded clap_lex v0.3.3
[INFO] [stderr]   Downloaded toml v0.7.3
[INFO] [stderr]   Downloaded pest_generator v2.5.6
[INFO] [stderr]   Downloaded clap_derive v4.1.9
[INFO] [stderr]   Downloaded pest_meta v2.5.6
[INFO] [stderr]   Downloaded pest v2.5.6
[INFO] [stderr]   Downloaded winnow v0.4.0
[INFO] [stderr]   Downloaded clap v4.1.11
[INFO] running `Command { std: "docker" "create" "-v" "/var/lib/crater-agent-workspace/builds/worker-4-tc1/source:/opt/rustwide/workdir:ro,Z" "-v" "/var/lib/crater-agent-workspace/builds/worker-4-tc1/target:/opt/rustwide/target:rw,Z" "-v" "/var/lib/crater-agent-workspace/cargo-home:/opt/rustwide/cargo-home:ro,Z" "-v" "/var/lib/crater-agent-workspace/rustup-home:/opt/rustwide/rustup-home:ro,Z" "-m" "1610612736" "--network" "none" "ghcr.io/rust-lang/crates-build-env/linux@sha256:77db811e55d90add9212f6832c23229e3de5f1c1f9905e8cb07319ea15df73ac" "sleep" "infinity", kill_on_drop: false }`
[INFO] [stdout] 23e8a652dfb5952cdd21d3d1499c1f747f85adee9c1bb8a15ccc0120920adf41
[INFO] running `Command { std: "docker" "start" "23e8a652dfb5952cdd21d3d1499c1f747f85adee9c1bb8a15ccc0120920adf41", kill_on_drop: false }`
[INFO] running `Command { std: "docker" "inspect" "23e8a652dfb5952cdd21d3d1499c1f747f85adee9c1bb8a15ccc0120920adf41", kill_on_drop: false }`
[INFO] running `Command { std: "docker" "exec" "-e" "SOURCE_DIR=/opt/rustwide/workdir" "-e" "CARGO_HOME=/opt/rustwide/cargo-home" "-e" "RUSTUP_HOME=/opt/rustwide/rustup-home" "-e" "CARGO_TARGET_DIR=/opt/rustwide/target" "-w" "/opt/rustwide/workdir" "--user" "0:0" "23e8a652dfb5952cdd21d3d1499c1f747f85adee9c1bb8a15ccc0120920adf41" "/opt/rustwide/cargo-home/bin/cargo" "+1.99.0-beta.8" "metadata" "--no-deps" "--format-version=1", kill_on_drop: false }`
[INFO] running `Command { std: "docker" "inspect" "23e8a652dfb5952cdd21d3d1499c1f747f85adee9c1bb8a15ccc0120920adf41", kill_on_drop: false }`
[INFO] running `Command { std: "docker" "exec" "-e" "SOURCE_DIR=/opt/rustwide/workdir" "-e" "CARGO_HOME=/opt/rustwide/cargo-home" "-e" "RUSTUP_HOME=/opt/rustwide/rustup-home" "-e" "CARGO_TARGET_DIR=/opt/rustwide/target" "-e" "CARGO_INCREMENTAL=0" "-e" "RUST_BACKTRACE=full" "-e" "RUSTFLAGS=--cap-lints=warn" "-e" "RUSTDOCFLAGS=--cap-lints=warn" "-w" "/opt/rustwide/workdir" "--user" "0:0" "23e8a652dfb5952cdd21d3d1499c1f747f85adee9c1bb8a15ccc0120920adf41" "/opt/rustwide/cargo-home/bin/cargo" "+1.99.0-beta.8" "build" "--frozen" "--message-format=json" "--release", kill_on_drop: false }`
[INFO] [stderr]    Compiling proc-macro2 v1.0.51
[INFO] [stderr]    Compiling quote v1.0.23
[INFO] [stderr]    Compiling syn v1.0.107
[INFO] [stderr]    Compiling libc v0.2.139
[INFO] [stderr]    Compiling serde_derive v1.0.152
[INFO] [stderr]    Compiling serde v1.0.152
[INFO] [stderr]    Compiling thiserror v1.0.38
[INFO] [stderr]    Compiling memchr v2.5.0
[INFO] [stderr]    Compiling ucd-trie v0.1.5
[INFO] [stderr]    Compiling io-lifetimes v1.0.9
[INFO] [stderr]    Compiling once_cell v1.17.1
[INFO] [stderr]    Compiling hashbrown v0.12.3
[INFO] [stderr]    Compiling memoffset v0.8.0
[INFO] [stderr]    Compiling indexmap v1.9.2
[INFO] [stderr]    Compiling rustix v0.36.11
[INFO] [stderr]    Compiling winnow v0.4.0
[INFO] [stderr]    Compiling serde_json v1.0.94
[INFO] [stderr]    Compiling linux-raw-sys v0.1.4
[INFO] [stderr]    Compiling ppv-lite86 v0.2.17
[INFO] [stderr]    Compiling libloading v0.7.4
[INFO] [stderr]    Compiling os_str_bytes v6.5.0
[INFO] [stderr]    Compiling itoa v1.0.6
[INFO] [stderr]    Compiling unicode_categories v0.1.1
[INFO] [stderr]    Compiling regex-syntax v0.6.28
[INFO] [stderr]    Compiling ryu v1.0.12
[INFO] [stderr]    Compiling termcolor v1.2.0
[INFO] [stderr]    Compiling bitflags v2.0.2
[INFO] [stderr]    Compiling clap_lex v0.3.3
[INFO] [stderr]    Compiling aho-corasick v0.7.20
[INFO] [stderr]    Compiling proc-macro-error-attr v1.0.4
[INFO] [stderr]    Compiling getrandom v0.2.8
[INFO] [stderr]    Compiling dirs-sys v0.4.0
[INFO] [stderr]    Compiling rand_core v0.6.4
[INFO] [stderr]    Compiling dirs v5.0.0
[INFO] [stderr]    Compiling rand_chacha v0.3.1
[INFO] [stderr]    Compiling rand v0.8.5
[INFO] [stderr]    Compiling is-terminal v0.4.5
[INFO] [stderr]    Compiling regex v1.7.1
[INFO] [stderr]    Compiling proc-macro-error v1.0.4
[INFO] [stderr]    Compiling thiserror-impl v1.0.38
[INFO] [stderr]    Compiling clap_derive v4.1.9
[INFO] [stderr]    Compiling intuicio-derive v0.8.1
[INFO] [stderr]    Compiling pest v2.5.6
[INFO] [stderr]    Compiling snailquote v0.3.1
[INFO] [stderr]    Compiling clap v4.1.11
[INFO] [stderr]    Compiling pest_meta v2.5.6
[INFO] [stderr]    Compiling pest_generator v2.5.6
[INFO] [stderr]    Compiling pest_derive v2.5.6
[INFO] [stderr]    Compiling uuid v0.8.2
[INFO] [stderr]    Compiling toml_datetime v0.6.1
[INFO] [stderr]    Compiling serde_spanned v0.6.1
[INFO] [stderr]    Compiling toml_edit v0.19.8
[INFO] [stderr]    Compiling typid v1.1.1
[INFO] [stderr]    Compiling intuicio-data v0.8.1
[INFO] [stderr]    Compiling intuicio-core v0.8.1
[INFO] [stderr]    Compiling intuicio-plugins v0.8.1
[INFO] [stderr]    Compiling intuicio-backend-vm v0.8.1
[INFO] [stderr]    Compiling toml v0.7.3
[INFO] [stderr]    Compiling intuicio-frontend-simpleton v0.8.1
[INFO] [stderr]    Compiling intuicio-runner-simpleton v0.8.1 (/opt/rustwide/workdir)
[INFO] [stderr]     Finished `release` profile [optimized] target(s) in 1m 09s
[INFO] running `Command { std: "docker" "inspect" "23e8a652dfb5952cdd21d3d1499c1f747f85adee9c1bb8a15ccc0120920adf41", kill_on_drop: false }`
[INFO] running `Command { std: "docker" "exec" "-e" "SOURCE_DIR=/opt/rustwide/workdir" "-e" "CARGO_HOME=/opt/rustwide/cargo-home" "-e" "RUSTUP_HOME=/opt/rustwide/rustup-home" "-e" "CARGO_TARGET_DIR=/opt/rustwide/target" "-e" "CARGO_INCREMENTAL=0" "-e" "RUST_BACKTRACE=full" "-e" "RUSTFLAGS=--cap-lints=warn" "-e" "RUSTDOCFLAGS=--cap-lints=warn" "-w" "/opt/rustwide/workdir" "--user" "0:0" "23e8a652dfb5952cdd21d3d1499c1f747f85adee9c1bb8a15ccc0120920adf41" "/opt/rustwide/cargo-home/bin/cargo" "+1.99.0-beta.8" "test" "--frozen" "--no-run" "--message-format=json" "--release", kill_on_drop: false }`
[INFO] [stderr]    Compiling intuicio-runner-simpleton v0.8.1 (/opt/rustwide/workdir)
[INFO] [stderr]     Finished `release` profile [optimized] target(s) in 1.95s
[INFO] running `Command { std: "docker" "inspect" "23e8a652dfb5952cdd21d3d1499c1f747f85adee9c1bb8a15ccc0120920adf41", kill_on_drop: false }`
[INFO] running `Command { std: "docker" "exec" "-e" "SOURCE_DIR=/opt/rustwide/workdir" "-e" "CARGO_HOME=/opt/rustwide/cargo-home" "-e" "RUSTUP_HOME=/opt/rustwide/rustup-home" "-e" "CARGO_TARGET_DIR=/opt/rustwide/target" "-e" "CARGO_INCREMENTAL=0" "-e" "RUST_BACKTRACE=full" "-e" "RUSTFLAGS=--cap-lints=warn" "-e" "RUSTDOCFLAGS=--cap-lints=warn" "-w" "/opt/rustwide/workdir" "--user" "0:0" "23e8a652dfb5952cdd21d3d1499c1f747f85adee9c1bb8a15ccc0120920adf41" "/opt/rustwide/cargo-home/bin/cargo" "+1.99.0-beta.8" "test" "--frozen" "--release", kill_on_drop: false }`
[INFO] [stderr]     Finished `release` profile [optimized] target(s) in 0.11s
[INFO] [stderr]      Running unittests src/lib.rs (/opt/rustwide/target/release/deps/intuicio_runner_simpleton-6673c7c020c48579)
[INFO] [stdout] 
[INFO] [stdout] running 1 test
[INFO] [stdout] test tests::test_runner ... FAILED
[INFO] [stdout] 
[INFO] [stdout] failures:
[INFO] [stdout] 
[INFO] [stdout] ---- tests::test_runner stdout ----
[INFO] [stdout] 
[INFO] [stdout] thread 'tests::test_runner' (1578) panicked at /opt/rustwide/cargo-home/registry/src/index.crates.io-1949cf8c6b5b557f/intuicio-frontend-simpleton-0.8.1/src/script.rs:1194:21:
[INFO] [stdout] Could not load plugin: "simpleton_http.so"
[INFO] [stdout] stack backtrace:
[INFO] [stdout]    0:     0x5a6d808cf851 - <<std[70759c8f55707aa4]::sys::backtrace::BacktraceLock>::print::DisplayBacktrace as core[df12db4294e9bfd3]::fmt::Display>::fmt
[INFO] [stdout]    1:     0x5a6d808e6a8a - core[df12db4294e9bfd3]::fmt::write
[INFO] [stdout]    2:     0x5a6d808d438c - <alloc[2182bb758b4b3781]::vec::Vec<u8> as core[df12db4294e9bfd3]::io::write::Write>::write_fmt
[INFO] [stdout]    3:     0x5a6d808a88f6 - std[70759c8f55707aa4]::panicking::default_hook::{closure#0}
[INFO] [stdout]    4:     0x5a6d808c6399 - std[70759c8f55707aa4]::panicking::default_hook
[INFO] [stdout]    5:     0x5a6d806aa4d0 - test[9d35eded1c95d3be]::test_main_inner::<test[9d35eded1c95d3be]::test_main_static::{closure#0}>::{closure#0}
[INFO] [stdout]    6:     0x5a6d808c6552 - std[70759c8f55707aa4]::panicking::panic_with_hook
[INFO] [stdout]    7:     0x5a6d808a89a2 - std[70759c8f55707aa4]::panicking::panic_handler::{closure#0}
[INFO] [stdout]    8:     0x5a6d808a11e9 - std[70759c8f55707aa4]::sys::backtrace::__rust_end_short_backtrace::<std[70759c8f55707aa4]::panicking::panic_handler::{closure#0}, !>
[INFO] [stdout]    9:     0x5a6d808a980d - __rustc[8fa7c3cbc660c2b3]::rust_begin_unwind
[INFO] [stdout]   10:     0x5a6d808e71ec - core[df12db4294e9bfd3]::panicking::panic_fmt
[INFO] [stdout]   11:     0x5a6d806e57f9 - <intuicio_frontend_simpleton[a2ef790b31dc336f]::script::SimpletonPackage>::install_plugins
[INFO] [stdout]   12:     0x5a6d806907f3 - intuicio_runner_simpleton[e7564e5f2ca62c98]::execute::<alloc[2182bb758b4b3781]::vec::Vec<alloc[2182bb758b4b3781]::string::String>>::{closure#0}
[INFO] [stdout]   13:     0x5a6d8069623b - intuicio_runner_simpleton[e7564e5f2ca62c98]::execute::<alloc[2182bb758b4b3781]::vec::Vec<alloc[2182bb758b4b3781]::string::String>>
[INFO] [stdout]   14:     0x5a6d80698b96 - <intuicio_runner_simpleton[e7564e5f2ca62c98]::tests::test_runner::{closure#0} as core[df12db4294e9bfd3]::ops::function::FnOnce<()>>::call_once
[INFO] [stdout]   15:     0x5a6d8069d7bb - test[9d35eded1c95d3be]::__rust_begin_short_backtrace::<core[df12db4294e9bfd3]::result::Result<(), alloc[2182bb758b4b3781]::string::String>, fn() -> core[df12db4294e9bfd3]::result::Result<(), alloc[2182bb758b4b3781]::string::String>>
[INFO] [stdout]   16:     0x5a6d806aae25 - test[9d35eded1c95d3be]::run_test::{closure#0}
[INFO] [stdout]   17:     0x5a6d806a46e4 - std[70759c8f55707aa4]::sys::backtrace::__rust_begin_short_backtrace::<test[9d35eded1c95d3be]::run_test::{closure#1}, ()>
[INFO] [stdout]   18:     0x5a6d806adf82 - <std[70759c8f55707aa4]::thread::lifecycle::spawn_unchecked<test[9d35eded1c95d3be]::run_test::{closure#1}, ()>::{closure#1} as core[df12db4294e9bfd3]::ops::function::FnOnce<()>>::call_once::{shim:vtable#0}
[INFO] [stdout]   19:     0x5a6d808ce139 - <std[70759c8f55707aa4]::sys::thread::unix::Thread>::new::thread_start
[INFO] [stdout]   20:     0x777cc3f62dfa - <unknown>
[INFO] [stdout]   21:     0x777cc3ff63d4 - clone
[INFO] [stdout]   22:                0x0 - <unknown>
[INFO] [stdout] 
[INFO] [stdout] 
[INFO] [stdout] failures:
[INFO] [stdout]     tests::test_runner
[INFO] [stdout] 
[INFO] [stdout] test result: FAILED. 0 passed; 1 failed; 0 ignored; 0 measured; 0 filtered out; finished in 0.02s
[INFO] [stdout] 
[INFO] [stderr] error: test failed, to rerun pass `--lib`
[INFO] running `Command { std: "docker" "inspect" "23e8a652dfb5952cdd21d3d1499c1f747f85adee9c1bb8a15ccc0120920adf41", kill_on_drop: false }`
[INFO] running `Command { std: "docker" "rm" "-f" "23e8a652dfb5952cdd21d3d1499c1f747f85adee9c1bb8a15ccc0120920adf41", kill_on_drop: false }`
[INFO] [stdout] 23e8a652dfb5952cdd21d3d1499c1f747f85adee9c1bb8a15ccc0120920adf41
