[INFO] fetching crate intuicio-frontend-vault 0.53.1...
[INFO] testing intuicio-frontend-vault-0.53.1 against 1.99.0-beta.8+cargoflags=--release for beta-release-1.100-2
[INFO] extracting crate intuicio-frontend-vault 0.53.1 into /workspace/builds/worker-4-tc1/source
[INFO] started tweaking crates.io crate intuicio-frontend-vault 0.53.1
[INFO] finished tweaking crates.io crate intuicio-frontend-vault 0.53.1
[INFO] tweaked toml for crates.io crate intuicio-frontend-vault 0.53.1 written to /workspace/builds/worker-4-tc1/source/Cargo.toml
[INFO] validating manifest of crates.io crate intuicio-frontend-vault 0.53.1 on toolchain 1.99.0-beta.8
[INFO] running `Command { std: CARGO_HOME="/workspace/cargo-home" RUSTUP_HOME="/workspace/rustup-home" "/workspace/cargo-home/bin/cargo" "+1.99.0-beta.8" "metadata" "--manifest-path" "Cargo.toml" "--no-deps", kill_on_drop: false }`
[INFO] crate crates.io crate intuicio-frontend-vault 0.53.1 already has a lockfile, it will not be regenerated
[INFO] running `Command { std: CARGO_HOME="/workspace/cargo-home" RUSTUP_HOME="/workspace/rustup-home" "/workspace/cargo-home/bin/cargo" "+1.99.0-beta.8" "fetch" "--manifest-path" "Cargo.toml", kill_on_drop: false }`
[INFO] [stderr]     Updating crates.io index
[INFO] [stderr]  Downloading crates ...
[INFO] [stderr]   Downloaded serde-lexpr v0.1.3
[INFO] [stderr]   Downloaded typid v1.1.2
[INFO] [stderr]   Downloaded lexpr v0.2.7
[INFO] [stderr]   Downloaded lexpr-macros v0.2.2
[INFO] [stderr]   Downloaded pest_derive v2.9.0
[INFO] [stderr]   Downloaded pest_generator v2.9.0
[INFO] [stderr]   Downloaded pest_meta v2.9.0
[INFO] [stderr]   Downloaded intuicio-data v0.53.1
[INFO] [stderr]   Downloaded intuicio-backend-vm v0.53.1
[INFO] [stderr]   Downloaded pest v2.9.0
[INFO] [stderr]   Downloaded intuicio-core v0.53.1
[INFO] running `Command { std: "docker" "create" "-v" "/var/lib/crater-agent-workspace/builds/worker-4-tc1/source:/opt/rustwide/workdir:ro,Z" "-v" "/var/lib/crater-agent-workspace/builds/worker-4-tc1/target:/opt/rustwide/target:rw,Z" "-v" "/var/lib/crater-agent-workspace/cargo-home:/opt/rustwide/cargo-home:ro,Z" "-v" "/var/lib/crater-agent-workspace/rustup-home:/opt/rustwide/rustup-home:ro,Z" "-m" "1610612736" "--network" "none" "ghcr.io/rust-lang/crates-build-env/linux@sha256:77db811e55d90add9212f6832c23229e3de5f1c1f9905e8cb07319ea15df73ac" "sleep" "infinity", kill_on_drop: false }`
[INFO] [stdout] 8811814b05db4b6da8b12847f8d940563c203eaf6727fd45620f68418d3fd652
[INFO] running `Command { std: "docker" "start" "8811814b05db4b6da8b12847f8d940563c203eaf6727fd45620f68418d3fd652", kill_on_drop: false }`
[INFO] running `Command { std: "docker" "inspect" "8811814b05db4b6da8b12847f8d940563c203eaf6727fd45620f68418d3fd652", kill_on_drop: false }`
[INFO] running `Command { std: "docker" "exec" "-e" "SOURCE_DIR=/opt/rustwide/workdir" "-e" "CARGO_HOME=/opt/rustwide/cargo-home" "-e" "RUSTUP_HOME=/opt/rustwide/rustup-home" "-e" "CARGO_TARGET_DIR=/opt/rustwide/target" "-w" "/opt/rustwide/workdir" "--user" "0:0" "8811814b05db4b6da8b12847f8d940563c203eaf6727fd45620f68418d3fd652" "/opt/rustwide/cargo-home/bin/cargo" "+1.99.0-beta.8" "metadata" "--no-deps" "--format-version=1", kill_on_drop: false }`
[INFO] running `Command { std: "docker" "inspect" "8811814b05db4b6da8b12847f8d940563c203eaf6727fd45620f68418d3fd652", kill_on_drop: false }`
[INFO] running `Command { std: "docker" "exec" "-e" "SOURCE_DIR=/opt/rustwide/workdir" "-e" "CARGO_HOME=/opt/rustwide/cargo-home" "-e" "RUSTUP_HOME=/opt/rustwide/rustup-home" "-e" "CARGO_TARGET_DIR=/opt/rustwide/target" "-e" "CARGO_INCREMENTAL=0" "-e" "RUST_BACKTRACE=full" "-e" "RUSTFLAGS=--cap-lints=warn" "-e" "RUSTDOCFLAGS=--cap-lints=warn" "-w" "/opt/rustwide/workdir" "--user" "0:0" "8811814b05db4b6da8b12847f8d940563c203eaf6727fd45620f68418d3fd652" "/opt/rustwide/cargo-home/bin/cargo" "+1.99.0-beta.8" "build" "--frozen" "--message-format=json" "--release", kill_on_drop: false }`
[INFO] [stderr]    Compiling syn v3.0.3
[INFO] [stderr]    Compiling syn v2.0.119
[INFO] [stderr]    Compiling lexpr-macros v0.2.2
[INFO] [stderr]    Compiling rustc-hash v2.1.3
[INFO] [stderr]    Compiling serde_core v1.0.229
[INFO] [stderr]    Compiling serde v1.0.229
[INFO] [stderr]    Compiling pest v2.9.0
[INFO] [stderr]    Compiling getrandom v0.4.3
[INFO] [stderr]    Compiling lexpr v0.2.7
[INFO] [stderr]    Compiling pest_meta v2.9.0
[INFO] [stderr]    Compiling pest_generator v2.9.0
[INFO] [stderr]    Compiling serde_derive v1.0.229
[INFO] [stderr]    Compiling pest_derive v2.9.0
[INFO] [stderr]    Compiling uuid v1.25.0
[INFO] [stderr]    Compiling typid v1.1.2
[INFO] [stderr]    Compiling serde-lexpr v0.1.3
[INFO] [stderr]    Compiling intuicio-data v0.53.1
[INFO] [stderr]    Compiling intuicio-core v0.53.1
[INFO] [stderr]    Compiling intuicio-frontend-vault v0.53.1 (/opt/rustwide/workdir)
[INFO] [stderr]     Finished `release` profile [optimized] target(s) in 22.44s
[INFO] running `Command { std: "docker" "inspect" "8811814b05db4b6da8b12847f8d940563c203eaf6727fd45620f68418d3fd652", kill_on_drop: false }`
[INFO] running `Command { std: "docker" "exec" "-e" "SOURCE_DIR=/opt/rustwide/workdir" "-e" "CARGO_HOME=/opt/rustwide/cargo-home" "-e" "RUSTUP_HOME=/opt/rustwide/rustup-home" "-e" "CARGO_TARGET_DIR=/opt/rustwide/target" "-e" "CARGO_INCREMENTAL=0" "-e" "RUST_BACKTRACE=full" "-e" "RUSTFLAGS=--cap-lints=warn" "-e" "RUSTDOCFLAGS=--cap-lints=warn" "-w" "/opt/rustwide/workdir" "--user" "0:0" "8811814b05db4b6da8b12847f8d940563c203eaf6727fd45620f68418d3fd652" "/opt/rustwide/cargo-home/bin/cargo" "+1.99.0-beta.8" "test" "--frozen" "--no-run" "--message-format=json" "--release", kill_on_drop: false }`
[INFO] [stderr]    Compiling intuicio-backend-vm v0.53.1
[INFO] [stderr]    Compiling intuicio-frontend-vault v0.53.1 (/opt/rustwide/workdir)
[INFO] [stderr]     Finished `release` profile [optimized] target(s) in 4.22s
[INFO] running `Command { std: "docker" "inspect" "8811814b05db4b6da8b12847f8d940563c203eaf6727fd45620f68418d3fd652", kill_on_drop: false }`
[INFO] running `Command { std: "docker" "exec" "-e" "SOURCE_DIR=/opt/rustwide/workdir" "-e" "CARGO_HOME=/opt/rustwide/cargo-home" "-e" "RUSTUP_HOME=/opt/rustwide/rustup-home" "-e" "CARGO_TARGET_DIR=/opt/rustwide/target" "-e" "CARGO_INCREMENTAL=0" "-e" "RUST_BACKTRACE=full" "-e" "RUSTFLAGS=--cap-lints=warn" "-e" "RUSTDOCFLAGS=--cap-lints=warn" "-w" "/opt/rustwide/workdir" "--user" "0:0" "8811814b05db4b6da8b12847f8d940563c203eaf6727fd45620f68418d3fd652" "/opt/rustwide/cargo-home/bin/cargo" "+1.99.0-beta.8" "test" "--frozen" "--release", kill_on_drop: false }`
[INFO] [stderr]     Finished `release` profile [optimized] target(s) in 0.04s
[INFO] [stderr]      Running unittests src/lib.rs (/opt/rustwide/target/release/deps/intuicio_frontend_vault-0f1798b228e0a486)
[INFO] [stdout] 
[INFO] [stdout] running 1 test
[INFO] [stdout] test tests::test_vault_script ... FAILED
[INFO] [stdout] 
[INFO] [stdout] failures:
[INFO] [stdout] 
[INFO] [stdout] ---- tests::test_vault_script stdout ----
[INFO] [stdout] 
[INFO] [stdout] thread 'tests::test_vault_script' (518) panicked at src/lib.rs:803:14:
[INFO] [stdout] called `Result::unwrap()` on an `Err` value: Os { code: 2, kind: NotFound, message: "No such file or directory" }
[INFO] [stdout] stack backtrace:
[INFO] [stdout]    0:     0x5d24b9f9bf31 - <<std[70759c8f55707aa4]::sys::backtrace::BacktraceLock>::print::DisplayBacktrace as core[df12db4294e9bfd3]::fmt::Display>::fmt
[INFO] [stdout]    1:     0x5d24b9fb07fa - core[df12db4294e9bfd3]::fmt::write
[INFO] [stdout]    2:     0x5d24b9fa03cc - <alloc[2182bb758b4b3781]::vec::Vec<u8> as core[df12db4294e9bfd3]::io::write::Write>::write_fmt
[INFO] [stdout]    3:     0x5d24b9f77f26 - std[70759c8f55707aa4]::panicking::default_hook::{closure#0}
[INFO] [stdout]    4:     0x5d24b9f942d9 - std[70759c8f55707aa4]::panicking::default_hook
[INFO] [stdout]    5:     0x5d24b9f13bb0 - test[9d35eded1c95d3be]::test_main_inner::<test[9d35eded1c95d3be]::test_main_static::{closure#0}>::{closure#0}
[INFO] [stdout]    6:     0x5d24b9f94492 - std[70759c8f55707aa4]::panicking::panic_with_hook
[INFO] [stdout]    7:     0x5d24b9f77fd2 - std[70759c8f55707aa4]::panicking::panic_handler::{closure#0}
[INFO] [stdout]    8:     0x5d24b9f70bc9 - std[70759c8f55707aa4]::sys::backtrace::__rust_end_short_backtrace::<std[70759c8f55707aa4]::panicking::panic_handler::{closure#0}, !>
[INFO] [stdout]    9:     0x5d24b9f78bcd - __rustc[8fa7c3cbc660c2b3]::rust_begin_unwind
[INFO] [stdout]   10:     0x5d24b9fb0f2c - core[df12db4294e9bfd3]::panicking::panic_fmt
[INFO] [stdout]   11:     0x5d24b9fb0d02 - core[df12db4294e9bfd3]::result::unwrap_failed
[INFO] [stdout]   12:     0x5d24b9ef1113 - intuicio_frontend_vault[a0d9c3eb674707b5]::tests::test_vault_script
[INFO] [stdout]   13:     0x5d24b9ee15a9 - <intuicio_frontend_vault[a0d9c3eb674707b5]::tests::test_vault_script::{closure#0} as core[df12db4294e9bfd3]::ops::function::FnOnce<()>>::call_once
[INFO] [stdout]   14:     0x5d24b9f06e9b - test[9d35eded1c95d3be]::__rust_begin_short_backtrace::<core[df12db4294e9bfd3]::result::Result<(), alloc[2182bb758b4b3781]::string::String>, fn() -> core[df12db4294e9bfd3]::result::Result<(), alloc[2182bb758b4b3781]::string::String>>
[INFO] [stdout]   15:     0x5d24b9f14505 - test[9d35eded1c95d3be]::run_test::{closure#0}
[INFO] [stdout]   16:     0x5d24b9f0ddc4 - std[70759c8f55707aa4]::sys::backtrace::__rust_begin_short_backtrace::<test[9d35eded1c95d3be]::run_test::{closure#1}, ()>
[INFO] [stdout]   17:     0x5d24b9f17662 - <std[70759c8f55707aa4]::thread::lifecycle::spawn_unchecked<test[9d35eded1c95d3be]::run_test::{closure#1}, ()>::{closure#1} as core[df12db4294e9bfd3]::ops::function::FnOnce<()>>::call_once::{shim:vtable#0}
[INFO] [stdout]   18:     0x5d24b9f9b4e9 - <std[70759c8f55707aa4]::sys::thread::unix::Thread>::new::thread_start
[INFO] [stdout]   19:     0x760098d19dfa - <unknown>
[INFO] [stdout]   20:     0x760098dad3d4 - clone
[INFO] [stdout]   21:                0x0 - <unknown>
[INFO] [stdout] 
[INFO] [stdout] 
[INFO] [stdout] failures:
[INFO] [stdout]     tests::test_vault_script
[INFO] [stdout] 
[INFO] [stdout] test result: FAILED. 0 passed; 1 failed; 0 ignored; 0 measured; 0 filtered out; finished in 0.00s
[INFO] [stdout] 
[INFO] [stderr] error: test failed, to rerun pass `--lib`
[INFO] running `Command { std: "docker" "inspect" "8811814b05db4b6da8b12847f8d940563c203eaf6727fd45620f68418d3fd652", kill_on_drop: false }`
[INFO] running `Command { std: "docker" "rm" "-f" "8811814b05db4b6da8b12847f8d940563c203eaf6727fd45620f68418d3fd652", kill_on_drop: false }`
[INFO] [stdout] 8811814b05db4b6da8b12847f8d940563c203eaf6727fd45620f68418d3fd652
