[INFO] fetching crate inth-oauth2 0.16.0...
[INFO] testing inth-oauth2-0.16.0 against 1.100.0-beta.1+cargoflags=--release for beta-release-1.100-2
[INFO] extracting crate inth-oauth2 0.16.0 into /workspace/builds/worker-7-tc2/source
[INFO] started tweaking crates.io crate inth-oauth2 0.16.0
[INFO] finished tweaking crates.io crate inth-oauth2 0.16.0
[INFO] tweaked toml for crates.io crate inth-oauth2 0.16.0 written to /workspace/builds/worker-7-tc2/source/Cargo.toml
[INFO] validating manifest of crates.io crate inth-oauth2 0.16.0 on toolchain 1.100.0-beta.1
[INFO] running `Command { std: CARGO_HOME="/workspace/cargo-home" RUSTUP_HOME="/workspace/rustup-home" "/workspace/cargo-home/bin/cargo" "+1.100.0-beta.1" "metadata" "--manifest-path" "Cargo.toml" "--no-deps", kill_on_drop: false }`
[INFO] running `Command { std: CARGO_HOME="/workspace/cargo-home" RUSTUP_HOME="/workspace/rustup-home" "/workspace/cargo-home/bin/cargo" "+1.100.0-beta.1" "generate-lockfile" "--manifest-path" "Cargo.toml", kill_on_drop: false }`
[INFO] [stderr]     Updating crates.io index
[INFO] [stderr]      Locking 212 packages to highest compatible versions
[INFO] [stderr]       Adding reqwest v0.9.24 (available: v0.13.5)
[INFO] [stderr]       Adding url v1.7.2 (available: v2.5.8)
[INFO] [stderr]       Adding wasi v0.10.0+wasi-snapshot-preview1 (available: v0.10.2+wasi-snapshot-preview1)
[INFO] running `Command { std: CARGO_HOME="/workspace/cargo-home" RUSTUP_HOME="/workspace/rustup-home" "/workspace/cargo-home/bin/cargo" "+1.100.0-beta.1" "fetch" "--manifest-path" "Cargo.toml", kill_on_drop: false }`
[INFO] [stderr] warning: Cargo.toml: `package.edition` is unspecified, defaulting to `2015` while the latest is `2024`
[INFO] [stderr] warning: `inth-oauth2` (manifest) generated 1 warning
[INFO] running `Command { std: "docker" "create" "-v" "/var/lib/crater-agent-workspace/builds/worker-7-tc2/source:/opt/rustwide/workdir:ro,Z" "-v" "/var/lib/crater-agent-workspace/builds/worker-7-tc2/target:/opt/rustwide/target:rw,Z" "-v" "/var/lib/crater-agent-workspace/cargo-home:/opt/rustwide/cargo-home:ro,Z" "-v" "/var/lib/crater-agent-workspace/rustup-home:/opt/rustwide/rustup-home:ro,Z" "-m" "1610612736" "--network" "none" "ghcr.io/rust-lang/crates-build-env/linux@sha256:77db811e55d90add9212f6832c23229e3de5f1c1f9905e8cb07319ea15df73ac" "sleep" "infinity", kill_on_drop: false }`
[INFO] [stdout] 00d616a1d0e17bf3b0a8771cd824372dfedf3ea1adedfd08704c60ba6840a982
[INFO] running `Command { std: "docker" "start" "00d616a1d0e17bf3b0a8771cd824372dfedf3ea1adedfd08704c60ba6840a982", kill_on_drop: false }`
[INFO] running `Command { std: "docker" "inspect" "00d616a1d0e17bf3b0a8771cd824372dfedf3ea1adedfd08704c60ba6840a982", kill_on_drop: false }`
[INFO] running `Command { std: "docker" "exec" "-e" "SOURCE_DIR=/opt/rustwide/workdir" "-e" "CARGO_HOME=/opt/rustwide/cargo-home" "-e" "RUSTUP_HOME=/opt/rustwide/rustup-home" "-e" "CARGO_TARGET_DIR=/opt/rustwide/target" "-w" "/opt/rustwide/workdir" "--user" "0:0" "00d616a1d0e17bf3b0a8771cd824372dfedf3ea1adedfd08704c60ba6840a982" "/opt/rustwide/cargo-home/bin/cargo" "+1.100.0-beta.1" "metadata" "--no-deps" "--format-version=1", kill_on_drop: false }`
[INFO] running `Command { std: "docker" "inspect" "00d616a1d0e17bf3b0a8771cd824372dfedf3ea1adedfd08704c60ba6840a982", kill_on_drop: false }`
[INFO] running `Command { std: "docker" "exec" "-e" "SOURCE_DIR=/opt/rustwide/workdir" "-e" "CARGO_HOME=/opt/rustwide/cargo-home" "-e" "RUSTUP_HOME=/opt/rustwide/rustup-home" "-e" "CARGO_TARGET_DIR=/opt/rustwide/target" "-e" "CARGO_INCREMENTAL=0" "-e" "RUST_BACKTRACE=full" "-e" "RUSTFLAGS=--cap-lints=warn" "-e" "RUSTDOCFLAGS=--cap-lints=warn" "-w" "/opt/rustwide/workdir" "--user" "0:0" "00d616a1d0e17bf3b0a8771cd824372dfedf3ea1adedfd08704c60ba6840a982" "/opt/rustwide/cargo-home/bin/cargo" "+1.100.0-beta.1" "build" "--frozen" "--message-format=json" "--release", kill_on_drop: false }`
[INFO] [stderr] warning: Cargo.toml: `package.edition` is unspecified, defaulting to `2015` while the latest is `2024`
[INFO] [stderr] warning: `inth-oauth2` (manifest) generated 1 warning
[INFO] [stderr]    Compiling crossbeam-utils v0.7.2
[INFO] [stderr]    Compiling maybe-uninit v2.0.0
[INFO] [stderr]    Compiling either v1.19.0
[INFO] [stderr]    Compiling autocfg v0.1.8
[INFO] [stderr]    Compiling rand_core v0.4.3
[INFO] [stderr]    Compiling memoffset v0.5.6
[INFO] [stderr]    Compiling iovec v0.1.4
[INFO] [stderr]    Compiling parking_lot_core v0.6.3
[INFO] [stderr]    Compiling num_cpus v1.17.0
[INFO] [stderr]    Compiling parking_lot v0.9.0
[INFO] [stderr]    Compiling crossbeam-epoch v0.8.2
[INFO] [stderr]    Compiling syn v3.0.9
[INFO] [stderr]    Compiling unicode-bidi v0.3.18
[INFO] [stderr]    Compiling net2 v0.2.39
[INFO] [stderr]    Compiling tokio-sync v0.1.8
[INFO] [stderr]    Compiling indexmap v1.9.3
[INFO] [stderr]    Compiling rand_pcg v0.1.2
[INFO] [stderr]    Compiling rand_core v0.3.2
[INFO] [stderr]    Compiling rand_chacha v0.1.1
[INFO] [stderr]    Compiling percent-encoding v1.0.1
[INFO] [stderr]    Compiling rand v0.6.5
[INFO] [stderr]    Compiling hyper v0.12.36
[INFO] [stderr]    Compiling crc32fast v1.5.2
[INFO] [stderr]    Compiling want v0.2.0
[INFO] [stderr]    Compiling bytes v0.4.12
[INFO] [stderr]    Compiling openssl v0.10.81
[INFO] [stderr]    Compiling smallvec v0.6.14
[INFO] [stderr]    Compiling futures-cpupool v0.1.8
[INFO] [stderr]    Compiling rand_isaac v0.1.1
[INFO] [stderr]    Compiling rand_xorshift v0.1.1
[INFO] [stderr]    Compiling mio v0.6.23
[INFO] [stderr]    Compiling rand_hc v0.1.0
[INFO] [stderr]    Compiling rand_os v0.1.3
[INFO] [stderr]    Compiling rand_jitter v0.1.4
[INFO] [stderr]    Compiling tokio-executor v0.1.10
[INFO] [stderr]    Compiling tokio-io v0.1.13
[INFO] [stderr]    Compiling crossbeam-queue v0.2.3
[INFO] [stderr]    Compiling idna v0.1.5
[INFO] [stderr]    Compiling http v0.1.21
[INFO] [stderr]    Compiling string v0.2.1
[INFO] [stderr]    Compiling tokio-current-thread v0.1.7
[INFO] [stderr]    Compiling tokio-timer v0.2.13
[INFO] [stderr]    Compiling tokio-buf v0.1.1
[INFO] [stderr]    Compiling idna v0.2.3
[INFO] [stderr]    Compiling try_from v0.3.2
[INFO] [stderr]    Compiling crossbeam-deque v0.7.4
[INFO] [stderr]    Compiling flate2 v1.1.10
[INFO] [stderr]    Compiling tokio-threadpool v0.1.18
[INFO] [stderr]    Compiling tokio-reactor v0.1.12
[INFO] [stderr]    Compiling base64 v0.10.1
[INFO] [stderr]    Compiling url v1.7.2
[INFO] [stderr]    Compiling uuid v0.7.4
[INFO] [stderr]    Compiling tokio-tcp v0.1.4
[INFO] [stderr]    Compiling tokio v0.1.22
[INFO] [stderr]    Compiling cookie v0.12.0
[INFO] [stderr]    Compiling http-body v0.1.0
[INFO] [stderr]    Compiling h2 v0.1.26
[INFO] [stderr]    Compiling synstructure v0.14.0
[INFO] [stderr]    Compiling native-tls v0.2.18
[INFO] [stderr]    Compiling zerofrom-derive v0.1.8
[INFO] [stderr]    Compiling yoke-derive v0.8.4
[INFO] [stderr]    Compiling zerovec-derive v0.11.6
[INFO] [stderr]    Compiling displaydoc v0.2.7
[INFO] [stderr]    Compiling serde_derive v1.0.229
[INFO] [stderr]    Compiling zerofrom v0.1.8
[INFO] [stderr]    Compiling yoke v0.8.3
[INFO] [stderr]    Compiling zerovec v0.11.8
[INFO] [stderr]    Compiling zerotrie v0.2.5
[INFO] [stderr]    Compiling tinystr v0.8.4
[INFO] [stderr]    Compiling potential_utf v0.1.6
[INFO] [stderr]    Compiling icu_collections v2.3.0
[INFO] [stderr]    Compiling icu_locale_core v2.3.0
[INFO] [stderr]    Compiling serde v1.0.229
[INFO] [stderr]    Compiling hyper-tls v0.3.2
[INFO] [stderr]    Compiling serde_urlencoded v0.5.5
[INFO] [stderr]    Compiling chrono v0.4.45
[INFO] [stderr]    Compiling icu_provider v2.3.1
[INFO] [stderr]    Compiling icu_properties v2.3.0
[INFO] [stderr]    Compiling icu_normalizer v2.3.0
[INFO] [stderr]    Compiling idna_adapter v1.2.2
[INFO] [stderr]    Compiling idna v1.1.0
[INFO] [stderr]    Compiling url v2.5.8
[INFO] [stderr]    Compiling publicsuffix v1.5.6
[INFO] [stderr]    Compiling cookie_store v0.7.0
[INFO] [stderr]    Compiling reqwest v0.9.24
[INFO] [stderr]    Compiling inth-oauth2 v0.16.0 (/opt/rustwide/workdir)
[INFO] [stdout] warning: trait objects without an explicit `dyn` are deprecated
[INFO] [stdout]   --> src/client/error.rs:58:32
[INFO] [stdout]    |
[INFO] [stdout] 58 |     fn cause(&self) -> Option<&Error> {
[INFO] [stdout]    |                                ^^^^^
[INFO] [stdout]    |
[INFO] [stdout]    = warning: this is accepted in the current edition (Rust 2015) but is a hard error in Rust 2021!
[INFO] [stdout]    = note: for more information, see <https://doc.rust-lang.org/edition-guide/rust-2021/warnings-promoted-to-error.html>
[INFO] [stdout]    = note: `#[warn(bare_trait_objects)]` (part of `#[warn(rust_2021_compatibility)]`) on by default
[INFO] [stdout] help: if this is a dyn-compatible trait, use `dyn`
[INFO] [stdout]    |
[INFO] [stdout] 58 |     fn cause(&self) -> Option<&dyn Error> {
[INFO] [stdout]    |                                +++
[INFO] [stdout] 
[INFO] [stdout] 
[INFO] [stdout] warning: use of deprecated method `std::error::Error::description`: use the Display impl or to_string()
[INFO] [stdout]   --> src/client/error.rs:49:45
[INFO] [stdout]    |
[INFO] [stdout] 49 |             ClientError::Io(ref err) => err.description(),
[INFO] [stdout]    |                                             ^^^^^^^^^^^
[INFO] [stdout]    |
[INFO] [stdout]    = note: `#[warn(deprecated)]` on by default
[INFO] [stdout] 
[INFO] [stdout] 
[INFO] [stdout] warning: use of deprecated method `std::error::Error::description`: use the Display impl or to_string()
[INFO] [stdout]   --> src/client/error.rs:50:46
[INFO] [stdout]    |
[INFO] [stdout] 50 |             ClientError::Url(ref err) => err.description(),
[INFO] [stdout]    |                                              ^^^^^^^^^^^
[INFO] [stdout] 
[INFO] [stdout] 
[INFO] [stdout] warning: use of deprecated method `std::error::Error::description`: use the Display impl or to_string()
[INFO] [stdout]   --> src/client/error.rs:51:50
[INFO] [stdout]    |
[INFO] [stdout] 51 |             ClientError::Reqwest(ref err) => err.description(),
[INFO] [stdout]    |                                                  ^^^^^^^^^^^
[INFO] [stdout] 
[INFO] [stdout] 
[INFO] [stdout] warning: use of deprecated method `std::error::Error::description`: use the Display impl or to_string()
[INFO] [stdout]   --> src/client/error.rs:52:47
[INFO] [stdout]    |
[INFO] [stdout] 52 |             ClientError::Json(ref err) => err.description(),
[INFO] [stdout]    |                                               ^^^^^^^^^^^
[INFO] [stdout] 
[INFO] [stdout] 
[INFO] [stdout] warning: use of deprecated method `std::error::Error::description`: use the Display impl or to_string()
[INFO] [stdout]   --> src/client/error.rs:53:48
[INFO] [stdout]    |
[INFO] [stdout] 53 |             ClientError::Parse(ref err) => err.description(),
[INFO] [stdout]    |                                                ^^^^^^^^^^^
[INFO] [stdout] 
[INFO] [stdout] 
[INFO] [stdout] warning: use of deprecated method `std::error::Error::description`: use the Display impl or to_string()
[INFO] [stdout]   --> src/client/error.rs:54:49
[INFO] [stdout]    |
[INFO] [stdout] 54 |             ClientError::OAuth2(ref err) => err.description(),
[INFO] [stdout]    |                                                 ^^^^^^^^^^^
[INFO] [stdout] 
[INFO] [stdout] 
[INFO] [stderr]     Finished `release` profile [optimized] target(s) in 46.05s
[INFO] running `Command { std: "docker" "inspect" "00d616a1d0e17bf3b0a8771cd824372dfedf3ea1adedfd08704c60ba6840a982", kill_on_drop: false }`
[INFO] running `Command { std: "docker" "exec" "-e" "SOURCE_DIR=/opt/rustwide/workdir" "-e" "CARGO_HOME=/opt/rustwide/cargo-home" "-e" "RUSTUP_HOME=/opt/rustwide/rustup-home" "-e" "CARGO_TARGET_DIR=/opt/rustwide/target" "-e" "CARGO_INCREMENTAL=0" "-e" "RUST_BACKTRACE=full" "-e" "RUSTFLAGS=--cap-lints=warn" "-e" "RUSTDOCFLAGS=--cap-lints=warn" "-w" "/opt/rustwide/workdir" "--user" "0:0" "00d616a1d0e17bf3b0a8771cd824372dfedf3ea1adedfd08704c60ba6840a982" "/opt/rustwide/cargo-home/bin/cargo" "+1.100.0-beta.1" "test" "--frozen" "--no-run" "--message-format=json" "--release", kill_on_drop: false }`
[INFO] [stderr] warning: Cargo.toml: `package.edition` is unspecified, defaulting to `2015` while the latest is `2024`
[INFO] [stderr] warning: `inth-oauth2` (manifest) generated 1 warning
[INFO] [stdout] warning: trait objects without an explicit `dyn` are deprecated
[INFO] [stdout]   --> src/client/error.rs:58:32
[INFO] [stdout]    |
[INFO] [stdout] 58 |     fn cause(&self) -> Option<&Error> {
[INFO] [stdout]    |                                ^^^^^
[INFO] [stdout]    |
[INFO] [stdout]    = warning: this is accepted in the current edition (Rust 2015) but is a hard error in Rust 2021!
[INFO] [stdout]    = note: for more information, see <https://doc.rust-lang.org/edition-guide/rust-2021/warnings-promoted-to-error.html>
[INFO] [stdout]    = note: `#[warn(bare_trait_objects)]` (part of `#[warn(rust_2021_compatibility)]`) on by default
[INFO] [stdout] help: if this is a dyn-compatible trait, use `dyn`
[INFO] [stdout]    |
[INFO] [stdout] 58 |     fn cause(&self) -> Option<&dyn Error> {
[INFO] [stdout]    |                                +++
[INFO] [stdout] 
[INFO] [stdout] 
[INFO] [stdout] warning: use of deprecated method `std::error::Error::description`: use the Display impl or to_string()
[INFO] [stdout]   --> src/client/error.rs:49:45
[INFO] [stdout]    |
[INFO] [stdout] 49 |             ClientError::Io(ref err) => err.description(),
[INFO] [stdout]    |                                             ^^^^^^^^^^^
[INFO] [stdout]    |
[INFO] [stdout]    = note: `#[warn(deprecated)]` on by default
[INFO] [stdout] 
[INFO] [stdout] 
[INFO] [stdout] warning: use of deprecated method `std::error::Error::description`: use the Display impl or to_string()
[INFO] [stdout]   --> src/client/error.rs:50:46
[INFO] [stdout]    |
[INFO] [stdout] 50 |             ClientError::Url(ref err) => err.description(),
[INFO] [stdout]    |                                              ^^^^^^^^^^^
[INFO] [stdout] 
[INFO] [stdout] 
[INFO] [stdout] warning: use of deprecated method `std::error::Error::description`: use the Display impl or to_string()
[INFO] [stdout]   --> src/client/error.rs:51:50
[INFO] [stdout]    |
[INFO] [stdout] 51 |             ClientError::Reqwest(ref err) => err.description(),
[INFO] [stdout]    |                                                  ^^^^^^^^^^^
[INFO] [stdout] 
[INFO] [stdout] 
[INFO] [stdout] warning: use of deprecated method `std::error::Error::description`: use the Display impl or to_string()
[INFO] [stdout]   --> src/client/error.rs:52:47
[INFO] [stdout]    |
[INFO] [stdout] 52 |             ClientError::Json(ref err) => err.description(),
[INFO] [stdout]    |                                               ^^^^^^^^^^^
[INFO] [stdout] 
[INFO] [stdout] 
[INFO] [stdout] warning: use of deprecated method `std::error::Error::description`: use the Display impl or to_string()
[INFO] [stdout]   --> src/client/error.rs:53:48
[INFO] [stdout]    |
[INFO] [stdout] 53 |             ClientError::Parse(ref err) => err.description(),
[INFO] [stdout]    |                                                ^^^^^^^^^^^
[INFO] [stdout] 
[INFO] [stdout] 
[INFO] [stdout] warning: use of deprecated method `std::error::Error::description`: use the Display impl or to_string()
[INFO] [stdout]   --> src/client/error.rs:54:49
[INFO] [stdout]    |
[INFO] [stdout] 54 |             ClientError::OAuth2(ref err) => err.description(),
[INFO] [stdout]    |                                                 ^^^^^^^^^^^
[INFO] [stdout] 
[INFO] [stdout] 
[INFO] [stderr]    Compiling inth-oauth2 v0.16.0 (/opt/rustwide/workdir)
[INFO] [stdout] warning: trait objects without an explicit `dyn` are deprecated
[INFO] [stdout]   --> src/client/error.rs:58:32
[INFO] [stdout]    |
[INFO] [stdout] 58 |     fn cause(&self) -> Option<&Error> {
[INFO] [stdout]    |                                ^^^^^
[INFO] [stdout]    |
[INFO] [stdout]    = warning: this is accepted in the current edition (Rust 2015) but is a hard error in Rust 2021!
[INFO] [stdout]    = note: for more information, see <https://doc.rust-lang.org/edition-guide/rust-2021/warnings-promoted-to-error.html>
[INFO] [stdout]    = note: `#[warn(bare_trait_objects)]` (part of `#[warn(rust_2021_compatibility)]`) on by default
[INFO] [stdout] help: if this is a dyn-compatible trait, use `dyn`
[INFO] [stdout]    |
[INFO] [stdout] 58 |     fn cause(&self) -> Option<&dyn Error> {
[INFO] [stdout]    |                                +++
[INFO] [stdout] 
[INFO] [stdout] 
[INFO] [stdout] warning: use of deprecated method `std::error::Error::description`: use the Display impl or to_string()
[INFO] [stdout]   --> src/client/error.rs:49:45
[INFO] [stdout]    |
[INFO] [stdout] 49 |             ClientError::Io(ref err) => err.description(),
[INFO] [stdout]    |                                             ^^^^^^^^^^^
[INFO] [stdout]    |
[INFO] [stdout]    = note: `#[warn(deprecated)]` on by default
[INFO] [stdout] 
[INFO] [stdout] 
[INFO] [stdout] warning: use of deprecated method `std::error::Error::description`: use the Display impl or to_string()
[INFO] [stdout]   --> src/client/error.rs:50:46
[INFO] [stdout]    |
[INFO] [stdout] 50 |             ClientError::Url(ref err) => err.description(),
[INFO] [stdout]    |                                              ^^^^^^^^^^^
[INFO] [stdout] 
[INFO] [stdout] 
[INFO] [stdout] warning: use of deprecated method `std::error::Error::description`: use the Display impl or to_string()
[INFO] [stdout]   --> src/client/error.rs:51:50
[INFO] [stdout]    |
[INFO] [stdout] 51 |             ClientError::Reqwest(ref err) => err.description(),
[INFO] [stdout]    |                                                  ^^^^^^^^^^^
[INFO] [stdout] 
[INFO] [stdout] 
[INFO] [stdout] warning: use of deprecated method `std::error::Error::description`: use the Display impl or to_string()
[INFO] [stdout]   --> src/client/error.rs:52:47
[INFO] [stdout]    |
[INFO] [stdout] 52 |             ClientError::Json(ref err) => err.description(),
[INFO] [stdout]    |                                               ^^^^^^^^^^^
[INFO] [stdout] 
[INFO] [stdout] 
[INFO] [stdout] warning: use of deprecated method `std::error::Error::description`: use the Display impl or to_string()
[INFO] [stdout]   --> src/client/error.rs:53:48
[INFO] [stdout]    |
[INFO] [stdout] 53 |             ClientError::Parse(ref err) => err.description(),
[INFO] [stdout]    |                                                ^^^^^^^^^^^
[INFO] [stdout] 
[INFO] [stdout] 
[INFO] [stdout] warning: use of deprecated method `std::error::Error::description`: use the Display impl or to_string()
[INFO] [stdout]   --> src/client/error.rs:54:49
[INFO] [stdout]    |
[INFO] [stdout] 54 |             ClientError::OAuth2(ref err) => err.description(),
[INFO] [stdout]    |                                                 ^^^^^^^^^^^
[INFO] [stdout] 
[INFO] [stdout] 
[INFO] [stderr]     Finished `release` profile [optimized] target(s) in 5.05s
[INFO] running `Command { std: "docker" "inspect" "00d616a1d0e17bf3b0a8771cd824372dfedf3ea1adedfd08704c60ba6840a982", kill_on_drop: false }`
[INFO] running `Command { std: "docker" "exec" "-e" "SOURCE_DIR=/opt/rustwide/workdir" "-e" "CARGO_HOME=/opt/rustwide/cargo-home" "-e" "RUSTUP_HOME=/opt/rustwide/rustup-home" "-e" "CARGO_TARGET_DIR=/opt/rustwide/target" "-e" "CARGO_INCREMENTAL=0" "-e" "RUST_BACKTRACE=full" "-e" "RUSTFLAGS=--cap-lints=warn" "-e" "RUSTDOCFLAGS=--cap-lints=warn" "-w" "/opt/rustwide/workdir" "--user" "0:0" "00d616a1d0e17bf3b0a8771cd824372dfedf3ea1adedfd08704c60ba6840a982" "/opt/rustwide/cargo-home/bin/cargo" "+1.100.0-beta.1" "test" "--frozen" "--release", kill_on_drop: false }`
[INFO] [stderr] warning: Cargo.toml: `package.edition` is unspecified, defaulting to `2015` while the latest is `2024`
[INFO] [stderr] warning: `inth-oauth2` (manifest) generated 1 warning
[INFO] [stderr] warning: trait objects without an explicit `dyn` are deprecated
[INFO] [stderr]   --> src/client/error.rs:58:32
[INFO] [stderr]    |
[INFO] [stderr] 58 |     fn cause(&self) -> Option<&Error> {
[INFO] [stderr]    |                                ^^^^^
[INFO] [stderr]    |
[INFO] [stderr]    = warning: this is accepted in the current edition (Rust 2015) but is a hard error in Rust 2021!
[INFO] [stderr]    = note: for more information, see <https://doc.rust-lang.org/edition-guide/rust-2021/warnings-promoted-to-error.html>
[INFO] [stderr]    = note: `#[warn(bare_trait_objects)]` (part of `#[warn(rust_2021_compatibility)]`) on by default
[INFO] [stderr] help: if this is a dyn-compatible trait, use `dyn`
[INFO] [stderr]    |
[INFO] [stderr] 58 |     fn cause(&self) -> Option<&dyn Error> {
[INFO] [stderr]    |                                +++
[INFO] [stderr] 
[INFO] [stderr] warning: use of deprecated method `std::error::Error::description`: use the Display impl or to_string()
[INFO] [stderr]   --> src/client/error.rs:49:45
[INFO] [stderr]    |
[INFO] [stderr] 49 |             ClientError::Io(ref err) => err.description(),
[INFO] [stderr]    |                                             ^^^^^^^^^^^
[INFO] [stderr]    |
[INFO] [stderr]    = note: `#[warn(deprecated)]` on by default
[INFO] [stderr] 
[INFO] [stderr] warning: use of deprecated method `std::error::Error::description`: use the Display impl or to_string()
[INFO] [stderr]   --> src/client/error.rs:50:46
[INFO] [stderr]    |
[INFO] [stderr] 50 |             ClientError::Url(ref err) => err.description(),
[INFO] [stderr]    |                                              ^^^^^^^^^^^
[INFO] [stderr] 
[INFO] [stderr] warning: use of deprecated method `std::error::Error::description`: use the Display impl or to_string()
[INFO] [stderr]   --> src/client/error.rs:51:50
[INFO] [stderr]    |
[INFO] [stderr] 51 |             ClientError::Reqwest(ref err) => err.description(),
[INFO] [stderr]    |                                                  ^^^^^^^^^^^
[INFO] [stderr] 
[INFO] [stderr] warning: use of deprecated method `std::error::Error::description`: use the Display impl or to_string()
[INFO] [stderr]   --> src/client/error.rs:52:47
[INFO] [stderr]    |
[INFO] [stderr] 52 |             ClientError::Json(ref err) => err.description(),
[INFO] [stderr]    |                                               ^^^^^^^^^^^
[INFO] [stderr] 
[INFO] [stderr] warning: use of deprecated method `std::error::Error::description`: use the Display impl or to_string()
[INFO] [stderr]   --> src/client/error.rs:53:48
[INFO] [stderr]    |
[INFO] [stderr] 53 |             ClientError::Parse(ref err) => err.description(),
[INFO] [stderr]    |                                                ^^^^^^^^^^^
[INFO] [stderr] 
[INFO] [stderr] warning: use of deprecated method `std::error::Error::description`: use the Display impl or to_string()
[INFO] [stderr]   --> src/client/error.rs:54:49
[INFO] [stderr]    |
[INFO] [stderr] 54 |             ClientError::OAuth2(ref err) => err.description(),
[INFO] [stderr]    |                                                 ^^^^^^^^^^^
[INFO] [stderr] 
[INFO] [stderr] warning: `inth-oauth2` (lib) generated 7 warnings (run `cargo fix --lib -p inth-oauth2` to apply 1 suggestion)
[INFO] [stderr] warning: `inth-oauth2` (lib test) generated 7 warnings (7 duplicates)
[INFO] [stderr]     Finished `release` profile [optimized] target(s) in 0.20s
[INFO] [stderr]      Running unittests src/lib.rs (/opt/rustwide/target/release/build/inth-oauth2/562c25b690f80cc9/out/inth_oauth2-562c25b690f80cc9)
[INFO] [stdout] 
[INFO] [stdout] running 22 tests
[INFO] [stdout] test client::tests::auth_uri_with_scope ... ok
[INFO] [stdout] test error::tests::from_response ... ok
[INFO] [stdout] test error::tests::from_response_with_uri ... ok
[INFO] [stdout] test token::bearer::tests::from_response_capital_b ... ok
[INFO] [stdout] test token::bearer::tests::from_response_refresh ... ok
[INFO] [stdout] test token::bearer::tests::from_response_with_invalid_token_type ... ok
[INFO] [stdout] test token::expiring::tests::from_response ... ok
[INFO] [stdout] test error::tests::from_response_empty ... ok
[INFO] [stdout] test token::refresh::tests::from_response ... ok
[INFO] [stdout] test token::bearer::tests::from_response_with_scope ... ok
[INFO] [stdout] test token::statik::tests::from_response_with_expires_in ... ok
[INFO] [stdout] test provider::github_urls ... ok
[INFO] [stdout] test error::tests::from_response_with_description ... ok
[INFO] [stdout] test token::refresh::tests::from_response_inherit ... ok
[INFO] [stdout] test client::tests::auth_uri_with_redirect_uri ... ok
[INFO] [stdout] test client::tests::auth_uri_with_state ... ok
[INFO] [stdout] test provider::google_urls ... ok
[INFO] [stdout] test client::tests::auth_uri ... ok
[INFO] [stdout] test token::bearer::tests::from_response_inherit_refresh ... ok
[INFO] [stdout] test token::bearer::tests::from_response_little_b ... ok
[INFO] [stdout] test token::statik::tests::from_response ... ok
[INFO] [stdout] test provider::imgur_urls ... ok
[INFO] [stdout] 
[INFO] [stderr]      Running tests/auth_uri.rs (/opt/rustwide/target/release/build/inth-oauth2/d1f83f01560325cb/out/auth_uri-d1f83f01560325cb)
[INFO] [stdout] test result: ok. 22 passed; 0 failed; 0 ignored; 0 measured; 0 filtered out; finished in 0.01s
[INFO] [stdout] 
[INFO] [stdout] 
[INFO] [stdout] running 4 tests
[INFO] [stdout] test github_auth_uri_ok ... FAILED
[INFO] [stdout] test google_web_auth_uri_ok ... FAILED
[INFO] [stdout] test google_installed_auth_uri_ok ... FAILED
[INFO] [stdout] test imgur_auth_uri_ok ... FAILED
[INFO] [stderr] error: test failed, to rerun pass `--test auth_uri`
[INFO] [stdout] 
[INFO] [stdout] failures:
[INFO] [stdout] 
[INFO] [stdout] ---- github_auth_uri_ok stdout ----
[INFO] [stdout] 
[INFO] [stdout] thread 'github_auth_uri_ok' (1987) panicked at tests/auth_uri.rs:10:38:
[INFO] [stdout] called `Result::unwrap()` on an `Err` value: Error(Hyper(Error(Connect, Custom { kind: Uncategorized, error: "failed to lookup address information: Temporary failure in name resolution" })), "https://github.com/login/oauth/authorize?response_type=code&client_id=01774654cd9a6051e478&redirect_uri=https%3A%2F%2Fcmcenroe.me%2Foauth2-paste%2F&scope=user&state=state")
[INFO] [stdout] stack backtrace:
[INFO] [stdout]    0:     0x58cdc4fd5621 - <<std[617be2ca0a6fd877]::sys::backtrace::BacktraceLock>::print::DisplayBacktrace as core[a373ad73a504971]::fmt::Display>::fmt
[INFO] [stdout]    1:     0x58cdc4fec1fa - core[a373ad73a504971]::fmt::write
[INFO] [stdout]    2:     0x58cdc4fd9d9c - <alloc[2e1b2a31b91974c5]::vec::Vec<u8> as core[a373ad73a504971]::io::write::Write>::write_fmt
[INFO] [stdout]    3:     0x58cdc4fb0956 - std[617be2ca0a6fd877]::panicking::default_hook::{closure#0}
[INFO] [stdout]    4:     0x58cdc4fcd4a9 - std[617be2ca0a6fd877]::panicking::default_hook
[INFO] [stdout]    5:     0x58cdc4e3edb0 - test[aada8e7e76ba119b]::test_main_inner::{closure#0}
[INFO] [stdout]    6:     0x58cdc4fcd7d2 - std[617be2ca0a6fd877]::panicking::panic_with_hook
[INFO] [stdout]    7:     0x58cdc4fb0a02 - std[617be2ca0a6fd877]::panicking::panic_handler::{closure#0}
[INFO] [stdout]    8:     0x58cdc4fa9639 - std[617be2ca0a6fd877]::sys::backtrace::__rust_end_short_backtrace::<std[617be2ca0a6fd877]::panicking::panic_handler::{closure#0}, !>
[INFO] [stdout]    9:     0x58cdc4fb17fd - __rustc[ea4f61d10b84890b]::rust_begin_unwind
[INFO] [stdout]   10:     0x58cdc4fec95c - core[a373ad73a504971]::panicking::panic_fmt
[INFO] [stdout]   11:     0x58cdc4fec732 - core[a373ad73a504971]::result::unwrap_failed
[INFO] [stdout]   12:     0x58cdc4e30f41 - auth_uri[441490d94feaf600]::assert_get_uri_ok
[INFO] [stdout]   13:     0x58cdc4e317de - <auth_uri[441490d94feaf600]::github_auth_uri_ok::{closure#0} as core[a373ad73a504971]::ops::function::FnOnce<()>>::call_once
[INFO] [stdout]   14:     0x58cdc4e321fb - test[aada8e7e76ba119b]::__rust_begin_short_backtrace::<core[a373ad73a504971]::result::Result<(), alloc[2e1b2a31b91974c5]::string::String>, fn() -> core[a373ad73a504971]::result::Result<(), alloc[2e1b2a31b91974c5]::string::String>>
[INFO] [stdout]   15:     0x58cdc4e3f3d5 - test[aada8e7e76ba119b]::run_test::{closure#0}
[INFO] [stdout]   16:     0x58cdc4e38cc4 - std[617be2ca0a6fd877]::sys::backtrace::__rust_begin_short_backtrace::<test[aada8e7e76ba119b]::run_test::{closure#1}, ()>
[INFO] [stdout]   17:     0x58cdc4e42462 - <std[617be2ca0a6fd877]::thread::lifecycle::spawn_unchecked<test[aada8e7e76ba119b]::run_test::{closure#1}, ()>::{closure#1} as core[a373ad73a504971]::ops::function::FnOnce<()>>::call_once::{shim:vtable#0}
[INFO] [stdout]   18:     0x58cdc4fd4acf - <std[617be2ca0a6fd877]::sys::thread::unix::Thread>::new::thread_start
[INFO] [stdout]   19:     0x795f54967dfa - <unknown>
[INFO] [stdout]   20:     0x795f549fb3d4 - clone
[INFO] [stdout]   21:                0x0 - <unknown>
[INFO] [stdout] 
[INFO] [stdout] ---- google_web_auth_uri_ok stdout ----
[INFO] [stdout] 
[INFO] [stdout] thread 'google_web_auth_uri_ok' (1989) panicked at tests/auth_uri.rs:10:38:
[INFO] [stdout] called `Result::unwrap()` on an `Err` value: Error(Hyper(Error(Connect, Custom { kind: Uncategorized, error: "failed to lookup address information: Temporary failure in name resolution" })), "https://accounts.google.com/o/oauth2/v2/auth?response_type=code&client_id=143225766783-0h4h5ktpvhc7kqp6ohbpd2sssqrap57n.apps.googleusercontent.com&redirect_uri=https%3A%2F%2Fcmcenroe.me%2Foauth2-paste%2F&scope=https%3A%2F%2Fwww.googleapis.com%2Fauth%2Fuserinfo.email&state=state")
[INFO] [stdout] stack backtrace:
[INFO] [stdout]    0:     0x58cdc4fd5621 - <<std[617be2ca0a6fd877]::sys::backtrace::BacktraceLock>::print::DisplayBacktrace as core[a373ad73a504971]::fmt::Display>::fmt
[INFO] [stdout]    1:     0x58cdc4fec1fa - core[a373ad73a504971]::fmt::write
[INFO] [stdout]    2:     0x58cdc4fd9d9c - <alloc[2e1b2a31b91974c5]::vec::Vec<u8> as core[a373ad73a504971]::io::write::Write>::write_fmt
[INFO] [stdout]    3:     0x58cdc4fb0956 - std[617be2ca0a6fd877]::panicking::default_hook::{closure#0}
[INFO] [stdout]    4:     0x58cdc4fcd4a9 - std[617be2ca0a6fd877]::panicking::default_hook
[INFO] [stdout]    5:     0x58cdc4e3edb0 - test[aada8e7e76ba119b]::test_main_inner::{closure#0}
[INFO] [stdout]    6:     0x58cdc4fcd7d2 - std[617be2ca0a6fd877]::panicking::panic_with_hook
[INFO] [stdout]    7:     0x58cdc4fb0a02 - std[617be2ca0a6fd877]::panicking::panic_handler::{closure#0}
[INFO] [stdout]    8:     0x58cdc4fa9639 - std[617be2ca0a6fd877]::sys::backtrace::__rust_end_short_backtrace::<std[617be2ca0a6fd877]::panicking::panic_handler::{closure#0}, !>
[INFO] [stdout]    9:     0x58cdc4fb17fd - __rustc[ea4f61d10b84890b]::rust_begin_unwind
[INFO] [stdout]   10:     0x58cdc4fec95c - core[a373ad73a504971]::panicking::panic_fmt
[INFO] [stdout]   11:     0x58cdc4fec732 - core[a373ad73a504971]::result::unwrap_failed
[INFO] [stdout]   12:     0x58cdc4e30f41 - auth_uri[441490d94feaf600]::assert_get_uri_ok
[INFO] [stdout]   13:     0x58cdc4e31c46 - <auth_uri[441490d94feaf600]::google_web_auth_uri_ok::{closure#0} as core[a373ad73a504971]::ops::function::FnOnce<()>>::call_once
[INFO] [stdout]   14:     0x58cdc4e321fb - test[aada8e7e76ba119b]::__rust_begin_short_backtrace::<core[a373ad73a504971]::result::Result<(), alloc[2e1b2a31b91974c5]::string::String>, fn() -> core[a373ad73a504971]::result::Result<(), alloc[2e1b2a31b91974c5]::string::String>>
[INFO] [stdout]   15:     0x58cdc4e3f3d5 - test[aada8e7e76ba119b]::run_test::{closure#0}
[INFO] [stdout]   16:     0x58cdc4e38cc4 - std[617be2ca0a6fd877]::sys::backtrace::__rust_begin_short_backtrace::<test[aada8e7e76ba119b]::run_test::{closure#1}, ()>
[INFO] [stdout]   17:     0x58cdc4e42462 - <std[617be2ca0a6fd877]::thread::lifecycle::spawn_unchecked<test[aada8e7e76ba119b]::run_test::{closure#1}, ()>::{closure#1} as core[a373ad73a504971]::ops::function::FnOnce<()>>::call_once::{shim:vtable#0}
[INFO] [stdout]   18:     0x58cdc4fd4acf - <std[617be2ca0a6fd877]::sys::thread::unix::Thread>::new::thread_start
[INFO] [stdout]   19:     0x795f54967dfa - <unknown>
[INFO] [stdout]   20:     0x795f549fb3d4 - clone
[INFO] [stdout]   21:                0x0 - <unknown>
[INFO] [stdout] 
[INFO] [stdout] ---- google_installed_auth_uri_ok stdout ----
[INFO] [stdout] 
[INFO] [stdout] thread 'google_installed_auth_uri_ok' (1988) panicked at tests/auth_uri.rs:10:38:
[INFO] [stdout] called `Result::unwrap()` on an `Err` value: Error(Hyper(Error(Connect, Custom { kind: Uncategorized, error: "failed to lookup address information: Temporary failure in name resolution" })), "https://accounts.google.com/o/oauth2/v2/auth?response_type=code&client_id=143225766783-ip2d9qv6sdr37276t77luk6f7bhd6bj5.apps.googleusercontent.com&redirect_uri=urn%3Aietf%3Awg%3Aoauth%3A2.0%3Aoob&scope=https%3A%2F%2Fwww.googleapis.com%2Fauth%2Fuserinfo.email&state=state")
[INFO] [stdout] stack backtrace:
[INFO] [stdout]    0:     0x58cdc4fd5621 - <<std[617be2ca0a6fd877]::sys::backtrace::BacktraceLock>::print::DisplayBacktrace as core[a373ad73a504971]::fmt::Display>::fmt
[INFO] [stdout]    1:     0x58cdc4fec1fa - core[a373ad73a504971]::fmt::write
[INFO] [stdout]    2:     0x58cdc4fd9d9c - <alloc[2e1b2a31b91974c5]::vec::Vec<u8> as core[a373ad73a504971]::io::write::Write>::write_fmt
[INFO] [stdout]    3:     0x58cdc4fb0956 - std[617be2ca0a6fd877]::panicking::default_hook::{closure#0}
[INFO] [stdout]    4:     0x58cdc4fcd4a9 - std[617be2ca0a6fd877]::panicking::default_hook
[INFO] [stdout]    5:     0x58cdc4e3edb0 - test[aada8e7e76ba119b]::test_main_inner::{closure#0}
[INFO] [stdout]    6:     0x58cdc4fcd7d2 - std[617be2ca0a6fd877]::panicking::panic_with_hook
[INFO] [stdout]    7:     0x58cdc4fb0a02 - std[617be2ca0a6fd877]::panicking::panic_handler::{closure#0}
[INFO] [stdout]    8:     0x58cdc4fa9639 - std[617be2ca0a6fd877]::sys::backtrace::__rust_end_short_backtrace::<std[617be2ca0a6fd877]::panicking::panic_handler::{closure#0}, !>
[INFO] [stdout]    9:     0x58cdc4fb17fd - __rustc[ea4f61d10b84890b]::rust_begin_unwind
[INFO] [stdout]   10:     0x58cdc4fec95c - core[a373ad73a504971]::panicking::panic_fmt
[INFO] [stdout]   11:     0x58cdc4fec732 - core[a373ad73a504971]::result::unwrap_failed
[INFO] [stdout]   12:     0x58cdc4e30f41 - auth_uri[441490d94feaf600]::assert_get_uri_ok
[INFO] [stdout]   13:     0x58cdc4e320a2 - <auth_uri[441490d94feaf600]::google_installed_auth_uri_ok::{closure#0} as core[a373ad73a504971]::ops::function::FnOnce<()>>::call_once
[INFO] [stdout]   14:     0x58cdc4e321fb - test[aada8e7e76ba119b]::__rust_begin_short_backtrace::<core[a373ad73a504971]::result::Result<(), alloc[2e1b2a31b91974c5]::string::String>, fn() -> core[a373ad73a504971]::result::Result<(), alloc[2e1b2a31b91974c5]::string::String>>
[INFO] [stdout]   15:     0x58cdc4e3f3d5 - test[aada8e7e76ba119b]::run_test::{closure#0}
[INFO] [stdout]   16:     0x58cdc4e38cc4 - std[617be2ca0a6fd877]::sys::backtrace::__rust_begin_short_backtrace::<test[aada8e7e76ba119b]::run_test::{closure#1}, ()>
[INFO] [stdout]   17:     0x58cdc4e42462 - <std[617be2ca0a6fd877]::thread::lifecycle::spawn_unchecked<test[aada8e7e76ba119b]::run_test::{closure#1}, ()>::{closure#1} as core[a373ad73a504971]::ops::function::FnOnce<()>>::call_once::{shim:vtable#0}
[INFO] [stdout]   18:     0x58cdc4fd4acf - <std[617be2ca0a6fd877]::sys::thread::unix::Thread>::new::thread_start
[INFO] [stdout]   19:     0x795f54967dfa - <unknown>
[INFO] [stdout]   20:     0x795f549fb3d4 - clone
[INFO] [stdout]   21:                0x0 - <unknown>
[INFO] [stdout] 
[INFO] [stdout] ---- imgur_auth_uri_ok stdout ----
[INFO] [stdout] 
[INFO] [stdout] thread 'imgur_auth_uri_ok' (1990) panicked at tests/auth_uri.rs:10:38:
[INFO] [stdout] called `Result::unwrap()` on an `Err` value: Error(Hyper(Error(Connect, Custom { kind: Uncategorized, error: "failed to lookup address information: Temporary failure in name resolution" })), "https://api.imgur.com/oauth2/authorize?response_type=code&client_id=505c8ca804230e0&redirect_uri=https%3A%2F%2Fcmcenroe.me%2Foauth2-paste%2F&state=state")
[INFO] [stdout] stack backtrace:
[INFO] [stdout]    0:     0x58cdc4fd5621 - <<std[617be2ca0a6fd877]::sys::backtrace::BacktraceLock>::print::DisplayBacktrace as core[a373ad73a504971]::fmt::Display>::fmt
[INFO] [stdout]    1:     0x58cdc4fec1fa - core[a373ad73a504971]::fmt::write
[INFO] [stdout]    2:     0x58cdc4fd9d9c - <alloc[2e1b2a31b91974c5]::vec::Vec<u8> as core[a373ad73a504971]::io::write::Write>::write_fmt
[INFO] [stdout]    3:     0x58cdc4fb0956 - std[617be2ca0a6fd877]::panicking::default_hook::{closure#0}
[INFO] [stdout]    4:     0x58cdc4fcd4a9 - std[617be2ca0a6fd877]::panicking::default_hook
[INFO] [stdout]    5:     0x58cdc4e3edb0 - test[aada8e7e76ba119b]::test_main_inner::{closure#0}
[INFO] [stdout]    6:     0x58cdc4fcd7d2 - std[617be2ca0a6fd877]::panicking::panic_with_hook
[INFO] [stdout]    7:     0x58cdc4fb0a02 - std[617be2ca0a6fd877]::panicking::panic_handler::{closure#0}
[INFO] [stdout]    8:     0x58cdc4fa9639 - std[617be2ca0a6fd877]::sys::backtrace::__rust_end_short_backtrace::<std[617be2ca0a6fd877]::panicking::panic_handler::{closure#0}, !>
[INFO] [stdout]    9:     0x58cdc4fb17fd - __rustc[ea4f61d10b84890b]::rust_begin_unwind
[INFO] [stdout]   10:     0x58cdc4fec95c - core[a373ad73a504971]::panicking::panic_fmt
[INFO] [stdout]   11:     0x58cdc4fec732 - core[a373ad73a504971]::result::unwrap_failed
[INFO] [stdout]   12:     0x58cdc4e30f41 - auth_uri[441490d94feaf600]::assert_get_uri_ok
[INFO] [stdout]   13:     0x58cdc4e313a4 - <auth_uri[441490d94feaf600]::imgur_auth_uri_ok::{closure#0} as core[a373ad73a504971]::ops::function::FnOnce<()>>::call_once
[INFO] [stdout]   14:     0x58cdc4e321fb - test[aada8e7e76ba119b]::__rust_begin_short_backtrace::<core[a373ad73a504971]::result::Result<(), alloc[2e1b2a31b91974c5]::string::String>, fn() -> core[a373ad73a504971]::result::Result<(), alloc[2e1b2a31b91974c5]::string::String>>
[INFO] [stdout]   15:     0x58cdc4e3f3d5 - test[aada8e7e76ba119b]::run_test::{closure#0}
[INFO] [stdout]   16:     0x58cdc4e38cc4 - std[617be2ca0a6fd877]::sys::backtrace::__rust_begin_short_backtrace::<test[aada8e7e76ba119b]::run_test::{closure#1}, ()>
[INFO] [stdout]   17:     0x58cdc4e42462 - <std[617be2ca0a6fd877]::thread::lifecycle::spawn_unchecked<test[aada8e7e76ba119b]::run_test::{closure#1}, ()>::{closure#1} as core[a373ad73a504971]::ops::function::FnOnce<()>>::call_once::{shim:vtable#0}
[INFO] [stdout]   18:     0x58cdc4fd4acf - <std[617be2ca0a6fd877]::sys::thread::unix::Thread>::new::thread_start
[INFO] [stdout]   19:     0x795f54967dfa - <unknown>
[INFO] [stdout]   20:     0x795f549fb3d4 - clone
[INFO] [stdout]   21:                0x0 - <unknown>
[INFO] [stdout] 
[INFO] [stdout] 
[INFO] [stdout] failures:
[INFO] [stdout]     github_auth_uri_ok
[INFO] [stdout]     google_installed_auth_uri_ok
[INFO] [stdout]     google_web_auth_uri_ok
[INFO] [stdout]     imgur_auth_uri_ok
[INFO] [stdout] 
[INFO] [stdout] test result: FAILED. 0 passed; 4 failed; 0 ignored; 0 measured; 0 filtered out; finished in 0.16s
[INFO] [stdout] 
[INFO] running `Command { std: "docker" "inspect" "00d616a1d0e17bf3b0a8771cd824372dfedf3ea1adedfd08704c60ba6840a982", kill_on_drop: false }`
[INFO] running `Command { std: "docker" "rm" "-f" "00d616a1d0e17bf3b0a8771cd824372dfedf3ea1adedfd08704c60ba6840a982", kill_on_drop: false }`
[INFO] [stdout] 00d616a1d0e17bf3b0a8771cd824372dfedf3ea1adedfd08704c60ba6840a982
