[INFO] fetching crate interoptopus_proc_impl 0.16.6...
[INFO] testing interoptopus_proc_impl-0.16.6 against 1.100.0-beta.1+cargoflags=--release for beta-release-1.100-2
[INFO] extracting crate interoptopus_proc_impl 0.16.6 into /workspace/builds/worker-4-tc2/source
[INFO] started tweaking crates.io crate interoptopus_proc_impl 0.16.6
[INFO] removed 0 missing tests
[INFO] finished tweaking crates.io crate interoptopus_proc_impl 0.16.6
[INFO] tweaked toml for crates.io crate interoptopus_proc_impl 0.16.6 written to /workspace/builds/worker-4-tc2/source/Cargo.toml
[INFO] validating manifest of crates.io crate interoptopus_proc_impl 0.16.6 on toolchain 1.100.0-beta.1
[INFO] running `Command { std: CARGO_HOME="/workspace/cargo-home" RUSTUP_HOME="/workspace/rustup-home" "/workspace/cargo-home/bin/cargo" "+1.100.0-beta.1" "metadata" "--manifest-path" "Cargo.toml" "--no-deps", kill_on_drop: false }`
[INFO] crate crates.io crate interoptopus_proc_impl 0.16.6 already has a lockfile, it will not be regenerated
[INFO] running `Command { std: CARGO_HOME="/workspace/cargo-home" RUSTUP_HOME="/workspace/rustup-home" "/workspace/cargo-home/bin/cargo" "+1.100.0-beta.1" "fetch" "--manifest-path" "Cargo.toml", kill_on_drop: false }`
[INFO] running `Command { std: "docker" "create" "-v" "/var/lib/crater-agent-workspace/builds/worker-4-tc2/source:/opt/rustwide/workdir:ro,Z" "-v" "/var/lib/crater-agent-workspace/builds/worker-4-tc2/target:/opt/rustwide/target:rw,Z" "-v" "/var/lib/crater-agent-workspace/cargo-home:/opt/rustwide/cargo-home:ro,Z" "-v" "/var/lib/crater-agent-workspace/rustup-home:/opt/rustwide/rustup-home:ro,Z" "-m" "1610612736" "--network" "none" "ghcr.io/rust-lang/crates-build-env/linux@sha256:77db811e55d90add9212f6832c23229e3de5f1c1f9905e8cb07319ea15df73ac" "sleep" "infinity", kill_on_drop: false }`
[INFO] [stdout] b76adcd2dd4c9439eb5453956d9181ff263f87221fa66d94d3b4969bd6018f0c
[INFO] running `Command { std: "docker" "start" "b76adcd2dd4c9439eb5453956d9181ff263f87221fa66d94d3b4969bd6018f0c", kill_on_drop: false }`
[INFO] running `Command { std: "docker" "inspect" "b76adcd2dd4c9439eb5453956d9181ff263f87221fa66d94d3b4969bd6018f0c", kill_on_drop: false }`
[INFO] running `Command { std: "docker" "exec" "-e" "SOURCE_DIR=/opt/rustwide/workdir" "-e" "CARGO_HOME=/opt/rustwide/cargo-home" "-e" "RUSTUP_HOME=/opt/rustwide/rustup-home" "-e" "CARGO_TARGET_DIR=/opt/rustwide/target" "-w" "/opt/rustwide/workdir" "--user" "0:0" "b76adcd2dd4c9439eb5453956d9181ff263f87221fa66d94d3b4969bd6018f0c" "/opt/rustwide/cargo-home/bin/cargo" "+1.100.0-beta.1" "metadata" "--no-deps" "--format-version=1", kill_on_drop: false }`
[INFO] running `Command { std: "docker" "inspect" "b76adcd2dd4c9439eb5453956d9181ff263f87221fa66d94d3b4969bd6018f0c", kill_on_drop: false }`
[INFO] running `Command { std: "docker" "exec" "-e" "SOURCE_DIR=/opt/rustwide/workdir" "-e" "CARGO_HOME=/opt/rustwide/cargo-home" "-e" "RUSTUP_HOME=/opt/rustwide/rustup-home" "-e" "CARGO_TARGET_DIR=/opt/rustwide/target" "-e" "CARGO_INCREMENTAL=0" "-e" "RUST_BACKTRACE=full" "-e" "RUSTFLAGS=--cap-lints=warn" "-e" "RUSTDOCFLAGS=--cap-lints=warn" "-w" "/opt/rustwide/workdir" "--user" "0:0" "b76adcd2dd4c9439eb5453956d9181ff263f87221fa66d94d3b4969bd6018f0c" "/opt/rustwide/cargo-home/bin/cargo" "+1.100.0-beta.1" "build" "--frozen" "--message-format=json" "--release", kill_on_drop: false }`
[INFO] [stderr]    Compiling proc-macro2 v1.0.101
[INFO] [stderr]    Compiling quote v1.0.41
[INFO] [stderr]    Compiling prettyplease v0.2.37
[INFO] [stderr]    Compiling syn v2.0.106
[INFO] [stderr]    Compiling interoptopus_proc_impl v0.16.6 (/opt/rustwide/workdir)
[INFO] [stderr]     Finished `release` profile [optimized] target(s) in 40.19s
[INFO] running `Command { std: "docker" "inspect" "b76adcd2dd4c9439eb5453956d9181ff263f87221fa66d94d3b4969bd6018f0c", kill_on_drop: false }`
[INFO] running `Command { std: "docker" "exec" "-e" "SOURCE_DIR=/opt/rustwide/workdir" "-e" "CARGO_HOME=/opt/rustwide/cargo-home" "-e" "RUSTUP_HOME=/opt/rustwide/rustup-home" "-e" "CARGO_TARGET_DIR=/opt/rustwide/target" "-e" "CARGO_INCREMENTAL=0" "-e" "RUST_BACKTRACE=full" "-e" "RUSTFLAGS=--cap-lints=warn" "-e" "RUSTDOCFLAGS=--cap-lints=warn" "-w" "/opt/rustwide/workdir" "--user" "0:0" "b76adcd2dd4c9439eb5453956d9181ff263f87221fa66d94d3b4969bd6018f0c" "/opt/rustwide/cargo-home/bin/cargo" "+1.100.0-beta.1" "test" "--frozen" "--no-run" "--message-format=json" "--release", kill_on_drop: false }`
[INFO] [stderr]    Compiling libc v0.2.176
[INFO] [stderr]    Compiling rustix v1.1.2
[INFO] [stderr]    Compiling similar v2.7.0
[INFO] [stderr]    Compiling getrandom v0.3.4
[INFO] [stderr]    Compiling console v0.15.11
[INFO] [stderr]    Compiling tempfile v3.23.0
[INFO] [stderr]    Compiling insta v1.46.3
[INFO] [stderr]    Compiling interoptopus_proc_impl v0.16.6 (/opt/rustwide/workdir)
[INFO] [stderr]     Finished `release` profile [optimized] target(s) in 35.27s
[INFO] running `Command { std: "docker" "inspect" "b76adcd2dd4c9439eb5453956d9181ff263f87221fa66d94d3b4969bd6018f0c", kill_on_drop: false }`
[INFO] running `Command { std: "docker" "exec" "-e" "SOURCE_DIR=/opt/rustwide/workdir" "-e" "CARGO_HOME=/opt/rustwide/cargo-home" "-e" "RUSTUP_HOME=/opt/rustwide/rustup-home" "-e" "CARGO_TARGET_DIR=/opt/rustwide/target" "-e" "CARGO_INCREMENTAL=0" "-e" "RUST_BACKTRACE=full" "-e" "RUSTFLAGS=--cap-lints=warn" "-e" "RUSTDOCFLAGS=--cap-lints=warn" "-w" "/opt/rustwide/workdir" "--user" "0:0" "b76adcd2dd4c9439eb5453956d9181ff263f87221fa66d94d3b4969bd6018f0c" "/opt/rustwide/cargo-home/bin/cargo" "+1.100.0-beta.1" "test" "--frozen" "--release", kill_on_drop: false }`
[INFO] [stderr]     Finished `release` profile [optimized] target(s) in 0.06s
[INFO] [stderr]      Running unittests src/lib.rs (/opt/rustwide/target/release/build/interoptopus_proc_impl/4bb61f9e8264c0cd/out/interoptopus_proc_impl-4bb61f9e8264c0cd)
[INFO] [stdout] 
[INFO] [stdout] running 5 tests
[INFO] [stdout] test service::tests::shared_service_is_eligible_as_async_runtime ... ok
[INFO] [stdout] test service::tests::mutable_service_uses_box_storage ... ok
[INFO] [stdout] test service::tests::async_runtime_marker_preserves_where_clause ... ok
[INFO] [stdout] test service::tests::explicit_mutable_receiver_uses_box_storage ... ok
[INFO] [stdout] test service::tests::shared_service_uses_arc_storage ... ok
[INFO] [stdout] 
[INFO] [stdout] test result: ok. 5 passed; 0 failed; 0 ignored; 0 measured; 0 filtered out; finished in 0.00s
[INFO] [stdout] 
[INFO] [stderr]      Running tests/const_basic.rs (/opt/rustwide/target/release/build/interoptopus_proc_impl/66902c1178186eaf/out/const_basic-66902c1178186eaf)
[INFO] [stdout] 
[INFO] [stdout] running 2 tests
[INFO] [stderr] A snapshot uses a legacy snapshot format; please update it to the new format with `cargo insta test --force-update-snapshots --accept`.
[INFO] [stderr] Snapshot is at: /opt/rustwide/workdir/tests/snapshots/const_basic__constant_function_call.snap
[INFO] [stderr] A snapshot uses a legacy snapshot format; please update it to the new format with `cargo insta test --force-update-snapshots --accept`.
[INFO] [stderr] Snapshot is at: /opt/rustwide/workdir/tests/snapshots/const_basic__constant_literal.snap
[INFO] [stdout] test constant_function_call ... FAILED
[INFO] [stdout] test constant_literal ... FAILED
[INFO] [stdout] 
[INFO] [stdout] failures:
[INFO] [stdout] 
[INFO] [stdout] ---- constant_function_call stdout ----
[INFO] [stdout] ━━━━━━━━━━━━━━━━━━━━━━━━━━━━━━━ Snapshot Summary ━━━━━━━━━━━━━━━━━━━━━━━━━━━━━━━
[INFO] [stdout] Snapshot file: tests/snapshots/const_basic__constant_function_call.snap
[INFO] [stdout] Snapshot: constant_function_call
[INFO] [stdout] Source: tests/const_basic.rs:23
[INFO] [stdout] ────────────────────────────────────────────────────────────────────────────────
[INFO] [stdout] Expression: expand_ffi!(item)
[INFO] [stdout] ────────────────────────────────────────────────────────────────────────────────
[INFO] [stdout] -old snapshot
[INFO] [stdout] +new results
[INFO] [stdout] ────────────┬───────────────────────────────────────────────────────────────────
[INFO] [stdout]           1 │+const COMPUTED: i32 = std::mem::size_of::<u64>() as i32;
[INFO] [stdout]           2 │+#[allow(non_camel_case_types)]
[INFO] [stdout]           3 │+#[allow(clippy::redundant_pub_crate)]
[INFO] [stdout]           4 │+pub struct COMPUTED {}
[INFO] [stdout]           5 │+unsafe impl ::interoptopus::lang::constant::ConstantInfo for COMPUTED {
[INFO] [stdout]           6 │+    fn id() -> ::interoptopus::inventory::ConstantId {
[INFO] [stdout]           7 │+        ::interoptopus::inventory::ConstantId::from_id(::interoptopus::id!(COMPUTED))
[INFO] [stdout]           8 │+    }
[INFO] [stdout]           9 │+    fn constant() -> ::interoptopus::lang::constant::Constant {
[INFO] [stdout]          10 │+        ::interoptopus::lang::constant::Constant {
[INFO] [stdout]          11 │+            name: "COMPUTED".to_string(),
[INFO] [stdout]          12 │+            visibility: ::interoptopus::lang::meta::Visibility::Public,
[INFO] [stdout]          13 │+            docs: ::interoptopus::lang::meta::Docs::from_line(""),
[INFO] [stdout]          14 │+            emission: ::interoptopus::lang::meta::Emission::FileEmission(
[INFO] [stdout]          15 │+                ::interoptopus::lang::meta::FileEmission::Common,
[INFO] [stdout]          16 │+            ),
[INFO] [stdout]          17 │+            ty: <i32 as ::interoptopus::lang::types::TypeInfo>::id(),
[INFO] [stdout]          18 │+            value: ::interoptopus::lang::constant::ConstantValue::value(&COMPUTED),
[INFO] [stdout]          19 │+        }
[INFO] [stdout]          20 │+    }
[INFO] [stdout]          21 │+    fn register(inventory: &mut impl ::interoptopus::inventory::Inventory) {
[INFO] [stdout]          22 │+        <i32 as ::interoptopus::lang::types::TypeInfo>::register(inventory);
[INFO] [stdout]          23 │+        inventory.register_constant(Self::id(), Self::constant());
[INFO] [stdout]          24 │+    }
[INFO] [stdout]          25 │+}
[INFO] [stdout] ────────────┴───────────────────────────────────────────────────────────────────
[INFO] [stdout] 
[INFO] [stdout] thread 'constant_function_call' (1027) panicked at tests/const_basic.rs:23:5:
[INFO] [stdout] called `Result::unwrap()` on an `Err` value: FileIo(Os { code: 30, kind: ReadOnlyFilesystem, message: "Read-only file system" }, "/opt/rustwide/workdir/tests/snapshots/const_basic__constant_function_call.snap.new")
[INFO] [stdout] stack backtrace:
[INFO] [stdout]    0:     0x6552f4d0eaf1 - <<std[617be2ca0a6fd877]::sys::backtrace::BacktraceLock>::print::DisplayBacktrace as core[a373ad73a504971]::fmt::Display>::fmt
[INFO] [stdout]    1:     0x6552f4d25a5a - core[a373ad73a504971]::fmt::write
[INFO] [stdout]    2:     0x6552f4d132cc - <alloc[2e1b2a31b91974c5]::vec::Vec<u8> as core[a373ad73a504971]::io::write::Write>::write_fmt
[INFO] [stdout]    3:     0x6552f4ce7c26 - std[617be2ca0a6fd877]::panicking::default_hook::{closure#0}
[INFO] [stdout]    4:     0x6552f4d05aa9 - std[617be2ca0a6fd877]::panicking::default_hook
[INFO] [stdout]    5:     0x6552f4b81110 - test[aada8e7e76ba119b]::test_main_inner::{closure#0}
[INFO] [stdout]    6:     0x6552f4d05dd2 - std[617be2ca0a6fd877]::panicking::panic_with_hook
[INFO] [stdout]    7:     0x6552f4ce7cd2 - std[617be2ca0a6fd877]::panicking::panic_handler::{closure#0}
[INFO] [stdout]    8:     0x6552f4ce0509 - std[617be2ca0a6fd877]::sys::backtrace::__rust_end_short_backtrace::<std[617be2ca0a6fd877]::panicking::panic_handler::{closure#0}, !>
[INFO] [stdout]    9:     0x6552f4ce897d - __rustc[ea4f61d10b84890b]::rust_begin_unwind
[INFO] [stdout]   10:     0x6552f4d2623c - core[a373ad73a504971]::panicking::panic_fmt
[INFO] [stdout]   11:     0x6552f4d26012 - core[a373ad73a504971]::result::unwrap_failed
[INFO] [stdout]   12:     0x6552f4a05f8d - <const_basic[28aa026a4b018bf7]::constant_function_call::{closure#0} as core[a373ad73a504971]::ops::function::FnOnce<()>>::call_once
[INFO] [stdout]   13:     0x6552f4b7455b - test[aada8e7e76ba119b]::__rust_begin_short_backtrace::<core[a373ad73a504971]::result::Result<(), alloc[2e1b2a31b91974c5]::string::String>, fn() -> core[a373ad73a504971]::result::Result<(), alloc[2e1b2a31b91974c5]::string::String>>
[INFO] [stdout]   14:     0x6552f4b81735 - test[aada8e7e76ba119b]::run_test::{closure#0}
[INFO] [stdout]   15:     0x6552f4b7b024 - std[617be2ca0a6fd877]::sys::backtrace::__rust_begin_short_backtrace::<test[aada8e7e76ba119b]::run_test::{closure#1}, ()>
[INFO] [stdout]   16:     0x6552f4b847c2 - <std[617be2ca0a6fd877]::thread::lifecycle::spawn_unchecked<test[aada8e7e76ba119b]::run_test::{closure#1}, ()>::{closure#1} as core[a373ad73a504971]::ops::function::FnOnce<()>>::call_once::{shim:vtable#0}
[INFO] [stdout]   17:     0x6552f4d0dabf - <std[617be2ca0a6fd877]::sys::thread::unix::Thread>::new::thread_start
[INFO] [stdout]   18:     0x74086a033dfa - <unknown>
[INFO] [stdout]   19:     0x74086a0c73d4 - clone
[INFO] [stdout]   20:                0x0 - <unknown>
[INFO] [stdout] 
[INFO] [stdout] ---- constant_literal stdout ----
[INFO] [stdout] ━━━━━━━━━━━━━━━━━━━━━━━━━━━━━━━ Snapshot Summary ━━━━━━━━━━━━━━━━━━━━━━━━━━━━━━━
[INFO] [stdout] Snapshot file: tests/snapshots/const_basic__constant_literal.snap
[INFO] [stdout] Snapshot: constant_literal
[INFO] [stdout] Source: tests/const_basic.rs:13
[INFO] [stdout] ────────────────────────────────────────────────────────────────────────────────
[INFO] [stdout] Expression: expand_ffi!(item)
[INFO] [stdout] ────────────────────────────────────────────────────────────────────────────────
[INFO] [stdout] -old snapshot
[INFO] [stdout] +new results
[INFO] [stdout] ────────────┬───────────────────────────────────────────────────────────────────
[INFO] [stdout]           1 │+const MY_CONST: u32 = 42;
[INFO] [stdout]           2 │+#[allow(non_camel_case_types)]
[INFO] [stdout]           3 │+#[allow(clippy::redundant_pub_crate)]
[INFO] [stdout]           4 │+pub struct MY_CONST {}
[INFO] [stdout]           5 │+unsafe impl ::interoptopus::lang::constant::ConstantInfo for MY_CONST {
[INFO] [stdout]           6 │+    fn id() -> ::interoptopus::inventory::ConstantId {
[INFO] [stdout]           7 │+        ::interoptopus::inventory::ConstantId::from_id(::interoptopus::id!(MY_CONST))
[INFO] [stdout]           8 │+    }
[INFO] [stdout]           9 │+    fn constant() -> ::interoptopus::lang::constant::Constant {
[INFO] [stdout]          10 │+        ::interoptopus::lang::constant::Constant {
[INFO] [stdout]          11 │+            name: "MY_CONST".to_string(),
[INFO] [stdout]          12 │+            visibility: ::interoptopus::lang::meta::Visibility::Public,
[INFO] [stdout]          13 │+            docs: ::interoptopus::lang::meta::Docs::from_line(""),
[INFO] [stdout]          14 │+            emission: ::interoptopus::lang::meta::Emission::FileEmission(
[INFO] [stdout]          15 │+                ::interoptopus::lang::meta::FileEmission::Common,
[INFO] [stdout]          16 │+            ),
[INFO] [stdout]          17 │+            ty: <u32 as ::interoptopus::lang::types::TypeInfo>::id(),
[INFO] [stdout]          18 │+            value: ::interoptopus::lang::constant::ConstantValue::value(&MY_CONST),
[INFO] [stdout]          19 │+        }
[INFO] [stdout]          20 │+    }
[INFO] [stdout]          21 │+    fn register(inventory: &mut impl ::interoptopus::inventory::Inventory) {
[INFO] [stdout]          22 │+        <u32 as ::interoptopus::lang::types::TypeInfo>::register(inventory);
[INFO] [stdout]          23 │+        inventory.register_constant(Self::id(), Self::constant());
[INFO] [stdout]          24 │+    }
[INFO] [stdout]          25 │+}
[INFO] [stdout] ────────────┴───────────────────────────────────────────────────────────────────
[INFO] [stdout] 
[INFO] [stdout] thread 'constant_literal' (1028) panicked at tests/const_basic.rs:13:5:
[INFO] [stdout] called `Result::unwrap()` on an `Err` value: FileIo(Os { code: 30, kind: ReadOnlyFilesystem, message: "Read-only file system" }, "/opt/rustwide/workdir/tests/snapshots/const_basic__constant_literal.snap.new")
[INFO] [stdout] stack backtrace:
[INFO] [stdout]    0:     0x6552f4d0eaf1 - <<std[617be2ca0a6fd877]::sys::backtrace::BacktraceLock>::print::DisplayBacktrace as core[a373ad73a504971]::fmt::Display>::fmt
[INFO] [stdout]    1:     0x6552f4d25a5a - core[a373ad73a504971]::fmt::write
[INFO] [stdout]    2:     0x6552f4d132cc - <alloc[2e1b2a31b91974c5]::vec::Vec<u8> as core[a373ad73a504971]::io::write::Write>::write_fmt
[INFO] [stdout]    3:     0x6552f4ce7c26 - std[617be2ca0a6fd877]::panicking::default_hook::{closure#0}
[INFO] [stdout]    4:     0x6552f4d05aa9 - std[617be2ca0a6fd877]::panicking::default_hook
[INFO] [stdout]    5:     0x6552f4b81110 - test[aada8e7e76ba119b]::test_main_inner::{closure#0}
[INFO] [stdout]    6:     0x6552f4d05dd2 - std[617be2ca0a6fd877]::panicking::panic_with_hook
[INFO] [stdout]    7:     0x6552f4ce7cd2 - std[617be2ca0a6fd877]::panicking::panic_handler::{closure#0}
[INFO] [stdout]    8:     0x6552f4ce0509 - std[617be2ca0a6fd877]::sys::backtrace::__rust_end_short_backtrace::<std[617be2ca0a6fd877]::panicking::panic_handler::{closure#0}, !>
[INFO] [stdout]    9:     0x6552f4ce897d - __rustc[ea4f61d10b84890b]::rust_begin_unwind
[INFO] [stdout]   10:     0x6552f4d2623c - core[a373ad73a504971]::panicking::panic_fmt
[INFO] [stdout]   11:     0x6552f4d26012 - core[a373ad73a504971]::result::unwrap_failed
[INFO] [stdout]   12:     0x6552f4a0588d - <const_basic[28aa026a4b018bf7]::constant_literal::{closure#0} as core[a373ad73a504971]::ops::function::FnOnce<()>>::call_once
[INFO] [stdout]   13:     0x6552f4b7455b - test[aada8e7e76ba119b]::__rust_begin_short_backtrace::<core[a373ad73a504971]::result::Result<(), alloc[2e1b2a31b91974c5]::string::String>, fn() -> core[a373ad73a504971]::result::Result<(), alloc[2e1b2a31b91974c5]::string::String>>
[INFO] [stdout]   14:     0x6552f4b81735 - test[aada8e7e76ba119b]::run_test::{closure#0}
[INFO] [stdout]   15:     0x6552f4b7b024 - std[617be2ca0a6fd877]::sys::backtrace::__rust_begin_short_backtrace::<test[aada8e7e76ba119b]::run_test::{closure#1}, ()>
[INFO] [stdout]   16:     0x6552f4b847c2 - <std[617be2ca0a6fd877]::thread::lifecycle::spawn_unchecked<test[aada8e7e76ba119b]::run_test::{closure#1}, ()>::{closure#1} as core[a373ad73a504971]::ops::function::FnOnce<()>>::call_once::{shim:vtable#0}
[INFO] [stdout]   17:     0x6552f4d0dabf - <std[617be2ca0a6fd877]::sys::thread::unix::Thread>::new::thread_start
[INFO] [stdout]   18:     0x74086a033dfa - <unknown>
[INFO] [stdout]   19:     0x74086a0c73d4 - clone
[INFO] [stdout]   20:                0x0 - <unknown>
[INFO] [stdout] 
[INFO] [stdout] 
[INFO] [stdout] failures:
[INFO] [stdout]     constant_function_call
[INFO] [stdout]     constant_literal
[INFO] [stdout] 
[INFO] [stdout] test result: FAILED. 0 passed; 2 failed; 0 ignored; 0 measured; 0 filtered out; finished in 0.45s
[INFO] [stdout] 
[INFO] [stderr] error: test failed, to rerun pass `--test const_basic`
[INFO] running `Command { std: "docker" "inspect" "b76adcd2dd4c9439eb5453956d9181ff263f87221fa66d94d3b4969bd6018f0c", kill_on_drop: false }`
[INFO] running `Command { std: "docker" "rm" "-f" "b76adcd2dd4c9439eb5453956d9181ff263f87221fa66d94d3b4969bd6018f0c", kill_on_drop: false }`
[INFO] [stdout] b76adcd2dd4c9439eb5453956d9181ff263f87221fa66d94d3b4969bd6018f0c
