[INFO] fetching crate interoptopus 0.16.6...
[INFO] testing interoptopus-0.16.6 against 1.99.0-beta.8+cargoflags=--release for beta-release-1.100-2
[INFO] extracting crate interoptopus 0.16.6 into /workspace/builds/worker-4-tc1/source
[INFO] started tweaking crates.io crate interoptopus 0.16.6
[INFO] removed 0 missing tests
[INFO] finished tweaking crates.io crate interoptopus 0.16.6
[INFO] tweaked toml for crates.io crate interoptopus 0.16.6 written to /workspace/builds/worker-4-tc1/source/Cargo.toml
[INFO] validating manifest of crates.io crate interoptopus 0.16.6 on toolchain 1.99.0-beta.8
[INFO] running `Command { std: CARGO_HOME="/workspace/cargo-home" RUSTUP_HOME="/workspace/rustup-home" "/workspace/cargo-home/bin/cargo" "+1.99.0-beta.8" "metadata" "--manifest-path" "Cargo.toml" "--no-deps", kill_on_drop: false }`
[INFO] crate crates.io crate interoptopus 0.16.6 already has a lockfile, it will not be regenerated
[INFO] running `Command { std: CARGO_HOME="/workspace/cargo-home" RUSTUP_HOME="/workspace/rustup-home" "/workspace/cargo-home/bin/cargo" "+1.99.0-beta.8" "fetch" "--manifest-path" "Cargo.toml", kill_on_drop: false }`
[INFO] [stderr]     Updating crates.io index
[INFO] [stderr]     Blocking waiting for file lock on package cache
[INFO] [stderr]  Downloading crates ...
[INFO] [stderr]   Downloaded interoptopus_proc v0.16.6
[INFO] [stderr]   Downloaded interoptopus_proc_impl v0.16.6
[INFO] running `Command { std: "docker" "create" "-v" "/var/lib/crater-agent-workspace/builds/worker-4-tc1/source:/opt/rustwide/workdir:ro,Z" "-v" "/var/lib/crater-agent-workspace/builds/worker-4-tc1/target:/opt/rustwide/target:rw,Z" "-v" "/var/lib/crater-agent-workspace/cargo-home:/opt/rustwide/cargo-home:ro,Z" "-v" "/var/lib/crater-agent-workspace/rustup-home:/opt/rustwide/rustup-home:ro,Z" "-m" "1610612736" "--network" "none" "ghcr.io/rust-lang/crates-build-env/linux@sha256:77db811e55d90add9212f6832c23229e3de5f1c1f9905e8cb07319ea15df73ac" "sleep" "infinity", kill_on_drop: false }`
[INFO] [stdout] 869c5314c1a11b66eabedebf97419a2142bfadae463e9de6677163c35b02c329
[INFO] running `Command { std: "docker" "start" "869c5314c1a11b66eabedebf97419a2142bfadae463e9de6677163c35b02c329", kill_on_drop: false }`
[INFO] running `Command { std: "docker" "inspect" "869c5314c1a11b66eabedebf97419a2142bfadae463e9de6677163c35b02c329", kill_on_drop: false }`
[INFO] running `Command { std: "docker" "exec" "-e" "SOURCE_DIR=/opt/rustwide/workdir" "-e" "CARGO_HOME=/opt/rustwide/cargo-home" "-e" "RUSTUP_HOME=/opt/rustwide/rustup-home" "-e" "CARGO_TARGET_DIR=/opt/rustwide/target" "-w" "/opt/rustwide/workdir" "--user" "0:0" "869c5314c1a11b66eabedebf97419a2142bfadae463e9de6677163c35b02c329" "/opt/rustwide/cargo-home/bin/cargo" "+1.99.0-beta.8" "metadata" "--no-deps" "--format-version=1", kill_on_drop: false }`
[INFO] running `Command { std: "docker" "inspect" "869c5314c1a11b66eabedebf97419a2142bfadae463e9de6677163c35b02c329", kill_on_drop: false }`
[INFO] running `Command { std: "docker" "exec" "-e" "SOURCE_DIR=/opt/rustwide/workdir" "-e" "CARGO_HOME=/opt/rustwide/cargo-home" "-e" "RUSTUP_HOME=/opt/rustwide/rustup-home" "-e" "CARGO_TARGET_DIR=/opt/rustwide/target" "-e" "CARGO_INCREMENTAL=0" "-e" "RUST_BACKTRACE=full" "-e" "RUSTFLAGS=--cap-lints=warn" "-e" "RUSTDOCFLAGS=--cap-lints=warn" "-w" "/opt/rustwide/workdir" "--user" "0:0" "869c5314c1a11b66eabedebf97419a2142bfadae463e9de6677163c35b02c329" "/opt/rustwide/cargo-home/bin/cargo" "+1.99.0-beta.8" "build" "--frozen" "--message-format=json" "--release", kill_on_drop: false }`
[INFO] [stderr]    Compiling proc-macro2 v1.0.101
[INFO] [stderr]    Compiling unicode-ident v1.0.19
[INFO] [stderr]    Compiling quote v1.0.41
[INFO] [stderr]    Compiling prettyplease v0.2.37
[INFO] [stderr]    Compiling syn v2.0.106
[INFO] [stderr]    Compiling interoptopus_proc_impl v0.16.6
[INFO] [stderr]    Compiling interoptopus_proc v0.16.6
[INFO] [stderr]    Compiling interoptopus v0.16.6 (/opt/rustwide/workdir)
[INFO] [stderr]     Finished `release` profile [optimized] target(s) in 10.14s
[INFO] running `Command { std: "docker" "inspect" "869c5314c1a11b66eabedebf97419a2142bfadae463e9de6677163c35b02c329", kill_on_drop: false }`
[INFO] running `Command { std: "docker" "exec" "-e" "SOURCE_DIR=/opt/rustwide/workdir" "-e" "CARGO_HOME=/opt/rustwide/cargo-home" "-e" "RUSTUP_HOME=/opt/rustwide/rustup-home" "-e" "CARGO_TARGET_DIR=/opt/rustwide/target" "-e" "CARGO_INCREMENTAL=0" "-e" "RUST_BACKTRACE=full" "-e" "RUSTFLAGS=--cap-lints=warn" "-e" "RUSTDOCFLAGS=--cap-lints=warn" "-w" "/opt/rustwide/workdir" "--user" "0:0" "869c5314c1a11b66eabedebf97419a2142bfadae463e9de6677163c35b02c329" "/opt/rustwide/cargo-home/bin/cargo" "+1.99.0-beta.8" "test" "--frozen" "--no-run" "--message-format=json" "--release", kill_on_drop: false }`
[INFO] [stderr]    Compiling serde_json v1.0.145
[INFO] [stderr]    Compiling serde_derive v1.0.228
[INFO] [stderr]    Compiling trybuild v1.0.116
[INFO] [stderr]    Compiling interoptopus v0.16.6 (/opt/rustwide/workdir)
[INFO] [stderr]     Finished `release` profile [optimized] target(s) in 15.44s
[INFO] running `Command { std: "docker" "inspect" "869c5314c1a11b66eabedebf97419a2142bfadae463e9de6677163c35b02c329", kill_on_drop: false }`
[INFO] running `Command { std: "docker" "exec" "-e" "SOURCE_DIR=/opt/rustwide/workdir" "-e" "CARGO_HOME=/opt/rustwide/cargo-home" "-e" "RUSTUP_HOME=/opt/rustwide/rustup-home" "-e" "CARGO_TARGET_DIR=/opt/rustwide/target" "-e" "CARGO_INCREMENTAL=0" "-e" "RUST_BACKTRACE=full" "-e" "RUSTFLAGS=--cap-lints=warn" "-e" "RUSTDOCFLAGS=--cap-lints=warn" "-w" "/opt/rustwide/workdir" "--user" "0:0" "869c5314c1a11b66eabedebf97419a2142bfadae463e9de6677163c35b02c329" "/opt/rustwide/cargo-home/bin/cargo" "+1.99.0-beta.8" "test" "--frozen" "--release", kill_on_drop: false }`
[INFO] [stderr]     Finished `release` profile [optimized] target(s) in 0.04s
[INFO] [stderr]      Running unittests src/lib.rs (/opt/rustwide/target/release/deps/interoptopus-9aff0745999751b7)
[INFO] [stdout] 
[INFO] [stdout] running 2 tests
[INFO] [stdout] test wire::buffer::tests::wire_ownership ... ok
[INFO] [stderr]      Running tests/callbacks.rs (/opt/rustwide/target/release/deps/callbacks-d29786dc56d6dd2e)
[INFO] [stdout] test wire::buffer::tests::wire_buffer_reader_test ... ok
[INFO] [stdout] 
[INFO] [stdout] test result: ok. 2 passed; 0 failed; 0 ignored; 0 measured; 0 filtered out; finished in 0.00s
[INFO] [stdout] 
[INFO] [stdout] 
[INFO] [stdout] running 5 tests
[INFO] [stdout] test callback_default ... ok
[INFO] [stderr]      Running tests/mod.rs (/opt/rustwide/target/release/deps/mod-3f428bbf78f1e5b6)
[INFO] [stdout] test drop_noop_on_fn_ptr_callback ... ok
[INFO] [stdout] test closure_call_side_effect ... ok
[INFO] [stdout] test closure_drop_frees_allocation ... ok
[INFO] [stdout] test closure_call ... ok
[INFO] [stdout] 
[INFO] [stdout] test result: ok. 5 passed; 0 failed; 0 ignored; 0 measured; 0 filtered out; finished in 0.00s
[INFO] [stdout] 
[INFO] [stdout] 
[INFO] [stdout] running 51 tests
[INFO] [stdout] test inventory::macros::foreign_inventory ... ok
[INFO] [stdout] test types::layout::api_version ... ok
[INFO] [stdout] test inventory::basic::basic ... ok
[INFO] [stdout] test types::cstr_ptr::can_create ... ok
[INFO] [stdout] test inventory::macros::rust_inventory ... ok
[INFO] [stdout] test types::cstr_ptr::from_slice_with_nul_fails_if_not_nul ... ok
[INFO] [stdout] test types::cstr_ptr::from_slice_with_nul_works ... ok
[INFO] [stdout] test proc::naming::generic_name_matches_prediction ... ok
[INFO] [stdout] test types::primitive::bool_works ... ok
[INFO] [stdout] test types::layout::bool ... ok
[INFO] [stdout] test types::primitive::cchar_works ... ok
[INFO] [stdout] test types::layout::named_callback ... ok
[INFO] [stdout] test types::layout::slice_mut ... ok
[INFO] [stdout] test types::layout::cchar ... ok
[INFO] [stdout] test types::layout::cstr_ptr ... ok
[INFO] [stdout] test types::layout::slice ... ok
[INFO] [stdout] test types::layout::result ... ok
[INFO] [stdout] test types::layout::utf8_string ... ok
[INFO] [stdout] test types::layout::option ... ok
[INFO] [stdout] test types::result::result_variants ... ok
[INFO] [stdout] test types::layout::vec ... ok
[INFO] [stdout] test types::slice::can_create_mut ... ok
[INFO] [stdout] test types::option::option_roundtrip ... ok
[INFO] [stdout] test types::result::result_roundtrip ... ok
[INFO] [stdout] test types::slice::can_create_ref ... ok
[INFO] [stdout] test types::slice::multi_borrow_mut_slice ... ok
[INFO] [stdout] test types::option::option_variants ... ok
[INFO] [stdout] test types::std::const_and_mut_pointer_ids_differ ... ok
[INFO] [stdout] test types::std::type_id_ptr_mut_matches_concrete_mut_pointer ... ok
[INFO] [stdout] test wire::basic::clone_roundtrips ... ok
[INFO] [stdout] test wire::io::vec_roundtrip ... ok
[INFO] [stdout] test wire::std::hashmap_of_hashmaps ... ok
[INFO] [stdout] test wire::std::hashmap_string_to_u32 ... ok
[INFO] [stdout] test wire::std::hashmap_u32_to_string ... ok
[INFO] [stdout] test wire::std::string_empty ... ok
[INFO] [stdout] test wire::std::hashmap_nested_vec_values ... ok
[INFO] [stdout] test wire::std::hashmap_empty ... ok
[INFO] [stdout] test types::std::type_id_ptr_matches_concrete_const_pointer ... ok
[INFO] [stdout] test wire::io::hashmap_roundtrip ... ok
[INFO] [stdout] test wire::io::i_roundtrip ... ok
[INFO] [stdout] test wire::io::string_roundtrip ... ok
[INFO] [stdout] test wire::io::tuple_roundtrip ... ok
[INFO] [stdout] test wire::io::u_roundtrip ... ok
[INFO] [stdout] test wire::std::vec_of_strings ... ok
[INFO] [stdout] test wire::std::string_roundtrip ... ok
[INFO] [stdout] test wire::std::vec_of_u32 ... ok
[INFO] [stdout] test wire::std::string_unicode ... ok
[INFO] [stdout] test wire::std::vec_empty ... ok
[INFO] [stdout] test wire::std::vec_of_vecs ... ok
[INFO] [stdout] test types::option::option_default_is_none ... ok
[INFO] [stderr]    Compiling proc-macro2 v1.0.101
[INFO] [stderr]    Compiling quote v1.0.41
[INFO] [stderr]    Compiling unicode-ident v1.0.19
[INFO] [stderr]    Compiling prettyplease v0.2.37
[INFO] [stderr]    Compiling syn v2.0.106
[INFO] [stderr]    Compiling interoptopus_proc_impl v0.16.6
[INFO] [stderr]    Compiling interoptopus_proc v0.16.6
[INFO] [stderr]    Compiling interoptopus v0.16.6 (/opt/rustwide/workdir)
[INFO] [stderr]    Compiling interoptopus-tests v0.0.0 (/opt/rustwide/target/tests/trybuild/interoptopus)
[INFO] [stderr]     Finished `dev` profile [unoptimized + debuginfo] target(s) in 12.71s
[INFO] [stderr] 
[INFO] [stderr] 
[INFO] [stderr] test tests/ui/proc/const/basic.rs [should pass] ... ok
[INFO] [stderr] test tests/ui/proc/fn/attr_extern_c.rs [should fail to compile] ... ok
[INFO] [stderr] test tests/ui/proc/fn/attr_no_mangle.rs [should fail to compile] ... ok
[INFO] [stderr] test tests/ui/proc/fn/basic.rs [should pass] ... ok
[INFO] [stderr] test tests/ui/proc/fn/forbidden_fn.rs [should fail to compile] ... ok
[INFO] [stderr] test tests/ui/proc/fn/forbidden_param.rs [should fail to compile] ... ok
[INFO] [stderr] test tests/ui/proc/fn/module.rs [should pass] ... ok
[INFO] [stderr] test tests/ui/proc/fn/on_ty.rs [should fail to compile] ... ok
[INFO] [stderr] test tests/ui/proc/fn/ref.rs [should pass] ... ok
[INFO] [stderr] test tests/ui/proc/fn/ref_lt.rs [should pass] ... ok
[INFO] [stderr] test tests/ui/proc/fn/unsafe.rs [should pass] ... ok
[INFO] [stderr] test tests/ui/proc/fn/wildcard.rs [should pass] ... ok
[INFO] [stderr] test tests/ui/proc/svc/async_basic.rs [should pass] ... ok
[INFO] [stderr] test tests/ui/proc/svc/async_ctor_mutable_service.rs [should pass] ... ok
[INFO] [stderr] test tests/ui/proc/svc/async_double.rs [should pass] ... ok
[INFO] [stderr] test tests/ui/proc/svc/async_non_send.rs [should fail to compile] ... ok
[INFO] [stderr] test tests/ui/proc/svc/async_mut_self.rs [should fail to compile] ... ok
[INFO] [stderr] test tests/ui/proc/svc/async_mutable_runtime.rs [should fail to compile] ... mismatch
[INFO] [stderr] 
[INFO] [stderr] EXPECTED:
[INFO] [stderr] ┈┈┈┈┈┈┈┈┈┈┈┈┈┈┈┈┈┈┈┈┈┈┈┈┈┈┈┈┈┈┈┈┈┈┈┈┈┈┈┈┈┈┈┈┈┈┈┈┈┈┈┈┈┈┈┈┈┈┈┈
[INFO] [stderr] error[E0277]: the trait bound `MutableRuntime: AsyncRuntimeService` is not satisfied
[INFO] [stderr]   --> tests/ui/proc/svc/async_mutable_runtime.rs:41:34
[INFO] [stderr]    |
[INFO] [stderr] 41 |     pub async fn create(_: Async<MutableRuntime>) -> ffi::Result<Self, Error> {
[INFO] [stderr]    |                                  ^^^^^^^^^^^^^^ unsatisfied trait bound
[INFO] [stderr]    |
[INFO] [stderr] help: the trait `AsyncRuntimeService` is not implemented for `MutableRuntime`
[INFO] [stderr]   --> tests/ui/proc/svc/async_mutable_runtime.rs:13:1
[INFO] [stderr]    |
[INFO] [stderr] 13 | struct MutableRuntime;
[INFO] [stderr]    | ^^^^^^^^^^^^^^^^^^^^^
[INFO] [stderr] help: the trait `AsyncRuntimeService` is implemented for `Service`
[INFO] [stderr]   --> tests/ui/proc/svc/async_mutable_runtime.rs:40:6
[INFO] [stderr]    |
[INFO] [stderr] 40 | impl Service {
[INFO] [stderr]    |      ^^^^^^^
[INFO] [stderr] note: required by a bound in `_assert_async_ctor_runtime`
[INFO] [stderr]   --> tests/ui/proc/svc/async_mutable_runtime.rs:41:18
[INFO] [stderr]    |
[INFO] [stderr] 41 |     pub async fn create(_: Async<MutableRuntime>) -> ffi::Result<Self, Error> {
[INFO] [stderr]    |                  ^^^^^^ required by this bound in `_assert_async_ctor_runtime`
[INFO] [stderr] ┈┈┈┈┈┈┈┈┈┈┈┈┈┈┈┈┈┈┈┈┈┈┈┈┈┈┈┈┈┈┈┈┈┈┈┈┈┈┈┈┈┈┈┈┈┈┈┈┈┈┈┈┈┈┈┈┈┈┈┈
[INFO] [stderr] 
[INFO] [stderr] ACTUAL OUTPUT:
[INFO] [stderr] ┈┈┈┈┈┈┈┈┈┈┈┈┈┈┈┈┈┈┈┈┈┈┈┈┈┈┈┈┈┈┈┈┈┈┈┈┈┈┈┈┈┈┈┈┈┈┈┈┈┈┈┈┈┈┈┈┈┈┈┈
[INFO] [stderr] error[E0277]: the trait bound `MutableRuntime: interoptopus::pattern::asynk::AsyncRuntimeService` is not satisfied
[INFO] [stderr]   --> tests/ui/proc/svc/async_mutable_runtime.rs:41:34
[INFO] [stderr]    |
[INFO] [stderr] 41 |     pub async fn create(_: Async<MutableRuntime>) -> ffi::Result<Self, Error> {
[INFO] [stderr]    |                                  ^^^^^^^^^^^^^^ unsatisfied trait bound
[INFO] [stderr]    |
[INFO] [stderr] help: the trait `interoptopus::pattern::asynk::AsyncRuntimeService` is not implemented for `MutableRuntime`
[INFO] [stderr]   --> tests/ui/proc/svc/async_mutable_runtime.rs:13:1
[INFO] [stderr]    |
[INFO] [stderr] 13 | struct MutableRuntime;
[INFO] [stderr]    | ^^^^^^^^^^^^^^^^^^^^^
[INFO] [stderr] help: the trait `interoptopus::pattern::asynk::AsyncRuntimeService` is implemented for `Service`
[INFO] [stderr]   --> tests/ui/proc/svc/async_mutable_runtime.rs:40:6
[INFO] [stderr]    |
[INFO] [stderr] 40 | impl Service {
[INFO] [stderr]    |      ^^^^^^^
[INFO] [stderr] note: required by a bound in `_assert_async_ctor_runtime`
[INFO] [stderr]   --> tests/ui/proc/svc/async_mutable_runtime.rs:41:18
[INFO] [stderr]    |
[INFO] [stderr] 41 |     pub async fn create(_: Async<MutableRuntime>) -> ffi::Result<Self, Error> {
[INFO] [stderr]    |                  ^^^^^^ required by this bound in `_assert_async_ctor_runtime`
[INFO] [stderr] ┈┈┈┈┈┈┈┈┈┈┈┈┈┈┈┈┈┈┈┈┈┈┈┈┈┈┈┈┈┈┈┈┈┈┈┈┈┈┈┈┈┈┈┈┈┈┈┈┈┈┈┈┈┈┈┈┈┈┈┈
[INFO] [stderr] note: If the actual output is the correct output you can bless it by rerunning
[INFO] [stderr]       your test with the environment variable TRYBUILD=overwrite
[INFO] [stderr] 
[INFO] [stderr] test tests/ui/proc/svc/async_ref_self.rs [should fail to compile] ... ok
[INFO] [stderr] test tests/ui/proc/svc/basic.rs [should pass] ... ok
[INFO] [stderr] test tests/ui/proc/svc/ctor.rs [should pass] ... ok
[INFO] [stderr] test tests/ui/proc/svc/ctor_forbidden_name.rs [should fail to compile] ... ok
[INFO] [stderr] test tests/ui/proc/svc/ctor_rval_bad_self.rs [should fail to compile] ... ok
[INFO] [stderr] test tests/ui/proc/svc/ctor_rval_omit.rs [should fail to compile] ... ok
[INFO] [stderr] test tests/ui/proc/svc/explicit_mut_self.rs [should pass] ... ok
[INFO] [stderr] test tests/ui/proc/svc/lifetime.rs [should pass] ... ok
[INFO] [stderr] test tests/ui/proc/svc/opaque.rs [should fail to compile] ... ok
[INFO] [stderr] test tests/ui/proc/plugin/svc_static_method.rs [should fail to compile] ... mismatch
[INFO] [stderr] 
[INFO] [stderr] EXPECTED:
[INFO] [stderr] ┈┈┈┈┈┈┈┈┈┈┈┈┈┈┈┈┈┈┈┈┈┈┈┈┈┈┈┈┈┈┈┈┈┈┈┈┈┈┈┈┈┈┈┈┈┈┈┈┈┈┈┈┈┈┈┈┈┈┈┈
[INFO] [stderr] error: Non-ctor static method `not_a_method` in `impl MyService` is not allowed.
[INFO] [stderr]  --> tests/ui/proc/plugin/svc_static_method.rs:4:12
[INFO] [stderr]   |
[INFO] [stderr] 4 |         fn not_a_method(x: u32) -> u32;
[INFO] [stderr]   |            ^^^^^^^^^^^^
[INFO] [stderr] ┈┈┈┈┈┈┈┈┈┈┈┈┈┈┈┈┈┈┈┈┈┈┈┈┈┈┈┈┈┈┈┈┈┈┈┈┈┈┈┈┈┈┈┈┈┈┈┈┈┈┈┈┈┈┈┈┈┈┈┈
[INFO] [stderr] 
[INFO] [stderr] ACTUAL OUTPUT:
[INFO] [stderr] ┈┈┈┈┈┈┈┈┈┈┈┈┈┈┈┈┈┈┈┈┈┈┈┈┈┈┈┈┈┈┈┈┈┈┈┈┈┈┈┈┈┈┈┈┈┈┈┈┈┈┈┈┈┈┈┈┈┈┈┈
[INFO] [stderr] error[E0433]: cannot find `plugin` in `interoptopus`
[INFO] [stderr]  --> tests/ui/proc/plugin/svc_static_method.rs:1:15
[INFO] [stderr]   |
[INFO] [stderr] 1 | interoptopus::plugin!(BadPlugin {
[INFO] [stderr]   |               ^^^^^^ could not find `plugin` in `interoptopus`
[INFO] [stderr]   |
[INFO] [stderr] note: found an item that was configured out
[INFO] [stderr]  --> src/lib.rs
[INFO] [stderr]   |
[INFO] [stderr]   | #[cfg(feature = "unstable-plugins")]
[INFO] [stderr]   |       ---------------------------- the item is gated behind the `unstable-plugins` feature
[INFO] [stderr]   | pub mod plugin;
[INFO] [stderr]   |         ^^^^^^
[INFO] [stderr] note: found an item that was configured out
[INFO] [stderr]  --> src/lib.rs
[INFO] [stderr]   |
[INFO] [stderr]   | #[cfg(all(feature = "macros", feature = "unstable-plugins"))]
[INFO] [stderr]   |                               ---------------------------- the item is gated behind the `unstable-plugins` feature
[INFO] [stderr]   | pub use proc::plugin;
[INFO] [stderr]   |               ^^^^^^
[INFO] [stderr] ┈┈┈┈┈┈┈┈┈┈┈┈┈┈┈┈┈┈┈┈┈┈┈┈┈┈┈┈┈┈┈┈┈┈┈┈┈┈┈┈┈┈┈┈┈┈┈┈┈┈┈┈┈┈┈┈┈┈┈┈
[INFO] [stderr] note: If the actual output is the correct output you can bless it by rerunning
[INFO] [stderr]       your test with the environment variable TRYBUILD=overwrite
[INFO] [stderr] 
[INFO] [stderr] test tests/ui/proc/plugin/svc_mut_self.rs [should fail to compile] ... mismatch
[INFO] [stderr] 
[INFO] [stderr] EXPECTED:
[INFO] [stderr] ┈┈┈┈┈┈┈┈┈┈┈┈┈┈┈┈┈┈┈┈┈┈┈┈┈┈┈┈┈┈┈┈┈┈┈┈┈┈┈┈┈┈┈┈┈┈┈┈┈┈┈┈┈┈┈┈┈┈┈┈
[INFO] [stderr] error: `&mut self` is not supported in plugin service methods. Use `&self` instead.
[INFO] [stderr]  --> tests/ui/proc/plugin/svc_mut_self.rs:4:12
[INFO] [stderr]   |
[INFO] [stderr] 4 |         fn mutate(&mut self);
[INFO] [stderr]   |            ^^^^^^
[INFO] [stderr] ┈┈┈┈┈┈┈┈┈┈┈┈┈┈┈┈┈┈┈┈┈┈┈┈┈┈┈┈┈┈┈┈┈┈┈┈┈┈┈┈┈┈┈┈┈┈┈┈┈┈┈┈┈┈┈┈┈┈┈┈
[INFO] [stderr] 
[INFO] [stderr] ACTUAL OUTPUT:
[INFO] [stderr] ┈┈┈┈┈┈┈┈┈┈┈┈┈┈┈┈┈┈┈┈┈┈┈┈┈┈┈┈┈┈┈┈┈┈┈┈┈┈┈┈┈┈┈┈┈┈┈┈┈┈┈┈┈┈┈┈┈┈┈┈
[INFO] [stderr] error[E0433]: cannot find `plugin` in `interoptopus`
[INFO] [stderr]  --> tests/ui/proc/plugin/svc_mut_self.rs:1:15
[INFO] [stderr]   |
[INFO] [stderr] 1 | interoptopus::plugin!(BadPlugin {
[INFO] [stderr]   |               ^^^^^^ could not find `plugin` in `interoptopus`
[INFO] [stderr]   |
[INFO] [stderr] note: found an item that was configured out
[INFO] [stderr]  --> src/lib.rs
[INFO] [stderr]   |
[INFO] [stderr]   | #[cfg(feature = "unstable-plugins")]
[INFO] [stderr]   |       ---------------------------- the item is gated behind the `unstable-plugins` feature
[INFO] [stderr]   | pub mod plugin;
[INFO] [stderr]   |         ^^^^^^
[INFO] [stderr] note: found an item that was configured out
[INFO] [stderr]  --> src/lib.rs
[INFO] [stderr]   |
[INFO] [stderr]   | #[cfg(all(feature = "macros", feature = "unstable-plugins"))]
[INFO] [stderr]   |                               ---------------------------- the item is gated behind the `unstable-plugins` feature
[INFO] [stderr]   | pub use proc::plugin;
[INFO] [stderr]   |               ^^^^^^
[INFO] [stderr] ┈┈┈┈┈┈┈┈┈┈┈┈┈┈┈┈┈┈┈┈┈┈┈┈┈┈┈┈┈┈┈┈┈┈┈┈┈┈┈┈┈┈┈┈┈┈┈┈┈┈┈┈┈┈┈┈┈┈┈┈
[INFO] [stderr] note: If the actual output is the correct output you can bless it by rerunning
[INFO] [stderr]       your test with the environment variable TRYBUILD=overwrite
[INFO] [stderr] 
[INFO] [stderr] test tests/ui/proc/plugin/bare_fn_self.rs [should fail to compile] ... mismatch
[INFO] [stderr] 
[INFO] [stderr] EXPECTED:
[INFO] [stderr] ┈┈┈┈┈┈┈┈┈┈┈┈┈┈┈┈┈┈┈┈┈┈┈┈┈┈┈┈┈┈┈┈┈┈┈┈┈┈┈┈┈┈┈┈┈┈┈┈┈┈┈┈┈┈┈┈┈┈┈┈
[INFO] [stderr] error: Bare plugin function `bad` cannot take `&self`. Move it into an `impl` block to make it a service method.
[INFO] [stderr]  --> tests/ui/proc/plugin/bare_fn_self.rs:3:8
[INFO] [stderr]   |
[INFO] [stderr] 3 |     fn bad(&self) -> u32;
[INFO] [stderr]   |        ^^^
[INFO] [stderr] ┈┈┈┈┈┈┈┈┈┈┈┈┈┈┈┈┈┈┈┈┈┈┈┈┈┈┈┈┈┈┈┈┈┈┈┈┈┈┈┈┈┈┈┈┈┈┈┈┈┈┈┈┈┈┈┈┈┈┈┈
[INFO] [stderr] 
[INFO] [stderr] ACTUAL OUTPUT:
[INFO] [stderr] ┈┈┈┈┈┈┈┈┈┈┈┈┈┈┈┈┈┈┈┈┈┈┈┈┈┈┈┈┈┈┈┈┈┈┈┈┈┈┈┈┈┈┈┈┈┈┈┈┈┈┈┈┈┈┈┈┈┈┈┈
[INFO] [stderr] error[E0433]: cannot find `plugin` in `interoptopus`
[INFO] [stderr]  --> tests/ui/proc/plugin/bare_fn_self.rs:1:15
[INFO] [stderr]   |
[INFO] [stderr] 1 | interoptopus::plugin!(BadPlugin {
[INFO] [stderr]   |               ^^^^^^ could not find `plugin` in `interoptopus`
[INFO] [stderr]   |
[INFO] [stderr] note: found an item that was configured out
[INFO] [stderr]  --> src/lib.rs
[INFO] [stderr]   |
[INFO] [stderr]   | #[cfg(feature = "unstable-plugins")]
[INFO] [stderr]   |       ---------------------------- the item is gated behind the `unstable-plugins` feature
[INFO] [stderr]   | pub mod plugin;
[INFO] [stderr]   |         ^^^^^^
[INFO] [stderr] note: found an item that was configured out
[INFO] [stderr]  --> src/lib.rs
[INFO] [stderr]   |
[INFO] [stderr]   | #[cfg(all(feature = "macros", feature = "unstable-plugins"))]
[INFO] [stderr]   |                               ---------------------------- the item is gated behind the `unstable-plugins` feature
[INFO] [stderr]   | pub use proc::plugin;
[INFO] [stderr]   |               ^^^^^^
[INFO] [stderr] ┈┈┈┈┈┈┈┈┈┈┈┈┈┈┈┈┈┈┈┈┈┈┈┈┈┈┈┈┈┈┈┈┈┈┈┈┈┈┈┈┈┈┈┈┈┈┈┈┈┈┈┈┈┈┈┈┈┈┈┈
[INFO] [stderr] note: If the actual output is the correct output you can bless it by rerunning
[INFO] [stderr]       your test with the environment variable TRYBUILD=overwrite
[INFO] [stderr] 
[INFO] [stderr] test tests/ui/proc/ty/empty_struct.rs [should fail to compile] ... ok
[INFO] [stderr] test tests/ui/proc/ty/empty_unit.rs [should fail to compile] ... ok
[INFO] [stderr] test tests/ui/proc/ty/field_non_wire.rs [should fail to compile] ... mismatch
[INFO] [stderr] 
[INFO] [stderr] EXPECTED:
[INFO] [stderr] ┈┈┈┈┈┈┈┈┈┈┈┈┈┈┈┈┈┈┈┈┈┈┈┈┈┈┈┈┈┈┈┈┈┈┈┈┈┈┈┈┈┈┈┈┈┈┈┈┈┈┈┈┈┈┈┈┈┈┈┈
[INFO] [stderr] error[E0277]: the trait bound `Bar: WireIO` is not satisfied
[INFO] [stderr]   --> tests/ui/proc/ty/field_non_wire.rs:32:5
[INFO] [stderr]    |
[INFO] [stderr] 32 |     y: Bar,
[INFO] [stderr]    |     ^^^^^^ unsatisfied trait bound
[INFO] [stderr]    |
[INFO] [stderr] help: the trait `WireIO` is not implemented for `Bar`
[INFO] [stderr]   --> tests/ui/proc/ty/field_non_wire.rs:8:1
[INFO] [stderr]    |
[INFO] [stderr]  8 | struct Bar;
[INFO] [stderr]    | ^^^^^^^^^^
[INFO] [stderr]    = help: the following other types implement trait `WireIO`:
[INFO] [stderr]              &T
[INFO] [stderr]              &mut T
[INFO] [stderr]              ()
[INFO] [stderr]              (A, B)
[INFO] [stderr]              (A, B, C)
[INFO] [stderr]              (A, B, C, D)
[INFO] [stderr]              (A, B, C, D, E)
[INFO] [stderr]              (A, B, C, D, E, F)
[INFO] [stderr]            and $N others
[INFO] [stderr]    = help: see issue #48214
[INFO] [stderr] ┈┈┈┈┈┈┈┈┈┈┈┈┈┈┈┈┈┈┈┈┈┈┈┈┈┈┈┈┈┈┈┈┈┈┈┈┈┈┈┈┈┈┈┈┈┈┈┈┈┈┈┈┈┈┈┈┈┈┈┈
[INFO] [stderr] 
[INFO] [stderr] ACTUAL OUTPUT:
[INFO] [stderr] ┈┈┈┈┈┈┈┈┈┈┈┈┈┈┈┈┈┈┈┈┈┈┈┈┈┈┈┈┈┈┈┈┈┈┈┈┈┈┈┈┈┈┈┈┈┈┈┈┈┈┈┈┈┈┈┈┈┈┈┈
[INFO] [stderr] error[E0277]: the trait bound `Bar: WireIO` is not satisfied
[INFO] [stderr]   --> tests/ui/proc/ty/field_non_wire.rs:32:5
[INFO] [stderr]    |
[INFO] [stderr] 32 |     y: Bar,
[INFO] [stderr]    |     ^^^^^^ unsatisfied trait bound
[INFO] [stderr]    |
[INFO] [stderr] help: the trait `WireIO` is not implemented for `Bar`
[INFO] [stderr]   --> tests/ui/proc/ty/field_non_wire.rs:8:1
[INFO] [stderr]    |
[INFO] [stderr]  8 | struct Bar;
[INFO] [stderr]    | ^^^^^^^^^^
[INFO] [stderr]    = help: the following other types implement trait `WireIO`:
[INFO] [stderr]              &T
[INFO] [stderr]              &mut T
[INFO] [stderr]              ()
[INFO] [stderr]              (A, B)
[INFO] [stderr]              (A, B, C)
[INFO] [stderr]              (A, B, C, D)
[INFO] [stderr]              (A, B, C, D, E)
[INFO] [stderr]              (A, B, C, D, E, F)
[INFO] [stderr]            and $N others
[INFO] [stderr] ┈┈┈┈┈┈┈┈┈┈┈┈┈┈┈┈┈┈┈┈┈┈┈┈┈┈┈┈┈┈┈┈┈┈┈┈┈┈┈┈┈┈┈┈┈┈┈┈┈┈┈┈┈┈┈┈┈┈┈┈
[INFO] [stderr] note: If the actual output is the correct output you can bless it by rerunning
[INFO] [stderr]       your test with the environment variable TRYBUILD=overwrite
[INFO] [stderr] 
[INFO] [stderr] test tests/ui/proc/ty/forbidden_field.rs [should fail to compile] ... ok
[INFO] [stderr] test tests/ui/proc/ty/generic_basic.rs [should pass] ... ok
[INFO] [stderr] test tests/ui/proc/ty/generic_no_typeinfo.rs [should fail to compile] ... ok
[INFO] [stderr] test tests/ui/proc/ty/module.rs [should pass] ... ok
[INFO] [stderr] test tests/ui/proc/ty/opaque_basic.rs [should pass] ... ok
[INFO] [stderr] test tests/ui/proc/ty/opaque_no_typeinfo.rs [should pass] ... ok
[INFO] [stderr] test tests/ui/proc/ty/service_basic.rs [should pass] ... ok
[INFO] [stderr] test tests/ui/proc/ty/service_no_typeinfo.rs [should pass] ... ok
[INFO] [stderr] test tests/ui/wire/invalid.rs [should fail to compile] ... ok
[INFO] [stderr] 
[INFO] [stderr] 
[INFO] [stdout] test ui::all::all_ui_tests ... FAILED
[INFO] [stdout] 
[INFO] [stdout] failures:
[INFO] [stdout] 
[INFO] [stdout] ---- ui::all::all_ui_tests stdout ----
[INFO] [stdout] 
[INFO] [stdout] thread 'ui::all::all_ui_tests' (635) panicked at /opt/rustwide/cargo-home/registry/src/index.crates.io-1949cf8c6b5b557f/trybuild-1.0.116/src/run.rs:102:13:
[INFO] [stdout] 5 of 42 tests failed
[INFO] [stdout] stack backtrace:
[INFO] [stdout]    0:     0x630269de4021 - <<std[70759c8f55707aa4]::sys::backtrace::BacktraceLock>::print::DisplayBacktrace as core[df12db4294e9bfd3]::fmt::Display>::fmt
[INFO] [stdout]    1:     0x630269dfacda - core[df12db4294e9bfd3]::fmt::write
[INFO] [stdout]    2:     0x630269de8aec - <alloc[2182bb758b4b3781]::vec::Vec<u8> as core[df12db4294e9bfd3]::io::write::Write>::write_fmt
[INFO] [stdout]    3:     0x630269dbd486 - std[70759c8f55707aa4]::panicking::default_hook::{closure#0}
[INFO] [stdout]    4:     0x630269ddb619 - std[70759c8f55707aa4]::panicking::default_hook
[INFO] [stdout]    5:     0x630269cc7980 - test[9d35eded1c95d3be]::test_main_inner::<test[9d35eded1c95d3be]::test_main_static::{closure#0}>::{closure#0}
[INFO] [stdout]    6:     0x630269ddb7d2 - std[70759c8f55707aa4]::panicking::panic_with_hook
[INFO] [stdout]    7:     0x630269dbd532 - std[70759c8f55707aa4]::panicking::panic_handler::{closure#0}
[INFO] [stdout]    8:     0x630269db5df9 - std[70759c8f55707aa4]::sys::backtrace::__rust_end_short_backtrace::<std[70759c8f55707aa4]::panicking::panic_handler::{closure#0}, !>
[INFO] [stdout]    9:     0x630269dbe12d - __rustc[8fa7c3cbc660c2b3]::rust_begin_unwind
[INFO] [stdout]   10:     0x630269dfb44c - core[df12db4294e9bfd3]::panicking::panic_fmt
[INFO] [stdout]   11:     0x630269d00bd8 - <trybuild[463ec620f4b39985]::Runner>::run
[INFO] [stdout]   12:     0x630269d046e0 - <trybuild[463ec620f4b39985]::TestCases as core[df12db4294e9bfd3]::ops::drop::Drop>::drop
[INFO] [stdout]   13:     0x630269cb67b3 - mod[12af7bd72fff1385]::ui::all::all_ui_tests
[INFO] [stdout]   14:     0x630269cb9819 - <mod[12af7bd72fff1385]::ui::all::all_ui_tests::{closure#0} as core[df12db4294e9bfd3]::ops::function::FnOnce<()>>::call_once
[INFO] [stdout]   15:     0x630269cbac6b - test[9d35eded1c95d3be]::__rust_begin_short_backtrace::<core[df12db4294e9bfd3]::result::Result<(), alloc[2182bb758b4b3781]::string::String>, fn() -> core[df12db4294e9bfd3]::result::Result<(), alloc[2182bb758b4b3781]::string::String>>
[INFO] [stdout]   16:     0x630269cc82d5 - test[9d35eded1c95d3be]::run_test::{closure#0}
[INFO] [stdout]   17:     0x630269cc1b94 - std[70759c8f55707aa4]::sys::backtrace::__rust_begin_short_backtrace::<test[9d35eded1c95d3be]::run_test::{closure#1}, ()>
[INFO] [stdout]   18:     0x630269ccb432 - <std[70759c8f55707aa4]::thread::lifecycle::spawn_unchecked<test[9d35eded1c95d3be]::run_test::{closure#1}, ()>::{closure#1} as core[df12db4294e9bfd3]::ops::function::FnOnce<()>>::call_once::{shim:vtable#0}
[INFO] [stdout]   19:     0x630269de32d9 - <std[70759c8f55707aa4]::sys::thread::unix::Thread>::new::thread_start
[INFO] [stdout]   20:     0x74bafe315dfa - <unknown>
[INFO] [stdout]   21:     0x74bafe3a93d4 - clone
[INFO] [stdout]   22:                0x0 - <unknown>
[INFO] [stdout] 
[INFO] [stdout] 
[INFO] [stdout] failures:
[INFO] [stdout]     ui::all::all_ui_tests
[INFO] [stdout] 
[INFO] [stdout] test result: FAILED. 50 passed; 1 failed; 0 ignored; 0 measured; 0 filtered out; finished in 30.54s
[INFO] [stdout] 
[INFO] [stderr] error: test failed, to rerun pass `--test mod`
[INFO] running `Command { std: "docker" "inspect" "869c5314c1a11b66eabedebf97419a2142bfadae463e9de6677163c35b02c329", kill_on_drop: false }`
[INFO] running `Command { std: "docker" "rm" "-f" "869c5314c1a11b66eabedebf97419a2142bfadae463e9de6677163c35b02c329", kill_on_drop: false }`
[INFO] [stdout] 869c5314c1a11b66eabedebf97419a2142bfadae463e9de6677163c35b02c329
