[INFO] fetching crate internal-russh-forked-ssh-key 0.6.18+upstream-0.6.7...
[INFO] testing internal-russh-forked-ssh-key-0.6.18+upstream-0.6.7 against 1.100.0-beta.1+cargoflags=--release for beta-release-1.100-2
[INFO] extracting crate internal-russh-forked-ssh-key 0.6.18+upstream-0.6.7 into /workspace/builds/worker-0-tc2/source
[INFO] started tweaking crates.io crate internal-russh-forked-ssh-key 0.6.18+upstream-0.6.7
[INFO] removed 0 missing tests
[INFO] finished tweaking crates.io crate internal-russh-forked-ssh-key 0.6.18+upstream-0.6.7
[INFO] tweaked toml for crates.io crate internal-russh-forked-ssh-key 0.6.18+upstream-0.6.7 written to /workspace/builds/worker-0-tc2/source/Cargo.toml
[INFO] validating manifest of crates.io crate internal-russh-forked-ssh-key 0.6.18+upstream-0.6.7 on toolchain 1.100.0-beta.1
[INFO] running `Command { std: CARGO_HOME="/workspace/cargo-home" RUSTUP_HOME="/workspace/rustup-home" "/workspace/cargo-home/bin/cargo" "+1.100.0-beta.1" "metadata" "--manifest-path" "Cargo.toml" "--no-deps", kill_on_drop: false }`
[INFO] crate crates.io crate internal-russh-forked-ssh-key 0.6.18+upstream-0.6.7 already has a lockfile, it will not be regenerated
[INFO] running `Command { std: CARGO_HOME="/workspace/cargo-home" RUSTUP_HOME="/workspace/rustup-home" "/workspace/cargo-home/bin/cargo" "+1.100.0-beta.1" "fetch" "--manifest-path" "Cargo.toml", kill_on_drop: false }`
[INFO] running `Command { std: "docker" "create" "-v" "/var/lib/crater-agent-workspace/builds/worker-0-tc2/source:/opt/rustwide/workdir:ro,Z" "-v" "/var/lib/crater-agent-workspace/builds/worker-0-tc2/target:/opt/rustwide/target:rw,Z" "-v" "/var/lib/crater-agent-workspace/cargo-home:/opt/rustwide/cargo-home:ro,Z" "-v" "/var/lib/crater-agent-workspace/rustup-home:/opt/rustwide/rustup-home:ro,Z" "-m" "1610612736" "--network" "none" "ghcr.io/rust-lang/crates-build-env/linux@sha256:77db811e55d90add9212f6832c23229e3de5f1c1f9905e8cb07319ea15df73ac" "sleep" "infinity", kill_on_drop: false }`
[INFO] [stdout] e4ae03bd1d14a8b76c4cda51eaf97c3f583c5c46ecbbcc1fcb01c0a207017d64
[INFO] running `Command { std: "docker" "start" "e4ae03bd1d14a8b76c4cda51eaf97c3f583c5c46ecbbcc1fcb01c0a207017d64", kill_on_drop: false }`
[INFO] running `Command { std: "docker" "inspect" "e4ae03bd1d14a8b76c4cda51eaf97c3f583c5c46ecbbcc1fcb01c0a207017d64", kill_on_drop: false }`
[INFO] running `Command { std: "docker" "exec" "-e" "SOURCE_DIR=/opt/rustwide/workdir" "-e" "CARGO_HOME=/opt/rustwide/cargo-home" "-e" "RUSTUP_HOME=/opt/rustwide/rustup-home" "-e" "CARGO_TARGET_DIR=/opt/rustwide/target" "-w" "/opt/rustwide/workdir" "--user" "0:0" "e4ae03bd1d14a8b76c4cda51eaf97c3f583c5c46ecbbcc1fcb01c0a207017d64" "/opt/rustwide/cargo-home/bin/cargo" "+1.100.0-beta.1" "metadata" "--no-deps" "--format-version=1", kill_on_drop: false }`
[INFO] running `Command { std: "docker" "inspect" "e4ae03bd1d14a8b76c4cda51eaf97c3f583c5c46ecbbcc1fcb01c0a207017d64", kill_on_drop: false }`
[INFO] running `Command { std: "docker" "exec" "-e" "SOURCE_DIR=/opt/rustwide/workdir" "-e" "CARGO_HOME=/opt/rustwide/cargo-home" "-e" "RUSTUP_HOME=/opt/rustwide/rustup-home" "-e" "CARGO_TARGET_DIR=/opt/rustwide/target" "-e" "CARGO_INCREMENTAL=0" "-e" "RUST_BACKTRACE=full" "-e" "RUSTFLAGS=--cap-lints=warn" "-e" "RUSTDOCFLAGS=--cap-lints=warn" "-w" "/opt/rustwide/workdir" "--user" "0:0" "e4ae03bd1d14a8b76c4cda51eaf97c3f583c5c46ecbbcc1fcb01c0a207017d64" "/opt/rustwide/cargo-home/bin/cargo" "+1.100.0-beta.1" "build" "--frozen" "--message-format=json" "--release", kill_on_drop: false }`
[INFO] [stderr]    Compiling typenum v1.17.0
[INFO] [stderr]    Compiling zeroize v1.8.1
[INFO] [stderr]    Compiling subtle v2.6.1
[INFO] [stderr]    Compiling rand_core v0.10.0
[INFO] [stderr]    Compiling cmov v0.5.2
[INFO] [stderr]    Compiling num-traits v0.2.19
[INFO] [stderr]    Compiling const-oid v0.10.1
[INFO] [stderr]    Compiling cpubits v0.1.0
[INFO] [stderr]    Compiling base16ct v1.0.0
[INFO] [stderr]    Compiling der v0.8.0
[INFO] [stderr]    Compiling pem-rfc7468 v0.7.0
[INFO] [stderr]    Compiling signature v3.0.0-rc.10
[INFO] [stderr]    Compiling ctutils v0.4.0
[INFO] [stderr]    Compiling hybrid-array v0.4.7
[INFO] [stderr]    Compiling generic-array v0.14.7
[INFO] [stderr]    Compiling crypto-common v0.1.6
[INFO] [stderr]    Compiling crypto-common v0.2.1
[INFO] [stderr]    Compiling block-buffer v0.10.4
[INFO] [stderr]    Compiling crypto-bigint v0.7.0-rc.28
[INFO] [stderr]    Compiling block-buffer v0.12.0
[INFO] [stderr]    Compiling sec1 v0.8.0-rc.13
[INFO] [stderr]    Compiling digest v0.10.7
[INFO] [stderr]    Compiling inout v0.1.3
[INFO] [stderr]    Compiling cipher v0.4.4
[INFO] [stderr]    Compiling sha2 v0.10.8
[INFO] [stderr]    Compiling ssh-encoding v0.2.0
[INFO] [stderr]    Compiling ssh-cipher v0.2.0
[INFO] [stderr]    Compiling digest v0.11.1
[INFO] [stderr]    Compiling sha2 v0.11.0-rc.5
[INFO] [stderr]    Compiling elliptic-curve v0.14.0-rc.28
[INFO] [stderr]    Compiling ecdsa v0.17.0-rc.16
[INFO] [stderr]    Compiling internal-russh-forked-ssh-key v0.6.18+upstream-0.6.7 (/opt/rustwide/workdir)
[INFO] [stdout] warning: function `remap_sig_result` is never used
[INFO] [stdout]    --> src/signature.rs:671:4
[INFO] [stdout]     |
[INFO] [stdout] 671 | fn remap_sig_result<T>(r: signature::Result<T>) -> signature::Result<T> {
[INFO] [stdout]     |    ^^^^^^^^^^^^^^^^
[INFO] [stdout]     |
[INFO] [stdout]     = note: `#[warn(dead_code)]` (part of `#[warn(unused)]`) on by default
[INFO] [stdout] 
[INFO] [stdout] 
[INFO] [stdout] warning: missing documentation for a variant
[INFO] [stdout]   --> src/error.rs:91:5
[INFO] [stdout]    |
[INFO] [stdout] 91 |     MpintEncoding,
[INFO] [stdout]    |     ^^^^^^^^^^^^^
[INFO] [stdout]    |
[INFO] [stdout] note: the lint level is defined here
[INFO] [stdout]   --> src/lib.rs:15:5
[INFO] [stdout]    |
[INFO] [stdout] 15 |     missing_docs,
[INFO] [stdout]    |     ^^^^^^^^^^^^
[INFO] [stdout] 
[INFO] [stdout] 
[INFO] [stderr]     Finished `release` profile [optimized] target(s) in 30.83s
[INFO] running `Command { std: "docker" "inspect" "e4ae03bd1d14a8b76c4cda51eaf97c3f583c5c46ecbbcc1fcb01c0a207017d64", kill_on_drop: false }`
[INFO] running `Command { std: "docker" "exec" "-e" "SOURCE_DIR=/opt/rustwide/workdir" "-e" "CARGO_HOME=/opt/rustwide/cargo-home" "-e" "RUSTUP_HOME=/opt/rustwide/rustup-home" "-e" "CARGO_TARGET_DIR=/opt/rustwide/target" "-e" "CARGO_INCREMENTAL=0" "-e" "RUST_BACKTRACE=full" "-e" "RUSTFLAGS=--cap-lints=warn" "-e" "RUSTDOCFLAGS=--cap-lints=warn" "-w" "/opt/rustwide/workdir" "--user" "0:0" "e4ae03bd1d14a8b76c4cda51eaf97c3f583c5c46ecbbcc1fcb01c0a207017d64" "/opt/rustwide/cargo-home/bin/cargo" "+1.100.0-beta.1" "test" "--frozen" "--no-run" "--message-format=json" "--release", kill_on_drop: false }`
[INFO] [stderr]    Compiling rand_chacha v0.3.1
[INFO] [stdout] warning: function `remap_sig_result` is never used
[INFO] [stdout]    --> src/signature.rs:671:4
[INFO] [stdout]     |
[INFO] [stdout] 671 | fn remap_sig_result<T>(r: signature::Result<T>) -> signature::Result<T> {
[INFO] [stdout]     |    ^^^^^^^^^^^^^^^^
[INFO] [stdout]     |
[INFO] [stdout]     = note: `#[warn(dead_code)]` (part of `#[warn(unused)]`) on by default
[INFO] [stdout] 
[INFO] [stdout] 
[INFO] [stdout] warning: missing documentation for a variant
[INFO] [stdout]   --> src/error.rs:91:5
[INFO] [stdout]    |
[INFO] [stdout] 91 |     MpintEncoding,
[INFO] [stdout]    |     ^^^^^^^^^^^^^
[INFO] [stdout]    |
[INFO] [stdout] note: the lint level is defined here
[INFO] [stdout]   --> src/lib.rs:15:5
[INFO] [stdout]    |
[INFO] [stdout] 15 |     missing_docs,
[INFO] [stdout]    |     ^^^^^^^^^^^^
[INFO] [stdout] 
[INFO] [stdout] 
[INFO] [stderr]    Compiling internal-russh-forked-ssh-key v0.6.18+upstream-0.6.7 (/opt/rustwide/workdir)
[INFO] [stdout] warning: function `remap_sig_result` is never used
[INFO] [stdout]    --> src/signature.rs:671:4
[INFO] [stdout]     |
[INFO] [stdout] 671 | fn remap_sig_result<T>(r: signature::Result<T>) -> signature::Result<T> {
[INFO] [stdout]     |    ^^^^^^^^^^^^^^^^
[INFO] [stdout]     |
[INFO] [stdout]     = note: `#[warn(dead_code)]` (part of `#[warn(unused)]`) on by default
[INFO] [stdout] 
[INFO] [stdout] 
[INFO] [stdout] warning: missing documentation for a variant
[INFO] [stdout]   --> src/error.rs:91:5
[INFO] [stdout]    |
[INFO] [stdout] 91 |     MpintEncoding,
[INFO] [stdout]    |     ^^^^^^^^^^^^^
[INFO] [stdout]    |
[INFO] [stdout] note: the lint level is defined here
[INFO] [stdout]   --> src/lib.rs:15:5
[INFO] [stdout]    |
[INFO] [stdout] 15 |     missing_docs,
[INFO] [stdout]    |     ^^^^^^^^^^^^
[INFO] [stdout] 
[INFO] [stdout] 
[INFO] [stderr]     Finished `release` profile [optimized] target(s) in 10.14s
[INFO] running `Command { std: "docker" "inspect" "e4ae03bd1d14a8b76c4cda51eaf97c3f583c5c46ecbbcc1fcb01c0a207017d64", kill_on_drop: false }`
[INFO] running `Command { std: "docker" "exec" "-e" "SOURCE_DIR=/opt/rustwide/workdir" "-e" "CARGO_HOME=/opt/rustwide/cargo-home" "-e" "RUSTUP_HOME=/opt/rustwide/rustup-home" "-e" "CARGO_TARGET_DIR=/opt/rustwide/target" "-e" "CARGO_INCREMENTAL=0" "-e" "RUST_BACKTRACE=full" "-e" "RUSTFLAGS=--cap-lints=warn" "-e" "RUSTDOCFLAGS=--cap-lints=warn" "-w" "/opt/rustwide/workdir" "--user" "0:0" "e4ae03bd1d14a8b76c4cda51eaf97c3f583c5c46ecbbcc1fcb01c0a207017d64" "/opt/rustwide/cargo-home/bin/cargo" "+1.100.0-beta.1" "test" "--frozen" "--release", kill_on_drop: false }`
[INFO] [stderr] warning: function `remap_sig_result` is never used
[INFO] [stderr]    --> src/signature.rs:671:4
[INFO] [stderr]     |
[INFO] [stderr] 671 | fn remap_sig_result<T>(r: signature::Result<T>) -> signature::Result<T> {
[INFO] [stderr]     |    ^^^^^^^^^^^^^^^^
[INFO] [stderr]     |
[INFO] [stderr]     = note: `#[warn(dead_code)]` (part of `#[warn(unused)]`) on by default
[INFO] [stderr] 
[INFO] [stderr] warning: missing documentation for a variant
[INFO] [stderr]   --> src/error.rs:91:5
[INFO] [stderr]    |
[INFO] [stderr] 91 |     MpintEncoding,
[INFO] [stderr]    |     ^^^^^^^^^^^^^
[INFO] [stderr]    |
[INFO] [stderr] note: the lint level is defined here
[INFO] [stderr]   --> src/lib.rs:15:5
[INFO] [stderr]    |
[INFO] [stderr] 15 |     missing_docs,
[INFO] [stderr]    |     ^^^^^^^^^^^^
[INFO] [stderr] 
[INFO] [stderr] warning: `internal-russh-forked-ssh-key` (lib) generated 2 warnings
[INFO] [stderr] warning: `internal-russh-forked-ssh-key` (lib test) generated 2 warnings (2 duplicates)
[INFO] [stderr]     Finished `release` profile [optimized] target(s) in 0.14s
[INFO] [stderr]      Running unittests src/lib.rs (/opt/rustwide/target/release/build/internal-russh-forked-ssh-key/6a91f116311c6fd3/out/internal_russh_forked_ssh_key-6a91f116311c6fd3)
[INFO] [stdout] 
[INFO] [stdout] running 33 tests
[INFO] [stdout] test certificate::unix_time::tests::new_with_max_secs ... ok
[INFO] [stdout] test certificate::unix_time::tests::new_over_max_secs_returns_error ... ok
[INFO] [stdout] test fingerprint::randomart::tests::generation ... ok
[INFO] [stdout] test authorized_keys::tests::options_comma_delimited ... ok
[INFO] [stdout] test authorized_keys::tests::options_comma_delimited_quoted ... ok
[INFO] [stdout] test known_hosts::tests::empty_host_patterns ... ok
[INFO] [stdout] test known_hosts::tests::full_line_hashed ... ok
[INFO] [stdout] test known_hosts::tests::multiple_host_patterns ... ok
[INFO] [stdout] test known_hosts::tests::single_hashed_host ... ok
[INFO] [stdout] test known_hosts::tests::single_host_pattern ... ok
[INFO] [stdout] test known_hosts::tests::simple_markers ... ok
[INFO] [stdout] test mpint::tests::decode_9a378f9b2e332a7 ... ok
[INFO] [stdout] test authorized_keys::tests::options_empty ... ok
[INFO] [stdout] test authorized_keys::tests::options_invalid_character ... ok
[INFO] [stdout] test authorized_keys::tests::options_no_comma ... ok
[INFO] [stdout] test authorized_keys::tests::options_no_comma_quoted ... ok
[INFO] [stdout] test mpint::tests::decode_0 ... ok
[INFO] [stdout] test mpint::tests::decode_80 ... ok
[INFO] [stdout] test mpint::tests::decode_neg_1234 ... ok
[INFO] [stdout] test signature::tests::decode_ecdsa_sha2_p256 ... ok
[INFO] [stdout] test signature::tests::decode_rsa ... ok
[INFO] [stdout] test signature::tests::decode_sk_ed25519 ... ok
[INFO] [stdout] test mpint::tests::from_positive_bytes_strips_leading_zeroes ... ok
[INFO] [stdout] test signature::tests::decode_dsa ... ok
[INFO] [stdout] test mpint::tests::reject_extra_leading_zeroes ... ok
[INFO] [stdout] test signature::tests::decode_ed25519 ... ok
[INFO] [stdout] test public::ssh_format::tests::decode ... ok
[INFO] [stdout] test signature::tests::encode_dsa ... ok
[INFO] [stdout] test signature::tests::encode_ecdsa_sha2_p256 ... ok
[INFO] [stdout] test signature::tests::encode_ed25519 ... ok
[INFO] [stdout] test signature::tests::encode_sk_ed25519 ... ok
[INFO] [stdout] test signature::tests::placeholder ... ok
[INFO] [stdout] test mpint::tests::decode_neg_deadbeef ... ok
[INFO] [stdout] 
[INFO] [stdout] test result: ok. 33 passed; 0 failed; 0 ignored; 0 measured; 0 filtered out; finished in 0.02s
[INFO] [stdout] 
[INFO] [stderr]      Running tests/algorithm_name.rs (/opt/rustwide/target/release/build/internal-russh-forked-ssh-key/17c8298fa06c5143/out/algorithm_name-17c8298fa06c5143)
[INFO] [stdout] 
[INFO] [stdout] running 2 tests
[INFO] [stderr]      Running tests/authorized_keys.rs (/opt/rustwide/target/release/build/internal-russh-forked-ssh-key/af5bfae5f4b9ed7a/out/authorized_keys-af5bfae5f4b9ed7a)
[INFO] [stdout] test additional_algorithm_name ... ok
[INFO] [stdout] test invalid_algorithm_name ... ok
[INFO] [stdout] 
[INFO] [stdout] test result: ok. 2 passed; 0 failed; 0 ignored; 0 measured; 0 filtered out; finished in 0.00s
[INFO] [stdout] 
[INFO] [stdout] 
[INFO] [stdout] running 1 test
[INFO] [stdout] test read_example_file ... ok
[INFO] [stderr]      Running tests/certificate.rs (/opt/rustwide/target/release/build/internal-russh-forked-ssh-key/c6e512e89dd6960d/out/certificate-c6e512e89dd6960d)
[INFO] [stdout] 
[INFO] [stdout] test result: ok. 1 passed; 0 failed; 0 ignored; 0 measured; 0 filtered out; finished in 0.00s
[INFO] [stdout] 
[INFO] [stdout] 
[INFO] [stdout] running 11 tests
[INFO] [stdout] test decode_dsa_openssh ... ok
[INFO] [stdout] test decode_ecdsa_p256_openssh ... ok
[INFO] [stdout] test decode_ed25519_openssh ... ok
[INFO] [stdout] test decode_sk_ed25519_openssh ... ok
[INFO] [stdout] test encode_dsa_openssh ... ok
[INFO] [stderr]      Running tests/certificate_builder.rs (/opt/rustwide/target/release/build/internal-russh-forked-ssh-key/d038466adc4b8a60/out/certificate_builder-d038466adc4b8a60)
[INFO] [stdout] test encode_ed25519_openssh ... ok
[INFO] [stdout] test encode_rsa_4096_openssh ... ok
[INFO] [stdout] test decode_ed25519_openssh_with_crit_options ... ok
[INFO] [stdout] test decode_sk_ecdsa_p256_openssh ... ok
[INFO] [stdout] test encode_ecdsa_p256_openssh ... ok
[INFO] [stdout] test decode_rsa_4096_openssh ... ok
[INFO] [stdout] 
[INFO] [stdout] test result: ok. 11 passed; 0 failed; 0 ignored; 0 measured; 0 filtered out; finished in 0.01s
[INFO] [stdout] 
[INFO] [stdout] 
[INFO] [stdout] running 0 tests
[INFO] [stdout] 
[INFO] [stdout] test result: ok. 0 passed; 0 failed; 0 ignored; 0 measured; 0 filtered out; finished in 0.00s
[INFO] [stdout] 
[INFO] [stderr]      Running tests/encrypted_private_key.rs (/opt/rustwide/target/release/build/internal-russh-forked-ssh-key/f39e0a4e7437db6c/out/encrypted_private_key-f39e0a4e7437db6c)
[INFO] [stdout] 
[INFO] [stdout] running 6 tests
[INFO] [stdout] test decode_openssh_3des_cbc ... ok
[INFO] [stdout] test decode_openssh_aes256_ctr ... ok
[INFO] [stdout] test decode_openssh_chacha20_poly1305 ... ok
[INFO] [stdout] test decode_openssh_aes256_gcm ... ok
[INFO] [stdout] test encode_openssh_aes256_ctr ... ok
[INFO] [stdout] test encode_openssh_aes256_gcm ... ok
[INFO] [stdout] 
[INFO] [stdout] test result: ok. 6 passed; 0 failed; 0 ignored; 0 measured; 0 filtered out; finished in 0.00s
[INFO] [stdout] 
[INFO] [stderr]      Running tests/known_hosts.rs (/opt/rustwide/target/release/build/internal-russh-forked-ssh-key/6b06ccc44f99ef5d/out/known_hosts-6b06ccc44f99ef5d)
[INFO] [stdout] 
[INFO] [stdout] running 1 test
[INFO] [stderr]      Running tests/private_key.rs (/opt/rustwide/target/release/build/internal-russh-forked-ssh-key/328a5950370a28f4/out/private_key-328a5950370a28f4)
[INFO] [stdout] test read_example_file ... ok
[INFO] [stdout] 
[INFO] [stdout] test result: ok. 1 passed; 0 failed; 0 ignored; 0 measured; 0 filtered out; finished in 0.00s
[INFO] [stdout] 
[INFO] [stdout] 
[INFO] [stdout] running 9 tests
[INFO] [stdout] test encode_custom_algorithm_openssh ... ok
[INFO] [stdout] test decode_dsa_openssh ... ok
[INFO] [stdout] test encode_ed25519_openssh ... FAILED
[INFO] [stdout] test decode_custom_algorithm_openssh ... ok
[INFO] [stdout] test encode_rsa_4096_openssh ... FAILED
[INFO] [stdout] test decode_ed25519_openssh ... ok
[INFO] [stdout] test encode_dsa_openssh ... FAILED
[INFO] [stdout] test encode_rsa_3072_openssh ... FAILED
[INFO] [stdout] test decode_rsa_4096_openssh ... ok
[INFO] [stdout] 
[INFO] [stdout] failures:
[INFO] [stdout] 
[INFO] [stdout] ---- encode_ed25519_openssh stdout ----
[INFO] [stdout] 
[INFO] [stdout] thread 'encode_ed25519_openssh' (832) panicked at tests/private_key.rs:609:10:
[INFO] [stdout] called `Result::unwrap()` on an `Err` value: Io(ReadOnlyFilesystem)
[INFO] [stdout] stack backtrace:
[INFO] [stdout]    0:     0x60c3f389e7c1 - <<std[617be2ca0a6fd877]::sys::backtrace::BacktraceLock>::print::DisplayBacktrace as core[a373ad73a504971]::fmt::Display>::fmt
[INFO] [stdout]    1:     0x60c3f38b2bba - core[a373ad73a504971]::fmt::write
[INFO] [stdout]    2:     0x60c3f38a29dc - <alloc[2e1b2a31b91974c5]::vec::Vec<u8> as core[a373ad73a504971]::io::write::Write>::write_fmt
[INFO] [stdout]    3:     0x60c3f387ab26 - std[617be2ca0a6fd877]::panicking::default_hook::{closure#0}
[INFO] [stdout]    4:     0x60c3f3896e59 - std[617be2ca0a6fd877]::panicking::default_hook
[INFO] [stdout]    5:     0x60c3f38140b0 - test[aada8e7e76ba119b]::test_main_inner::{closure#0}
[INFO] [stdout]    6:     0x60c3f3897012 - std[617be2ca0a6fd877]::panicking::panic_with_hook
[INFO] [stdout]    7:     0x60c3f387abd2 - std[617be2ca0a6fd877]::panicking::panic_handler::{closure#0}
[INFO] [stdout]    8:     0x60c3f38738e9 - std[617be2ca0a6fd877]::sys::backtrace::__rust_end_short_backtrace::<std[617be2ca0a6fd877]::panicking::panic_handler::{closure#0}, !>
[INFO] [stdout]    9:     0x60c3f387b7dd - __rustc[ea4f61d10b84890b]::rust_begin_unwind
[INFO] [stdout]   10:     0x60c3f38b32ec - core[a373ad73a504971]::panicking::panic_fmt
[INFO] [stdout]   11:     0x60c3f38b30c2 - core[a373ad73a504971]::result::unwrap_failed
[INFO] [stdout]   12:     0x60c3f37fd862 - private_key[688288dcf29db30]::encoding_test
[INFO] [stdout]   13:     0x60c3f37fe8a5 - <private_key[688288dcf29db30]::encode_ed25519_openssh::{closure#0} as core[a373ad73a504971]::ops::function::FnOnce<()>>::call_once
[INFO] [stdout]   14:     0x60c3f38074fb - test[aada8e7e76ba119b]::__rust_begin_short_backtrace::<core[a373ad73a504971]::result::Result<(), alloc[2e1b2a31b91974c5]::string::String>, fn() -> core[a373ad73a504971]::result::Result<(), alloc[2e1b2a31b91974c5]::string::String>>
[INFO] [stdout]   15:     0x60c3f38146d5 - test[aada8e7e76ba119b]::run_test::{closure#0}
[INFO] [stdout]   16:     0x60c3f380dfc4 - std[617be2ca0a6fd877]::sys::backtrace::__rust_begin_short_backtrace::<test[aada8e7e76ba119b]::run_test::{closure#1}, ()>
[INFO] [stdout]   17:     0x60c3f3817762 - <std[617be2ca0a6fd877]::thread::lifecycle::spawn_unchecked<test[aada8e7e76ba119b]::run_test::{closure#1}, ()>::{closure#1} as core[a373ad73a504971]::ops::function::FnOnce<()>>::call_once::{shim:vtable#0}
[INFO] [stdout]   18:     0x60c3f389e01f - <std[617be2ca0a6fd877]::sys::thread::unix::Thread>::new::thread_start
[INFO] [stdout]   19:     0x72ee7de6adfa - <unknown>
[INFO] [stdout]   20:     0x72ee7defe3d4 - clone
[INFO] [stdout]   21:                0x0 - <unknown>
[INFO] [stdout] 
[INFO] [stdout] ---- encode_rsa_4096_openssh stdout ----
[INFO] [stdout] 
[INFO] [stdout] thread 'encode_rsa_4096_openssh' (834) panicked at tests/private_key.rs:609:10:
[INFO] [stdout] called `Result::unwrap()` on an `Err` value: Io(ReadOnlyFilesystem)
[INFO] [stdout] stack backtrace:
[INFO] [stdout]    0:     0x60c3f389e7c1 - <<std[617be2ca0a6fd877]::sys::backtrace::BacktraceLock>::print::DisplayBacktrace as core[a373ad73a504971]::fmt::Display>::fmt
[INFO] [stdout]    1:     0x60c3f38b2bba - core[a373ad73a504971]::fmt::write
[INFO] [stdout]    2:     0x60c3f38a29dc - <alloc[2e1b2a31b91974c5]::vec::Vec<u8> as core[a373ad73a504971]::io::write::Write>::write_fmt
[INFO] [stdout]    3:     0x60c3f387ab26 - std[617be2ca0a6fd877]::panicking::default_hook::{closure#0}
[INFO] [stdout]    4:     0x60c3f3896e59 - std[617be2ca0a6fd877]::panicking::default_hook
[INFO] [stdout]    5:     0x60c3f38140b0 - test[aada8e7e76ba119b]::test_main_inner::{closure#0}
[INFO] [stdout]    6:     0x60c3f3897012 - std[617be2ca0a6fd877]::panicking::panic_with_hook
[INFO] [stdout]    7:     0x60c3f387abd2 - std[617be2ca0a6fd877]::panicking::panic_handler::{closure#0}
[INFO] [stdout]    8:     0x60c3f38738e9 - std[617be2ca0a6fd877]::sys::backtrace::__rust_end_short_backtrace::<std[617be2ca0a6fd877]::panicking::panic_handler::{closure#0}, !>
[INFO] [stdout]    9:     0x60c3f387b7dd - __rustc[ea4f61d10b84890b]::rust_begin_unwind
[INFO] [stdout]   10:     0x60c3f38b32ec - core[a373ad73a504971]::panicking::panic_fmt
[INFO] [stdout]   11:     0x60c3f38b30c2 - core[a373ad73a504971]::result::unwrap_failed
[INFO] [stdout]   12:     0x60c3f37fd862 - private_key[688288dcf29db30]::encoding_test
[INFO] [stdout]   13:     0x60c3f37feda5 - <private_key[688288dcf29db30]::encode_rsa_4096_openssh::{closure#0} as core[a373ad73a504971]::ops::function::FnOnce<()>>::call_once
[INFO] [stdout]   14:     0x60c3f38074fb - test[aada8e7e76ba119b]::__rust_begin_short_backtrace::<core[a373ad73a504971]::result::Result<(), alloc[2e1b2a31b91974c5]::string::String>, fn() -> core[a373ad73a504971]::result::Result<(), alloc[2e1b2a31b91974c5]::string::String>>
[INFO] [stdout]   15:     0x60c3f38146d5 - test[aada8e7e76ba119b]::run_test::{closure#0}
[INFO] [stdout]   16:     0x60c3f380dfc4 - std[617be2ca0a6fd877]::sys::backtrace::__rust_begin_short_backtrace::<test[aada8e7e76ba119b]::run_test::{closure#1}, ()>
[INFO] [stdout]   17:     0x60c3f3817762 - <std[617be2ca0a6fd877]::thread::lifecycle::spawn_unchecked<test[aada8e7e76ba119b]::run_test::{closure#1}, ()>::{closure#1} as core[a373ad73a504971]::ops::function::FnOnce<()>>::call_once::{shim:vtable#0}
[INFO] [stdout]   18:     0x60c3f389e01f - <std[617be2ca0a6fd877]::sys::thread::unix::Thread>::new::thread_start
[INFO] [stdout]   19:     0x72ee7de6adfa - <unknown>
[INFO] [stdout]   20:     0x72ee7defe3d4 - clone
[INFO] [stdout]   21:                0x0 - <unknown>
[INFO] [stdout] 
[INFO] [stdout] ---- encode_dsa_openssh stdout ----
[INFO] [stdout] 
[INFO] [stdout] thread 'encode_dsa_openssh' (831) panicked at tests/private_key.rs:609:10:
[INFO] [stdout] called `Result::unwrap()` on an `Err` value: Io(ReadOnlyFilesystem)
[INFO] [stdout] stack backtrace:
[INFO] [stdout]    0:     0x60c3f389e7c1 - <<std[617be2ca0a6fd877]::sys::backtrace::BacktraceLock>::print::DisplayBacktrace as core[a373ad73a504971]::fmt::Display>::fmt
[INFO] [stdout]    1:     0x60c3f38b2bba - core[a373ad73a504971]::fmt::write
[INFO] [stdout]    2:     0x60c3f38a29dc - <alloc[2e1b2a31b91974c5]::vec::Vec<u8> as core[a373ad73a504971]::io::write::Write>::write_fmt
[INFO] [stdout]    3:     0x60c3f387ab26 - std[617be2ca0a6fd877]::panicking::default_hook::{closure#0}
[INFO] [stdout]    4:     0x60c3f3896e59 - std[617be2ca0a6fd877]::panicking::default_hook
[INFO] [stdout]    5:     0x60c3f38140b0 - test[aada8e7e76ba119b]::test_main_inner::{closure#0}
[INFO] [stdout]    6:     0x60c3f3897012 - std[617be2ca0a6fd877]::panicking::panic_with_hook
[INFO] [stdout]    7:     0x60c3f387abd2 - std[617be2ca0a6fd877]::panicking::panic_handler::{closure#0}
[INFO] [stdout]    8:     0x60c3f38738e9 - std[617be2ca0a6fd877]::sys::backtrace::__rust_end_short_backtrace::<std[617be2ca0a6fd877]::panicking::panic_handler::{closure#0}, !>
[INFO] [stdout]    9:     0x60c3f387b7dd - __rustc[ea4f61d10b84890b]::rust_begin_unwind
[INFO] [stdout]   10:     0x60c3f38b32ec - core[a373ad73a504971]::panicking::panic_fmt
[INFO] [stdout]   11:     0x60c3f38b30c2 - core[a373ad73a504971]::result::unwrap_failed
[INFO] [stdout]   12:     0x60c3f37fd862 - private_key[688288dcf29db30]::encoding_test
[INFO] [stdout]   13:     0x60c3f37fe565 - <private_key[688288dcf29db30]::encode_dsa_openssh::{closure#0} as core[a373ad73a504971]::ops::function::FnOnce<()>>::call_once
[INFO] [stdout]   14:     0x60c3f38074fb - test[aada8e7e76ba119b]::__rust_begin_short_backtrace::<core[a373ad73a504971]::result::Result<(), alloc[2e1b2a31b91974c5]::string::String>, fn() -> core[a373ad73a504971]::result::Result<(), alloc[2e1b2a31b91974c5]::string::String>>
[INFO] [stdout]   15:     0x60c3f38146d5 - test[aada8e7e76ba119b]::run_test::{closure#0}
[INFO] [stdout]   16:     0x60c3f380dfc4 - std[617be2ca0a6fd877]::sys::backtrace::__rust_begin_short_backtrace::<test[aada8e7e76ba119b]::run_test::{closure#1}, ()>
[INFO] [stdout]   17:     0x60c3f3817762 - <std[617be2ca0a6fd877]::thread::lifecycle::spawn_unchecked<test[aada8e7e76ba119b]::run_test::{closure#1}, ()>::{closure#1} as core[a373ad73a504971]::ops::function::FnOnce<()>>::call_once::{shim:vtable#0}
[INFO] [stdout]   18:     0x60c3f389e01f - <std[617be2ca0a6fd877]::sys::thread::unix::Thread>::new::thread_start
[INFO] [stdout]   19:     0x72ee7de6adfa - <unknown>
[INFO] [stdout]   20:     0x72ee7defe3d4 - clone
[INFO] [stdout]   21:                0x0 - <unknown>
[INFO] [stdout] 
[INFO] [stdout] ---- encode_rsa_3072_openssh stdout ----
[INFO] [stdout] 
[INFO] [stdout] thread 'encode_rsa_3072_openssh' (833) panicked at tests/private_key.rs:609:10:
[INFO] [stdout] called `Result::unwrap()` on an `Err` value: Io(ReadOnlyFilesystem)
[INFO] [stdout] stack backtrace:
[INFO] [stdout]    0:     0x60c3f389e7c1 - <<std[617be2ca0a6fd877]::sys::backtrace::BacktraceLock>::print::DisplayBacktrace as core[a373ad73a504971]::fmt::Display>::fmt
[INFO] [stdout]    1:     0x60c3f38b2bba - core[a373ad73a504971]::fmt::write
[INFO] [stdout]    2:     0x60c3f38a29dc - <alloc[2e1b2a31b91974c5]::vec::Vec<u8> as core[a373ad73a504971]::io::write::Write>::write_fmt
[INFO] [stdout]    3:     0x60c3f387ab26 - std[617be2ca0a6fd877]::panicking::default_hook::{closure#0}
[INFO] [stdout]    4:     0x60c3f3896e59 - std[617be2ca0a6fd877]::panicking::default_hook
[INFO] [stdout]    5:     0x60c3f38140b0 - test[aada8e7e76ba119b]::test_main_inner::{closure#0}
[INFO] [stdout]    6:     0x60c3f3897012 - std[617be2ca0a6fd877]::panicking::panic_with_hook
[INFO] [stdout]    7:     0x60c3f387abd2 - std[617be2ca0a6fd877]::panicking::panic_handler::{closure#0}
[INFO] [stdout]    8:     0x60c3f38738e9 - std[617be2ca0a6fd877]::sys::backtrace::__rust_end_short_backtrace::<std[617be2ca0a6fd877]::panicking::panic_handler::{closure#0}, !>
[INFO] [stdout]    9:     0x60c3f387b7dd - __rustc[ea4f61d10b84890b]::rust_begin_unwind
[INFO] [stdout]   10:     0x60c3f38b32ec - core[a373ad73a504971]::panicking::panic_fmt
[INFO] [stdout]   11:     0x60c3f38b30c2 - core[a373ad73a504971]::result::unwrap_failed
[INFO] [stdout]   12:     0x60c3f37fd862 - private_key[688288dcf29db30]::encoding_test
[INFO] [stdout]   13:     0x60c3f37fed75 - <private_key[688288dcf29db30]::encode_rsa_3072_openssh::{closure#0} as core[a373ad73a504971]::ops::function::FnOnce<()>>::call_once
[INFO] [stdout]   14:     0x60c3f38074fb - test[aada8e7e76ba119b]::__rust_begin_short_backtrace::<core[a373ad73a504971]::result::Result<(), alloc[2e1b2a31b91974c5]::string::String>, fn() -> core[a373ad73a504971]::result::Result<(), alloc[2e1b2a31b91974c5]::string::String>>
[INFO] [stdout]   15:     0x60c3f38146d5 - test[aada8e7e76ba119b]::run_test::{closure#0}
[INFO] [stdout]   16:     0x60c3f380dfc4 - std[617be2ca0a6fd877]::sys::backtrace::__rust_begin_short_backtrace::<test[aada8e7e76ba119b]::run_test::{closure#1}, ()>
[INFO] [stdout]   17:     0x60c3f3817762 - <std[617be2ca0a6fd877]::thread::lifecycle::spawn_unchecked<test[aada8e7e76ba119b]::run_test::{closure#1}, ()>::{closure#1} as core[a373ad73a504971]::ops::function::FnOnce<()>>::call_once::{shim:vtable#0}
[INFO] [stdout]   18:     0x60c3f389e01f - <std[617be2ca0a6fd877]::sys::thread::unix::Thread>::new::thread_start
[INFO] [stdout]   19:     0x72ee7de6adfa - <unknown>
[INFO] [stdout]   20:     0x72ee7defe3d4 - clone
[INFO] [stdout]   21:                0x0 - <unknown>
[INFO] [stdout] 
[INFO] [stdout] 
[INFO] [stdout] failures:
[INFO] [stdout]     encode_dsa_openssh
[INFO] [stdout]     encode_ed25519_openssh
[INFO] [stdout]     encode_rsa_3072_openssh
[INFO] [stdout]     encode_rsa_4096_openssh
[INFO] [stdout] 
[INFO] [stdout] test result: FAILED. 5 passed; 4 failed; 0 ignored; 0 measured; 0 filtered out; finished in 0.02s
[INFO] [stdout] 
[INFO] [stderr] error: test failed, to rerun pass `--test private_key`
[INFO] running `Command { std: "docker" "inspect" "e4ae03bd1d14a8b76c4cda51eaf97c3f583c5c46ecbbcc1fcb01c0a207017d64", kill_on_drop: false }`
[INFO] running `Command { std: "docker" "rm" "-f" "e4ae03bd1d14a8b76c4cda51eaf97c3f583c5c46ecbbcc1fcb01c0a207017d64", kill_on_drop: false }`
[INFO] [stdout] e4ae03bd1d14a8b76c4cda51eaf97c3f583c5c46ecbbcc1fcb01c0a207017d64
