[INFO] fetching crate interactsh 0.2.4...
[INFO] testing interactsh-0.2.4 against 1.99.0-beta.8+cargoflags=--release for beta-release-1.100-2
[INFO] extracting crate interactsh 0.2.4 into /workspace/builds/worker-4-tc1/source
[INFO] started tweaking crates.io crate interactsh 0.2.4
[INFO] removed 0 missing examples
[INFO] removed 0 missing tests
[INFO] finished tweaking crates.io crate interactsh 0.2.4
[INFO] tweaked toml for crates.io crate interactsh 0.2.4 written to /workspace/builds/worker-4-tc1/source/Cargo.toml
[INFO] validating manifest of crates.io crate interactsh 0.2.4 on toolchain 1.99.0-beta.8
[INFO] running `Command { std: CARGO_HOME="/workspace/cargo-home" RUSTUP_HOME="/workspace/rustup-home" "/workspace/cargo-home/bin/cargo" "+1.99.0-beta.8" "metadata" "--manifest-path" "Cargo.toml" "--no-deps", kill_on_drop: false }`
[INFO] crate crates.io crate interactsh 0.2.4 already has a lockfile, it will not be regenerated
[INFO] running `Command { std: CARGO_HOME="/workspace/cargo-home" RUSTUP_HOME="/workspace/rustup-home" "/workspace/cargo-home/bin/cargo" "+1.99.0-beta.8" "fetch" "--manifest-path" "Cargo.toml", kill_on_drop: false }`
[INFO] [stderr]     Updating crates.io index
[INFO] [stderr]  Downloading crates ...
[INFO] [stderr]   Downloaded toml v0.8.23
[INFO] [stderr]   Downloaded id-arena v2.3.0
[INFO] [stderr]   Downloaded toml_write v0.1.2
[INFO] [stderr]   Downloaded leb128fmt v0.1.0
[INFO] [stderr]   Downloaded wasm-metadata v0.244.0
[INFO] [stderr]   Downloaded futures-io v0.3.32
[INFO] [stderr]   Downloaded rustc-hash v2.1.2
[INFO] [stderr]   Downloaded tokio-macros v2.7.0
[INFO] [stderr]   Downloaded wit-bindgen-rust-macro v0.51.0
[INFO] [stderr]   Downloaded unicode-xid v0.2.6
[INFO] [stderr]   Downloaded zmij v1.0.21
[INFO] [stderr]   Downloaded signature v2.2.0
[INFO] [stderr]   Downloaded wasm-bindgen-shared v0.2.122
[INFO] [stderr]   Downloaded wasm-bindgen-macro v0.2.122
[INFO] [stderr]   Downloaded futures-sink v0.3.32
[INFO] [stderr]   Downloaded futures-macro v0.3.32
[INFO] [stderr]   Downloaded num-iter v0.1.45
[INFO] [stderr]   Downloaded wasm-bindgen-futures v0.4.72
[INFO] [stderr]   Downloaded http-body v1.0.1
[INFO] [stderr]   Downloaded cfg_aliases v0.2.1
[INFO] [stderr]   Downloaded guise-choice v0.1.3
[INFO] [stderr]   Downloaded inout v0.1.4
[INFO] [stderr]   Downloaded serde_spanned v0.6.9
[INFO] [stderr]   Downloaded wit-bindgen-core v0.51.0
[INFO] [stderr]   Downloaded zeroize v1.8.2
[INFO] [stderr]   Downloaded pem-rfc7468 v0.7.0
[INFO] [stderr]   Downloaded base64ct v1.8.3
[INFO] [stderr]   Downloaded http-body-util v0.1.3
[INFO] [stderr]   Downloaded faultkit v0.2.2
[INFO] [stderr]   Downloaded cipher v0.4.4
[INFO] [stderr]   Downloaded toml_datetime v0.6.11
[INFO] [stderr]   Downloaded pkcs8 v0.10.2
[INFO] [stderr]   Downloaded rustls-pki-types v1.14.1
[INFO] [stderr]   Downloaded quinn-udp v0.5.14
[INFO] [stderr]   Downloaded guise-pacing v0.1.3
[INFO] [stderr]   Downloaded ctr v0.9.2
[INFO] [stderr]   Downloaded toml_edit v0.22.27
[INFO] [stderr]   Downloaded winnow v0.7.15
[INFO] [stderr]   Downloaded spki v0.7.3
[INFO] [stderr]   Downloaded yoke v0.8.2
[INFO] [stderr]   Downloaded bitflags v2.11.1
[INFO] [stderr]   Downloaded pkcs1 v0.7.5
[INFO] [stderr]   Downloaded tinyvec v1.11.0
[INFO] [stderr]   Downloaded futures-channel v0.3.32
[INFO] [stderr]   Downloaded getrandom v0.4.2
[INFO] [stderr]   Downloaded wit-bindgen-rust v0.51.0
[INFO] [stderr]   Downloaded log v0.4.30
[INFO] [stderr]   Downloaded anyhow v1.0.102
[INFO] [stderr]   Downloaded wasm-encoder v0.244.0
[INFO] [stderr]   Downloaded const-oid v0.9.6
[INFO] [stderr]   Downloaded spin v0.9.8
[INFO] [stderr]   Downloaded memchr v2.8.1
[INFO] [stderr]   Downloaded socket2 v0.6.4
[INFO] [stderr]   Downloaded wit-bindgen v0.51.0
[INFO] [stderr]   Downloaded prettyplease v0.2.37
[INFO] [stderr]   Downloaded rsa v0.9.10
[INFO] [stderr]   Downloaded der v0.7.10
[INFO] [stderr]   Downloaded wasm-bindgen v0.2.122
[INFO] [stderr]   Downloaded wasm-bindgen-macro-support v0.2.122
[INFO] [stderr]   Downloaded rand v0.8.5
[INFO] [stderr]   Downloaded zerocopy-derive v0.8.50
[INFO] [stderr]   Downloaded quinn v0.11.9
[INFO] [stderr]   Downloaded mio v1.2.1
[INFO] [stderr]   Downloaded http v1.4.1
[INFO] [stderr]   Downloaded cc v1.2.63
[INFO] [stderr]   Downloaded rand v0.9.4
[INFO] [stderr]   Downloaded js-sys v0.3.99
[INFO] [stderr]   Downloaded wasip3 v0.4.0+wasi-0.3.0-rc-2026-01-06
[INFO] [stderr]   Downloaded serde_json v1.0.149
[INFO] [stderr]   Downloaded wasip2 v1.0.3+wasi-0.2.9
[INFO] [stderr]   Downloaded num-bigint-dig v0.8.6
[INFO] [stderr]   Downloaded tokio-util v0.7.18
[INFO] [stderr]   Downloaded aes v0.8.4
[INFO] [stderr]   Downloaded hyper v1.10.1
[INFO] [stderr]   Downloaded wit-parser v0.244.0
[INFO] [stderr]   Downloaded h2 v0.4.14
[INFO] [stderr]   Downloaded proptest v1.9.0
[INFO] [stderr]   Downloaded quinn-proto v0.11.14
[INFO] [stderr]   Downloaded webpki-roots v1.0.7
[INFO] [stderr]   Downloaded wasmparser v0.244.0
[INFO] [stderr]   Downloaded wit-component v0.244.0
[INFO] [stderr]   Downloaded zerocopy v0.8.50
[INFO] [stderr]   Downloaded regex-syntax v0.8.10
[INFO] [stderr]   Downloaded rustls v0.23.40
[INFO] [stderr]   Downloaded web-sys v0.3.99
[INFO] [stderr]   Downloaded tokio v1.51.1
[INFO] running `Command { std: "docker" "create" "-v" "/var/lib/crater-agent-workspace/builds/worker-4-tc1/source:/opt/rustwide/workdir:ro,Z" "-v" "/var/lib/crater-agent-workspace/builds/worker-4-tc1/target:/opt/rustwide/target:rw,Z" "-v" "/var/lib/crater-agent-workspace/cargo-home:/opt/rustwide/cargo-home:ro,Z" "-v" "/var/lib/crater-agent-workspace/rustup-home:/opt/rustwide/rustup-home:ro,Z" "-m" "1610612736" "--network" "none" "ghcr.io/rust-lang/crates-build-env/linux@sha256:77db811e55d90add9212f6832c23229e3de5f1c1f9905e8cb07319ea15df73ac" "sleep" "infinity", kill_on_drop: false }`
[INFO] [stdout] 6963f4c3e45779e6358d7202687a876a3b7a4ffe412c67d3b76066ac3dd8e2f3
[INFO] running `Command { std: "docker" "start" "6963f4c3e45779e6358d7202687a876a3b7a4ffe412c67d3b76066ac3dd8e2f3", kill_on_drop: false }`
[INFO] running `Command { std: "docker" "inspect" "6963f4c3e45779e6358d7202687a876a3b7a4ffe412c67d3b76066ac3dd8e2f3", kill_on_drop: false }`
[INFO] running `Command { std: "docker" "exec" "-e" "SOURCE_DIR=/opt/rustwide/workdir" "-e" "CARGO_HOME=/opt/rustwide/cargo-home" "-e" "RUSTUP_HOME=/opt/rustwide/rustup-home" "-e" "CARGO_TARGET_DIR=/opt/rustwide/target" "-w" "/opt/rustwide/workdir" "--user" "0:0" "6963f4c3e45779e6358d7202687a876a3b7a4ffe412c67d3b76066ac3dd8e2f3" "/opt/rustwide/cargo-home/bin/cargo" "+1.99.0-beta.8" "metadata" "--no-deps" "--format-version=1", kill_on_drop: false }`
[INFO] running `Command { std: "docker" "inspect" "6963f4c3e45779e6358d7202687a876a3b7a4ffe412c67d3b76066ac3dd8e2f3", kill_on_drop: false }`
[INFO] running `Command { std: "docker" "exec" "-e" "SOURCE_DIR=/opt/rustwide/workdir" "-e" "CARGO_HOME=/opt/rustwide/cargo-home" "-e" "RUSTUP_HOME=/opt/rustwide/rustup-home" "-e" "CARGO_TARGET_DIR=/opt/rustwide/target" "-e" "CARGO_INCREMENTAL=0" "-e" "RUST_BACKTRACE=full" "-e" "RUSTFLAGS=--cap-lints=warn" "-e" "RUSTDOCFLAGS=--cap-lints=warn" "-w" "/opt/rustwide/workdir" "--user" "0:0" "6963f4c3e45779e6358d7202687a876a3b7a4ffe412c67d3b76066ac3dd8e2f3" "/opt/rustwide/cargo-home/bin/cargo" "+1.99.0-beta.8" "build" "--frozen" "--message-format=json" "--release", kill_on_drop: false }`
[INFO] [stderr]    Compiling proc-macro2 v1.0.106
[INFO] [stderr]    Compiling quote v1.0.45
[INFO] [stderr]    Compiling unicode-ident v1.0.24
[INFO] [stderr]    Compiling libc v0.2.186
[INFO] [stderr]    Compiling cfg-if v1.0.4
[INFO] [stderr]    Compiling stable_deref_trait v1.2.1
[INFO] [stderr]    Compiling bytes v1.11.1
[INFO] [stderr]    Compiling version_check v0.9.5
[INFO] [stderr]    Compiling zeroize v1.8.2
[INFO] [stderr]    Compiling pin-project-lite v0.2.17
[INFO] [stderr]    Compiling futures-core v0.3.32
[INFO] [stderr]    Compiling typenum v1.20.1
[INFO] [stderr]    Compiling itoa v1.0.18
[INFO] [stderr]    Compiling generic-array v0.14.7
[INFO] [stderr]    Compiling smallvec v1.15.1
[INFO] [stderr]    Compiling find-msvc-tools v0.1.9
[INFO] [stderr]    Compiling serde_core v1.0.228
[INFO] [stderr]    Compiling shlex v2.0.1
[INFO] [stderr]    Compiling litemap v0.8.2
[INFO] [stderr]    Compiling once_cell v1.21.4
[INFO] [stderr]    Compiling cc v1.2.63
[INFO] [stderr]    Compiling zerocopy v0.8.50
[INFO] [stderr]    Compiling writeable v0.6.3
[INFO] [stderr]    Compiling http v1.4.1
[INFO] [stderr]    Compiling syn v2.0.117
[INFO] [stderr]    Compiling slab v0.4.12
[INFO] [stderr]    Compiling icu_normalizer_data v2.2.0
[INFO] [stderr]    Compiling const-oid v0.9.6
[INFO] [stderr]    Compiling icu_properties_data v2.2.0
[INFO] [stderr]    Compiling utf8_iter v1.0.4
[INFO] [stderr]    Compiling hashbrown v0.17.1
[INFO] [stderr]    Compiling equivalent v1.0.2
[INFO] [stderr]    Compiling serde v1.0.228
[INFO] [stderr]    Compiling getrandom v0.2.17
[INFO] [stderr]    Compiling socket2 v0.6.4
[INFO] [stderr]    Compiling mio v1.2.1
[INFO] [stderr]    Compiling crypto-common v0.1.7
[INFO] [stderr]    Compiling rand_core v0.6.4
[INFO] [stderr]    Compiling tokio v1.51.1
[INFO] [stderr]    Compiling ring v0.17.14
[INFO] [stderr]    Compiling indexmap v2.14.0
[INFO] [stderr]    Compiling percent-encoding v2.3.2
[INFO] [stderr]    Compiling libm v0.2.16
[INFO] [stderr]    Compiling autocfg v1.5.1
[INFO] [stderr]    Compiling http-body v1.0.1
[INFO] [stderr]    Compiling num-traits v0.2.19
[INFO] [stderr]    Compiling tracing-core v0.1.36
[INFO] [stderr]    Compiling rustls-pki-types v1.14.1
[INFO] [stderr]    Compiling futures-task v0.3.32
[INFO] [stderr]    Compiling httparse v1.10.1
[INFO] [stderr]    Compiling base64ct v1.8.3
[INFO] [stderr]    Compiling futures-sink v0.3.32
[INFO] [stderr]    Compiling untrusted v0.9.0
[INFO] [stderr]    Compiling pem-rfc7468 v0.7.0
[INFO] [stderr]    Compiling tracing v0.1.44
[INFO] [stderr]    Compiling try-lock v0.2.5
[INFO] [stderr]    Compiling fnv v1.0.7
[INFO] [stderr]    Compiling subtle v2.6.1
[INFO] [stderr]    Compiling rustls v0.23.40
[INFO] [stderr]    Compiling atomic-waker v1.1.2
[INFO] [stderr]    Compiling tower-service v0.3.3
[INFO] [stderr]    Compiling want v0.3.1
[INFO] [stderr]    Compiling der v0.7.10
[INFO] [stderr]    Compiling form_urlencoded v1.2.2
[INFO] [stderr]    Compiling block-buffer v0.10.4
[INFO] [stderr]    Compiling futures-channel v0.3.32
[INFO] [stderr]    Compiling synstructure v0.13.2
[INFO] [stderr]    Compiling zmij v1.0.21
[INFO] [stderr]    Compiling digest v0.10.7
[INFO] [stderr]    Compiling inout v0.1.4
[INFO] [stderr]    Compiling sync_wrapper v1.0.2
[INFO] [stderr]    Compiling thiserror v2.0.18
[INFO] [stderr]    Compiling ipnet v2.12.0
[INFO] [stderr]    Compiling num-integer v0.1.46
[INFO] [stderr]    Compiling spki v0.7.3
[INFO] [stderr]    Compiling zerofrom-derive v0.1.7
[INFO] [stderr]    Compiling yoke-derive v0.8.2
[INFO] [stderr]    Compiling zerovec-derive v0.11.3
[INFO] [stderr]    Compiling displaydoc v0.2.6
[INFO] [stderr]    Compiling serde_derive v1.0.228
[INFO] [stderr]    Compiling ppv-lite86 v0.2.21
[INFO] [stderr]    Compiling zerofrom v0.1.8
[INFO] [stderr]    Compiling futures-macro v0.3.32
[INFO] [stderr]    Compiling tokio-util v0.7.18
[INFO] [stderr]    Compiling yoke v0.8.2
[INFO] [stderr]    Compiling spin v0.9.8
[INFO] [stderr]    Compiling rand_chacha v0.3.1
[INFO] [stderr]    Compiling zerovec v0.11.6
[INFO] [stderr]    Compiling zerotrie v0.2.4
[INFO] [stderr]    Compiling h2 v0.4.14
[INFO] [stderr]    Compiling futures-util v0.3.32
[INFO] [stderr]    Compiling rand v0.8.5
[INFO] [stderr]    Compiling tinystr v0.8.3
[INFO] [stderr]    Compiling icu_locale_core v2.2.0
[INFO] [stderr]    Compiling potential_utf v0.1.5
[INFO] [stderr]    Compiling icu_collections v2.2.0
[INFO] [stderr]    Compiling num-bigint-dig v0.8.6
[INFO] [stderr]    Compiling base64 v0.22.1
[INFO] [stderr]    Compiling tower-layer v0.3.3
[INFO] [stderr]    Compiling serde_json v1.0.149
[INFO] [stderr]    Compiling lazy_static v1.5.0
[INFO] [stderr]    Compiling pkcs8 v0.10.2
[INFO] [stderr]    Compiling icu_provider v2.2.0
[INFO] [stderr]    Compiling icu_normalizer v2.2.0
[INFO] [stderr]    Compiling icu_properties v2.2.0
[INFO] [stderr]    Compiling tower v0.5.3
[INFO] [stderr]    Compiling serde_spanned v0.6.9
[INFO] [stderr]    Compiling toml_datetime v0.6.11
[INFO] [stderr]    Compiling num-iter v0.1.45
[INFO] [stderr]    Compiling thiserror-impl v2.0.18
[INFO] [stderr]    Compiling cipher v0.4.4
[INFO] [stderr]    Compiling idna_adapter v1.2.2
[INFO] [stderr]    Compiling hyper v1.10.1
[INFO] [stderr]    Compiling idna v1.1.0
[INFO] [stderr]    Compiling webpki-roots v1.0.7
[INFO] [stderr]    Compiling toml_write v0.1.2
[INFO] [stderr]    Compiling memchr v2.8.1
[INFO] [stderr]    Compiling url v2.5.8
[INFO] [stderr]    Compiling bitflags v2.11.1
[INFO] [stderr]    Compiling cpufeatures v0.2.17
[INFO] [stderr]    Compiling ryu v1.0.23
[INFO] [stderr]    Compiling winnow v0.7.15
[INFO] [stderr]    Compiling hyper-util v0.1.20
[INFO] [stderr]    Compiling tower-http v0.6.11
[INFO] [stderr]    Compiling serde_urlencoded v0.7.1
[INFO] [stderr]    Compiling rustls-webpki v0.103.13
[INFO] [stderr]    Compiling toml_edit v0.22.27
[INFO] [stderr]    Compiling pkcs1 v0.7.5
[INFO] [stderr]    Compiling signature v2.2.0
[INFO] [stderr]    Compiling http-body-util v0.1.3
[INFO] [stderr]    Compiling encoding_rs v0.8.35
[INFO] [stderr]    Compiling mime v0.3.17
[INFO] [stderr]    Compiling httpdate v1.0.3
[INFO] [stderr]    Compiling log v0.4.30
[INFO] [stderr]    Compiling rsa v0.9.10
[INFO] [stderr]    Compiling guise-pacing v0.1.3
[INFO] [stderr]    Compiling aes v0.8.4
[INFO] [stderr]    Compiling sha2 v0.10.9
[INFO] [stderr]    Compiling ctr v0.9.2
[INFO] [stderr]    Compiling guise-choice v0.1.3
[INFO] [stderr]    Compiling toml v0.8.23
[INFO] [stderr]    Compiling tokio-rustls v0.26.4
[INFO] [stderr]    Compiling hyper-rustls v0.27.9
[INFO] [stderr]    Compiling reqwest v0.12.28
[INFO] [stderr]    Compiling interactsh v0.2.4 (/opt/rustwide/workdir)
[INFO] [stderr]     Finished `release` profile [optimized] target(s) in 3m 36s
[INFO] running `Command { std: "docker" "inspect" "6963f4c3e45779e6358d7202687a876a3b7a4ffe412c67d3b76066ac3dd8e2f3", kill_on_drop: false }`
[INFO] running `Command { std: "docker" "exec" "-e" "SOURCE_DIR=/opt/rustwide/workdir" "-e" "CARGO_HOME=/opt/rustwide/cargo-home" "-e" "RUSTUP_HOME=/opt/rustwide/rustup-home" "-e" "CARGO_TARGET_DIR=/opt/rustwide/target" "-e" "CARGO_INCREMENTAL=0" "-e" "RUST_BACKTRACE=full" "-e" "RUSTFLAGS=--cap-lints=warn" "-e" "RUSTDOCFLAGS=--cap-lints=warn" "-w" "/opt/rustwide/workdir" "--user" "0:0" "6963f4c3e45779e6358d7202687a876a3b7a4ffe412c67d3b76066ac3dd8e2f3" "/opt/rustwide/cargo-home/bin/cargo" "+1.99.0-beta.8" "test" "--frozen" "--no-run" "--message-format=json" "--release", kill_on_drop: false }`
[INFO] [stderr]    Compiling tokio-macros v2.7.0
[INFO] [stderr]    Compiling num-traits v0.2.19
[INFO] [stderr]    Compiling getrandom v0.3.4
[INFO] [stderr]    Compiling bitflags v2.11.1
[INFO] [stderr]    Compiling getrandom v0.4.2
[INFO] [stderr]    Compiling rustix v1.1.4
[INFO] [stderr]    Compiling linux-raw-sys v0.12.1
[INFO] [stderr]    Compiling fastrand v2.4.1
[INFO] [stderr]    Compiling wait-timeout v0.2.1
[INFO] [stderr]    Compiling bit-vec v0.8.0
[INFO] [stderr]    Compiling rand_core v0.9.5
[INFO] [stderr]    Compiling quick-error v1.2.3
[INFO] [stderr]    Compiling unarray v0.1.4
[INFO] [stderr]    Compiling rand v0.9.4
[INFO] [stderr]    Compiling rand_chacha v0.9.0
[INFO] [stderr]    Compiling rand_xorshift v0.4.0
[INFO] [stderr]    Compiling regex-syntax v0.8.10
[INFO] [stderr]    Compiling tokio v1.51.1
[INFO] [stderr]    Compiling bit-set v0.8.0
[INFO] [stderr]    Compiling faultkit v0.2.2
[INFO] [stderr]    Compiling num-integer v0.1.46
[INFO] [stderr]    Compiling num-iter v0.1.45
[INFO] [stderr]    Compiling num-bigint-dig v0.8.6
[INFO] [stderr]    Compiling tempfile v3.27.0
[INFO] [stderr]    Compiling rusty-fork v0.3.1
[INFO] [stderr]    Compiling rsa v0.9.10
[INFO] [stderr]    Compiling proptest v1.9.0
[INFO] [stderr]    Compiling tokio-util v0.7.18
[INFO] [stderr]    Compiling tower v0.5.3
[INFO] [stderr]    Compiling tokio-rustls v0.26.4
[INFO] [stderr]    Compiling tower-http v0.6.11
[INFO] [stderr]    Compiling h2 v0.4.14
[INFO] [stderr]    Compiling hyper v1.10.1
[INFO] [stderr]    Compiling hyper-util v0.1.20
[INFO] [stderr]    Compiling hyper-rustls v0.27.9
[INFO] [stderr]    Compiling reqwest v0.12.28
[INFO] [stderr]    Compiling interactsh v0.2.4 (/opt/rustwide/workdir)
[INFO] [stderr]     Finished `release` profile [optimized] target(s) in 2m 28s
[INFO] running `Command { std: "docker" "inspect" "6963f4c3e45779e6358d7202687a876a3b7a4ffe412c67d3b76066ac3dd8e2f3", kill_on_drop: false }`
[INFO] running `Command { std: "docker" "exec" "-e" "SOURCE_DIR=/opt/rustwide/workdir" "-e" "CARGO_HOME=/opt/rustwide/cargo-home" "-e" "RUSTUP_HOME=/opt/rustwide/rustup-home" "-e" "CARGO_TARGET_DIR=/opt/rustwide/target" "-e" "CARGO_INCREMENTAL=0" "-e" "RUST_BACKTRACE=full" "-e" "RUSTFLAGS=--cap-lints=warn" "-e" "RUSTDOCFLAGS=--cap-lints=warn" "-w" "/opt/rustwide/workdir" "--user" "0:0" "6963f4c3e45779e6358d7202687a876a3b7a4ffe412c67d3b76066ac3dd8e2f3" "/opt/rustwide/cargo-home/bin/cargo" "+1.99.0-beta.8" "test" "--frozen" "--release", kill_on_drop: false }`
[INFO] [stderr]     Finished `release` profile [optimized] target(s) in 0.29s
[INFO] [stderr]      Running unittests src/lib.rs (/opt/rustwide/target/release/deps/interactsh-f75ddb89cfd1a0f0)
[INFO] [stdout] 
[INFO] [stdout] running 25 tests
[INFO] [stdout] test client::core::tests::retry_backoff_attempts_double_from_base ... ok
[INFO] [stdout] test payload_helpers::tests::blind_cmdi_covers_unix_and_windows_separators ... ok
[INFO] [stdout] test payload_helpers::tests::blind_sqli_mssql_uses_xp_dirtree_or_openrowset ... ok
[INFO] [stdout] test payload_helpers::tests::blind_sqli_mysql_strips_scheme_and_port_from_full_url ... ok
[INFO] [stdout] test client::core::tests::retry_backoff_saturates_at_max_pacing_backoff ... ok
[INFO] [stdout] test payload_helpers::tests::blind_cmdi_derives_bare_host_from_full_url ... ok
[INFO] [stdout] test payload_helpers::tests::blind_sqli_oracle_derives_full_url_from_bare_host ... ok
[INFO] [stdout] test payload_helpers::tests::blind_sqli_oracle_uses_utl_http_or_dbms_ldap ... ok
[INFO] [stdout] test client::core::tests::retry_backoff_attempt_zero_matches_first_attempt ... ok
[INFO] [stdout] test client::http::tests::server_host_bare_domain_unchanged ... ok
[INFO] [stdout] test client::http::tests::server_host_strips_trailing_slash_and_path ... ok
[INFO] [stdout] test client::poll::tests::poll_response_deserializes_extra_objects_and_strings ... ok
[INFO] [stdout] test payload_helpers::tests::blind_sqli_mysql_uses_load_file_and_unc ... ok
[INFO] [stdout] test payload_helpers::tests::blind_sqli_postgres_mixes_full_url_and_bare_host_correctly ... ok
[INFO] [stdout] test payload_helpers::tests::blind_ssrf_battery_includes_scheme_pivots ... ok
[INFO] [stdout] test payload_helpers::tests::blind_xxe_derives_full_url_from_bare_host ... ok
[INFO] [stdout] test client::http::tests::server_host_strips_scheme_prefix ... ok
[INFO] [stdout] test payload_helpers::tests::blind_ssrf_derives_full_url_from_bare_host ... ok
[INFO] [stdout] test payload_helpers::tests::blind_xss_battery_meets_min_variant_count_and_carries_callback ... ok
[INFO] [stdout] test payload_helpers::tests::blind_ssrf_scheme_pivots_work_on_https_callback ... ok
[INFO] [stdout] test payload_helpers::tests::blind_xss_derives_full_url_from_bare_host ... ok
[INFO] [stdout] test payload_helpers::tests::blind_xxe_includes_parameter_entity_chain ... ok
[INFO] [stdout] test payload_helpers::tests::callback_url_with_special_chars_is_embedded_verbatim ... ok
[INFO] [stdout] test payload_helpers::tests::blind_xss_covers_distinct_tag_surfaces ... ok
[INFO] [stdout] test payload_helpers::tests::blind_sqli_postgres_uses_copy_program_or_dblink ... ok
[INFO] [stderr]      Running tests/break_it.rs (/opt/rustwide/target/release/deps/break_it-a6882566ad28a7cf)
[INFO] [stdout] 
[INFO] [stdout] test result: ok. 25 passed; 0 failed; 0 ignored; 0 measured; 0 filtered out; finished in 0.04s
[INFO] [stdout] 
[INFO] [stdout] 
[INFO] [stdout] running 41 tests
[INFO] [stdout] test test_config_empty_auth_header ... ok
[INFO] [stdout] test test_config_empty_server ... ok
[INFO] [stdout] test test_config_empty_scheme ... ok
[INFO] [stdout] test test_config_max_poll_response ... ok
[INFO] [stdout] test test_config_max_retries ... ok
[INFO] [stdout] test test_config_max_backoff ... ok
[INFO] [stdout] test test_config_max_correlation_length ... ok
[INFO] [stdout] test test_config_whitespace_server ... ok
[INFO] [stdout] test test_config_max_nonce_length ... ok
[INFO] [stdout] test test_config_zero_correlation_length ... ok
[INFO] [stdout] test test_config_zero_nonce_length ... ok
[INFO] [stdout] test test_config_zero_poll_response_bytes ... ok
[INFO] [stdout] test test_context_attr_null_byte ... ok
[INFO] [stdout] test test_context_bom ... ok
[INFO] [stdout] test test_context_duplicate_attribute_keys ... ok
[INFO] [stdout] test test_context_emojis ... ok
[INFO] [stdout] test test_context_fake_surrogate ... ok
[INFO] [stdout] test test_context_label_null_byte ... ok
[INFO] [stdout] test test_interaction_context_empty_label ... ok
[INFO] [stdout] test test_config_unicode_domain ... ok
[INFO] [stdout] test test_config_server_null_byte ... ok
[INFO] [stdout] test test_concurrency_tracked_count_under_load ... ok
[INFO] [stdout] test test_concurrency_forget_nonexistent ... ok
[INFO] [stdout] test test_client_debug_redacts_secret_key ... ok
[INFO] [stdout] test test_poll_response_extra_supports_objects_and_strings ... ok
[INFO] [stdout] test test_massive_json_response_size_limit_chunked ... ok
[INFO] [stdout] test test_massive_json_response_size_limit ... ok
[INFO] [stdout] test test_context_duplicate_generation_nonces ... ok
[INFO] [stdout] test test_poll_response_invalid_aes_key ... ok
[INFO] [stdout] test test_concurrency_8_threads_hammer_cache ... ok
[INFO] [stdout] test test_poll_response_missing_aes_key ... ok
[INFO] [stdout] test test_poll_error_url_redacts_secret ... ok
[INFO] [stdout] test test_poll_response_truncated_json ... ok
[INFO] [stdout] test test_poll_server_429_flood_fails_after_retries ... ok
[INFO] [stdout] test test_poll_response_malformed_raw_interaction ... ok
[INFO] [stdout] test test_poll_response_invalid_encrypted_data ... ok
[INFO] [stdout] test test_poll_server_reset_is_transport_error ... ok
[INFO] [stdout] test test_resource_deep_attribute_value ... ok
[INFO] [stdout] test test_resource_100k_mappings ... ok
[INFO] [stdout] test test_resource_many_attributes ... ok
[INFO] [stdout] test test_poll_server_hang_times_out_loudly ... ok
[INFO] [stdout] 
[INFO] [stdout] test result: ok. 41 passed; 0 failed; 0 ignored; 0 measured; 0 filtered out; finished in 7.57s
[INFO] [stdout] 
[INFO] [stderr]      Running tests/property/mod.rs (/opt/rustwide/target/release/deps/property-f5aeb9b32c8a3d35)
[INFO] [stdout] 
[INFO] [stdout] running 48 tests
[INFO] [stdout] test config_mass::config_adversarial_38 ... ok
[INFO] [stdout] test config_mass::config_toml_roundtrip_17 ... ok
[INFO] [stdout] test config_mass::config_adversarial_37 ... ok
[INFO] [stdout] test config_mass::config_adversarial_36 ... ok
[INFO] [stdout] test config_mass::config_adversarial_39 ... ok
[INFO] [stdout] test config_mass::config_toml_roundtrip_18 ... ok
[INFO] [stdout] test config_mass::config_toml_roundtrip_16 ... ok
[INFO] [stdout] test config_mass::config_adversarial_40 ... ok
[INFO] [stdout] test config_mass::config_toml_roundtrip_19 ... ok
[INFO] [stdout] test config_mass::config_toml_roundtrip_20 ... ok
[INFO] [stdout] test config_mass::config_toml_roundtrip_21 ... ok
[INFO] [stdout] test config_mass::config_toml_roundtrip_23 ... ok
[INFO] [stdout] test config_mass::config_toml_roundtrip_22 ... ok
[INFO] [stdout] test config_mass::config_validate_nopanic_01 ... ok
[INFO] [stdout] test config_mass::config_toml_roundtrip_24 ... ok
[INFO] [stdout] test config_mass::config_validate_nopanic_02 ... ok
[INFO] [stdout] test config_mass::config_validate_nopanic_06 ... ok
[INFO] [stdout] test config_mass::config_validate_nopanic_07 ... ok
[INFO] [stdout] test config_mass::config_validate_nopanic_03 ... ok
[INFO] [stdout] test config_mass::config_validate_nopanic_10 ... ok
[INFO] [stdout] test config_mass::config_validate_nopanic_05 ... ok
[INFO] [stdout] test config_mass::config_validate_nopanic_11 ... ok
[INFO] [stdout] test config_mass::config_toml_roundtrip_25 ... ok
[INFO] [stdout] test config_mass::config_validate_nopanic_12 ... ok
[INFO] [stdout] test config_mass::config_validate_nopanic_04 ... ok
[INFO] [stdout] test config_mass::config_validate_nopanic_13 ... ok
[INFO] [stdout] test config_mass::config_validate_nopanic_16 ... ok
[INFO] [stdout] test config_mass::config_validate_nopanic_17 ... ok
[INFO] [stdout] test config_mass::config_validate_nopanic_15 ... ok
[INFO] [stdout] test config_mass::config_validate_nopanic_18 ... ok
[INFO] [stdout] test config_mass::config_validate_nopanic_20 ... ok
[INFO] [stdout] test config_mass::config_validate_nopanic_21 ... ok
[INFO] [stdout] test config_mass::config_validate_nopanic_08 ... ok
[INFO] [stdout] test config_mass::context_from_str_27 ... ok
[INFO] [stdout] test config_mass::context_from_str_28 ... ok
[INFO] [stdout] test config_mass::config_validate_nopanic_22 ... ok
[INFO] [stdout] test config_mass::config_validate_nopanic_14 ... ok
[INFO] [stdout] test config_mass::config_validate_nopanic_19 ... ok
[INFO] [stdout] test config_mass::context_from_str_30 ... ok
[INFO] [stdout] test config_mass::context_from_str_31 ... ok
[INFO] [stdout] test config_mass::context_from_str_32 ... ok
[INFO] [stdout] test config_mass::config_validate_nopanic_09 ... ok
[INFO] [stdout] test config_mass::context_from_str_26 ... ok
[INFO] [stdout] test config_mass::context_from_str_34 ... ok
[INFO] [stdout] test config_mass::context_from_str_35 ... ok
[INFO] [stdout] test config_mass::config_validate_nopanic_23 ... ok
[INFO] [stdout] test config_mass::context_from_str_33 ... ok
[INFO] [stderr]      Running tests/test_depth_interactsh.rs (/opt/rustwide/target/release/deps/test_depth_interactsh-1e9d2cbde81e68b1)
[INFO] [stdout] test config_mass::context_from_str_29 ... ok
[INFO] [stdout] 
[INFO] [stdout] test result: ok. 48 passed; 0 failed; 0 ignored; 0 measured; 0 filtered out; finished in 0.05s
[INFO] [stdout] 
[INFO] [stdout] 
[INFO] [stdout] running 5 tests
[INFO] [stdout] test test_depth_io_error_injection ... FAILED
[INFO] [stdout] test test_adversarial_config_inputs ... ok
[INFO] [stdout] test test_depth_oom_simulated ... ok
[INFO] [stdout] test test_depth_integer_overflow_probes ... ok
[INFO] [stdout] test test_depth_concurrent_stress ... ok
[INFO] [stderr] error: test failed, to rerun pass `--test test_depth_interactsh`
[INFO] [stdout] 
[INFO] [stdout] failures:
[INFO] [stdout] 
[INFO] [stdout] ---- test_depth_io_error_injection stdout ----
[INFO] [stdout] 
[INFO] [stdout] thread 'test_depth_io_error_injection' (3646) panicked at tests/test_depth_interactsh.rs:191:5:
[INFO] [stdout] Expected IO error for un-writable path
[INFO] [stdout] stack backtrace:
[INFO] [stdout]    0:     0x56e4a0369891 - <<std[70759c8f55707aa4]::sys::backtrace::BacktraceLock>::print::DisplayBacktrace as core[df12db4294e9bfd3]::fmt::Display>::fmt
[INFO] [stdout]    1:     0x56e4a0381a1a - core[df12db4294e9bfd3]::fmt::write
[INFO] [stdout]    2:     0x56e4a036ea2c - <alloc[2182bb758b4b3781]::vec::Vec<u8> as core[df12db4294e9bfd3]::io::write::Write>::write_fmt
[INFO] [stdout]    3:     0x56e4a0343076 - std[70759c8f55707aa4]::panicking::default_hook::{closure#0}
[INFO] [stdout]    4:     0x56e4a0361159 - std[70759c8f55707aa4]::panicking::default_hook
[INFO] [stdout]    5:     0x56e49ffd71e0 - test[9d35eded1c95d3be]::test_main_inner::<test[9d35eded1c95d3be]::test_main_static::{closure#0}>::{closure#0}
[INFO] [stdout]    6:     0x56e4a0361482 - std[70759c8f55707aa4]::panicking::panic_with_hook
[INFO] [stdout]    7:     0x56e4a0343154 - std[70759c8f55707aa4]::panicking::panic_handler::{closure#0}
[INFO] [stdout]    8:     0x56e4a033bb19 - std[70759c8f55707aa4]::sys::backtrace::__rust_end_short_backtrace::<std[70759c8f55707aa4]::panicking::panic_handler::{closure#0}, !>
[INFO] [stdout]    9:     0x56e4a0343f0d - __rustc[8fa7c3cbc660c2b3]::rust_begin_unwind
[INFO] [stdout]   10:     0x56e4a03821fc - core[df12db4294e9bfd3]::panicking::panic_fmt
[INFO] [stdout]   11:     0x56e49ff989a4 - <test_depth_interactsh[aed1ba6b229dfd81]::test_depth_io_error_injection::{closure#0} as core[df12db4294e9bfd3]::ops::function::FnOnce<()>>::call_once
[INFO] [stdout]   12:     0x56e49ffca4cb - test[9d35eded1c95d3be]::__rust_begin_short_backtrace::<core[df12db4294e9bfd3]::result::Result<(), alloc[2182bb758b4b3781]::string::String>, fn() -> core[df12db4294e9bfd3]::result::Result<(), alloc[2182bb758b4b3781]::string::String>>
[INFO] [stdout]   13:     0x56e49ffd7b35 - test[9d35eded1c95d3be]::run_test::{closure#0}
[INFO] [stdout]   14:     0x56e49ffd13f4 - std[70759c8f55707aa4]::sys::backtrace::__rust_begin_short_backtrace::<test[9d35eded1c95d3be]::run_test::{closure#1}, ()>
[INFO] [stdout]   15:     0x56e49ffdac92 - <std[70759c8f55707aa4]::thread::lifecycle::spawn_unchecked<test[9d35eded1c95d3be]::run_test::{closure#1}, ()>::{closure#1} as core[df12db4294e9bfd3]::ops::function::FnOnce<()>>::call_once::{shim:vtable#0}
[INFO] [stdout]   16:     0x56e4a0368859 - <std[70759c8f55707aa4]::sys::thread::unix::Thread>::new::thread_start
[INFO] [stdout]   17:     0x7f10eaa97dfa - <unknown>
[INFO] [stdout]   18:     0x7f10eab2b3d4 - clone
[INFO] [stdout]   19:                0x0 - <unknown>
[INFO] [stdout] 
[INFO] [stdout] 
[INFO] [stdout] failures:
[INFO] [stdout]     test_depth_io_error_injection
[INFO] [stdout] 
[INFO] [stdout] test result: FAILED. 4 passed; 1 failed; 0 ignored; 0 measured; 0 filtered out; finished in 0.79s
[INFO] [stdout] 
[INFO] running `Command { std: "docker" "inspect" "6963f4c3e45779e6358d7202687a876a3b7a4ffe412c67d3b76066ac3dd8e2f3", kill_on_drop: false }`
[INFO] running `Command { std: "docker" "rm" "-f" "6963f4c3e45779e6358d7202687a876a3b7a4ffe412c67d3b76066ac3dd8e2f3", kill_on_drop: false }`
[INFO] [stdout] 6963f4c3e45779e6358d7202687a876a3b7a4ffe412c67d3b76066ac3dd8e2f3
