[INFO] fetching crate intent-model 0.1.0...
[INFO] testing intent-model-0.1.0 against 1.99.0-beta.8+cargoflags=--release for beta-release-1.100-2
[INFO] extracting crate intent-model 0.1.0 into /workspace/builds/worker-3-tc1/source
[INFO] started tweaking crates.io crate intent-model 0.1.0
[INFO] finished tweaking crates.io crate intent-model 0.1.0
[INFO] tweaked toml for crates.io crate intent-model 0.1.0 written to /workspace/builds/worker-3-tc1/source/Cargo.toml
[INFO] validating manifest of crates.io crate intent-model 0.1.0 on toolchain 1.99.0-beta.8
[INFO] running `Command { std: CARGO_HOME="/workspace/cargo-home" RUSTUP_HOME="/workspace/rustup-home" "/workspace/cargo-home/bin/cargo" "+1.99.0-beta.8" "metadata" "--manifest-path" "Cargo.toml" "--no-deps", kill_on_drop: false }`
[INFO] crate crates.io crate intent-model 0.1.0 already has a lockfile, it will not be regenerated
[INFO] running `Command { std: CARGO_HOME="/workspace/cargo-home" RUSTUP_HOME="/workspace/rustup-home" "/workspace/cargo-home/bin/cargo" "+1.99.0-beta.8" "fetch" "--manifest-path" "Cargo.toml", kill_on_drop: false }`
[INFO] [stderr]     Blocking waiting for file lock on package cache
[INFO] running `Command { std: "docker" "create" "-v" "/var/lib/crater-agent-workspace/builds/worker-3-tc1/source:/opt/rustwide/workdir:ro,Z" "-v" "/var/lib/crater-agent-workspace/builds/worker-3-tc1/target:/opt/rustwide/target:rw,Z" "-v" "/var/lib/crater-agent-workspace/cargo-home:/opt/rustwide/cargo-home:ro,Z" "-v" "/var/lib/crater-agent-workspace/rustup-home:/opt/rustwide/rustup-home:ro,Z" "-m" "1610612736" "--network" "none" "ghcr.io/rust-lang/crates-build-env/linux@sha256:77db811e55d90add9212f6832c23229e3de5f1c1f9905e8cb07319ea15df73ac" "sleep" "infinity", kill_on_drop: false }`
[INFO] [stdout] 3a218f30bc9d20f71baa352c72da602c654610a8b91e7ea989e2702a4c203976
[INFO] running `Command { std: "docker" "start" "3a218f30bc9d20f71baa352c72da602c654610a8b91e7ea989e2702a4c203976", kill_on_drop: false }`
[INFO] running `Command { std: "docker" "inspect" "3a218f30bc9d20f71baa352c72da602c654610a8b91e7ea989e2702a4c203976", kill_on_drop: false }`
[INFO] running `Command { std: "docker" "exec" "-e" "SOURCE_DIR=/opt/rustwide/workdir" "-e" "CARGO_HOME=/opt/rustwide/cargo-home" "-e" "RUSTUP_HOME=/opt/rustwide/rustup-home" "-e" "CARGO_TARGET_DIR=/opt/rustwide/target" "-w" "/opt/rustwide/workdir" "--user" "0:0" "3a218f30bc9d20f71baa352c72da602c654610a8b91e7ea989e2702a4c203976" "/opt/rustwide/cargo-home/bin/cargo" "+1.99.0-beta.8" "metadata" "--no-deps" "--format-version=1", kill_on_drop: false }`
[INFO] running `Command { std: "docker" "inspect" "3a218f30bc9d20f71baa352c72da602c654610a8b91e7ea989e2702a4c203976", kill_on_drop: false }`
[INFO] running `Command { std: "docker" "exec" "-e" "SOURCE_DIR=/opt/rustwide/workdir" "-e" "CARGO_HOME=/opt/rustwide/cargo-home" "-e" "RUSTUP_HOME=/opt/rustwide/rustup-home" "-e" "CARGO_TARGET_DIR=/opt/rustwide/target" "-e" "CARGO_INCREMENTAL=0" "-e" "RUST_BACKTRACE=full" "-e" "RUSTFLAGS=--cap-lints=warn" "-e" "RUSTDOCFLAGS=--cap-lints=warn" "-w" "/opt/rustwide/workdir" "--user" "0:0" "3a218f30bc9d20f71baa352c72da602c654610a8b91e7ea989e2702a4c203976" "/opt/rustwide/cargo-home/bin/cargo" "+1.99.0-beta.8" "build" "--frozen" "--message-format=json" "--release", kill_on_drop: false }`
[INFO] [stderr]    Compiling serde v1.0.229
[INFO] [stderr]    Compiling intent-model v0.1.0 (/opt/rustwide/workdir)
[INFO] [stderr]     Finished `release` profile [optimized] target(s) in 18.43s
[INFO] running `Command { std: "docker" "inspect" "3a218f30bc9d20f71baa352c72da602c654610a8b91e7ea989e2702a4c203976", kill_on_drop: false }`
[INFO] running `Command { std: "docker" "exec" "-e" "SOURCE_DIR=/opt/rustwide/workdir" "-e" "CARGO_HOME=/opt/rustwide/cargo-home" "-e" "RUSTUP_HOME=/opt/rustwide/rustup-home" "-e" "CARGO_TARGET_DIR=/opt/rustwide/target" "-e" "CARGO_INCREMENTAL=0" "-e" "RUST_BACKTRACE=full" "-e" "RUSTFLAGS=--cap-lints=warn" "-e" "RUSTDOCFLAGS=--cap-lints=warn" "-w" "/opt/rustwide/workdir" "--user" "0:0" "3a218f30bc9d20f71baa352c72da602c654610a8b91e7ea989e2702a4c203976" "/opt/rustwide/cargo-home/bin/cargo" "+1.99.0-beta.8" "test" "--frozen" "--no-run" "--message-format=json" "--release", kill_on_drop: false }`
[INFO] [stderr]    Compiling intent-model v0.1.0 (/opt/rustwide/workdir)
[INFO] [stderr]     Finished `release` profile [optimized] target(s) in 12.12s
[INFO] running `Command { std: "docker" "inspect" "3a218f30bc9d20f71baa352c72da602c654610a8b91e7ea989e2702a4c203976", kill_on_drop: false }`
[INFO] running `Command { std: "docker" "exec" "-e" "SOURCE_DIR=/opt/rustwide/workdir" "-e" "CARGO_HOME=/opt/rustwide/cargo-home" "-e" "RUSTUP_HOME=/opt/rustwide/rustup-home" "-e" "CARGO_TARGET_DIR=/opt/rustwide/target" "-e" "CARGO_INCREMENTAL=0" "-e" "RUST_BACKTRACE=full" "-e" "RUSTFLAGS=--cap-lints=warn" "-e" "RUSTDOCFLAGS=--cap-lints=warn" "-w" "/opt/rustwide/workdir" "--user" "0:0" "3a218f30bc9d20f71baa352c72da602c654610a8b91e7ea989e2702a4c203976" "/opt/rustwide/cargo-home/bin/cargo" "+1.99.0-beta.8" "test" "--frozen" "--release", kill_on_drop: false }`
[INFO] [stderr]     Finished `release` profile [optimized] target(s) in 0.04s
[INFO] [stderr]      Running unittests src/lib.rs (/opt/rustwide/target/release/deps/intent_model-a808ba04c95f4260)
[INFO] [stdout] 
[INFO] [stdout] running 35 tests
[INFO] [stdout] test governance_v2::tests::crate_identity_fixture_parses_and_validates ... ok
[INFO] [stdout] test spec_system::authored_mapping::tests::rejects_mutable_or_root_specific_mapping_fields ... ok
[INFO] [stdout] test spec_system::implementation_slice::tests::implementation_slice_rejects_free_form_git_basis ... ok
[INFO] [stdout] test governance_v2::tests::parity_fixture_parses_and_ignores_unmodeled_fields ... ok
[INFO] [stdout] test spec_system::implementation_slice::tests::implementation_slice_rejects_legacy_implementation_field ... ok
[INFO] [stdout] test governance_v2::tests::shim_fixture_parses_with_expiry ... ok
[INFO] [stdout] test governance_v2::tests::target_disposition_round_trips_strict_vocabulary ... ok
[INFO] [stdout] test spec_system::authored_mapping::tests::parses_authored_seam_and_evidence_sources ... ok
[INFO] [stdout] test spec_system::authored_mapping::tests::rejects_duplicate_subjects_and_weak_only_evidence ... ok
[INFO] [stdout] test governance_v2::tests::crate_identity_rejects_unknown_owner_and_role ... ok
[INFO] [stdout] test spec_system::implementation_slice::tests::implementation_slice_rejects_unknown_schema_version ... ok
[INFO] [stdout] test governance_v2::tests::claim_boundary_requires_claim_and_allows_limitations ... ok
[INFO] [stdout] test governance_v2::tests::package_posture_rejects_unknown_enums ... ok
[INFO] [stdout] test spec_system::requirement::tests::rejects_missing_requirement_fence ... ok
[INFO] [stdout] test spec_system::implementation_slice::tests::implementation_slice_rejects_zero_slice_generation ... ok
[INFO] [stdout] test governance_v2::tests::live_authorities_parse_through_compat ... FAILED
[INFO] [stdout] test tests::intent_content_identity_remains_compatible ... ok
[INFO] [stdout] test spec_system::support_tiers::tests::retains_proof_command_header_compatibility ... ok
[INFO] [stdout] test tests::intent_model_has_no_cargo_allow_product_dependency ... FAILED
[INFO] [stdout] test tests::parity_contracts_load_from_fixtures ... FAILED
[INFO] [stdout] test governance_v2::tests::package_posture_fixture_parses_and_validates ... ok
[INFO] [stdout] test governance_v2::tests::cutover_reference_requires_receipt ... ok
[INFO] [stdout] test spec_system::requirement::tests::parses_exact_requirement_fence ... ok
[INFO] [stdout] test governance_v2::tests::parity_reference_without_shim_is_valid ... ok
[INFO] [stdout] test spec_system::requirement::tests::reads_accepted_legacy_field_without_allowing_implemented_status ... ok
[INFO] [stdout] test tests::spec_system_snapshot_matches_intent_model ... FAILED
[INFO] [stdout] test spec_system::requirement::tests::rejects_multiple_requirement_fences ... ok
[INFO] [stdout] test tests::intent_error_retains_kind_and_toml_location ... ok
[INFO] [stdout] test spec_system::implementation_slice::tests::implementation_slice_rejects_mutable_execution_state ... ok
[INFO] [stdout] test spec_system::requirement::tests::rejects_unknown_requirement_generation ... ok
[INFO] [stdout] test spec_system::support_tiers::tests::parses_generation_two_support_vocabulary ... ok
[INFO] [stdout] test spec_system::implementation_slice::tests::implementation_slice_roundtrip ... ok
[INFO] [stdout] test spec_system::implementation_slice::tests::implementation_slice_rejects_runtime_class_override ... ok
[INFO] [stdout] test governance_v2::tests::dependency_law_round_trips_forbidden_and_required ... ok
[INFO] [stdout] test spec_system::implementation_slice::tests::several_independent_implementation_slices_can_coexist ... ok
[INFO] [stdout] 
[INFO] [stdout] failures:
[INFO] [stdout] 
[INFO] [stdout] ---- governance_v2::tests::live_authorities_parse_through_compat stdout ----
[INFO] [stdout] Error: "read policy/product-crates-v2.toml: No such file or directory (os error 2)"
[INFO] [stdout] 
[INFO] [stdout] ---- tests::intent_model_has_no_cargo_allow_product_dependency stdout ----
[INFO] [stdout] Error: "read intent-model manifest: No such file or directory (os error 2)"
[INFO] [stdout] 
[INFO] [stdout] ---- tests::parity_contracts_load_from_fixtures stdout ----
[INFO] [stdout] Error: "read /opt/rustwide/workdir/../../tests/fixtures/intent-model/parity-spec-system-v1.toml: No such file or directory (os error 2)"
[INFO] [stdout] 
[INFO] [stdout] ---- tests::spec_system_snapshot_matches_intent_model stdout ----
[INFO] [stdout] Error: "read canonical spec_system/active_goal.rs: No such file or directory (os error 2)"
[INFO] [stdout] 
[INFO] [stdout] 
[INFO] [stdout] failures:
[INFO] [stdout]     governance_v2::tests::live_authorities_parse_through_compat
[INFO] [stdout]     tests::intent_model_has_no_cargo_allow_product_dependency
[INFO] [stdout]     tests::parity_contracts_load_from_fixtures
[INFO] [stdout]     tests::spec_system_snapshot_matches_intent_model
[INFO] [stdout] 
[INFO] [stdout] test result: FAILED. 31 passed; 4 failed; 0 ignored; 0 measured; 0 filtered out; finished in 0.01s
[INFO] [stdout] 
[INFO] [stderr] error: test failed, to rerun pass `--lib`
[INFO] running `Command { std: "docker" "inspect" "3a218f30bc9d20f71baa352c72da602c654610a8b91e7ea989e2702a4c203976", kill_on_drop: false }`
[INFO] running `Command { std: "docker" "rm" "-f" "3a218f30bc9d20f71baa352c72da602c654610a8b91e7ea989e2702a4c203976", kill_on_drop: false }`
[INFO] [stdout] 3a218f30bc9d20f71baa352c72da602c654610a8b91e7ea989e2702a4c203976
