[INFO] fetching crate intent-ir 0.7.0-beta.1...
[INFO] testing intent-ir-0.7.0-beta.1 against 1.99.0-beta.8+cargoflags=--release for beta-release-1.100-2
[INFO] extracting crate intent-ir 0.7.0-beta.1 into /workspace/builds/worker-0-tc1/source
[INFO] started tweaking crates.io crate intent-ir 0.7.0-beta.1
[INFO] finished tweaking crates.io crate intent-ir 0.7.0-beta.1
[INFO] tweaked toml for crates.io crate intent-ir 0.7.0-beta.1 written to /workspace/builds/worker-0-tc1/source/Cargo.toml
[INFO] validating manifest of crates.io crate intent-ir 0.7.0-beta.1 on toolchain 1.99.0-beta.8
[INFO] running `Command { std: CARGO_HOME="/workspace/cargo-home" RUSTUP_HOME="/workspace/rustup-home" "/workspace/cargo-home/bin/cargo" "+1.99.0-beta.8" "metadata" "--manifest-path" "Cargo.toml" "--no-deps", kill_on_drop: false }`
[INFO] crate crates.io crate intent-ir 0.7.0-beta.1 already has a lockfile, it will not be regenerated
[INFO] running `Command { std: CARGO_HOME="/workspace/cargo-home" RUSTUP_HOME="/workspace/rustup-home" "/workspace/cargo-home/bin/cargo" "+1.99.0-beta.8" "fetch" "--manifest-path" "Cargo.toml", kill_on_drop: false }`
[INFO] [stderr]     Blocking waiting for file lock on package cache
[INFO] [stderr]     Updating crates.io index
[INFO] [stderr]  Downloading crates ...
[INFO] [stderr]   Downloaded intent-parser v0.7.0-beta.1
[INFO] running `Command { std: "docker" "create" "-v" "/var/lib/crater-agent-workspace/builds/worker-0-tc1/source:/opt/rustwide/workdir:ro,Z" "-v" "/var/lib/crater-agent-workspace/builds/worker-0-tc1/target:/opt/rustwide/target:rw,Z" "-v" "/var/lib/crater-agent-workspace/cargo-home:/opt/rustwide/cargo-home:ro,Z" "-v" "/var/lib/crater-agent-workspace/rustup-home:/opt/rustwide/rustup-home:ro,Z" "-m" "1610612736" "--network" "none" "ghcr.io/rust-lang/crates-build-env/linux@sha256:77db811e55d90add9212f6832c23229e3de5f1c1f9905e8cb07319ea15df73ac" "sleep" "infinity", kill_on_drop: false }`
[INFO] [stdout] 24f3c097d82be9c77a75f4e5be7bb877e4cba56342dc3281cb96a0320822b475
[INFO] running `Command { std: "docker" "start" "24f3c097d82be9c77a75f4e5be7bb877e4cba56342dc3281cb96a0320822b475", kill_on_drop: false }`
[INFO] running `Command { std: "docker" "inspect" "24f3c097d82be9c77a75f4e5be7bb877e4cba56342dc3281cb96a0320822b475", kill_on_drop: false }`
[INFO] running `Command { std: "docker" "exec" "-e" "SOURCE_DIR=/opt/rustwide/workdir" "-e" "CARGO_HOME=/opt/rustwide/cargo-home" "-e" "RUSTUP_HOME=/opt/rustwide/rustup-home" "-e" "CARGO_TARGET_DIR=/opt/rustwide/target" "-w" "/opt/rustwide/workdir" "--user" "0:0" "24f3c097d82be9c77a75f4e5be7bb877e4cba56342dc3281cb96a0320822b475" "/opt/rustwide/cargo-home/bin/cargo" "+1.99.0-beta.8" "metadata" "--no-deps" "--format-version=1", kill_on_drop: false }`
[INFO] running `Command { std: "docker" "inspect" "24f3c097d82be9c77a75f4e5be7bb877e4cba56342dc3281cb96a0320822b475", kill_on_drop: false }`
[INFO] running `Command { std: "docker" "exec" "-e" "SOURCE_DIR=/opt/rustwide/workdir" "-e" "CARGO_HOME=/opt/rustwide/cargo-home" "-e" "RUSTUP_HOME=/opt/rustwide/rustup-home" "-e" "CARGO_TARGET_DIR=/opt/rustwide/target" "-e" "CARGO_INCREMENTAL=0" "-e" "RUST_BACKTRACE=full" "-e" "RUSTFLAGS=--cap-lints=warn" "-e" "RUSTDOCFLAGS=--cap-lints=warn" "-w" "/opt/rustwide/workdir" "--user" "0:0" "24f3c097d82be9c77a75f4e5be7bb877e4cba56342dc3281cb96a0320822b475" "/opt/rustwide/cargo-home/bin/cargo" "+1.99.0-beta.8" "build" "--frozen" "--message-format=json" "--release", kill_on_drop: false }`
[INFO] [stderr]    Compiling syn v2.0.117
[INFO] [stderr]    Compiling object v0.37.3
[INFO] [stderr]    Compiling rustix v1.1.4
[INFO] [stderr]    Compiling supports-color v3.0.2
[INFO] [stderr]    Compiling serde_json v1.0.149
[INFO] [stderr]    Compiling terminal_size v0.4.3
[INFO] [stderr]    Compiling pest_generator v2.8.6
[INFO] [stderr]    Compiling thiserror-impl v2.0.18
[INFO] [stderr]    Compiling serde_derive v1.0.228
[INFO] [stderr]    Compiling miette-derive v7.6.0
[INFO] [stderr]    Compiling pest_derive v2.8.6
[INFO] [stderr]    Compiling thiserror v2.0.18
[INFO] [stderr]    Compiling backtrace v0.3.76
[INFO] [stderr]    Compiling backtrace-ext v0.2.1
[INFO] [stderr]    Compiling miette v7.6.0
[INFO] [stderr]    Compiling serde v1.0.228
[INFO] [stderr]    Compiling intent-parser v0.7.0-beta.1
[INFO] [stderr]    Compiling intent-ir v0.7.0-beta.1 (/opt/rustwide/workdir)
[INFO] [stderr]     Finished `release` profile [optimized] target(s) in 26.30s
[INFO] running `Command { std: "docker" "inspect" "24f3c097d82be9c77a75f4e5be7bb877e4cba56342dc3281cb96a0320822b475", kill_on_drop: false }`
[INFO] running `Command { std: "docker" "exec" "-e" "SOURCE_DIR=/opt/rustwide/workdir" "-e" "CARGO_HOME=/opt/rustwide/cargo-home" "-e" "RUSTUP_HOME=/opt/rustwide/rustup-home" "-e" "CARGO_TARGET_DIR=/opt/rustwide/target" "-e" "CARGO_INCREMENTAL=0" "-e" "RUST_BACKTRACE=full" "-e" "RUSTFLAGS=--cap-lints=warn" "-e" "RUSTDOCFLAGS=--cap-lints=warn" "-w" "/opt/rustwide/workdir" "--user" "0:0" "24f3c097d82be9c77a75f4e5be7bb877e4cba56342dc3281cb96a0320822b475" "/opt/rustwide/cargo-home/bin/cargo" "+1.99.0-beta.8" "test" "--frozen" "--no-run" "--message-format=json" "--release", kill_on_drop: false }`
[INFO] [stderr]    Compiling intent-ir v0.7.0-beta.1 (/opt/rustwide/workdir)
[INFO] [stderr]     Finished `release` profile [optimized] target(s) in 6.91s
[INFO] running `Command { std: "docker" "inspect" "24f3c097d82be9c77a75f4e5be7bb877e4cba56342dc3281cb96a0320822b475", kill_on_drop: false }`
[INFO] running `Command { std: "docker" "exec" "-e" "SOURCE_DIR=/opt/rustwide/workdir" "-e" "CARGO_HOME=/opt/rustwide/cargo-home" "-e" "RUSTUP_HOME=/opt/rustwide/rustup-home" "-e" "CARGO_TARGET_DIR=/opt/rustwide/target" "-e" "CARGO_INCREMENTAL=0" "-e" "RUST_BACKTRACE=full" "-e" "RUSTFLAGS=--cap-lints=warn" "-e" "RUSTDOCFLAGS=--cap-lints=warn" "-w" "/opt/rustwide/workdir" "--user" "0:0" "24f3c097d82be9c77a75f4e5be7bb877e4cba56342dc3281cb96a0320822b475" "/opt/rustwide/cargo-home/bin/cargo" "+1.99.0-beta.8" "test" "--frozen" "--release", kill_on_drop: false }`
[INFO] [stderr]     Finished `release` profile [optimized] target(s) in 0.09s
[INFO] [stderr]      Running unittests src/lib.rs (/opt/rustwide/target/release/deps/intent_ir-462c361f7581fc00)
[INFO] [stdout] 
[INFO] [stdout] running 74 tests
[INFO] [stdout] test audit_tests::obligations_appear_in_report ... ok
[INFO] [stdout] test audit_tests::invariant_trace ... ok
[INFO] [stdout] test audit_tests::coverage_summary_counts ... ok
[INFO] [stdout] test audit_tests::transfer_example_audit ... FAILED
[INFO] [stdout] test audit_tests::coverage_format_contains_sections ... ok
[INFO] [stdout] test diff_tests::action_precondition_added ... ok
[INFO] [stdout] test audit_tests::basic_action_trace ... ok
[INFO] [stdout] test audit_tests::basic_entity_trace ... ok
[INFO] [stdout] test audit_tests::edge_cases_trace ... ok
[INFO] [stdout] test audit_tests::line_numbers_are_valid ... ok
[INFO] [stdout] test diff_tests::added_invariant ... ok
[INFO] [stdout] test diff_tests::removed_entity ... ok
[INFO] [stdout] test diff_tests::no_changes_format ... ok
[INFO] [stdout] test diff_tests::coverage_delta_in_format ... ok
[INFO] [stdout] test diff_tests::identical_specs_no_changes ... ok
[INFO] [stdout] test diff_tests::obligations_delta ... ok
[INFO] [stdout] test incremental_tests::cache_serialization_roundtrip ... ok
[INFO] [stdout] test diff_tests::added_entity ... ok
[INFO] [stdout] test incremental_tests::added_function_triggers_context_change ... ok
[INFO] [stdout] test incremental_tests::struct_change_invalidates_dependent_functions ... ok
[INFO] [stdout] test diff_tests::added_action ... ok
[INFO] [stdout] test lock_tests::format_status_empty ... ok
[INFO] [stdout] test incremental_tests::invariant_caching ... ok
[INFO] [stdout] test lock_tests::lock_and_unlock ... ok
[INFO] [stdout] test incremental_tests::no_cache_does_full_verify ... ok
[INFO] [stdout] test diff_tests::modified_entity_field_added ... ok
[INFO] [stdout] test diff_tests::modified_entity_field_removed ... ok
[INFO] [stdout] test lock_tests::unlock_not_claimed ... ok
[INFO] [stdout] test diff_tests::verification_status_in_format ... ok
[INFO] [stdout] test lock_tests::lock_conflict ... ok
[INFO] [stdout] test lock_tests::unlock_wrong_agent ... ok
[INFO] [stdout] test lock_tests::lock_unknown_item ... ok
[INFO] [stdout] test incremental_tests::obligations_always_recomputed ... ok
[INFO] [stdout] test incremental_tests::identical_module_uses_cache ... ok
[INFO] [stdout] test lock_tests::extract_items_from_audit ... ok
[INFO] [stdout] test lock_tests::format_status_with_claims ... ok
[INFO] [stdout] test incremental_tests::module_name_mismatch_invalidates_cache ... ok
[INFO] [stdout] test lower_tests::lower_empty_list_literal ... ok
[INFO] [stdout] test lower_tests::lower_list_literal ... ok
[INFO] [stdout] test incremental_tests::edge_guard_caching ... ok
[INFO] [stdout] test lower_tests::lower_when_postcondition ... ok
[INFO] [stdout] test lock_tests::lockfile_serialization_roundtrip ... ok
[INFO] [stdout] test lower_tests::lower_collection_types ... ok
[INFO] [stdout] test lock_tests::multiple_agents_different_items ... ok
[INFO] [stdout] test lower_tests::lower_properties ... ok
[INFO] [stdout] test lock_tests::same_agent_reclaim ... ok
[INFO] [stdout] test lower_tests::lower_edge_cases ... ok
[INFO] [stdout] test lower_tests::lower_optional_type ... ok
[INFO] [stdout] test verify_tests::no_obligations_when_no_invariants ... ok
[INFO] [stdout] test lower_tests::lower_action_to_function ... ok
[INFO] [stdout] test verify_tests::auth_example_verifies ... FAILED
[INFO] [stdout] test lower_tests::lower_invariant ... ok
[INFO] [stdout] test verify_tests::no_obligations_when_no_old ... ok
[INFO] [stdout] test verify_tests::obligation_temporal_property ... ok
[INFO] [stdout] test verify_tests::quantifier_over_action_accepted ... ok
[INFO] [stdout] test lower_tests::source_traces_populated ... ok
[INFO] [stdout] test lower_tests::lower_entity_to_struct ... ok
[INFO] [stdout] test verify_tests::obligation_only_for_constrained_fields ... ok
[INFO] [stdout] test verify_tests::transfer_example_verifies ... FAILED
[INFO] [stderr] error: test failed, to rerun pass `--lib`
[INFO] [stdout] test verify_tests::transfer_example_obligations ... FAILED
[INFO] [stdout] test lower_tests::lower_union_type ... ok
[INFO] [stdout] test verify_tests::unknown_quantifier_type ... ok
[INFO] [stdout] test verify_tests::valid_action_passes ... ok
[INFO] [stdout] test verify_tests::zero_arg_call_not_flagged ... ok
[INFO] [stdout] test verify_tests::old_in_precondition_rejected ... ok
[INFO] [stdout] test verify_tests::obligation_invariant_preservation ... ok
[INFO] [stdout] test verify_tests::old_in_temporal_invariant_accepted ... ok
[INFO] [stdout] test verify_tests::shopping_cart_example_verifies ... FAILED
[INFO] [stdout] test verify_tests::postcondition_without_params ... ok
[INFO] [stdout] test diff_tests::modified_entity_field_type_changed ... ok
[INFO] [stdout] test verify_tests::union_variant_not_flagged_as_unbound ... ok
[INFO] [stdout] test lower_tests::lower_zero_arg_call ... ok
[INFO] [stdout] test incremental_tests::changed_function_is_reverified ... ok
[INFO] [stdout] test incremental_tests::errors_preserved_in_cache ... ok
[INFO] [stdout] 
[INFO] [stdout] failures:
[INFO] [stdout] 
[INFO] [stdout] ---- audit_tests::transfer_example_audit stdout ----
[INFO] [stdout] 
[INFO] [stdout] thread 'audit_tests::transfer_example_audit' (566) panicked at src/audit_tests.rs:96:73:
[INFO] [stdout] called `Result::unwrap()` on an `Err` value: Os { code: 2, kind: NotFound, message: "No such file or directory" }
[INFO] [stdout] stack backtrace:
[INFO] [stdout]    0:     0x6125933fa4e1 - <<std[70759c8f55707aa4]::sys::backtrace::BacktraceLock>::print::DisplayBacktrace as core[df12db4294e9bfd3]::fmt::Display>::fmt
[INFO] [stdout]    1:     0x61259340f1ea - core[df12db4294e9bfd3]::fmt::write
[INFO] [stdout]    2:     0x6125933fe97c - <alloc[2182bb758b4b3781]::vec::Vec<u8> as core[df12db4294e9bfd3]::io::write::Write>::write_fmt
[INFO] [stdout]    3:     0x6125933d6766 - std[70759c8f55707aa4]::panicking::default_hook::{closure#0}
[INFO] [stdout]    4:     0x6125933f28d9 - std[70759c8f55707aa4]::panicking::default_hook
[INFO] [stdout]    5:     0x612593354b10 - test[9d35eded1c95d3be]::test_main_inner::<test[9d35eded1c95d3be]::test_main_static::{closure#0}>::{closure#0}
[INFO] [stdout]    6:     0x6125933f2a92 - std[70759c8f55707aa4]::panicking::panic_with_hook
[INFO] [stdout]    7:     0x6125933d6812 - std[70759c8f55707aa4]::panicking::panic_handler::{closure#0}
[INFO] [stdout]    8:     0x6125933cf409 - std[70759c8f55707aa4]::sys::backtrace::__rust_end_short_backtrace::<std[70759c8f55707aa4]::panicking::panic_handler::{closure#0}, !>
[INFO] [stdout]    9:     0x6125933d740d - __rustc[8fa7c3cbc660c2b3]::rust_begin_unwind
[INFO] [stdout]   10:     0x61259340f91c - core[df12db4294e9bfd3]::panicking::panic_fmt
[INFO] [stdout]   11:     0x61259340f6f2 - core[df12db4294e9bfd3]::result::unwrap_failed
[INFO] [stdout]   12:     0x612593337f61 - intent_ir[c41cf9f06118440]::audit_tests::transfer_example_audit
[INFO] [stdout]   13:     0x612593342489 - <intent_ir[c41cf9f06118440]::audit_tests::transfer_example_audit::{closure#0} as core[df12db4294e9bfd3]::ops::function::FnOnce<()>>::call_once
[INFO] [stdout]   14:     0x612593347dfb - test[9d35eded1c95d3be]::__rust_begin_short_backtrace::<core[df12db4294e9bfd3]::result::Result<(), alloc[2182bb758b4b3781]::string::String>, fn() -> core[df12db4294e9bfd3]::result::Result<(), alloc[2182bb758b4b3781]::string::String>>
[INFO] [stdout]   15:     0x612593355465 - test[9d35eded1c95d3be]::run_test::{closure#0}
[INFO] [stdout]   16:     0x61259334ed24 - std[70759c8f55707aa4]::sys::backtrace::__rust_begin_short_backtrace::<test[9d35eded1c95d3be]::run_test::{closure#1}, ()>
[INFO] [stdout]   17:     0x6125933585c2 - <std[70759c8f55707aa4]::thread::lifecycle::spawn_unchecked<test[9d35eded1c95d3be]::run_test::{closure#1}, ()>::{closure#1} as core[df12db4294e9bfd3]::ops::function::FnOnce<()>>::call_once::{shim:vtable#0}
[INFO] [stdout]   18:     0x6125933f9a49 - <std[70759c8f55707aa4]::sys::thread::unix::Thread>::new::thread_start
[INFO] [stdout]   19:     0x7ab780132dfa - <unknown>
[INFO] [stdout]   20:     0x7ab7801c63d4 - clone
[INFO] [stdout]   21:                0x0 - <unknown>
[INFO] [stdout] 
[INFO] [stdout] ---- verify_tests::auth_example_verifies stdout ----
[INFO] [stdout] 
[INFO] [stdout] thread 'verify_tests::auth_example_verifies' (615) panicked at src/verify_tests.rs:130:69:
[INFO] [stdout] called `Result::unwrap()` on an `Err` value: Os { code: 2, kind: NotFound, message: "No such file or directory" }
[INFO] [stdout] stack backtrace:
[INFO] [stdout]    0:     0x6125933fa4e1 - <<std[70759c8f55707aa4]::sys::backtrace::BacktraceLock>::print::DisplayBacktrace as core[df12db4294e9bfd3]::fmt::Display>::fmt
[INFO] [stdout]    1:     0x61259340f1ea - core[df12db4294e9bfd3]::fmt::write
[INFO] [stdout]    2:     0x6125933fe97c - <alloc[2182bb758b4b3781]::vec::Vec<u8> as core[df12db4294e9bfd3]::io::write::Write>::write_fmt
[INFO] [stdout]    3:     0x6125933d6766 - std[70759c8f55707aa4]::panicking::default_hook::{closure#0}
[INFO] [stdout]    4:     0x6125933f28d9 - std[70759c8f55707aa4]::panicking::default_hook
[INFO] [stdout]    5:     0x612593354b10 - test[9d35eded1c95d3be]::test_main_inner::<test[9d35eded1c95d3be]::test_main_static::{closure#0}>::{closure#0}
[INFO] [stdout]    6:     0x6125933f2a92 - std[70759c8f55707aa4]::panicking::panic_with_hook
[INFO] [stdout]    7:     0x6125933d6812 - std[70759c8f55707aa4]::panicking::panic_handler::{closure#0}
[INFO] [stdout]    8:     0x6125933cf409 - std[70759c8f55707aa4]::sys::backtrace::__rust_end_short_backtrace::<std[70759c8f55707aa4]::panicking::panic_handler::{closure#0}, !>
[INFO] [stdout]    9:     0x6125933d740d - __rustc[8fa7c3cbc660c2b3]::rust_begin_unwind
[INFO] [stdout]   10:     0x61259340f91c - core[df12db4294e9bfd3]::panicking::panic_fmt
[INFO] [stdout]   11:     0x61259340f6f2 - core[df12db4294e9bfd3]::result::unwrap_failed
[INFO] [stdout]   12:     0x61259330cc43 - intent_ir[c41cf9f06118440]::verify_tests::auth_example_verifies
[INFO] [stdout]   13:     0x612593342749 - <intent_ir[c41cf9f06118440]::verify_tests::auth_example_verifies::{closure#0} as core[df12db4294e9bfd3]::ops::function::FnOnce<()>>::call_once
[INFO] [stdout]   14:     0x612593347dfb - test[9d35eded1c95d3be]::__rust_begin_short_backtrace::<core[df12db4294e9bfd3]::result::Result<(), alloc[2182bb758b4b3781]::string::String>, fn() -> core[df12db4294e9bfd3]::result::Result<(), alloc[2182bb758b4b3781]::string::String>>
[INFO] [stdout]   15:     0x612593355465 - test[9d35eded1c95d3be]::run_test::{closure#0}
[INFO] [stdout]   16:     0x61259334ed24 - std[70759c8f55707aa4]::sys::backtrace::__rust_begin_short_backtrace::<test[9d35eded1c95d3be]::run_test::{closure#1}, ()>
[INFO] [stdout]   17:     0x6125933585c2 - <std[70759c8f55707aa4]::thread::lifecycle::spawn_unchecked<test[9d35eded1c95d3be]::run_test::{closure#1}, ()>::{closure#1} as core[df12db4294e9bfd3]::ops::function::FnOnce<()>>::call_once::{shim:vtable#0}
[INFO] [stdout]   18:     0x6125933f9a49 - <std[70759c8f55707aa4]::sys::thread::unix::Thread>::new::thread_start
[INFO] [stdout]   19:     0x7ab780132dfa - <unknown>
[INFO] [stdout]   20:     0x7ab7801c63d4 - clone
[INFO] [stdout]   21:                0x0 - <unknown>
[INFO] [stdout] 
[INFO] [stdout] ---- verify_tests::transfer_example_verifies stdout ----
[INFO] [stdout] 
[INFO] [stdout] thread 'verify_tests::transfer_example_verifies' (627) panicked at src/verify_tests.rs:117:73:
[INFO] [stdout] called `Result::unwrap()` on an `Err` value: Os { code: 2, kind: NotFound, message: "No such file or directory" }
[INFO] [stdout] stack backtrace:
[INFO] [stdout]    0:     0x6125933fa4e1 - <<std[70759c8f55707aa4]::sys::backtrace::BacktraceLock>::print::DisplayBacktrace as core[df12db4294e9bfd3]::fmt::Display>::fmt
[INFO] [stdout]    1:     0x61259340f1ea - core[df12db4294e9bfd3]::fmt::write
[INFO] [stdout]    2:     0x6125933fe97c - <alloc[2182bb758b4b3781]::vec::Vec<u8> as core[df12db4294e9bfd3]::io::write::Write>::write_fmt
[INFO] [stdout]    3:     0x6125933d6766 - std[70759c8f55707aa4]::panicking::default_hook::{closure#0}
[INFO] [stdout]    4:     0x6125933f28d9 - std[70759c8f55707aa4]::panicking::default_hook
[INFO] [stdout]    5:     0x612593354b10 - test[9d35eded1c95d3be]::test_main_inner::<test[9d35eded1c95d3be]::test_main_static::{closure#0}>::{closure#0}
[INFO] [stdout]    6:     0x6125933f2a92 - std[70759c8f55707aa4]::panicking::panic_with_hook
[INFO] [stdout]    7:     0x6125933d6812 - std[70759c8f55707aa4]::panicking::panic_handler::{closure#0}
[INFO] [stdout]    8:     0x6125933cf409 - std[70759c8f55707aa4]::sys::backtrace::__rust_end_short_backtrace::<std[70759c8f55707aa4]::panicking::panic_handler::{closure#0}, !>
[INFO] [stdout]    9:     0x6125933d740d - __rustc[8fa7c3cbc660c2b3]::rust_begin_unwind
[INFO] [stdout]   10:     0x61259340f91c - core[df12db4294e9bfd3]::panicking::panic_fmt
[INFO] [stdout]   11:     0x61259340f6f2 - core[df12db4294e9bfd3]::result::unwrap_failed
[INFO] [stdout]   12:     0x61259330d043 - intent_ir[c41cf9f06118440]::verify_tests::transfer_example_verifies
[INFO] [stdout]   13:     0x612593342789 - <intent_ir[c41cf9f06118440]::verify_tests::transfer_example_verifies::{closure#0} as core[df12db4294e9bfd3]::ops::function::FnOnce<()>>::call_once
[INFO] [stdout]   14:     0x612593347dfb - test[9d35eded1c95d3be]::__rust_begin_short_backtrace::<core[df12db4294e9bfd3]::result::Result<(), alloc[2182bb758b4b3781]::string::String>, fn() -> core[df12db4294e9bfd3]::result::Result<(), alloc[2182bb758b4b3781]::string::String>>
[INFO] [stdout]   15:     0x612593355465 - test[9d35eded1c95d3be]::run_test::{closure#0}
[INFO] [stdout]   16:     0x61259334ed24 - std[70759c8f55707aa4]::sys::backtrace::__rust_begin_short_backtrace::<test[9d35eded1c95d3be]::run_test::{closure#1}, ()>
[INFO] [stdout]   17:     0x6125933585c2 - <std[70759c8f55707aa4]::thread::lifecycle::spawn_unchecked<test[9d35eded1c95d3be]::run_test::{closure#1}, ()>::{closure#1} as core[df12db4294e9bfd3]::ops::function::FnOnce<()>>::call_once::{shim:vtable#0}
[INFO] [stdout]   18:     0x6125933f9a49 - <std[70759c8f55707aa4]::sys::thread::unix::Thread>::new::thread_start
[INFO] [stdout]   19:     0x7ab780132dfa - <unknown>
[INFO] [stdout]   20:     0x7ab7801c63d4 - clone
[INFO] [stdout]   21:                0x0 - <unknown>
[INFO] [stdout] 
[INFO] [stdout] ---- verify_tests::transfer_example_obligations stdout ----
[INFO] [stdout] 
[INFO] [stdout] thread 'verify_tests::transfer_example_obligations' (626) panicked at src/verify_tests.rs:208:73:
[INFO] [stdout] called `Result::unwrap()` on an `Err` value: Os { code: 2, kind: NotFound, message: "No such file or directory" }
[INFO] [stdout] stack backtrace:
[INFO] [stdout]    0:     0x6125933fa4e1 - <<std[70759c8f55707aa4]::sys::backtrace::BacktraceLock>::print::DisplayBacktrace as core[df12db4294e9bfd3]::fmt::Display>::fmt
[INFO] [stdout]    1:     0x61259340f1ea - core[df12db4294e9bfd3]::fmt::write
[INFO] [stdout]    2:     0x6125933fe97c - <alloc[2182bb758b4b3781]::vec::Vec<u8> as core[df12db4294e9bfd3]::io::write::Write>::write_fmt
[INFO] [stdout]    3:     0x6125933d6766 - std[70759c8f55707aa4]::panicking::default_hook::{closure#0}
[INFO] [stdout]    4:     0x6125933f28d9 - std[70759c8f55707aa4]::panicking::default_hook
[INFO] [stdout]    5:     0x612593354b10 - test[9d35eded1c95d3be]::test_main_inner::<test[9d35eded1c95d3be]::test_main_static::{closure#0}>::{closure#0}
[INFO] [stdout]    6:     0x6125933f2a92 - std[70759c8f55707aa4]::panicking::panic_with_hook
[INFO] [stdout]    7:     0x6125933d6812 - std[70759c8f55707aa4]::panicking::panic_handler::{closure#0}
[INFO] [stdout]    8:     0x6125933cf409 - std[70759c8f55707aa4]::sys::backtrace::__rust_end_short_backtrace::<std[70759c8f55707aa4]::panicking::panic_handler::{closure#0}, !>
[INFO] [stdout]    9:     0x6125933d740d - __rustc[8fa7c3cbc660c2b3]::rust_begin_unwind
[INFO] [stdout]   10:     0x61259340f91c - core[df12db4294e9bfd3]::panicking::panic_fmt
[INFO] [stdout]   11:     0x61259340f6f2 - core[df12db4294e9bfd3]::result::unwrap_failed
[INFO] [stdout]   12:     0x61259330d967 - intent_ir[c41cf9f06118440]::verify_tests::transfer_example_obligations
[INFO] [stdout]   13:     0x612593342849 - <intent_ir[c41cf9f06118440]::verify_tests::transfer_example_obligations::{closure#0} as core[df12db4294e9bfd3]::ops::function::FnOnce<()>>::call_once
[INFO] [stdout]   14:     0x612593347dfb - test[9d35eded1c95d3be]::__rust_begin_short_backtrace::<core[df12db4294e9bfd3]::result::Result<(), alloc[2182bb758b4b3781]::string::String>, fn() -> core[df12db4294e9bfd3]::result::Result<(), alloc[2182bb758b4b3781]::string::String>>
[INFO] [stdout]   15:     0x612593355465 - test[9d35eded1c95d3be]::run_test::{closure#0}
[INFO] [stdout]   16:     0x61259334ed24 - std[70759c8f55707aa4]::sys::backtrace::__rust_begin_short_backtrace::<test[9d35eded1c95d3be]::run_test::{closure#1}, ()>
[INFO] [stdout]   17:     0x6125933585c2 - <std[70759c8f55707aa4]::thread::lifecycle::spawn_unchecked<test[9d35eded1c95d3be]::run_test::{closure#1}, ()>::{closure#1} as core[df12db4294e9bfd3]::ops::function::FnOnce<()>>::call_once::{shim:vtable#0}
[INFO] [stdout]   18:     0x6125933f9a49 - <std[70759c8f55707aa4]::sys::thread::unix::Thread>::new::thread_start
[INFO] [stdout]   19:     0x7ab780132dfa - <unknown>
[INFO] [stdout]   20:     0x7ab7801c63d4 - clone
[INFO] [stdout]   21:                0x0 - <unknown>
[INFO] [stdout] 
[INFO] [stdout] ---- verify_tests::shopping_cart_example_verifies stdout ----
[INFO] [stdout] 
[INFO] [stdout] thread 'verify_tests::shopping_cart_example_verifies' (625) panicked at src/verify_tests.rs:143:78:
[INFO] [stdout] called `Result::unwrap()` on an `Err` value: Os { code: 2, kind: NotFound, message: "No such file or directory" }
[INFO] [stdout] stack backtrace:
[INFO] [stdout]    0:     0x6125933fa4e1 - <<std[70759c8f55707aa4]::sys::backtrace::BacktraceLock>::print::DisplayBacktrace as core[df12db4294e9bfd3]::fmt::Display>::fmt
[INFO] [stdout]    1:     0x61259340f1ea - core[df12db4294e9bfd3]::fmt::write
[INFO] [stdout]    2:     0x6125933fe97c - <alloc[2182bb758b4b3781]::vec::Vec<u8> as core[df12db4294e9bfd3]::io::write::Write>::write_fmt
[INFO] [stdout]    3:     0x6125933d6766 - std[70759c8f55707aa4]::panicking::default_hook::{closure#0}
[INFO] [stdout]    4:     0x6125933f28d9 - std[70759c8f55707aa4]::panicking::default_hook
[INFO] [stdout]    5:     0x612593354b10 - test[9d35eded1c95d3be]::test_main_inner::<test[9d35eded1c95d3be]::test_main_static::{closure#0}>::{closure#0}
[INFO] [stdout]    6:     0x6125933f2a92 - std[70759c8f55707aa4]::panicking::panic_with_hook
[INFO] [stdout]    7:     0x6125933d6812 - std[70759c8f55707aa4]::panicking::panic_handler::{closure#0}
[INFO] [stdout]    8:     0x6125933cf409 - std[70759c8f55707aa4]::sys::backtrace::__rust_end_short_backtrace::<std[70759c8f55707aa4]::panicking::panic_handler::{closure#0}, !>
[INFO] [stdout]    9:     0x6125933d740d - __rustc[8fa7c3cbc660c2b3]::rust_begin_unwind
[INFO] [stdout]   10:     0x61259340f91c - core[df12db4294e9bfd3]::panicking::panic_fmt
[INFO] [stdout]   11:     0x61259340f6f2 - core[df12db4294e9bfd3]::result::unwrap_failed
[INFO] [stdout]   12:     0x61259330dbb3 - intent_ir[c41cf9f06118440]::verify_tests::shopping_cart_example_verifies
[INFO] [stdout]   13:     0x612593342869 - <intent_ir[c41cf9f06118440]::verify_tests::shopping_cart_example_verifies::{closure#0} as core[df12db4294e9bfd3]::ops::function::FnOnce<()>>::call_once
[INFO] [stdout]   14:     0x612593347dfb - test[9d35eded1c95d3be]::__rust_begin_short_backtrace::<core[df12db4294e9bfd3]::result::Result<(), alloc[2182bb758b4b3781]::string::String>, fn() -> core[df12db4294e9bfd3]::result::Result<(), alloc[2182bb758b4b3781]::string::String>>
[INFO] [stdout]   15:     0x612593355465 - test[9d35eded1c95d3be]::run_test::{closure#0}
[INFO] [stdout]   16:     0x61259334ed24 - std[70759c8f55707aa4]::sys::backtrace::__rust_begin_short_backtrace::<test[9d35eded1c95d3be]::run_test::{closure#1}, ()>
[INFO] [stdout]   17:     0x6125933585c2 - <std[70759c8f55707aa4]::thread::lifecycle::spawn_unchecked<test[9d35eded1c95d3be]::run_test::{closure#1}, ()>::{closure#1} as core[df12db4294e9bfd3]::ops::function::FnOnce<()>>::call_once::{shim:vtable#0}
[INFO] [stdout]   18:     0x6125933f9a49 - <std[70759c8f55707aa4]::sys::thread::unix::Thread>::new::thread_start
[INFO] [stdout]   19:     0x7ab780132dfa - <unknown>
[INFO] [stdout]   20:     0x7ab7801c63d4 - clone
[INFO] [stdout]   21:                0x0 - <unknown>
[INFO] [stdout] 
[INFO] [stdout] 
[INFO] [stdout] failures:
[INFO] [stdout]     audit_tests::transfer_example_audit
[INFO] [stdout]     verify_tests::auth_example_verifies
[INFO] [stdout]     verify_tests::shopping_cart_example_verifies
[INFO] [stdout]     verify_tests::transfer_example_obligations
[INFO] [stdout]     verify_tests::transfer_example_verifies
[INFO] [stdout] 
[INFO] [stdout] test result: FAILED. 69 passed; 5 failed; 0 ignored; 0 measured; 0 filtered out; finished in 0.03s
[INFO] [stdout] 
[INFO] running `Command { std: "docker" "inspect" "24f3c097d82be9c77a75f4e5be7bb877e4cba56342dc3281cb96a0320822b475", kill_on_drop: false }`
[INFO] running `Command { std: "docker" "rm" "-f" "24f3c097d82be9c77a75f4e5be7bb877e4cba56342dc3281cb96a0320822b475", kill_on_drop: false }`
[INFO] [stdout] 24f3c097d82be9c77a75f4e5be7bb877e4cba56342dc3281cb96a0320822b475
