[INFO] fetching crate intent-compiler 0.1.0...
[INFO] testing intent-compiler-0.1.0 against 1.100.0-beta.1+cargoflags=--release for beta-release-1.100-2
[INFO] extracting crate intent-compiler 0.1.0 into /workspace/builds/worker-0-tc2/source
[INFO] started tweaking crates.io crate intent-compiler 0.1.0
[INFO] finished tweaking crates.io crate intent-compiler 0.1.0
[INFO] tweaked toml for crates.io crate intent-compiler 0.1.0 written to /workspace/builds/worker-0-tc2/source/Cargo.toml
[INFO] validating manifest of crates.io crate intent-compiler 0.1.0 on toolchain 1.100.0-beta.1
[INFO] running `Command { std: CARGO_HOME="/workspace/cargo-home" RUSTUP_HOME="/workspace/rustup-home" "/workspace/cargo-home/bin/cargo" "+1.100.0-beta.1" "metadata" "--manifest-path" "Cargo.toml" "--no-deps", kill_on_drop: false }`
[INFO] crate crates.io crate intent-compiler 0.1.0 already has a lockfile, it will not be regenerated
[INFO] running `Command { std: CARGO_HOME="/workspace/cargo-home" RUSTUP_HOME="/workspace/rustup-home" "/workspace/cargo-home/bin/cargo" "+1.100.0-beta.1" "fetch" "--manifest-path" "Cargo.toml", kill_on_drop: false }`
[INFO] [stderr] warning: `package.homepage` is redundant with `package.repository`
[INFO] [stderr]   --> Cargo.toml:40:12
[INFO] [stderr]    |
[INFO] [stderr] 40 | homepage = "https://github.com/EffortlessMetrics/cargo-allow"
[INFO] [stderr]    |            ^^^^^^^^^^^^^^^^^^^^^^^^^^^^^^^^^^^^^^^^^^^^^^^^^^
[INFO] [stderr] ...
[INFO] [stderr] 46 | repository = "https://github.com/EffortlessMetrics/cargo-allow"
[INFO] [stderr]    |              --------------------------------------------------
[INFO] [stderr]    |
[INFO] [stderr]    = note: `cargo::redundant_homepage` is set to `warn` by default
[INFO] [stderr] help: consider removing `package.homepage`
[INFO] [stderr] warning: `intent-compiler` (manifest) generated 1 warning
[INFO] running `Command { std: "docker" "create" "-v" "/var/lib/crater-agent-workspace/builds/worker-0-tc2/source:/opt/rustwide/workdir:ro,Z" "-v" "/var/lib/crater-agent-workspace/builds/worker-0-tc2/target:/opt/rustwide/target:rw,Z" "-v" "/var/lib/crater-agent-workspace/cargo-home:/opt/rustwide/cargo-home:ro,Z" "-v" "/var/lib/crater-agent-workspace/rustup-home:/opt/rustwide/rustup-home:ro,Z" "-m" "1610612736" "--network" "none" "ghcr.io/rust-lang/crates-build-env/linux@sha256:77db811e55d90add9212f6832c23229e3de5f1c1f9905e8cb07319ea15df73ac" "sleep" "infinity", kill_on_drop: false }`
[INFO] [stdout] fc98ceb54511fd661c6e9529eb546a299f708960e63fe7c39984e1df6031151e
[INFO] running `Command { std: "docker" "start" "fc98ceb54511fd661c6e9529eb546a299f708960e63fe7c39984e1df6031151e", kill_on_drop: false }`
[INFO] running `Command { std: "docker" "inspect" "fc98ceb54511fd661c6e9529eb546a299f708960e63fe7c39984e1df6031151e", kill_on_drop: false }`
[INFO] running `Command { std: "docker" "exec" "-e" "SOURCE_DIR=/opt/rustwide/workdir" "-e" "CARGO_HOME=/opt/rustwide/cargo-home" "-e" "RUSTUP_HOME=/opt/rustwide/rustup-home" "-e" "CARGO_TARGET_DIR=/opt/rustwide/target" "-w" "/opt/rustwide/workdir" "--user" "0:0" "fc98ceb54511fd661c6e9529eb546a299f708960e63fe7c39984e1df6031151e" "/opt/rustwide/cargo-home/bin/cargo" "+1.100.0-beta.1" "metadata" "--no-deps" "--format-version=1", kill_on_drop: false }`
[INFO] running `Command { std: "docker" "inspect" "fc98ceb54511fd661c6e9529eb546a299f708960e63fe7c39984e1df6031151e", kill_on_drop: false }`
[INFO] running `Command { std: "docker" "exec" "-e" "SOURCE_DIR=/opt/rustwide/workdir" "-e" "CARGO_HOME=/opt/rustwide/cargo-home" "-e" "RUSTUP_HOME=/opt/rustwide/rustup-home" "-e" "CARGO_TARGET_DIR=/opt/rustwide/target" "-e" "CARGO_INCREMENTAL=0" "-e" "RUST_BACKTRACE=full" "-e" "RUSTFLAGS=--cap-lints=warn" "-e" "RUSTDOCFLAGS=--cap-lints=warn" "-w" "/opt/rustwide/workdir" "--user" "0:0" "fc98ceb54511fd661c6e9529eb546a299f708960e63fe7c39984e1df6031151e" "/opt/rustwide/cargo-home/bin/cargo" "+1.100.0-beta.1" "build" "--frozen" "--message-format=json" "--release", kill_on_drop: false }`
[INFO] [stderr] warning: `package.homepage` is redundant with `package.repository`
[INFO] [stderr]   --> Cargo.toml:40:12
[INFO] [stderr]    |
[INFO] [stderr] 40 | homepage = "https://github.com/EffortlessMetrics/cargo-allow"
[INFO] [stderr]    |            ^^^^^^^^^^^^^^^^^^^^^^^^^^^^^^^^^^^^^^^^^^^^^^^^^^
[INFO] [stderr] ...
[INFO] [stderr] 46 | repository = "https://github.com/EffortlessMetrics/cargo-allow"
[INFO] [stderr]    |              --------------------------------------------------
[INFO] [stderr]    |
[INFO] [stderr]    = note: `cargo::redundant_homepage` is set to `warn` by default
[INFO] [stderr] help: consider removing `package.homepage`
[INFO] [stderr] warning: `intent-compiler` (manifest) generated 1 warning
[INFO] [stderr]    Compiling typenum v1.20.1
[INFO] [stderr]    Compiling serde_core v1.0.229
[INFO] [stderr]    Compiling tree-sitter-language v0.1.7
[INFO] [stderr]    Compiling zmij v1.0.23
[INFO] [stderr]    Compiling serde_json v1.0.151
[INFO] [stderr]    Compiling toml_datetime v1.1.1+spec-1.1.0
[INFO] [stderr]    Compiling cc v1.4.0
[INFO] [stderr]    Compiling toml_parser v1.1.3+spec-1.1.0
[INFO] [stderr]    Compiling serde v1.0.229
[INFO] [stderr]    Compiling regex-syntax v0.8.11
[INFO] [stderr]    Compiling streaming-iterator v0.1.9
[INFO] [stderr]    Compiling toml v1.1.4+spec-1.1.0
[INFO] [stderr]    Compiling hybrid-array v0.4.14
[INFO] [stderr]    Compiling tree-sitter-rust v0.24.2
[INFO] [stderr]    Compiling crypto-common v0.2.2
[INFO] [stderr]    Compiling block-buffer v0.12.1
[INFO] [stderr]    Compiling intent-model v0.1.0
[INFO] [stderr]    Compiling regex-automata v0.4.18
[INFO] [stderr]    Compiling digest v0.11.3
[INFO] [stderr]    Compiling sha2 v0.11.0
[INFO] [stderr]    Compiling effortless-repo-protocol v0.1.0
[INFO] [stderr]    Compiling effortless-repo-snapshot v0.1.0
[INFO] [stderr]    Compiling tree-sitter v0.26.12
[INFO] [stderr]    Compiling intent-protocol v0.1.0
[INFO] [stderr]    Compiling regex v1.13.1
[INFO] [stderr]    Compiling effortless-rust-source-index v0.1.0
[INFO] [stderr]    Compiling intent-compiler v0.1.0 (/opt/rustwide/workdir)
[INFO] [stderr]     Finished `release` profile [optimized] target(s) in 1m 05s
[INFO] running `Command { std: "docker" "inspect" "fc98ceb54511fd661c6e9529eb546a299f708960e63fe7c39984e1df6031151e", kill_on_drop: false }`
[INFO] running `Command { std: "docker" "exec" "-e" "SOURCE_DIR=/opt/rustwide/workdir" "-e" "CARGO_HOME=/opt/rustwide/cargo-home" "-e" "RUSTUP_HOME=/opt/rustwide/rustup-home" "-e" "CARGO_TARGET_DIR=/opt/rustwide/target" "-e" "CARGO_INCREMENTAL=0" "-e" "RUST_BACKTRACE=full" "-e" "RUSTFLAGS=--cap-lints=warn" "-e" "RUSTDOCFLAGS=--cap-lints=warn" "-w" "/opt/rustwide/workdir" "--user" "0:0" "fc98ceb54511fd661c6e9529eb546a299f708960e63fe7c39984e1df6031151e" "/opt/rustwide/cargo-home/bin/cargo" "+1.100.0-beta.1" "test" "--frozen" "--no-run" "--message-format=json" "--release", kill_on_drop: false }`
[INFO] [stderr] warning: `package.homepage` is redundant with `package.repository`
[INFO] [stderr]   --> Cargo.toml:40:12
[INFO] [stderr]    |
[INFO] [stderr] 40 | homepage = "https://github.com/EffortlessMetrics/cargo-allow"
[INFO] [stderr]    |            ^^^^^^^^^^^^^^^^^^^^^^^^^^^^^^^^^^^^^^^^^^^^^^^^^^
[INFO] [stderr] ...
[INFO] [stderr] 46 | repository = "https://github.com/EffortlessMetrics/cargo-allow"
[INFO] [stderr]    |              --------------------------------------------------
[INFO] [stderr]    |
[INFO] [stderr]    = note: `cargo::redundant_homepage` is set to `warn` by default
[INFO] [stderr] help: consider removing `package.homepage`
[INFO] [stderr] warning: `intent-compiler` (manifest) generated 1 warning
[INFO] [stderr]    Compiling intent-compiler v0.1.0 (/opt/rustwide/workdir)
[INFO] [stderr]     Finished `release` profile [optimized] target(s) in 13.60s
[INFO] running `Command { std: "docker" "inspect" "fc98ceb54511fd661c6e9529eb546a299f708960e63fe7c39984e1df6031151e", kill_on_drop: false }`
[INFO] running `Command { std: "docker" "exec" "-e" "SOURCE_DIR=/opt/rustwide/workdir" "-e" "CARGO_HOME=/opt/rustwide/cargo-home" "-e" "RUSTUP_HOME=/opt/rustwide/rustup-home" "-e" "CARGO_TARGET_DIR=/opt/rustwide/target" "-e" "CARGO_INCREMENTAL=0" "-e" "RUST_BACKTRACE=full" "-e" "RUSTFLAGS=--cap-lints=warn" "-e" "RUSTDOCFLAGS=--cap-lints=warn" "-w" "/opt/rustwide/workdir" "--user" "0:0" "fc98ceb54511fd661c6e9529eb546a299f708960e63fe7c39984e1df6031151e" "/opt/rustwide/cargo-home/bin/cargo" "+1.100.0-beta.1" "test" "--frozen" "--release", kill_on_drop: false }`
[INFO] [stderr] warning: `package.homepage` is redundant with `package.repository`
[INFO] [stderr]   --> Cargo.toml:40:12
[INFO] [stderr]    |
[INFO] [stderr] 40 | homepage = "https://github.com/EffortlessMetrics/cargo-allow"
[INFO] [stderr]    |            ^^^^^^^^^^^^^^^^^^^^^^^^^^^^^^^^^^^^^^^^^^^^^^^^^^
[INFO] [stderr] ...
[INFO] [stderr] 46 | repository = "https://github.com/EffortlessMetrics/cargo-allow"
[INFO] [stderr]    |              --------------------------------------------------
[INFO] [stderr]    |
[INFO] [stderr]    = note: `cargo::redundant_homepage` is set to `warn` by default
[INFO] [stderr] help: consider removing `package.homepage`
[INFO] [stderr] warning: `intent-compiler` (manifest) generated 1 warning
[INFO] [stderr]     Finished `release` profile [optimized] target(s) in 0.06s
[INFO] [stderr]      Running unittests src/lib.rs (/opt/rustwide/target/release/build/intent-compiler/bad7d90b360051e9/out/intent_engine-bad7d90b360051e9)
[INFO] [stdout] 
[INFO] [stdout] running 51 tests
[INFO] [stdout] test closure_validation::tests::alias_resolves_to_logical_identity ... ok
[INFO] [stdout] test closure_validation::tests::forbidden_edge_is_caught_with_shortest_actionable_path ... ok
[INFO] [stdout] test closure_validation::tests::live_authority_forbidden_edges_catch_seeded_metadata ... FAILED
[INFO] [stdout] test governance_reconciliation::tests::deletion_eligibility_tracks_retirement_and_expiry ... ok
[INFO] [stdout] test closure_validation::tests::shortest_path_is_deterministic_on_diamond_graph ... ok
[INFO] [stdout] test closure_validation::tests::denominator_reconciles_both_directions ... ok
[INFO] [stdout] test closure_validation::tests::required_edge_missing_is_flagged_and_present_passes ... ok
[INFO] [stdout] test closure_validation::tests::transitive_forbidden_path_reports_shortest_route ... ok
[INFO] [stdout] test governance_reconciliation::tests::linkage_flags_unknown_move_and_shim_references ... ok
[INFO] [stdout] test closure_validation::tests::dependency_class_parses_optional_and_target_first ... ok
[INFO] [stdout] test closure_validation::tests::malformed_metadata_artifact_fails_loudly ... ok
[INFO] [stdout] test graph_compiler::tests::compiles_minimal_claim_graph_deterministically ... ok
[INFO] [stdout] test governance_reconciliation::tests::retain_disposition_requires_posture ... ok
[INFO] [stdout] test closure_validation::tests::unclassified_observed_package_is_flagged ... ok
[INFO] [stdout] test closure_validation::tests::duplicate_logical_id_is_identity_conflict ... ok
[INFO] [stdout] test governance_reconciliation::tests::remove_disposition_requires_cutover_receipt ... ok
[INFO] [stdout] test governance_reconciliation::tests::collapse_disposition_requires_target_move ... ok
[INFO] [stdout] test graph_compiler::tests::reports_undeclared_and_forbidden_seams ... ok
[INFO] [stdout] test governance_reconciliation::tests::denominator_flags_both_directions ... ok
[INFO] [stdout] test governance_reconciliation::tests::defer_disposition_is_advisory_only ... ok
[INFO] [stdout] test governance_reconciliation::tests::compatibility_disposition_requires_active_shim_with_expiry ... ok
[INFO] [stdout] test precommit_evaluator::tests::precommit_partial_stage_corpus ... ok
[INFO] [stdout] test subject_resolution::tests::bare_target_name_from_self_hosted_registration_resolves_exactly ... ok
[INFO] [stdout] test subject_resolution::tests::exact_authored_anchor_resolves_without_product_findings ... ok
[INFO] [stdout] test tests::authority_compile_plan_orders_sources ... ok
[INFO] [stdout] test precommit_evaluator::tests::unclassified_movement_is_conservative_and_deterministic ... ok
[INFO] [stdout] test precommit_evaluator::tests::classifies_explicit_behavior_without_inventing_file_semantics ... ok
[INFO] [stdout] test subject_resolution::tests::ambiguous_authored_subject_preserves_candidates ... ok
[INFO] [stdout] test precommit_evaluator::tests::docs_and_mechanical_changes_remain_proportionate ... ok
[INFO] [stdout] test subject_resolution::tests::body_identity_change_is_not_promoted_to_current ... ok
[INFO] [stdout] test subject_resolution::tests::resolution_class_strings_are_stable ... ok
[INFO] [stdout] test subject_resolution::tests::subject_postures_are_projected_without_becoming_current ... ok
[INFO] [stdout] test graph_compiler::tests::reports_weak_subject_mapped_as_exact ... ok
[INFO] [stdout] test graph_compiler::tests::snapshot_id_changes_when_slice_seam_sets_change ... ok
[INFO] [stdout] test precommit_evaluator::tests::spec_only_cannot_publish_implemented_runtime_claim ... ok
[INFO] [stdout] test subject_resolution::tests::missing_and_malformed_authored_subjects_remain_distinct ... ok
[INFO] [stdout] test tests::compile_phase_obligation_plan_from_movements ... ok
[INFO] [stdout] test subject_resolution::tests::partial_inventory_remains_not_proven ... ok
[INFO] [stdout] test workspace::paired_precommit::tests::explicit_changed_subjects_are_not_overridden_by_inference ... FAILED
[INFO] [stdout] test tests::parity_contracts_load_from_fixtures ... FAILED
[INFO] [stdout] test workspace::paired_precommit::tests::inferred_changed_subjects_match_explicit_subjects ... FAILED
[INFO] [stdout] test tests::evaluator_packet_envelope_roundtrip ... ok
[INFO] [stdout] test tests::parity_corpus_fixture_records_all_dimensions ... FAILED
[INFO] [stdout] test tests::precommit_obligation_plan_fixture_loads ... FAILED
[INFO] [stdout] test tests::bounded_domain_query_catalog_matches_fixture ... FAILED
[INFO] [stdout] test tests::bounded_domain_query_returns_protocol_shaped_response ... ok
[INFO] [stdout] test tests::self_hosted_composition_matches_fixture ... FAILED
[INFO] [stdout] test tests::graph_movement_kinds_match_fixture ... FAILED
[INFO] [stdout] test subject_resolution::tests::binary_and_integration_test_targets_resolve_exactly ... ok
[INFO] [stdout] test workspace::source_views::tests::missing_authority_file_fails_the_read ... ok
[INFO] [stdout] test workspace::source_views::tests::worktree_view_reads_every_composition_source ... ok
[INFO] [stdout] 
[INFO] [stdout] failures:
[INFO] [stdout] 
[INFO] [stdout] ---- closure_validation::tests::live_authority_forbidden_edges_catch_seeded_metadata stdout ----
[INFO] [stdout] Error: "read authority: No such file or directory (os error 2)"
[INFO] [stdout] 
[INFO] [stdout] ---- workspace::paired_precommit::tests::explicit_changed_subjects_are_not_overridden_by_inference stdout ----
[INFO] [stdout] Error: "read slice fixture: No such file or directory (os error 2)"
[INFO] [stdout] 
[INFO] [stdout] ---- tests::parity_contracts_load_from_fixtures stdout ----
[INFO] [stdout] Error: "read /opt/rustwide/workdir/../../tests/fixtures/intent-engine/parity-evaluator-packet-v1.toml: No such file or directory (os error 2)"
[INFO] [stdout] 
[INFO] [stdout] ---- workspace::paired_precommit::tests::inferred_changed_subjects_match_explicit_subjects stdout ----
[INFO] [stdout] Error: "read slice fixture: No such file or directory (os error 2)"
[INFO] [stdout] 
[INFO] [stdout] ---- tests::parity_corpus_fixture_records_all_dimensions stdout ----
[INFO] [stdout] Error: "read /opt/rustwide/workdir/../../tests/fixtures/intent-engine/parity-corpus-v1.toml: No such file or directory (os error 2)"
[INFO] [stdout] 
[INFO] [stdout] ---- tests::precommit_obligation_plan_fixture_loads stdout ----
[INFO] [stdout] Error: "read /opt/rustwide/workdir/../../tests/fixtures/intent-engine/precommit-obligation-plan-v1.toml: No such file or directory (os error 2)"
[INFO] [stdout] 
[INFO] [stdout] ---- tests::bounded_domain_query_catalog_matches_fixture stdout ----
[INFO] [stdout] Error: "read /opt/rustwide/workdir/../../tests/fixtures/intent-engine/bounded-domain-query-catalog-v1.toml: No such file or directory (os error 2)"
[INFO] [stdout] 
[INFO] [stdout] ---- tests::self_hosted_composition_matches_fixture stdout ----
[INFO] [stdout] Error: "read /opt/rustwide/workdir/../../tests/fixtures/intent-engine/self-hosted-workspace-composition-v1.toml: No such file or directory (os error 2)"
[INFO] [stdout] 
[INFO] [stdout] ---- tests::graph_movement_kinds_match_fixture stdout ----
[INFO] [stdout] Error: "read /opt/rustwide/workdir/../../tests/fixtures/intent-engine/graph-movement-kinds-v1.toml: No such file or directory (os error 2)"
[INFO] [stdout] 
[INFO] [stdout] 
[INFO] [stdout] failures:
[INFO] [stdout]     closure_validation::tests::live_authority_forbidden_edges_catch_seeded_metadata
[INFO] [stdout]     tests::bounded_domain_query_catalog_matches_fixture
[INFO] [stdout]     tests::graph_movement_kinds_match_fixture
[INFO] [stdout]     tests::parity_contracts_load_from_fixtures
[INFO] [stdout]     tests::parity_corpus_fixture_records_all_dimensions
[INFO] [stdout]     tests::precommit_obligation_plan_fixture_loads
[INFO] [stdout]     tests::self_hosted_composition_matches_fixture
[INFO] [stdout]     workspace::paired_precommit::tests::explicit_changed_subjects_are_not_overridden_by_inference
[INFO] [stdout]     workspace::paired_precommit::tests::inferred_changed_subjects_match_explicit_subjects
[INFO] [stdout] 
[INFO] [stdout] test result: FAILED. 42 passed; 9 failed; 0 ignored; 0 measured; 0 filtered out; finished in 0.02s
[INFO] [stdout] 
[INFO] [stderr] error: test failed, to rerun pass `--lib`
[INFO] running `Command { std: "docker" "inspect" "fc98ceb54511fd661c6e9529eb546a299f708960e63fe7c39984e1df6031151e", kill_on_drop: false }`
[INFO] running `Command { std: "docker" "rm" "-f" "fc98ceb54511fd661c6e9529eb546a299f708960e63fe7c39984e1df6031151e", kill_on_drop: false }`
[INFO] [stdout] fc98ceb54511fd661c6e9529eb546a299f708960e63fe7c39984e1df6031151e
