[INFO] fetching crate intent-classifier 0.1.0...
[INFO] testing intent-classifier-0.1.0 against 1.100.0-beta.1+cargoflags=--release for beta-release-1.100-2
[INFO] extracting crate intent-classifier 0.1.0 into /workspace/builds/worker-2-tc2/source
[INFO] started tweaking crates.io crate intent-classifier 0.1.0
[INFO] removed 0 missing examples
[INFO] removed 0 missing tests
[INFO] finished tweaking crates.io crate intent-classifier 0.1.0
[INFO] tweaked toml for crates.io crate intent-classifier 0.1.0 written to /workspace/builds/worker-2-tc2/source/Cargo.toml
[INFO] validating manifest of crates.io crate intent-classifier 0.1.0 on toolchain 1.100.0-beta.1
[INFO] running `Command { std: CARGO_HOME="/workspace/cargo-home" RUSTUP_HOME="/workspace/rustup-home" "/workspace/cargo-home/bin/cargo" "+1.100.0-beta.1" "metadata" "--manifest-path" "Cargo.toml" "--no-deps", kill_on_drop: false }`
[INFO] crate crates.io crate intent-classifier 0.1.0 already has a lockfile, it will not be regenerated
[INFO] running `Command { std: CARGO_HOME="/workspace/cargo-home" RUSTUP_HOME="/workspace/rustup-home" "/workspace/cargo-home/bin/cargo" "+1.100.0-beta.1" "fetch" "--manifest-path" "Cargo.toml", kill_on_drop: false }`
[INFO] running `Command { std: "docker" "create" "-v" "/var/lib/crater-agent-workspace/builds/worker-2-tc2/source:/opt/rustwide/workdir:ro,Z" "-v" "/var/lib/crater-agent-workspace/builds/worker-2-tc2/target:/opt/rustwide/target:rw,Z" "-v" "/var/lib/crater-agent-workspace/cargo-home:/opt/rustwide/cargo-home:ro,Z" "-v" "/var/lib/crater-agent-workspace/rustup-home:/opt/rustwide/rustup-home:ro,Z" "-m" "1610612736" "--network" "none" "ghcr.io/rust-lang/crates-build-env/linux@sha256:77db811e55d90add9212f6832c23229e3de5f1c1f9905e8cb07319ea15df73ac" "sleep" "infinity", kill_on_drop: false }`
[INFO] [stdout] 7bd131d39a6ab9864d0e8dbae0819b7e21c520cca5a0d1428e051154b61a4c91
[INFO] running `Command { std: "docker" "start" "7bd131d39a6ab9864d0e8dbae0819b7e21c520cca5a0d1428e051154b61a4c91", kill_on_drop: false }`
[INFO] running `Command { std: "docker" "inspect" "7bd131d39a6ab9864d0e8dbae0819b7e21c520cca5a0d1428e051154b61a4c91", kill_on_drop: false }`
[INFO] running `Command { std: "docker" "exec" "-e" "SOURCE_DIR=/opt/rustwide/workdir" "-e" "CARGO_HOME=/opt/rustwide/cargo-home" "-e" "RUSTUP_HOME=/opt/rustwide/rustup-home" "-e" "CARGO_TARGET_DIR=/opt/rustwide/target" "-w" "/opt/rustwide/workdir" "--user" "0:0" "7bd131d39a6ab9864d0e8dbae0819b7e21c520cca5a0d1428e051154b61a4c91" "/opt/rustwide/cargo-home/bin/cargo" "+1.100.0-beta.1" "metadata" "--no-deps" "--format-version=1", kill_on_drop: false }`
[INFO] running `Command { std: "docker" "inspect" "7bd131d39a6ab9864d0e8dbae0819b7e21c520cca5a0d1428e051154b61a4c91", kill_on_drop: false }`
[INFO] running `Command { std: "docker" "exec" "-e" "SOURCE_DIR=/opt/rustwide/workdir" "-e" "CARGO_HOME=/opt/rustwide/cargo-home" "-e" "RUSTUP_HOME=/opt/rustwide/rustup-home" "-e" "CARGO_TARGET_DIR=/opt/rustwide/target" "-e" "CARGO_INCREMENTAL=0" "-e" "RUST_BACKTRACE=full" "-e" "RUSTFLAGS=--cap-lints=warn" "-e" "RUSTDOCFLAGS=--cap-lints=warn" "-w" "/opt/rustwide/workdir" "--user" "0:0" "7bd131d39a6ab9864d0e8dbae0819b7e21c520cca5a0d1428e051154b61a4c91" "/opt/rustwide/cargo-home/bin/cargo" "+1.100.0-beta.1" "build" "--frozen" "--message-format=json" "--release", kill_on_drop: false }`
[INFO] [stderr]    Compiling zerocopy v0.8.26
[INFO] [stderr]    Compiling iana-time-zone v0.1.63
[INFO] [stderr]    Compiling unicode-segmentation v1.12.0
[INFO] [stderr]    Compiling parking_lot_core v0.9.11
[INFO] [stderr]    Compiling getrandom v0.3.3
[INFO] [stderr]    Compiling signal-hook-registry v1.4.5
[INFO] [stderr]    Compiling mio v1.0.4
[INFO] [stderr]    Compiling socket2 v0.5.10
[INFO] [stderr]    Compiling regex v1.11.1
[INFO] [stderr]    Compiling serde_derive v1.0.219
[INFO] [stderr]    Compiling tokio-macros v2.5.0
[INFO] [stderr]    Compiling tracing-attributes v0.1.30
[INFO] [stderr]    Compiling thiserror-impl v1.0.69
[INFO] [stderr]    Compiling parking_lot v0.12.4
[INFO] [stderr]    Compiling dashmap v5.5.3
[INFO] [stderr]    Compiling tokio v1.46.1
[INFO] [stderr]    Compiling thiserror v1.0.69
[INFO] [stderr]    Compiling tracing v0.1.41
[INFO] [stderr]    Compiling ahash v0.8.12
[INFO] [stderr]    Compiling serde v1.0.219
[INFO] [stderr]    Compiling uuid v1.17.0
[INFO] [stderr]    Compiling serde_json v1.0.140
[INFO] [stderr]    Compiling chrono v0.4.41
[INFO] [stderr]    Compiling intent-classifier v0.1.0 (/opt/rustwide/workdir)
[INFO] [stderr] warning: unused dependency `regex`
[INFO] [stderr]   --> Cargo.toml:11:15
[INFO] [stderr]    |
[INFO] [stderr] 11 | [dependencies.regex]
[INFO] [stderr]    |               ^^^^^^
[INFO] [stderr]    |
[INFO] [stderr]    = note: `cargo::unused_dependencies` is set to `warn` by default
[INFO] [stderr] help: consider removing the dependency on `regex`
[INFO] [stderr] warning: unused dependency `unicode-segmentation`
[INFO] [stderr]   --> Cargo.toml:31:15
[INFO] [stderr]    |
[INFO] [stderr] 31 | [dependencies.unicode-segmentation]
[INFO] [stderr]    |               ^^^^^^^^^^^^^^^^^^^^^
[INFO] [stderr]    |
[INFO] [stderr] help: consider removing the dependency on `unicode-segmentation`
[INFO] [stderr] warning: `intent-classifier` (manifest) generated 2 warnings
[INFO] [stderr]     Finished `release` profile [optimized] target(s) in 22.00s
[INFO] running `Command { std: "docker" "inspect" "7bd131d39a6ab9864d0e8dbae0819b7e21c520cca5a0d1428e051154b61a4c91", kill_on_drop: false }`
[INFO] running `Command { std: "docker" "exec" "-e" "SOURCE_DIR=/opt/rustwide/workdir" "-e" "CARGO_HOME=/opt/rustwide/cargo-home" "-e" "RUSTUP_HOME=/opt/rustwide/rustup-home" "-e" "CARGO_TARGET_DIR=/opt/rustwide/target" "-e" "CARGO_INCREMENTAL=0" "-e" "RUST_BACKTRACE=full" "-e" "RUSTFLAGS=--cap-lints=warn" "-e" "RUSTDOCFLAGS=--cap-lints=warn" "-w" "/opt/rustwide/workdir" "--user" "0:0" "7bd131d39a6ab9864d0e8dbae0819b7e21c520cca5a0d1428e051154b61a4c91" "/opt/rustwide/cargo-home/bin/cargo" "+1.100.0-beta.1" "test" "--frozen" "--no-run" "--message-format=json" "--release", kill_on_drop: false }`
[INFO] [stderr]    Compiling tracing-core v0.1.34
[INFO] [stderr]    Compiling async-stream-impl v0.3.6
[INFO] [stderr]    Compiling tokio v1.46.1
[INFO] [stderr]    Compiling async-stream v0.3.6
[INFO] [stderr]    Compiling tracing v0.1.41
[INFO] [stderr]    Compiling tracing-log v0.2.0
[INFO] [stderr]    Compiling tracing-subscriber v0.3.19
[INFO] [stderr]    Compiling tokio-stream v0.1.17
[INFO] [stderr]    Compiling intent-classifier v0.1.0 (/opt/rustwide/workdir)
[INFO] [stderr]    Compiling tokio-test v0.4.4
[INFO] [stdout] warning: unused variable: `classifier`
[INFO] [stdout]    --> tests/edge_case_tests.rs:324:13
[INFO] [stdout]     |
[INFO] [stdout] 324 |         let classifier = IntentClassifier::new().await.unwrap();
[INFO] [stdout]     |             ^^^^^^^^^^ help: if this is intentional, prefix it with an underscore: `_classifier`
[INFO] [stdout]     |
[INFO] [stdout]     = note: `#[warn(unused_variables)]` (part of `#[warn(unused)]`) on by default
[INFO] [stdout] 
[INFO] [stdout] 
[INFO] [stdout] warning: field `capabilities` is never read
[INFO] [stdout]   --> examples/multi_llm_orchestration.rs:17:5
[INFO] [stdout]    |
[INFO] [stdout] 15 | struct LLMModel {
[INFO] [stdout]    |        -------- field in this struct
[INFO] [stdout] 16 |     name: String,
[INFO] [stdout] 17 |     capabilities: Vec<String>,
[INFO] [stdout]    |     ^^^^^^^^^^^^
[INFO] [stdout]    |
[INFO] [stdout]    = note: `LLMModel` has derived impls for the traits `Clone` and `Debug`, but these are intentionally ignored during dead code analysis
[INFO] [stdout]    = note: `#[warn(dead_code)]` (part of `#[warn(unused)]`) on by default
[INFO] [stdout] 
[INFO] [stdout] 
[INFO] [stdout] warning: fields `task` and `processing_time_ms` are never read
[INFO] [stdout]    --> examples/multi_llm_orchestration.rs:226:5
[INFO] [stdout]     |
[INFO] [stdout] 225 | struct TaskRouting {
[INFO] [stdout]     |        ----------- fields in this struct
[INFO] [stdout] 226 |     task: String,
[INFO] [stdout]     |     ^^^^
[INFO] [stdout] ...
[INFO] [stdout] 234 |     processing_time_ms: f64,
[INFO] [stdout]     |     ^^^^^^^^^^^^^^^^^^
[INFO] [stdout]     |
[INFO] [stdout]     = note: `TaskRouting` has derived impls for the traits `Clone` and `Debug`, but these are intentionally ignored during dead code analysis
[INFO] [stdout] 
[INFO] [stdout] 
[INFO] [stderr] warning: unused dependency `regex`
[INFO] [stderr]   --> Cargo.toml:11:15
[INFO] [stderr]    |
[INFO] [stderr] 11 | [dependencies.regex]
[INFO] [stderr]    |               ^^^^^^
[INFO] [stderr]    |
[INFO] [stderr]    = note: `cargo::unused_dependencies` is set to `warn` by default
[INFO] [stderr] help: consider removing the dependency on `regex`
[INFO] [stderr] warning: unused dependency `unicode-segmentation`
[INFO] [stderr]   --> Cargo.toml:31:15
[INFO] [stderr]    |
[INFO] [stderr] 31 | [dependencies.unicode-segmentation]
[INFO] [stderr]    |               ^^^^^^^^^^^^^^^^^^^^^
[INFO] [stderr]    |
[INFO] [stderr] help: consider removing the dependency on `unicode-segmentation`
[INFO] [stderr] warning: `intent-classifier` (manifest) generated 2 warnings
[INFO] [stderr]     Finished `release` profile [optimized] target(s) in 21.60s
[INFO] running `Command { std: "docker" "inspect" "7bd131d39a6ab9864d0e8dbae0819b7e21c520cca5a0d1428e051154b61a4c91", kill_on_drop: false }`
[INFO] running `Command { std: "docker" "exec" "-e" "SOURCE_DIR=/opt/rustwide/workdir" "-e" "CARGO_HOME=/opt/rustwide/cargo-home" "-e" "RUSTUP_HOME=/opt/rustwide/rustup-home" "-e" "CARGO_TARGET_DIR=/opt/rustwide/target" "-e" "CARGO_INCREMENTAL=0" "-e" "RUST_BACKTRACE=full" "-e" "RUSTFLAGS=--cap-lints=warn" "-e" "RUSTDOCFLAGS=--cap-lints=warn" "-w" "/opt/rustwide/workdir" "--user" "0:0" "7bd131d39a6ab9864d0e8dbae0819b7e21c520cca5a0d1428e051154b61a4c91" "/opt/rustwide/cargo-home/bin/cargo" "+1.100.0-beta.1" "test" "--frozen" "--release", kill_on_drop: false }`
[INFO] [stderr] warning: field `capabilities` is never read
[INFO] [stderr]   --> examples/multi_llm_orchestration.rs:17:5
[INFO] [stderr]    |
[INFO] [stderr] 15 | struct LLMModel {
[INFO] [stderr]    |        -------- field in this struct
[INFO] [stderr] 16 |     name: String,
[INFO] [stderr] 17 |     capabilities: Vec<String>,
[INFO] [stderr]    |     ^^^^^^^^^^^^
[INFO] [stderr]    |
[INFO] [stderr]    = note: `LLMModel` has derived impls for the traits `Clone` and `Debug`, but these are intentionally ignored during dead code analysis
[INFO] [stderr]    = note: `#[warn(dead_code)]` (part of `#[warn(unused)]`) on by default
[INFO] [stderr] 
[INFO] [stderr] warning: fields `task` and `processing_time_ms` are never read
[INFO] [stderr]    --> examples/multi_llm_orchestration.rs:226:5
[INFO] [stderr]     |
[INFO] [stderr] 225 | struct TaskRouting {
[INFO] [stderr]     |        ----------- fields in this struct
[INFO] [stderr] 226 |     task: String,
[INFO] [stderr]     |     ^^^^
[INFO] [stderr] ...
[INFO] [stderr] 234 |     processing_time_ms: f64,
[INFO] [stderr]     |     ^^^^^^^^^^^^^^^^^^
[INFO] [stderr]     |
[INFO] [stderr]     = note: `TaskRouting` has derived impls for the traits `Clone` and `Debug`, but these are intentionally ignored during dead code analysis
[INFO] [stderr] 
[INFO] [stderr] warning: unused variable: `classifier`
[INFO] [stderr]    --> tests/edge_case_tests.rs:324:13
[INFO] [stderr]     |
[INFO] [stderr] 324 |         let classifier = IntentClassifier::new().await.unwrap();
[INFO] [stderr]     |             ^^^^^^^^^^ help: if this is intentional, prefix it with an underscore: `_classifier`
[INFO] [stderr]     |
[INFO] [stderr]     = note: `#[warn(unused_variables)]` (part of `#[warn(unused)]`) on by default
[INFO] [stderr] 
[INFO] [stderr] warning: `intent-classifier` (example "multi_llm_orchestration") generated 2 warnings
[INFO] [stderr] warning: `intent-classifier` (test "edge_case_tests") generated 1 warning (run `cargo fix --test "edge_case_tests" -p intent-classifier` to apply 1 suggestion)
[INFO] [stderr] warning: unused dependency `regex`
[INFO] [stderr]   --> Cargo.toml:11:15
[INFO] [stderr]    |
[INFO] [stderr] 11 | [dependencies.regex]
[INFO] [stderr]    |               ^^^^^^
[INFO] [stderr]    |
[INFO] [stderr]    = note: `cargo::unused_dependencies` is set to `warn` by default
[INFO] [stderr] help: consider removing the dependency on `regex`
[INFO] [stderr] warning: unused dependency `unicode-segmentation`
[INFO] [stderr]   --> Cargo.toml:31:15
[INFO] [stderr]    |
[INFO] [stderr] 31 | [dependencies.unicode-segmentation]
[INFO] [stderr]    |               ^^^^^^^^^^^^^^^^^^^^^
[INFO] [stderr]    |
[INFO] [stderr] help: consider removing the dependency on `unicode-segmentation`
[INFO] [stderr] warning: `intent-classifier` (manifest) generated 2 warnings
[INFO] [stderr]     Finished `release` profile [optimized] target(s) in 0.13s
[INFO] [stderr]      Running unittests src/lib.rs (/opt/rustwide/target/release/build/intent-classifier/7365842612b55280/out/intent_classifier-7365842612b55280)
[INFO] [stdout] 
[INFO] [stdout] running 4 tests
[INFO] [stdout] test classifier::tests::test_training_data_export_import ... ok
[INFO] [stdout] test classifier::tests::test_intent_classification ... ok
[INFO] [stdout] test classifier::tests::test_feedback_learning ... ok
[INFO] [stdout] test integration_tests::test_library_integration ... FAILED
[INFO] [stdout] 
[INFO] [stdout] failures:
[INFO] [stdout] 
[INFO] [stdout] ---- integration_tests::test_library_integration stdout ----
[INFO] [stdout] 
[INFO] [stdout] thread 'integration_tests::test_library_integration' (969) panicked at src/lib.rs:91:9:
[INFO] [stdout] assertion failed: response.processing_time_ms > 0.0
[INFO] [stdout] stack backtrace:
[INFO] [stdout]    0:     0x64fabb7c2241 - <<std[617be2ca0a6fd877]::sys::backtrace::BacktraceLock>::print::DisplayBacktrace as core[a373ad73a504971]::fmt::Display>::fmt
[INFO] [stdout]    1:     0x64fabb7d77ea - core[a373ad73a504971]::fmt::write
[INFO] [stdout]    2:     0x64fabb7c66ac - <alloc[2e1b2a31b91974c5]::vec::Vec<u8> as core[a373ad73a504971]::io::write::Write>::write_fmt
[INFO] [stdout]    3:     0x64fabb79e256 - std[617be2ca0a6fd877]::panicking::default_hook::{closure#0}
[INFO] [stdout]    4:     0x64fabb7ba749 - std[617be2ca0a6fd877]::panicking::default_hook
[INFO] [stdout]    5:     0x64fabb72f9f0 - test[aada8e7e76ba119b]::test_main_inner::{closure#0}
[INFO] [stdout]    6:     0x64fabb7ba902 - std[617be2ca0a6fd877]::panicking::panic_with_hook
[INFO] [stdout]    7:     0x64fabb79e334 - std[617be2ca0a6fd877]::panicking::panic_handler::{closure#0}
[INFO] [stdout]    8:     0x64fabb796fe9 - std[617be2ca0a6fd877]::sys::backtrace::__rust_end_short_backtrace::<std[617be2ca0a6fd877]::panicking::panic_handler::{closure#0}, !>
[INFO] [stdout]    9:     0x64fabb79ef0d - __rustc[ea4f61d10b84890b]::rust_begin_unwind
[INFO] [stdout]   10:     0x64fabb7d7f4c - core[a373ad73a504971]::panicking::panic_fmt
[INFO] [stdout]   11:     0x64fabb7d7f12 - core[a373ad73a504971]::panicking::panic
[INFO] [stdout]   12:     0x64fabb70ba95 - intent_classifier[e9435eaae4e6eea1]::integration_tests::test_library_integration::{closure#0}
[INFO] [stdout]   13:     0x64fabb70e8a3 - <tokio[5563983ebe941549]::runtime::scheduler::current_thread::Context>::enter::<core[a373ad73a504971]::task::poll::Poll<()>, <tokio[5563983ebe941549]::runtime::scheduler::current_thread::CoreGuard>::block_on<core[a373ad73a504971]::pin::Pin<&mut core[a373ad73a504971]::pin::Pin<&mut dyn core[a373ad73a504971]::future::future::Future<Output = ()>>>>::{closure#0}::{closure#0}>
[INFO] [stdout]   14:     0x64fabb711d69 - <std[617be2ca0a6fd877]::thread::local::LocalKey<tokio[5563983ebe941549]::runtime::context::Context>>::with::<tokio[5563983ebe941549]::runtime::context::set_scheduler<(alloc[2e1b2a31b91974c5]::boxed::Box<tokio[5563983ebe941549]::runtime::scheduler::current_thread::Core>, core[a373ad73a504971]::option::Option<()>), <tokio[5563983ebe941549]::runtime::scheduler::current_thread::CoreGuard>::enter<<tokio[5563983ebe941549]::runtime::scheduler::current_thread::CoreGuard>::block_on<core[a373ad73a504971]::pin::Pin<&mut core[a373ad73a504971]::pin::Pin<&mut dyn core[a373ad73a504971]::future::future::Future<Output = ()>>>>::{closure#0}, core[a373ad73a504971]::option::Option<()>>::{closure#0}>::{closure#0}, (alloc[2e1b2a31b91974c5]::boxed::Box<tokio[5563983ebe941549]::runtime::scheduler::current_thread::Core>, core[a373ad73a504971]::option::Option<()>)>
[INFO] [stdout]   15:     0x64fabb70ebd7 - <tokio[5563983ebe941549]::runtime::scheduler::current_thread::CoreGuard>::block_on::<core[a373ad73a504971]::pin::Pin<&mut core[a373ad73a504971]::pin::Pin<&mut dyn core[a373ad73a504971]::future::future::Future<Output = ()>>>>
[INFO] [stdout]   16:     0x64fabb71426d - tokio[5563983ebe941549]::runtime::context::runtime::enter_runtime::<<tokio[5563983ebe941549]::runtime::scheduler::current_thread::CurrentThread>::block_on<core[a373ad73a504971]::pin::Pin<&mut dyn core[a373ad73a504971]::future::future::Future<Output = ()>>>::{closure#0}, ()>
[INFO] [stdout]   17:     0x64fabb711c25 - <tokio[5563983ebe941549]::runtime::runtime::Runtime>::block_on::<core[a373ad73a504971]::pin::Pin<&mut dyn core[a373ad73a504971]::future::future::Future<Output = ()>>>
[INFO] [stdout]   18:     0x64fabb70c3be - <intent_classifier[e9435eaae4e6eea1]::integration_tests::test_library_integration::{closure#0} as core[a373ad73a504971]::ops::function::FnOnce<()>>::call_once
[INFO] [stdout]   19:     0x64fabb722e3b - test[aada8e7e76ba119b]::__rust_begin_short_backtrace::<core[a373ad73a504971]::result::Result<(), alloc[2e1b2a31b91974c5]::string::String>, fn() -> core[a373ad73a504971]::result::Result<(), alloc[2e1b2a31b91974c5]::string::String>>
[INFO] [stdout]   20:     0x64fabb730015 - test[aada8e7e76ba119b]::run_test::{closure#0}
[INFO] [stdout]   21:     0x64fabb729904 - std[617be2ca0a6fd877]::sys::backtrace::__rust_begin_short_backtrace::<test[aada8e7e76ba119b]::run_test::{closure#1}, ()>
[INFO] [stdout]   22:     0x64fabb7330a2 - <std[617be2ca0a6fd877]::thread::lifecycle::spawn_unchecked<test[aada8e7e76ba119b]::run_test::{closure#1}, ()>::{closure#1} as core[a373ad73a504971]::ops::function::FnOnce<()>>::call_once::{shim:vtable#0}
[INFO] [stdout]   23:     0x64fabb7c1a6f - <std[617be2ca0a6fd877]::sys::thread::unix::Thread>::new::thread_start
[INFO] [stdout]   24:     0x79c469f48dfa - <unknown>
[INFO] [stdout]   25:     0x79c469fdc3d4 - clone
[INFO] [stdout]   26:                0x0 - <unknown>
[INFO] [stdout] 
[INFO] [stdout] 
[INFO] [stdout] failures:
[INFO] [stdout]     integration_tests::test_library_integration
[INFO] [stdout] 
[INFO] [stdout] test result: FAILED. 3 passed; 1 failed; 0 ignored; 0 measured; 0 filtered out; finished in 0.00s
[INFO] [stdout] 
[INFO] [stderr] error: test failed, to rerun pass `--lib`
[INFO] running `Command { std: "docker" "inspect" "7bd131d39a6ab9864d0e8dbae0819b7e21c520cca5a0d1428e051154b61a4c91", kill_on_drop: false }`
[INFO] running `Command { std: "docker" "rm" "-f" "7bd131d39a6ab9864d0e8dbae0819b7e21c520cca5a0d1428e051154b61a4c91", kill_on_drop: false }`
[INFO] [stdout] 7bd131d39a6ab9864d0e8dbae0819b7e21c520cca5a0d1428e051154b61a4c91
