[INFO] fetching crate integrity-checker 0.2.2...
[INFO] testing integrity-checker-0.2.2 against 1.99.0-beta.8+cargoflags=--release for beta-release-1.100-2
[INFO] extracting crate integrity-checker 0.2.2 into /workspace/builds/worker-7-tc1/source
[INFO] started tweaking crates.io crate integrity-checker 0.2.2
[INFO] finished tweaking crates.io crate integrity-checker 0.2.2
[INFO] tweaked toml for crates.io crate integrity-checker 0.2.2 written to /workspace/builds/worker-7-tc1/source/Cargo.toml
[INFO] validating manifest of crates.io crate integrity-checker 0.2.2 on toolchain 1.99.0-beta.8
[INFO] running `Command { std: CARGO_HOME="/workspace/cargo-home" RUSTUP_HOME="/workspace/rustup-home" "/workspace/cargo-home/bin/cargo" "+1.99.0-beta.8" "metadata" "--manifest-path" "Cargo.toml" "--no-deps", kill_on_drop: false }`
[INFO] crate crates.io crate integrity-checker 0.2.2 already has a lockfile, it will not be regenerated
[INFO] running `Command { std: CARGO_HOME="/workspace/cargo-home" RUSTUP_HOME="/workspace/rustup-home" "/workspace/cargo-home/bin/cargo" "+1.99.0-beta.8" "fetch" "--manifest-path" "Cargo.toml", kill_on_drop: false }`
[INFO] [stderr]     Blocking waiting for file lock on package cache
[INFO] [stderr]     Updating crates.io index
[INFO] [stderr]     Blocking waiting for file lock on package cache
[INFO] [stderr]  Downloading crates ...
[INFO] [stderr]   Downloaded json-pointer v0.3.4
[INFO] [stderr]   Downloaded jsonway v2.0.0
[INFO] [stderr]   Downloaded uritemplate-next v0.2.0
[INFO] [stderr]   Downloaded valico v3.6.1
[INFO] [stderr]   Downloaded cxxbridge-flags v1.0.90
[INFO] [stderr]   Downloaded scratch v1.0.3
[INFO] [stderr]   Downloaded no-std-net v0.5.0
[INFO] [stderr]   Downloaded time v0.3.17
[INFO] [stderr]   Downloaded sha2-asm v0.6.2
[INFO] [stderr]   Downloaded globset v0.4.10
[INFO] [stderr]   Downloaded crossbeam-deque v0.8.2
[INFO] [stderr]   Downloaded crossbeam-epoch v0.9.13
[INFO] [stderr]   Downloaded ignore v0.4.20
[INFO] [stderr]   Downloaded plotters-svg v0.3.3
[INFO] [stderr]   Downloaded cxx-build v1.0.90
[INFO] [stderr]   Downloaded addr v0.11.8
[INFO] [stderr]   Downloaded rayon-core v1.10.2
[INFO] [stderr]   Downloaded plotters-backend v0.3.4
[INFO] [stderr]   Downloaded cxxbridge-macro v1.0.90
[INFO] [stderr]   Downloaded rayon v1.6.1
[INFO] [stderr]   Downloaded plotters v0.3.4
[INFO] [stderr]   Downloaded ciborium v0.2.0
[INFO] [stderr]   Downloaded ciborium-ll v0.2.0
[INFO] [stderr]   Downloaded ciborium-io v0.2.0
[INFO] [stderr]   Downloaded half v1.8.2
[INFO] [stderr]   Downloaded psl v2.1.3
[INFO] [stderr]   Downloaded base64 v0.20.0
[INFO] [stderr]   Downloaded clap v3.2.23
[INFO] [stderr]   Downloaded bstr v1.2.0
[INFO] [stderr]   Downloaded cxx v1.0.90
[INFO] running `Command { std: "docker" "create" "-v" "/var/lib/crater-agent-workspace/builds/worker-7-tc1/source:/opt/rustwide/workdir:ro,Z" "-v" "/var/lib/crater-agent-workspace/builds/worker-7-tc1/target:/opt/rustwide/target:rw,Z" "-v" "/var/lib/crater-agent-workspace/cargo-home:/opt/rustwide/cargo-home:ro,Z" "-v" "/var/lib/crater-agent-workspace/rustup-home:/opt/rustwide/rustup-home:ro,Z" "-m" "1610612736" "--network" "none" "ghcr.io/rust-lang/crates-build-env/linux@sha256:77db811e55d90add9212f6832c23229e3de5f1c1f9905e8cb07319ea15df73ac" "sleep" "infinity", kill_on_drop: false }`
[INFO] [stdout] 5c7571c28a24b7f7e7938661e7b13ab90ec1ebb9ad89a2e73a32bb65a351105d
[INFO] running `Command { std: "docker" "start" "5c7571c28a24b7f7e7938661e7b13ab90ec1ebb9ad89a2e73a32bb65a351105d", kill_on_drop: false }`
[INFO] running `Command { std: "docker" "inspect" "5c7571c28a24b7f7e7938661e7b13ab90ec1ebb9ad89a2e73a32bb65a351105d", kill_on_drop: false }`
[INFO] running `Command { std: "docker" "exec" "-e" "SOURCE_DIR=/opt/rustwide/workdir" "-e" "CARGO_HOME=/opt/rustwide/cargo-home" "-e" "RUSTUP_HOME=/opt/rustwide/rustup-home" "-e" "CARGO_TARGET_DIR=/opt/rustwide/target" "-w" "/opt/rustwide/workdir" "--user" "0:0" "5c7571c28a24b7f7e7938661e7b13ab90ec1ebb9ad89a2e73a32bb65a351105d" "/opt/rustwide/cargo-home/bin/cargo" "+1.99.0-beta.8" "metadata" "--no-deps" "--format-version=1", kill_on_drop: false }`
[INFO] running `Command { std: "docker" "inspect" "5c7571c28a24b7f7e7938661e7b13ab90ec1ebb9ad89a2e73a32bb65a351105d", kill_on_drop: false }`
[INFO] running `Command { std: "docker" "exec" "-e" "SOURCE_DIR=/opt/rustwide/workdir" "-e" "CARGO_HOME=/opt/rustwide/cargo-home" "-e" "RUSTUP_HOME=/opt/rustwide/rustup-home" "-e" "CARGO_TARGET_DIR=/opt/rustwide/target" "-e" "CARGO_INCREMENTAL=0" "-e" "RUST_BACKTRACE=full" "-e" "RUSTFLAGS=--cap-lints=warn" "-e" "RUSTDOCFLAGS=--cap-lints=warn" "-w" "/opt/rustwide/workdir" "--user" "0:0" "5c7571c28a24b7f7e7938661e7b13ab90ec1ebb9ad89a2e73a32bb65a351105d" "/opt/rustwide/cargo-home/bin/cargo" "+1.99.0-beta.8" "build" "--frozen" "--message-format=json" "--release", kill_on_drop: false }`
[INFO] [stderr]    Compiling generic-array v0.14.6
[INFO] [stderr]    Compiling proc-macro2 v1.0.51
[INFO] [stderr]    Compiling unicode-ident v1.0.6
[INFO] [stderr]    Compiling quote v1.0.23
[INFO] [stderr]    Compiling syn v1.0.107
[INFO] [stderr]    Compiling libc v0.2.139
[INFO] [stderr]    Compiling serde_derive v1.0.152
[INFO] [stderr]    Compiling serde v1.0.152
[INFO] [stderr]    Compiling subtle v2.4.1
[INFO] [stderr]    Compiling once_cell v1.17.0
[INFO] [stderr]    Compiling log v0.4.17
[INFO] [stderr]    Compiling regex-syntax v0.6.28
[INFO] [stderr]    Compiling serde_json v1.0.93
[INFO] [stderr]    Compiling aho-corasick v0.7.20
[INFO] [stderr]    Compiling bstr v1.2.0
[INFO] [stderr]    Compiling miniz_oxide v0.6.2
[INFO] [stderr]    Compiling clap_lex v0.2.4
[INFO] [stderr]    Compiling textwrap v0.16.0
[INFO] [stderr]    Compiling ryu v1.0.12
[INFO] [stderr]    Compiling itoa v1.0.5
[INFO] [stderr]    Compiling cpufeatures v0.2.5
[INFO] [stderr]    Compiling thread_local v1.1.7
[INFO] [stderr]    Compiling time-core v0.1.0
[INFO] [stderr]    Compiling base64 v0.20.0
[INFO] [stderr]    Compiling time v0.3.17
[INFO] [stderr]    Compiling flate2 v1.0.25
[INFO] [stderr]    Compiling atty v0.2.14
[INFO] [stderr]    Compiling clap v3.2.23
[INFO] [stderr]    Compiling crypto-common v0.1.6
[INFO] [stderr]    Compiling block-buffer v0.10.3
[INFO] [stderr]    Compiling digest v0.10.6
[INFO] [stderr]    Compiling blake2 v0.10.6
[INFO] [stderr]    Compiling sha2 v0.10.6
[INFO] [stderr]    Compiling regex v1.7.1
[INFO] [stderr]    Compiling globset v0.4.10
[INFO] [stderr]    Compiling ignore v0.4.20
[INFO] [stderr]    Compiling integrity-checker v0.2.2 (/opt/rustwide/workdir)
[INFO] [stderr]     Finished `release` profile [optimized] target(s) in 38.67s
[INFO] running `Command { std: "docker" "inspect" "5c7571c28a24b7f7e7938661e7b13ab90ec1ebb9ad89a2e73a32bb65a351105d", kill_on_drop: false }`
[INFO] running `Command { std: "docker" "exec" "-e" "SOURCE_DIR=/opt/rustwide/workdir" "-e" "CARGO_HOME=/opt/rustwide/cargo-home" "-e" "RUSTUP_HOME=/opt/rustwide/rustup-home" "-e" "CARGO_TARGET_DIR=/opt/rustwide/target" "-e" "CARGO_INCREMENTAL=0" "-e" "RUST_BACKTRACE=full" "-e" "RUSTFLAGS=--cap-lints=warn" "-e" "RUSTDOCFLAGS=--cap-lints=warn" "-w" "/opt/rustwide/workdir" "--user" "0:0" "5c7571c28a24b7f7e7938661e7b13ab90ec1ebb9ad89a2e73a32bb65a351105d" "/opt/rustwide/cargo-home/bin/cargo" "+1.99.0-beta.8" "test" "--frozen" "--no-run" "--message-format=json" "--release", kill_on_drop: false }`
[INFO] [stderr]    Compiling libc v0.2.139
[INFO] [stderr]    Compiling getrandom v0.1.16
[INFO] [stderr]    Compiling crossbeam-utils v0.8.14
[INFO] [stderr]    Compiling num-traits v0.2.15
[INFO] [stderr]    Compiling ppv-lite86 v0.2.17
[INFO] [stderr]    Compiling crossbeam-epoch v0.9.13
[INFO] [stderr]    Compiling siphasher v0.3.10
[INFO] [stderr]    Compiling rayon-core v1.10.2
[INFO] [stderr]    Compiling either v1.8.1
[INFO] [stderr]    Compiling num_cpus v1.15.0
[INFO] [stderr]    Compiling ciborium-io v0.2.0
[INFO] [stderr]    Compiling plotters-backend v0.3.4
[INFO] [stderr]    Compiling psl-types v2.0.11
[INFO] [stderr]    Compiling unicode-bidi v0.3.10
[INFO] [stderr]    Compiling half v1.8.2
[INFO] [stderr]    Compiling psl v2.1.3
[INFO] [stderr]    Compiling no-std-net v0.5.0
[INFO] [stderr]    Compiling time v0.1.45
[INFO] [stderr]    Compiling phf_shared v0.8.0
[INFO] [stderr]    Compiling getrandom v0.2.8
[INFO] [stderr]    Compiling iana-time-zone v0.1.53
[INFO] [stderr]    Compiling itertools v0.10.5
[INFO] [stderr]    Compiling json-pointer v0.3.4
[INFO] [stderr]    Compiling ciborium-ll v0.2.0
[INFO] [stderr]    Compiling plotters-svg v0.3.3
[INFO] [stderr]    Compiling phf v0.8.0
[INFO] [stderr]    Compiling uuid v0.8.2
[INFO] [stderr]    Compiling idna v0.3.0
[INFO] [stderr]    Compiling ciborium v0.2.0
[INFO] [stderr]    Compiling tinytemplate v1.2.1
[INFO] [stderr]    Compiling jsonway v2.0.0
[INFO] [stderr]    Compiling uritemplate-next v0.2.0
[INFO] [stderr]    Compiling oorandom v11.1.3
[INFO] [stderr]    Compiling fastrand v1.8.0
[INFO] [stderr]    Compiling base64 v0.13.1
[INFO] [stderr]    Compiling remove_dir_all v0.5.3
[INFO] [stderr]    Compiling rand_core v0.5.1
[INFO] [stderr]    Compiling crossbeam-channel v0.5.6
[INFO] [stderr]    Compiling rand_pcg v0.2.1
[INFO] [stderr]    Compiling rand_chacha v0.2.2
[INFO] [stderr]    Compiling url v2.3.1
[INFO] [stderr]    Compiling num-integer v0.1.45
[INFO] [stderr]    Compiling plotters v0.3.4
[INFO] [stderr]    Compiling tempfile v3.3.0
[INFO] [stderr]    Compiling rand v0.7.3
[INFO] [stderr]    Compiling chrono v0.4.23
[INFO] [stderr]    Compiling crossbeam-deque v0.8.2
[INFO] [stderr]    Compiling criterion-plot v0.5.0
[INFO] [stderr]    Compiling phf_generator v0.8.0
[INFO] [stderr]    Compiling phf_codegen v0.8.0
[INFO] [stderr]    Compiling valico v3.6.1
[INFO] [stderr]    Compiling rayon v1.6.1
[INFO] [stderr]    Compiling addr v0.11.8
[INFO] [stderr]    Compiling criterion v0.4.0
[INFO] [stderr]    Compiling integrity-checker v0.2.2 (/opt/rustwide/workdir)
[INFO] [stderr]     Finished `release` profile [optimized] target(s) in 53.58s
[INFO] running `Command { std: "docker" "inspect" "5c7571c28a24b7f7e7938661e7b13ab90ec1ebb9ad89a2e73a32bb65a351105d", kill_on_drop: false }`
[INFO] running `Command { std: "docker" "exec" "-e" "SOURCE_DIR=/opt/rustwide/workdir" "-e" "CARGO_HOME=/opt/rustwide/cargo-home" "-e" "RUSTUP_HOME=/opt/rustwide/rustup-home" "-e" "CARGO_TARGET_DIR=/opt/rustwide/target" "-e" "CARGO_INCREMENTAL=0" "-e" "RUST_BACKTRACE=full" "-e" "RUSTFLAGS=--cap-lints=warn" "-e" "RUSTDOCFLAGS=--cap-lints=warn" "-w" "/opt/rustwide/workdir" "--user" "0:0" "5c7571c28a24b7f7e7938661e7b13ab90ec1ebb9ad89a2e73a32bb65a351105d" "/opt/rustwide/cargo-home/bin/cargo" "+1.99.0-beta.8" "test" "--frozen" "--release", kill_on_drop: false }`
[INFO] [stderr]     Finished `release` profile [optimized] target(s) in 0.19s
[INFO] [stderr]      Running unittests src/lib.rs (/opt/rustwide/target/release/deps/integrity_checker-478a91278fb97067)
[INFO] [stderr]      Running unittests src/main.rs (/opt/rustwide/target/release/deps/ick-78f33165bef9011c)
[INFO] [stdout] 
[INFO] [stdout] running 0 tests
[INFO] [stdout] 
[INFO] [stdout] test result: ok. 0 passed; 0 failed; 0 ignored; 0 measured; 0 filtered out; finished in 0.00s
[INFO] [stdout] 
[INFO] [stderr]      Running tests/check.rs (/opt/rustwide/target/release/deps/check-8cb366433e0d0f29)
[INFO] [stdout] 
[INFO] [stdout] running 0 tests
[INFO] [stdout] 
[INFO] [stdout] test result: ok. 0 passed; 0 failed; 0 ignored; 0 measured; 0 filtered out; finished in 0.00s
[INFO] [stdout] 
[INFO] [stdout] 
[INFO] [stdout] running 11 tests
[INFO] [stdout] test changes_delete ... FAILED
[INFO] [stdout] test changes_edit ... FAILED
[INFO] [stdout] test changes_edit_no_size_change ... FAILED
[INFO] [stdout] test changes_new ... FAILED
[INFO] [stdout] test changes_edit_bin ... FAILED
[INFO] [stdout] test changes_new_bin ... FAILED
[INFO] [stdout] test suspicious_nul ... FAILED
[INFO] [stdout] test suspicious_nonascii ... FAILED
[INFO] [stdout] test no_changes ... FAILED
[INFO] [stdout] test changes_delete_dir ... FAILED
[INFO] [stdout] test suspicious_truncate ... FAILED
[INFO] [stdout] 
[INFO] [stdout] failures:
[INFO] [stdout] 
[INFO] [stdout] ---- changes_delete stdout ----
[INFO] [stdout] 
[INFO] [stdout] thread 'changes_delete' (1991) panicked at tests/check.rs:17:84:
[INFO] [stdout] called `Result::unwrap()` on an `Err` value: Ignore(WithPath { path: "tests/changes_delete/before", err: Io(Custom { kind: NotFound, error: Error { depth: 0, inner: Io { path: Some("tests/changes_delete/before"), err: Os { code: 2, kind: NotFound, message: "No such file or directory" } } } }) })
[INFO] [stdout] stack backtrace:
[INFO] [stdout]    0:     0x5ea3113567e1 - <<std[70759c8f55707aa4]::sys::backtrace::BacktraceLock>::print::DisplayBacktrace as core[df12db4294e9bfd3]::fmt::Display>::fmt
[INFO] [stdout]    1:     0x5ea31136bffa - core[df12db4294e9bfd3]::fmt::write
[INFO] [stdout]    2:     0x5ea31135b06c - <alloc[2182bb758b4b3781]::vec::Vec<u8> as core[df12db4294e9bfd3]::io::write::Write>::write_fmt
[INFO] [stdout]    3:     0x5ea311331976 - std[70759c8f55707aa4]::panicking::default_hook::{closure#0}
[INFO] [stdout]    4:     0x5ea31134e6b9 - std[70759c8f55707aa4]::panicking::default_hook
[INFO] [stdout]    5:     0x5ea311225230 - test[9d35eded1c95d3be]::test_main_inner::<test[9d35eded1c95d3be]::test_main_static::{closure#0}>::{closure#0}
[INFO] [stdout]    6:     0x5ea31134e9e2 - std[70759c8f55707aa4]::panicking::panic_with_hook
[INFO] [stdout]    7:     0x5ea311331a22 - std[70759c8f55707aa4]::panicking::panic_handler::{closure#0}
[INFO] [stdout]    8:     0x5ea31132a6d9 - std[70759c8f55707aa4]::sys::backtrace::__rust_end_short_backtrace::<std[70759c8f55707aa4]::panicking::panic_handler::{closure#0}, !>
[INFO] [stdout]    9:     0x5ea31133261d - __rustc[8fa7c3cbc660c2b3]::rust_begin_unwind
[INFO] [stdout]   10:     0x5ea31136c75c - core[df12db4294e9bfd3]::panicking::panic_fmt
[INFO] [stdout]   11:     0x5ea31136c532 - core[df12db4294e9bfd3]::result::unwrap_failed
[INFO] [stdout]   12:     0x5ea31120f340 - check[7d4945f23a289edb]::check::<&str>
[INFO] [stdout]   13:     0x5ea311211bb3 - <check[7d4945f23a289edb]::changes_delete::{closure#0} as core[df12db4294e9bfd3]::ops::function::FnOnce<()>>::call_once
[INFO] [stdout]   14:     0x5ea31121851b - test[9d35eded1c95d3be]::__rust_begin_short_backtrace::<core[df12db4294e9bfd3]::result::Result<(), alloc[2182bb758b4b3781]::string::String>, fn() -> core[df12db4294e9bfd3]::result::Result<(), alloc[2182bb758b4b3781]::string::String>>
[INFO] [stdout]   15:     0x5ea311225b85 - test[9d35eded1c95d3be]::run_test::{closure#0}
[INFO] [stdout]   16:     0x5ea31121f444 - std[70759c8f55707aa4]::sys::backtrace::__rust_begin_short_backtrace::<test[9d35eded1c95d3be]::run_test::{closure#1}, ()>
[INFO] [stdout]   17:     0x5ea311228ce2 - <std[70759c8f55707aa4]::thread::lifecycle::spawn_unchecked<test[9d35eded1c95d3be]::run_test::{closure#1}, ()>::{closure#1} as core[df12db4294e9bfd3]::ops::function::FnOnce<()>>::call_once::{shim:vtable#0}
[INFO] [stdout]   18:     0x5ea311356079 - <std[70759c8f55707aa4]::sys::thread::unix::Thread>::new::thread_start
[INFO] [stdout]   19:     0x7474ad985dfa - <unknown>
[INFO] [stdout]   20:     0x7474ada193d4 - clone
[INFO] [stdout]   21:                0x0 - <unknown>
[INFO] [stdout] 
[INFO] [stdout] ---- changes_edit stdout ----
[INFO] [stdout] 
[INFO] [stdout] thread 'changes_edit' (1993) panicked at tests/check.rs:17:84:
[INFO] [stdout] called `Result::unwrap()` on an `Err` value: Ignore(WithPath { path: "tests/changes_edit/before", err: Io(Custom { kind: NotFound, error: Error { depth: 0, inner: Io { path: Some("tests/changes_edit/before"), err: Os { code: 2, kind: NotFound, message: "No such file or directory" } } } }) })
[INFO] [stdout] stack backtrace:
[INFO] [stdout]    0:     0x5ea3113567e1 - <<std[70759c8f55707aa4]::sys::backtrace::BacktraceLock>::print::DisplayBacktrace as core[df12db4294e9bfd3]::fmt::Display>::fmt
[INFO] [stdout]    1:     0x5ea31136bffa - core[df12db4294e9bfd3]::fmt::write
[INFO] [stdout]    2:     0x5ea31135b06c - <alloc[2182bb758b4b3781]::vec::Vec<u8> as core[df12db4294e9bfd3]::io::write::Write>::write_fmt
[INFO] [stdout]    3:     0x5ea311331976 - std[70759c8f55707aa4]::panicking::default_hook::{closure#0}
[INFO] [stdout]    4:     0x5ea31134e6b9 - std[70759c8f55707aa4]::panicking::default_hook
[INFO] [stdout]    5:     0x5ea311225230 - test[9d35eded1c95d3be]::test_main_inner::<test[9d35eded1c95d3be]::test_main_static::{closure#0}>::{closure#0}
[INFO] [stdout]    6:     0x5ea31134e9e2 - std[70759c8f55707aa4]::panicking::panic_with_hook
[INFO] [stdout]    7:     0x5ea311331a22 - std[70759c8f55707aa4]::panicking::panic_handler::{closure#0}
[INFO] [stdout]    8:     0x5ea31132a6d9 - std[70759c8f55707aa4]::sys::backtrace::__rust_end_short_backtrace::<std[70759c8f55707aa4]::panicking::panic_handler::{closure#0}, !>
[INFO] [stdout]    9:     0x5ea31133261d - __rustc[8fa7c3cbc660c2b3]::rust_begin_unwind
[INFO] [stdout]   10:     0x5ea31136c75c - core[df12db4294e9bfd3]::panicking::panic_fmt
[INFO] [stdout]   11:     0x5ea31136c532 - core[df12db4294e9bfd3]::result::unwrap_failed
[INFO] [stdout]   12:     0x5ea31120f340 - check[7d4945f23a289edb]::check::<&str>
[INFO] [stdout]   13:     0x5ea3112118b3 - <check[7d4945f23a289edb]::changes_edit::{closure#0} as core[df12db4294e9bfd3]::ops::function::FnOnce<()>>::call_once
[INFO] [stdout]   14:     0x5ea31121851b - test[9d35eded1c95d3be]::__rust_begin_short_backtrace::<core[df12db4294e9bfd3]::result::Result<(), alloc[2182bb758b4b3781]::string::String>, fn() -> core[df12db4294e9bfd3]::result::Result<(), alloc[2182bb758b4b3781]::string::String>>
[INFO] [stdout]   15:     0x5ea311225b85 - test[9d35eded1c95d3be]::run_test::{closure#0}
[INFO] [stdout]   16:     0x5ea31121f444 - std[70759c8f55707aa4]::sys::backtrace::__rust_begin_short_backtrace::<test[9d35eded1c95d3be]::run_test::{closure#1}, ()>
[INFO] [stdout]   17:     0x5ea311228ce2 - <std[70759c8f55707aa4]::thread::lifecycle::spawn_unchecked<test[9d35eded1c95d3be]::run_test::{closure#1}, ()>::{closure#1} as core[df12db4294e9bfd3]::ops::function::FnOnce<()>>::call_once::{shim:vtable#0}
[INFO] [stdout]   18:     0x5ea311356079 - <std[70759c8f55707aa4]::sys::thread::unix::Thread>::new::thread_start
[INFO] [stdout]   19:     0x7474ad985dfa - <unknown>
[INFO] [stdout]   20:     0x7474ada193d4 - clone
[INFO] [stdout]   21:                0x0 - <unknown>
[INFO] [stdout] 
[INFO] [stdout] ---- changes_edit_no_size_change stdout ----
[INFO] [stdout] 
[INFO] [stdout] thread 'changes_edit_no_size_change' (1995) panicked at tests/check.rs:17:84:
[INFO] [stdout] called `Result::unwrap()` on an `Err` value: Ignore(WithPath { path: "tests/changes_edit_no_size_change/before", err: Io(Custom { kind: NotFound, error: Error { depth: 0, inner: Io { path: Some("tests/changes_edit_no_size_change/before"), err: Os { code: 2, kind: NotFound, message: "No such file or directory" } } } }) })
[INFO] [stdout] stack backtrace:
[INFO] [stdout]    0:     0x5ea3113567e1 - <<std[70759c8f55707aa4]::sys::backtrace::BacktraceLock>::print::DisplayBacktrace as core[df12db4294e9bfd3]::fmt::Display>::fmt
[INFO] [stdout]    1:     0x5ea31136bffa - core[df12db4294e9bfd3]::fmt::write
[INFO] [stdout]    2:     0x5ea31135b06c - <alloc[2182bb758b4b3781]::vec::Vec<u8> as core[df12db4294e9bfd3]::io::write::Write>::write_fmt
[INFO] [stdout]    3:     0x5ea311331976 - std[70759c8f55707aa4]::panicking::default_hook::{closure#0}
[INFO] [stdout]    4:     0x5ea31134e6b9 - std[70759c8f55707aa4]::panicking::default_hook
[INFO] [stdout]    5:     0x5ea311225230 - test[9d35eded1c95d3be]::test_main_inner::<test[9d35eded1c95d3be]::test_main_static::{closure#0}>::{closure#0}
[INFO] [stdout]    6:     0x5ea31134e9e2 - std[70759c8f55707aa4]::panicking::panic_with_hook
[INFO] [stdout]    7:     0x5ea311331a22 - std[70759c8f55707aa4]::panicking::panic_handler::{closure#0}
[INFO] [stdout]    8:     0x5ea31132a6d9 - std[70759c8f55707aa4]::sys::backtrace::__rust_end_short_backtrace::<std[70759c8f55707aa4]::panicking::panic_handler::{closure#0}, !>
[INFO] [stdout]    9:     0x5ea31133261d - __rustc[8fa7c3cbc660c2b3]::rust_begin_unwind
[INFO] [stdout]   10:     0x5ea31136c75c - core[df12db4294e9bfd3]::panicking::panic_fmt
[INFO] [stdout]   11:     0x5ea31136c532 - core[df12db4294e9bfd3]::result::unwrap_failed
[INFO] [stdout]   12:     0x5ea31120f340 - check[7d4945f23a289edb]::check::<&str>
[INFO] [stdout]   13:     0x5ea31121301c - <check[7d4945f23a289edb]::changes_edit_no_size_change::{closure#0} as core[df12db4294e9bfd3]::ops::function::FnOnce<()>>::call_once
[INFO] [stdout]   14:     0x5ea31121851b - test[9d35eded1c95d3be]::__rust_begin_short_backtrace::<core[df12db4294e9bfd3]::result::Result<(), alloc[2182bb758b4b3781]::string::String>, fn() -> core[df12db4294e9bfd3]::result::Result<(), alloc[2182bb758b4b3781]::string::String>>
[INFO] [stdout]   15:     0x5ea311225b85 - test[9d35eded1c95d3be]::run_test::{closure#0}
[INFO] [stdout]   16:     0x5ea31121f444 - std[70759c8f55707aa4]::sys::backtrace::__rust_begin_short_backtrace::<test[9d35eded1c95d3be]::run_test::{closure#1}, ()>
[INFO] [stdout]   17:     0x5ea311228ce2 - <std[70759c8f55707aa4]::thread::lifecycle::spawn_unchecked<test[9d35eded1c95d3be]::run_test::{closure#1}, ()>::{closure#1} as core[df12db4294e9bfd3]::ops::function::FnOnce<()>>::call_once::{shim:vtable#0}
[INFO] [stdout]   18:     0x5ea311356079 - <std[70759c8f55707aa4]::sys::thread::unix::Thread>::new::thread_start
[INFO] [stdout]   19:     0x7474ad985dfa - <unknown>
[INFO] [stdout]   20:     0x7474ada193d4 - clone
[INFO] [stdout]   21:                0x0 - <unknown>
[INFO] [stdout] 
[INFO] [stdout] ---- changes_new stdout ----
[INFO] [stdout] 
[INFO] [stdout] thread 'changes_new' (1996) panicked at tests/check.rs:17:84:
[INFO] [stdout] called `Result::unwrap()` on an `Err` value: Ignore(WithPath { path: "tests/changes_new/before", err: Io(Custom { kind: NotFound, error: Error { depth: 0, inner: Io { path: Some("tests/changes_new/before"), err: Os { code: 2, kind: NotFound, message: "No such file or directory" } } } }) })
[INFO] [stdout] stack backtrace:
[INFO] [stdout]    0:     0x5ea3113567e1 - <<std[70759c8f55707aa4]::sys::backtrace::BacktraceLock>::print::DisplayBacktrace as core[df12db4294e9bfd3]::fmt::Display>::fmt
[INFO] [stdout]    1:     0x5ea31136bffa - core[df12db4294e9bfd3]::fmt::write
[INFO] [stdout]    2:     0x5ea31135b06c - <alloc[2182bb758b4b3781]::vec::Vec<u8> as core[df12db4294e9bfd3]::io::write::Write>::write_fmt
[INFO] [stdout]    3:     0x5ea311331976 - std[70759c8f55707aa4]::panicking::default_hook::{closure#0}
[INFO] [stdout]    4:     0x5ea31134e6b9 - std[70759c8f55707aa4]::panicking::default_hook
[INFO] [stdout]    5:     0x5ea311225230 - test[9d35eded1c95d3be]::test_main_inner::<test[9d35eded1c95d3be]::test_main_static::{closure#0}>::{closure#0}
[INFO] [stdout]    6:     0x5ea31134e9e2 - std[70759c8f55707aa4]::panicking::panic_with_hook
[INFO] [stdout]    7:     0x5ea311331a22 - std[70759c8f55707aa4]::panicking::panic_handler::{closure#0}
[INFO] [stdout]    8:     0x5ea31132a6d9 - std[70759c8f55707aa4]::sys::backtrace::__rust_end_short_backtrace::<std[70759c8f55707aa4]::panicking::panic_handler::{closure#0}, !>
[INFO] [stdout]    9:     0x5ea31133261d - __rustc[8fa7c3cbc660c2b3]::rust_begin_unwind
[INFO] [stdout]   10:     0x5ea31136c75c - core[df12db4294e9bfd3]::panicking::panic_fmt
[INFO] [stdout]   11:     0x5ea31136c532 - core[df12db4294e9bfd3]::result::unwrap_failed
[INFO] [stdout]   12:     0x5ea31120f340 - check[7d4945f23a289edb]::check::<&str>
[INFO] [stdout]   13:     0x5ea3112115b3 - <check[7d4945f23a289edb]::changes_new::{closure#0} as core[df12db4294e9bfd3]::ops::function::FnOnce<()>>::call_once
[INFO] [stdout]   14:     0x5ea31121851b - test[9d35eded1c95d3be]::__rust_begin_short_backtrace::<core[df12db4294e9bfd3]::result::Result<(), alloc[2182bb758b4b3781]::string::String>, fn() -> core[df12db4294e9bfd3]::result::Result<(), alloc[2182bb758b4b3781]::string::String>>
[INFO] [stdout]   15:     0x5ea311225b85 - test[9d35eded1c95d3be]::run_test::{closure#0}
[INFO] [stdout]   16:     0x5ea31121f444 - std[70759c8f55707aa4]::sys::backtrace::__rust_begin_short_backtrace::<test[9d35eded1c95d3be]::run_test::{closure#1}, ()>
[INFO] [stdout]   17:     0x5ea311228ce2 - <std[70759c8f55707aa4]::thread::lifecycle::spawn_unchecked<test[9d35eded1c95d3be]::run_test::{closure#1}, ()>::{closure#1} as core[df12db4294e9bfd3]::ops::function::FnOnce<()>>::call_once::{shim:vtable#0}
[INFO] [stdout]   18:     0x5ea311356079 - <std[70759c8f55707aa4]::sys::thread::unix::Thread>::new::thread_start
[INFO] [stdout]   19:     0x7474ad985dfa - <unknown>
[INFO] [stdout]   20:     0x7474ada193d4 - clone
[INFO] [stdout]   21:                0x0 - <unknown>
[INFO] [stdout] 
[INFO] [stdout] ---- changes_edit_bin stdout ----
[INFO] [stdout] 
[INFO] [stdout] thread 'changes_edit_bin' (1994) panicked at tests/check.rs:17:84:
[INFO] [stdout] called `Result::unwrap()` on an `Err` value: Ignore(WithPath { path: "tests/changes_edit_bin/before", err: Io(Custom { kind: NotFound, error: Error { depth: 0, inner: Io { path: Some("tests/changes_edit_bin/before"), err: Os { code: 2, kind: NotFound, message: "No such file or directory" } } } }) })
[INFO] [stdout] stack backtrace:
[INFO] [stdout]    0:     0x5ea3113567e1 - <<std[70759c8f55707aa4]::sys::backtrace::BacktraceLock>::print::DisplayBacktrace as core[df12db4294e9bfd3]::fmt::Display>::fmt
[INFO] [stdout]    1:     0x5ea31136bffa - core[df12db4294e9bfd3]::fmt::write
[INFO] [stdout]    2:     0x5ea31135b06c - <alloc[2182bb758b4b3781]::vec::Vec<u8> as core[df12db4294e9bfd3]::io::write::Write>::write_fmt
[INFO] [stdout]    3:     0x5ea311331976 - std[70759c8f55707aa4]::panicking::default_hook::{closure#0}
[INFO] [stdout]    4:     0x5ea31134e6b9 - std[70759c8f55707aa4]::panicking::default_hook
[INFO] [stdout]    5:     0x5ea311225230 - test[9d35eded1c95d3be]::test_main_inner::<test[9d35eded1c95d3be]::test_main_static::{closure#0}>::{closure#0}
[INFO] [stdout]    6:     0x5ea31134e9e2 - std[70759c8f55707aa4]::panicking::panic_with_hook
[INFO] [stdout]    7:     0x5ea311331a22 - std[70759c8f55707aa4]::panicking::panic_handler::{closure#0}
[INFO] [stdout]    8:     0x5ea31132a6d9 - std[70759c8f55707aa4]::sys::backtrace::__rust_end_short_backtrace::<std[70759c8f55707aa4]::panicking::panic_handler::{closure#0}, !>
[INFO] [stdout]    9:     0x5ea31133261d - __rustc[8fa7c3cbc660c2b3]::rust_begin_unwind
[INFO] [stdout]   10:     0x5ea31136c75c - core[df12db4294e9bfd3]::panicking::panic_fmt
[INFO] [stdout]   11:     0x5ea31136c532 - core[df12db4294e9bfd3]::result::unwrap_failed
[INFO] [stdout]   12:     0x5ea31120f340 - check[7d4945f23a289edb]::check::<&str>
[INFO] [stdout]   13:     0x5ea3112124bc - <check[7d4945f23a289edb]::changes_edit_bin::{closure#0} as core[df12db4294e9bfd3]::ops::function::FnOnce<()>>::call_once
[INFO] [stdout]   14:     0x5ea31121851b - test[9d35eded1c95d3be]::__rust_begin_short_backtrace::<core[df12db4294e9bfd3]::result::Result<(), alloc[2182bb758b4b3781]::string::String>, fn() -> core[df12db4294e9bfd3]::result::Result<(), alloc[2182bb758b4b3781]::string::String>>
[INFO] [stdout]   15:     0x5ea311225b85 - test[9d35eded1c95d3be]::run_test::{closure#0}
[INFO] [stdout]   16:     0x5ea31121f444 - std[70759c8f55707aa4]::sys::backtrace::__rust_begin_short_backtrace::<test[9d35eded1c95d3be]::run_test::{closure#1}, ()>
[INFO] [stdout]   17:     0x5ea311228ce2 - <std[70759c8f55707aa4]::thread::lifecycle::spawn_unchecked<test[9d35eded1c95d3be]::run_test::{closure#1}, ()>::{closure#1} as core[df12db4294e9bfd3]::ops::function::FnOnce<()>>::call_once::{shim:vtable#0}
[INFO] [stdout]   18:     0x5ea311356079 - <std[70759c8f55707aa4]::sys::thread::unix::Thread>::new::thread_start
[INFO] [stdout]   19:     0x7474ad985dfa - <unknown>
[INFO] [stdout]   20:     0x7474ada193d4 - clone
[INFO] [stdout]   21:                0x0 - <unknown>
[INFO] [stdout] 
[INFO] [stdout] ---- changes_new_bin stdout ----
[INFO] [stdout] 
[INFO] [stdout] thread 'changes_new_bin' (1997) panicked at tests/check.rs:17:84:
[INFO] [stdout] called `Result::unwrap()` on an `Err` value: Ignore(WithPath { path: "tests/changes_new_bin/before", err: Io(Custom { kind: NotFound, error: Error { depth: 0, inner: Io { path: Some("tests/changes_new_bin/before"), err: Os { code: 2, kind: NotFound, message: "No such file or directory" } } } }) })
[INFO] [stdout] stack backtrace:
[INFO] [stdout]    0:     0x5ea3113567e1 - <<std[70759c8f55707aa4]::sys::backtrace::BacktraceLock>::print::DisplayBacktrace as core[df12db4294e9bfd3]::fmt::Display>::fmt
[INFO] [stdout]    1:     0x5ea31136bffa - core[df12db4294e9bfd3]::fmt::write
[INFO] [stdout]    2:     0x5ea31135b06c - <alloc[2182bb758b4b3781]::vec::Vec<u8> as core[df12db4294e9bfd3]::io::write::Write>::write_fmt
[INFO] [stdout]    3:     0x5ea311331976 - std[70759c8f55707aa4]::panicking::default_hook::{closure#0}
[INFO] [stdout]    4:     0x5ea31134e6b9 - std[70759c8f55707aa4]::panicking::default_hook
[INFO] [stdout]    5:     0x5ea311225230 - test[9d35eded1c95d3be]::test_main_inner::<test[9d35eded1c95d3be]::test_main_static::{closure#0}>::{closure#0}
[INFO] [stdout]    6:     0x5ea31134e9e2 - std[70759c8f55707aa4]::panicking::panic_with_hook
[INFO] [stdout]    7:     0x5ea311331a22 - std[70759c8f55707aa4]::panicking::panic_handler::{closure#0}
[INFO] [stdout]    8:     0x5ea31132a6d9 - std[70759c8f55707aa4]::sys::backtrace::__rust_end_short_backtrace::<std[70759c8f55707aa4]::panicking::panic_handler::{closure#0}, !>
[INFO] [stdout]    9:     0x5ea31133261d - __rustc[8fa7c3cbc660c2b3]::rust_begin_unwind
[INFO] [stdout]   10:     0x5ea31136c75c - core[df12db4294e9bfd3]::panicking::panic_fmt
[INFO] [stdout]   11:     0x5ea31136c532 - core[df12db4294e9bfd3]::result::unwrap_failed
[INFO] [stdout]   12:     0x5ea31120f340 - check[7d4945f23a289edb]::check::<&str>
[INFO] [stdout]   13:     0x5ea3112121b3 - <check[7d4945f23a289edb]::changes_new_bin::{closure#0} as core[df12db4294e9bfd3]::ops::function::FnOnce<()>>::call_once
[INFO] [stdout]   14:     0x5ea31121851b - test[9d35eded1c95d3be]::__rust_begin_short_backtrace::<core[df12db4294e9bfd3]::result::Result<(), alloc[2182bb758b4b3781]::string::String>, fn() -> core[df12db4294e9bfd3]::result::Result<(), alloc[2182bb758b4b3781]::string::String>>
[INFO] [stdout]   15:     0x5ea311225b85 - test[9d35eded1c95d3be]::run_test::{closure#0}
[INFO] [stdout]   16:     0x5ea31121f444 - std[70759c8f55707aa4]::sys::backtrace::__rust_begin_short_backtrace::<test[9d35eded1c95d3be]::run_test::{closure#1}, ()>
[INFO] [stdout]   17:     0x5ea311228ce2 - <std[70759c8f55707aa4]::thread::lifecycle::spawn_unchecked<test[9d35eded1c95d3be]::run_test::{closure#1}, ()>::{closure#1} as core[df12db4294e9bfd3]::ops::function::FnOnce<()>>::call_once::{shim:vtable#0}
[INFO] [stdout]   18:     0x5ea311356079 - <std[70759c8f55707aa4]::sys::thread::unix::Thread>::new::thread_start
[INFO] [stdout]   19:     0x7474ad985dfa - <unknown>
[INFO] [stdout]   20:     0x7474ada193d4 - clone
[INFO] [stdout]   21:                0x0 - <unknown>
[INFO] [stdout] 
[INFO] [stdout] ---- suspicious_nul stdout ----
[INFO] [stdout] 
[INFO] [stdout] thread 'suspicious_nul' (2000) panicked at tests/check.rs:17:84:
[INFO] [stdout] called `Result::unwrap()` on an `Err` value: Ignore(WithPath { path: "tests/suspicious_nul/before", err: Io(Custom { kind: NotFound, error: Error { depth: 0, inner: Io { path: Some("tests/suspicious_nul/before"), err: Os { code: 2, kind: NotFound, message: "No such file or directory" } } } }) })
[INFO] [stdout] stack backtrace:
[INFO] [stdout]    0:     0x5ea3113567e1 - <<std[70759c8f55707aa4]::sys::backtrace::BacktraceLock>::print::DisplayBacktrace as core[df12db4294e9bfd3]::fmt::Display>::fmt
[INFO] [stdout]    1:     0x5ea31136bffa - core[df12db4294e9bfd3]::fmt::write
[INFO] [stdout]    2:     0x5ea31135b06c - <alloc[2182bb758b4b3781]::vec::Vec<u8> as core[df12db4294e9bfd3]::io::write::Write>::write_fmt
[INFO] [stdout]    3:     0x5ea311331976 - std[70759c8f55707aa4]::panicking::default_hook::{closure#0}
[INFO] [stdout]    4:     0x5ea31134e6b9 - std[70759c8f55707aa4]::panicking::default_hook
[INFO] [stdout]    5:     0x5ea311225230 - test[9d35eded1c95d3be]::test_main_inner::<test[9d35eded1c95d3be]::test_main_static::{closure#0}>::{closure#0}
[INFO] [stdout]    6:     0x5ea31134e9e2 - std[70759c8f55707aa4]::panicking::panic_with_hook
[INFO] [stdout]    7:     0x5ea311331a22 - std[70759c8f55707aa4]::panicking::panic_handler::{closure#0}
[INFO] [stdout]    8:     0x5ea31132a6d9 - std[70759c8f55707aa4]::sys::backtrace::__rust_end_short_backtrace::<std[70759c8f55707aa4]::panicking::panic_handler::{closure#0}, !>
[INFO] [stdout]    9:     0x5ea31133261d - __rustc[8fa7c3cbc660c2b3]::rust_begin_unwind
[INFO] [stdout]   10:     0x5ea31136c75c - core[df12db4294e9bfd3]::panicking::panic_fmt
[INFO] [stdout]   11:     0x5ea31136c532 - core[df12db4294e9bfd3]::result::unwrap_failed
[INFO] [stdout]   12:     0x5ea31120f340 - check[7d4945f23a289edb]::check::<&str>
[INFO] [stdout]   13:     0x5ea311211eb3 - <check[7d4945f23a289edb]::suspicious_nul::{closure#0} as core[df12db4294e9bfd3]::ops::function::FnOnce<()>>::call_once
[INFO] [stdout]   14:     0x5ea31121851b - test[9d35eded1c95d3be]::__rust_begin_short_backtrace::<core[df12db4294e9bfd3]::result::Result<(), alloc[2182bb758b4b3781]::string::String>, fn() -> core[df12db4294e9bfd3]::result::Result<(), alloc[2182bb758b4b3781]::string::String>>
[INFO] [stdout]   15:     0x5ea311225b85 - test[9d35eded1c95d3be]::run_test::{closure#0}
[INFO] [stdout]   16:     0x5ea31121f444 - std[70759c8f55707aa4]::sys::backtrace::__rust_begin_short_backtrace::<test[9d35eded1c95d3be]::run_test::{closure#1}, ()>
[INFO] [stdout]   17:     0x5ea311228ce2 - <std[70759c8f55707aa4]::thread::lifecycle::spawn_unchecked<test[9d35eded1c95d3be]::run_test::{closure#1}, ()>::{closure#1} as core[df12db4294e9bfd3]::ops::function::FnOnce<()>>::call_once::{shim:vtable#0}
[INFO] [stdout]   18:     0x5ea311356079 - <std[70759c8f55707aa4]::sys::thread::unix::Thread>::new::thread_start
[INFO] [stdout]   19:     0x7474ad985dfa - <unknown>
[INFO] [stdout]   20:     0x7474ada193d4 - clone
[INFO] [stdout]   21:                0x0 - <unknown>
[INFO] [stdout] 
[INFO] [stdout] ---- suspicious_nonascii stdout ----
[INFO] [stdout] 
[INFO] [stdout] thread 'suspicious_nonascii' (1999) panicked at tests/check.rs:17:84:
[INFO] [stdout] called `Result::unwrap()` on an `Err` value: Ignore(WithPath { path: "tests/suspicious_nonascii/before", err: Io(Custom { kind: NotFound, error: Error { depth: 0, inner: Io { path: Some("tests/suspicious_nonascii/before"), err: Os { code: 2, kind: NotFound, message: "No such file or directory" } } } }) })
[INFO] [stdout] stack backtrace:
[INFO] [stdout]    0:     0x5ea3113567e1 - <<std[70759c8f55707aa4]::sys::backtrace::BacktraceLock>::print::DisplayBacktrace as core[df12db4294e9bfd3]::fmt::Display>::fmt
[INFO] [stdout]    1:     0x5ea31136bffa - core[df12db4294e9bfd3]::fmt::write
[INFO] [stdout]    2:     0x5ea31135b06c - <alloc[2182bb758b4b3781]::vec::Vec<u8> as core[df12db4294e9bfd3]::io::write::Write>::write_fmt
[INFO] [stdout]    3:     0x5ea311331976 - std[70759c8f55707aa4]::panicking::default_hook::{closure#0}
[INFO] [stdout]    4:     0x5ea31134e6b9 - std[70759c8f55707aa4]::panicking::default_hook
[INFO] [stdout]    5:     0x5ea311225230 - test[9d35eded1c95d3be]::test_main_inner::<test[9d35eded1c95d3be]::test_main_static::{closure#0}>::{closure#0}
[INFO] [stdout]    6:     0x5ea31134e9e2 - std[70759c8f55707aa4]::panicking::panic_with_hook
[INFO] [stdout]    7:     0x5ea311331a22 - std[70759c8f55707aa4]::panicking::panic_handler::{closure#0}
[INFO] [stdout]    8:     0x5ea31132a6d9 - std[70759c8f55707aa4]::sys::backtrace::__rust_end_short_backtrace::<std[70759c8f55707aa4]::panicking::panic_handler::{closure#0}, !>
[INFO] [stdout]    9:     0x5ea31133261d - __rustc[8fa7c3cbc660c2b3]::rust_begin_unwind
[INFO] [stdout]   10:     0x5ea31136c75c - core[df12db4294e9bfd3]::panicking::panic_fmt
[INFO] [stdout]   11:     0x5ea31136c532 - core[df12db4294e9bfd3]::result::unwrap_failed
[INFO] [stdout]   12:     0x5ea31120f340 - check[7d4945f23a289edb]::check::<&str>
[INFO] [stdout]   13:     0x5ea311212a13 - <check[7d4945f23a289edb]::suspicious_nonascii::{closure#0} as core[df12db4294e9bfd3]::ops::function::FnOnce<()>>::call_once
[INFO] [stdout]   14:     0x5ea31121851b - test[9d35eded1c95d3be]::__rust_begin_short_backtrace::<core[df12db4294e9bfd3]::result::Result<(), alloc[2182bb758b4b3781]::string::String>, fn() -> core[df12db4294e9bfd3]::result::Result<(), alloc[2182bb758b4b3781]::string::String>>
[INFO] [stdout]   15:     0x5ea311225b85 - test[9d35eded1c95d3be]::run_test::{closure#0}
[INFO] [stdout]   16:     0x5ea31121f444 - std[70759c8f55707aa4]::sys::backtrace::__rust_begin_short_backtrace::<test[9d35eded1c95d3be]::run_test::{closure#1}, ()>
[INFO] [stdout]   17:     0x5ea311228ce2 - <std[70759c8f55707aa4]::thread::lifecycle::spawn_unchecked<test[9d35eded1c95d3be]::run_test::{closure#1}, ()>::{closure#1} as core[df12db4294e9bfd3]::ops::function::FnOnce<()>>::call_once::{shim:vtable#0}
[INFO] [stdout]   18:     0x5ea311356079 - <std[70759c8f55707aa4]::sys::thread::unix::Thread>::new::thread_start
[INFO] [stdout]   19:     0x7474ad985dfa - <unknown>
[INFO] [stdout]   20:     0x7474ada193d4 - clone
[INFO] [stdout]   21:                0x0 - <unknown>
[INFO] [stdout] 
[INFO] [stdout] ---- no_changes stdout ----
[INFO] [stdout] 
[INFO] [stdout] thread 'no_changes' (1998) panicked at tests/check.rs:17:84:
[INFO] [stdout] called `Result::unwrap()` on an `Err` value: Ignore(WithPath { path: "tests/nochanges/before", err: Io(Custom { kind: NotFound, error: Error { depth: 0, inner: Io { path: Some("tests/nochanges/before"), err: Os { code: 2, kind: NotFound, message: "No such file or directory" } } } }) })
[INFO] [stdout] stack backtrace:
[INFO] [stdout]    0:     0x5ea3113567e1 - <<std[70759c8f55707aa4]::sys::backtrace::BacktraceLock>::print::DisplayBacktrace as core[df12db4294e9bfd3]::fmt::Display>::fmt
[INFO] [stdout]    1:     0x5ea31136bffa - core[df12db4294e9bfd3]::fmt::write
[INFO] [stdout]    2:     0x5ea31135b06c - <alloc[2182bb758b4b3781]::vec::Vec<u8> as core[df12db4294e9bfd3]::io::write::Write>::write_fmt
[INFO] [stdout]    3:     0x5ea311331976 - std[70759c8f55707aa4]::panicking::default_hook::{closure#0}
[INFO] [stdout]    4:     0x5ea31134e6b9 - std[70759c8f55707aa4]::panicking::default_hook
[INFO] [stdout]    5:     0x5ea311225230 - test[9d35eded1c95d3be]::test_main_inner::<test[9d35eded1c95d3be]::test_main_static::{closure#0}>::{closure#0}
[INFO] [stdout]    6:     0x5ea31134e9e2 - std[70759c8f55707aa4]::panicking::panic_with_hook
[INFO] [stdout]    7:     0x5ea311331a22 - std[70759c8f55707aa4]::panicking::panic_handler::{closure#0}
[INFO] [stdout]    8:     0x5ea31132a6d9 - std[70759c8f55707aa4]::sys::backtrace::__rust_end_short_backtrace::<std[70759c8f55707aa4]::panicking::panic_handler::{closure#0}, !>
[INFO] [stdout]    9:     0x5ea31133261d - __rustc[8fa7c3cbc660c2b3]::rust_begin_unwind
[INFO] [stdout]   10:     0x5ea31136c75c - core[df12db4294e9bfd3]::panicking::panic_fmt
[INFO] [stdout]   11:     0x5ea31136c532 - core[df12db4294e9bfd3]::result::unwrap_failed
[INFO] [stdout]   12:     0x5ea31120f340 - check[7d4945f23a289edb]::check::<&str>
[INFO] [stdout]   13:     0x5ea3112112b3 - <check[7d4945f23a289edb]::no_changes::{closure#0} as core[df12db4294e9bfd3]::ops::function::FnOnce<()>>::call_once
[INFO] [stdout]   14:     0x5ea31121851b - test[9d35eded1c95d3be]::__rust_begin_short_backtrace::<core[df12db4294e9bfd3]::result::Result<(), alloc[2182bb758b4b3781]::string::String>, fn() -> core[df12db4294e9bfd3]::result::Result<(), alloc[2182bb758b4b3781]::string::String>>
[INFO] [stdout]   15:     0x5ea311225b85 - test[9d35eded1c95d3be]::run_test::{closure#0}
[INFO] [stdout]   16:     0x5ea31121f444 - std[70759c8f55707aa4]::sys::backtrace::__rust_begin_short_backtrace::<test[9d35eded1c95d3be]::run_test::{closure#1}, ()>
[INFO] [stdout]   17:     0x5ea311228ce2 - <std[70759c8f55707aa4]::thread::lifecycle::spawn_unchecked<test[9d35eded1c95d3be]::run_test::{closure#1}, ()>::{closure#1} as core[df12db4294e9bfd3]::ops::function::FnOnce<()>>::call_once::{shim:vtable#0}
[INFO] [stdout]   18:     0x5ea311356079 - <std[70759c8f55707aa4]::sys::thread::unix::Thread>::new::thread_start
[INFO] [stdout]   19:     0x7474ad985dfa - <unknown>
[INFO] [stdout]   20:     0x7474ada193d4 - clone
[INFO] [stdout]   21:                0x0 - <unknown>
[INFO] [stdout] 
[INFO] [stdout] ---- changes_delete_dir stdout ----
[INFO] [stdout] 
[INFO] [stdout] thread 'changes_delete_dir' (1992) panicked at tests/check.rs:17:84:
[INFO] [stdout] called `Result::unwrap()` on an `Err` value: Ignore(WithPath { path: "tests/changes_delete_dir/before", err: Io(Custom { kind: NotFound, error: Error { depth: 0, inner: Io { path: Some("tests/changes_delete_dir/before"), err: Os { code: 2, kind: NotFound, message: "No such file or directory" } } } }) })
[INFO] [stdout] stack backtrace:
[INFO] [stdout]    0:     0x5ea3113567e1 - <<std[70759c8f55707aa4]::sys::backtrace::BacktraceLock>::print::DisplayBacktrace as core[df12db4294e9bfd3]::fmt::Display>::fmt
[INFO] [stdout]    1:     0x5ea31136bffa - core[df12db4294e9bfd3]::fmt::write
[INFO] [stdout]    2:     0x5ea31135b06c - <alloc[2182bb758b4b3781]::vec::Vec<u8> as core[df12db4294e9bfd3]::io::write::Write>::write_fmt
[INFO] [stdout]    3:     0x5ea311331976 - std[70759c8f55707aa4]::panicking::default_hook::{closure#0}
[INFO] [stdout]    4:     0x5ea31134e6b9 - std[70759c8f55707aa4]::panicking::default_hook
[INFO] [stdout]    5:     0x5ea311225230 - test[9d35eded1c95d3be]::test_main_inner::<test[9d35eded1c95d3be]::test_main_static::{closure#0}>::{closure#0}
[INFO] [stdout]    6:     0x5ea31134e9e2 - std[70759c8f55707aa4]::panicking::panic_with_hook
[INFO] [stdout]    7:     0x5ea311331a22 - std[70759c8f55707aa4]::panicking::panic_handler::{closure#0}
[INFO] [stdout]    8:     0x5ea31132a6d9 - std[70759c8f55707aa4]::sys::backtrace::__rust_end_short_backtrace::<std[70759c8f55707aa4]::panicking::panic_handler::{closure#0}, !>
[INFO] [stdout]    9:     0x5ea31133261d - __rustc[8fa7c3cbc660c2b3]::rust_begin_unwind
[INFO] [stdout]   10:     0x5ea31136c75c - core[df12db4294e9bfd3]::panicking::panic_fmt
[INFO] [stdout]   11:     0x5ea31136c532 - core[df12db4294e9bfd3]::result::unwrap_failed
[INFO] [stdout]   12:     0x5ea31120f340 - check[7d4945f23a289edb]::check::<&str>
[INFO] [stdout]   13:     0x5ea311212713 - <check[7d4945f23a289edb]::changes_delete_dir::{closure#0} as core[df12db4294e9bfd3]::ops::function::FnOnce<()>>::call_once
[INFO] [stdout]   14:     0x5ea31121851b - test[9d35eded1c95d3be]::__rust_begin_short_backtrace::<core[df12db4294e9bfd3]::result::Result<(), alloc[2182bb758b4b3781]::string::String>, fn() -> core[df12db4294e9bfd3]::result::Result<(), alloc[2182bb758b4b3781]::string::String>>
[INFO] [stdout]   15:     0x5ea311225b85 - test[9d35eded1c95d3be]::run_test::{closure#0}
[INFO] [stdout]   16:     0x5ea31121f444 - std[70759c8f55707aa4]::sys::backtrace::__rust_begin_short_backtrace::<test[9d35eded1c95d3be]::run_test::{closure#1}, ()>
[INFO] [stdout]   17:     0x5ea311228ce2 - <std[70759c8f55707aa4]::thread::lifecycle::spawn_unchecked<test[9d35eded1c95d3be]::run_test::{closure#1}, ()>::{closure#1} as core[df12db4294e9bfd3]::ops::function::FnOnce<()>>::call_once::{shim:vtable#0}
[INFO] [stdout]   18:     0x5ea311356079 - <std[70759c8f55707aa4]::sys::thread::unix::Thread>::new::thread_start
[INFO] [stdout]   19:     0x7474ad985dfa - <unknown>
[INFO] [stdout]   20:     0x7474ada193d4 - clone
[INFO] [stdout]   21:                0x0 - <unknown>
[INFO] [stdout] 
[INFO] [stdout] ---- suspicious_truncate stdout ----
[INFO] [stdout] 
[INFO] [stdout] thread 'suspicious_truncate' (2001) panicked at tests/check.rs:17:84:
[INFO] [stdout] called `Result::unwrap()` on an `Err` value: Ignore(WithPath { path: "tests/suspicious_truncate/before", err: Io(Custom { kind: NotFound, error: Error { depth: 0, inner: Io { path: Some("tests/suspicious_truncate/before"), err: Os { code: 2, kind: NotFound, message: "No such file or directory" } } } }) })
[INFO] [stdout] stack backtrace:
[INFO] [stdout]    0:     0x5ea3113567e1 - <<std[70759c8f55707aa4]::sys::backtrace::BacktraceLock>::print::DisplayBacktrace as core[df12db4294e9bfd3]::fmt::Display>::fmt
[INFO] [stdout]    1:     0x5ea31136bffa - core[df12db4294e9bfd3]::fmt::write
[INFO] [stdout]    2:     0x5ea31135b06c - <alloc[2182bb758b4b3781]::vec::Vec<u8> as core[df12db4294e9bfd3]::io::write::Write>::write_fmt
[INFO] [stdout]    3:     0x5ea311331976 - std[70759c8f55707aa4]::panicking::default_hook::{closure#0}
[INFO] [stdout]    4:     0x5ea31134e6b9 - std[70759c8f55707aa4]::panicking::default_hook
[INFO] [stdout]    5:     0x5ea311225230 - test[9d35eded1c95d3be]::test_main_inner::<test[9d35eded1c95d3be]::test_main_static::{closure#0}>::{closure#0}
[INFO] [stdout]    6:     0x5ea31134e9e2 - std[70759c8f55707aa4]::panicking::panic_with_hook
[INFO] [stdout]    7:     0x5ea311331a22 - std[70759c8f55707aa4]::panicking::panic_handler::{closure#0}
[INFO] [stdout]    8:     0x5ea31132a6d9 - std[70759c8f55707aa4]::sys::backtrace::__rust_end_short_backtrace::<std[70759c8f55707aa4]::panicking::panic_handler::{closure#0}, !>
[INFO] [stdout]    9:     0x5ea31133261d - __rustc[8fa7c3cbc660c2b3]::rust_begin_unwind
[INFO] [stdout]   10:     0x5ea31136c75c - core[df12db4294e9bfd3]::panicking::panic_fmt
[INFO] [stdout]   11:     0x5ea31136c532 - core[df12db4294e9bfd3]::result::unwrap_failed
[INFO] [stdout]   12:     0x5ea31120f340 - check[7d4945f23a289edb]::check::<&str>
[INFO] [stdout]   13:     0x5ea311212d13 - <check[7d4945f23a289edb]::suspicious_truncate::{closure#0} as core[df12db4294e9bfd3]::ops::function::FnOnce<()>>::call_once
[INFO] [stdout]   14:     0x5ea31121851b - test[9d35eded1c95d3be]::__rust_begin_short_backtrace::<core[df12db4294e9bfd3]::result::Result<(), alloc[2182bb758b4b3781]::string::String>, fn() -> core[df12db4294e9bfd3]::result::Result<(), alloc[2182bb758b4b3781]::string::String>>
[INFO] [stdout]   15:     0x5ea311225b85 - test[9d35eded1c95d3be]::run_test::{closure#0}
[INFO] [stdout]   16:     0x5ea31121f444 - std[70759c8f55707aa4]::sys::backtrace::__rust_begin_short_backtrace::<test[9d35eded1c95d3be]::run_test::{closure#1}, ()>
[INFO] [stdout]   17:     0x5ea311228ce2 - <std[70759c8f55707aa4]::thread::lifecycle::spawn_unchecked<test[9d35eded1c95d3be]::run_test::{closure#1}, ()>::{closure#1} as core[df12db4294e9bfd3]::ops::function::FnOnce<()>>::call_once::{shim:vtable#0}
[INFO] [stdout]   18:     0x5ea311356079 - <std[70759c8f55707aa4]::sys::thread::unix::Thread>::new::thread_start
[INFO] [stdout]   19:     0x7474ad985dfa - <unknown>
[INFO] [stdout]   20:     0x7474ada193d4 - clone
[INFO] [stdout]   21:                0x0 - <unknown>
[INFO] [stdout] 
[INFO] [stdout] 
[INFO] [stdout] failures:
[INFO] [stdout]     changes_delete
[INFO] [stdout]     changes_delete_dir
[INFO] [stdout]     changes_edit
[INFO] [stdout]     changes_edit_bin
[INFO] [stdout]     changes_edit_no_size_change
[INFO] [stdout]     changes_new
[INFO] [stdout]     changes_new_bin
[INFO] [stdout]     no_changes
[INFO] [stdout]     suspicious_nonascii
[INFO] [stdout]     suspicious_nul
[INFO] [stdout]     suspicious_truncate
[INFO] [stdout] 
[INFO] [stdout] test result: FAILED. 0 passed; 11 failed; 0 ignored; 0 measured; 0 filtered out; finished in 0.01s
[INFO] [stdout] 
[INFO] [stderr] error: test failed, to rerun pass `--test check`
[INFO] running `Command { std: "docker" "inspect" "5c7571c28a24b7f7e7938661e7b13ab90ec1ebb9ad89a2e73a32bb65a351105d", kill_on_drop: false }`
[INFO] running `Command { std: "docker" "rm" "-f" "5c7571c28a24b7f7e7938661e7b13ab90ec1ebb9ad89a2e73a32bb65a351105d", kill_on_drop: false }`
[INFO] [stdout] 5c7571c28a24b7f7e7938661e7b13ab90ec1ebb9ad89a2e73a32bb65a351105d
