[INFO] fetching crate intarsia-macros 0.1.0...
[INFO] testing intarsia-macros-0.1.0 against 1.100.0-beta.1+cargoflags=--release for beta-release-1.100-2
[INFO] extracting crate intarsia-macros 0.1.0 into /workspace/builds/worker-4-tc2/source
[INFO] started tweaking crates.io crate intarsia-macros 0.1.0
[INFO] finished tweaking crates.io crate intarsia-macros 0.1.0
[INFO] tweaked toml for crates.io crate intarsia-macros 0.1.0 written to /workspace/builds/worker-4-tc2/source/Cargo.toml
[INFO] validating manifest of crates.io crate intarsia-macros 0.1.0 on toolchain 1.100.0-beta.1
[INFO] running `Command { std: CARGO_HOME="/workspace/cargo-home" RUSTUP_HOME="/workspace/rustup-home" "/workspace/cargo-home/bin/cargo" "+1.100.0-beta.1" "metadata" "--manifest-path" "Cargo.toml" "--no-deps", kill_on_drop: false }`
[INFO] crate crates.io crate intarsia-macros 0.1.0 already has a lockfile, it will not be regenerated
[INFO] running `Command { std: CARGO_HOME="/workspace/cargo-home" RUSTUP_HOME="/workspace/rustup-home" "/workspace/cargo-home/bin/cargo" "+1.100.0-beta.1" "fetch" "--manifest-path" "Cargo.toml", kill_on_drop: false }`
[INFO] running `Command { std: "docker" "create" "-v" "/var/lib/crater-agent-workspace/builds/worker-4-tc2/source:/opt/rustwide/workdir:ro,Z" "-v" "/var/lib/crater-agent-workspace/builds/worker-4-tc2/target:/opt/rustwide/target:rw,Z" "-v" "/var/lib/crater-agent-workspace/cargo-home:/opt/rustwide/cargo-home:ro,Z" "-v" "/var/lib/crater-agent-workspace/rustup-home:/opt/rustwide/rustup-home:ro,Z" "-m" "1610612736" "--network" "none" "ghcr.io/rust-lang/crates-build-env/linux@sha256:77db811e55d90add9212f6832c23229e3de5f1c1f9905e8cb07319ea15df73ac" "sleep" "infinity", kill_on_drop: false }`
[INFO] [stdout] 980f1586a32ee37049bcf7003571d7ee936d6e135fd4a537ef72a253fc97e4cb
[INFO] running `Command { std: "docker" "start" "980f1586a32ee37049bcf7003571d7ee936d6e135fd4a537ef72a253fc97e4cb", kill_on_drop: false }`
[INFO] running `Command { std: "docker" "inspect" "980f1586a32ee37049bcf7003571d7ee936d6e135fd4a537ef72a253fc97e4cb", kill_on_drop: false }`
[INFO] running `Command { std: "docker" "exec" "-e" "SOURCE_DIR=/opt/rustwide/workdir" "-e" "CARGO_HOME=/opt/rustwide/cargo-home" "-e" "RUSTUP_HOME=/opt/rustwide/rustup-home" "-e" "CARGO_TARGET_DIR=/opt/rustwide/target" "-w" "/opt/rustwide/workdir" "--user" "0:0" "980f1586a32ee37049bcf7003571d7ee936d6e135fd4a537ef72a253fc97e4cb" "/opt/rustwide/cargo-home/bin/cargo" "+1.100.0-beta.1" "metadata" "--no-deps" "--format-version=1", kill_on_drop: false }`
[INFO] running `Command { std: "docker" "inspect" "980f1586a32ee37049bcf7003571d7ee936d6e135fd4a537ef72a253fc97e4cb", kill_on_drop: false }`
[INFO] running `Command { std: "docker" "exec" "-e" "SOURCE_DIR=/opt/rustwide/workdir" "-e" "CARGO_HOME=/opt/rustwide/cargo-home" "-e" "RUSTUP_HOME=/opt/rustwide/rustup-home" "-e" "CARGO_TARGET_DIR=/opt/rustwide/target" "-e" "CARGO_INCREMENTAL=0" "-e" "RUST_BACKTRACE=full" "-e" "RUSTFLAGS=--cap-lints=warn" "-e" "RUSTDOCFLAGS=--cap-lints=warn" "-w" "/opt/rustwide/workdir" "--user" "0:0" "980f1586a32ee37049bcf7003571d7ee936d6e135fd4a537ef72a253fc97e4cb" "/opt/rustwide/cargo-home/bin/cargo" "+1.100.0-beta.1" "build" "--frozen" "--message-format=json" "--release", kill_on_drop: false }`
[INFO] [stderr]    Compiling unicode-ident v1.0.23
[INFO] [stderr]    Compiling proc-macro2 v1.0.106
[INFO] [stderr]    Compiling quote v1.0.44
[INFO] [stderr]    Compiling syn v2.0.114
[INFO] [stderr]    Compiling intarsia-macros v0.1.0 (/opt/rustwide/workdir)
[INFO] [stderr]     Finished `release` profile [optimized] target(s) in 6.78s
[INFO] running `Command { std: "docker" "inspect" "980f1586a32ee37049bcf7003571d7ee936d6e135fd4a537ef72a253fc97e4cb", kill_on_drop: false }`
[INFO] running `Command { std: "docker" "exec" "-e" "SOURCE_DIR=/opt/rustwide/workdir" "-e" "CARGO_HOME=/opt/rustwide/cargo-home" "-e" "RUSTUP_HOME=/opt/rustwide/rustup-home" "-e" "CARGO_TARGET_DIR=/opt/rustwide/target" "-e" "CARGO_INCREMENTAL=0" "-e" "RUST_BACKTRACE=full" "-e" "RUSTFLAGS=--cap-lints=warn" "-e" "RUSTDOCFLAGS=--cap-lints=warn" "-w" "/opt/rustwide/workdir" "--user" "0:0" "980f1586a32ee37049bcf7003571d7ee936d6e135fd4a537ef72a253fc97e4cb" "/opt/rustwide/cargo-home/bin/cargo" "+1.100.0-beta.1" "test" "--frozen" "--no-run" "--message-format=json" "--release", kill_on_drop: false }`
[INFO] [stderr]    Compiling intarsia-macros v0.1.0 (/opt/rustwide/workdir)
[INFO] [stderr]     Finished `release` profile [optimized] target(s) in 0.34s
[INFO] running `Command { std: "docker" "inspect" "980f1586a32ee37049bcf7003571d7ee936d6e135fd4a537ef72a253fc97e4cb", kill_on_drop: false }`
[INFO] running `Command { std: "docker" "exec" "-e" "SOURCE_DIR=/opt/rustwide/workdir" "-e" "CARGO_HOME=/opt/rustwide/cargo-home" "-e" "RUSTUP_HOME=/opt/rustwide/rustup-home" "-e" "CARGO_TARGET_DIR=/opt/rustwide/target" "-e" "CARGO_INCREMENTAL=0" "-e" "RUST_BACKTRACE=full" "-e" "RUSTFLAGS=--cap-lints=warn" "-e" "RUSTDOCFLAGS=--cap-lints=warn" "-w" "/opt/rustwide/workdir" "--user" "0:0" "980f1586a32ee37049bcf7003571d7ee936d6e135fd4a537ef72a253fc97e4cb" "/opt/rustwide/cargo-home/bin/cargo" "+1.100.0-beta.1" "test" "--frozen" "--release", kill_on_drop: false }`
[INFO] [stderr]     Finished `release` profile [optimized] target(s) in 0.02s
[INFO] [stderr]      Running unittests src/lib.rs (/opt/rustwide/target/release/build/intarsia-macros/fbf804d447e34789/out/intarsia_macros-fbf804d447e34789)
[INFO] [stderr]    Doc-tests intarsia_macros
[INFO] [stdout] 
[INFO] [stdout] running 0 tests
[INFO] [stdout] 
[INFO] [stdout] test result: ok. 0 passed; 0 failed; 0 ignored; 0 measured; 0 filtered out; finished in 0.00s
[INFO] [stdout] 
[INFO] [stdout] 
[INFO] [stdout] running 5 tests
[INFO] [stdout] test src/lib.rs - (line 35) ... ignored
[INFO] [stdout] test src/lib.rs - isle_integration (line 121) ... ignored
[INFO] [stdout] test src/lib.rs - isle_integration (line 141) ... ignored
[INFO] [stdout] test src/lib.rs - isle_integration_full (line 232) ... ignored
[INFO] [stdout] test src/lib.rs - (line 64) - compile ... FAILED
[INFO] [stdout] 
[INFO] [stdout] failures:
[INFO] [stdout] 
[INFO] [stdout] ---- src/lib.rs - (line 64) stdout ----
[INFO] [stdout] error[E0433]: cannot find module or crate `intarsia_build` in this scope
[INFO] [stdout]   --> src/lib.rs:67:5
[INFO] [stdout]    |
[INFO] [stdout] 67 |     intarsia_build::compile_isle_auto()?;
[INFO] [stdout]    |     ^^^^^^^^^^^^^^ use of unresolved module or unlinked crate `intarsia_build`
[INFO] [stdout]    |
[INFO] [stdout]    = help: if you wanted to use a crate named `intarsia_build`, use `cargo add intarsia_build` to add it to your `Cargo.toml`
[INFO] [stdout] 
[INFO] [stdout] error: aborting due to 1 previous error
[INFO] [stdout] 
[INFO] [stdout] For more information about this error, try `rustc --explain E0433`.
[INFO] [stdout] Couldn't compile the test.
[INFO] [stdout] 
[INFO] [stdout] failures:
[INFO] [stdout]     src/lib.rs - (line 64)
[INFO] [stdout] 
[INFO] [stdout] test result: FAILED. 0 passed; 1 failed; 4 ignored; 0 measured; 0 filtered out; finished in 0.09s
[INFO] [stdout] 
[INFO] [stdout] all doctests ran in 0.17s; merged doctests compilation took 0.08s
[INFO] [stderr] error: doctest failed, to rerun pass `--doc`
[INFO] running `Command { std: "docker" "inspect" "980f1586a32ee37049bcf7003571d7ee936d6e135fd4a537ef72a253fc97e4cb", kill_on_drop: false }`
[INFO] running `Command { std: "docker" "rm" "-f" "980f1586a32ee37049bcf7003571d7ee936d6e135fd4a537ef72a253fc97e4cb", kill_on_drop: false }`
[INFO] [stdout] 980f1586a32ee37049bcf7003571d7ee936d6e135fd4a537ef72a253fc97e4cb
