[INFO] fetching crate inta 0.1.2...
[INFO] testing inta-0.1.2 against 1.100.0-beta.1+cargoflags=--release for beta-release-1.100-2
[INFO] extracting crate inta 0.1.2 into /workspace/builds/worker-1-tc2/source
[INFO] started tweaking crates.io crate inta 0.1.2
[INFO] finished tweaking crates.io crate inta 0.1.2
[INFO] tweaked toml for crates.io crate inta 0.1.2 written to /workspace/builds/worker-1-tc2/source/Cargo.toml
[INFO] validating manifest of crates.io crate inta 0.1.2 on toolchain 1.100.0-beta.1
[INFO] running `Command { std: CARGO_HOME="/workspace/cargo-home" RUSTUP_HOME="/workspace/rustup-home" "/workspace/cargo-home/bin/cargo" "+1.100.0-beta.1" "metadata" "--manifest-path" "Cargo.toml" "--no-deps", kill_on_drop: false }`
[INFO] running `Command { std: CARGO_HOME="/workspace/cargo-home" RUSTUP_HOME="/workspace/rustup-home" "/workspace/cargo-home/bin/cargo" "+1.100.0-beta.1" "generate-lockfile" "--manifest-path" "Cargo.toml", kill_on_drop: false }`
[INFO] [stderr]     Updating crates.io index
[INFO] [stderr]      Locking 3 packages to highest compatible versions
[INFO] running `Command { std: CARGO_HOME="/workspace/cargo-home" RUSTUP_HOME="/workspace/rustup-home" "/workspace/cargo-home/bin/cargo" "+1.100.0-beta.1" "fetch" "--manifest-path" "Cargo.toml", kill_on_drop: false }`
[INFO] running `Command { std: "docker" "create" "-v" "/var/lib/crater-agent-workspace/builds/worker-1-tc2/source:/opt/rustwide/workdir:ro,Z" "-v" "/var/lib/crater-agent-workspace/builds/worker-1-tc2/target:/opt/rustwide/target:rw,Z" "-v" "/var/lib/crater-agent-workspace/cargo-home:/opt/rustwide/cargo-home:ro,Z" "-v" "/var/lib/crater-agent-workspace/rustup-home:/opt/rustwide/rustup-home:ro,Z" "-m" "1610612736" "--network" "none" "ghcr.io/rust-lang/crates-build-env/linux@sha256:77db811e55d90add9212f6832c23229e3de5f1c1f9905e8cb07319ea15df73ac" "sleep" "infinity", kill_on_drop: false }`
[INFO] [stdout] e9859739187a723187372182b28f597d9c887dd3fb786e92fefd893274b7bb7c
[INFO] running `Command { std: "docker" "start" "e9859739187a723187372182b28f597d9c887dd3fb786e92fefd893274b7bb7c", kill_on_drop: false }`
[INFO] running `Command { std: "docker" "inspect" "e9859739187a723187372182b28f597d9c887dd3fb786e92fefd893274b7bb7c", kill_on_drop: false }`
[INFO] running `Command { std: "docker" "exec" "-e" "SOURCE_DIR=/opt/rustwide/workdir" "-e" "CARGO_HOME=/opt/rustwide/cargo-home" "-e" "RUSTUP_HOME=/opt/rustwide/rustup-home" "-e" "CARGO_TARGET_DIR=/opt/rustwide/target" "-w" "/opt/rustwide/workdir" "--user" "0:0" "e9859739187a723187372182b28f597d9c887dd3fb786e92fefd893274b7bb7c" "/opt/rustwide/cargo-home/bin/cargo" "+1.100.0-beta.1" "metadata" "--no-deps" "--format-version=1", kill_on_drop: false }`
[INFO] running `Command { std: "docker" "inspect" "e9859739187a723187372182b28f597d9c887dd3fb786e92fefd893274b7bb7c", kill_on_drop: false }`
[INFO] running `Command { std: "docker" "exec" "-e" "SOURCE_DIR=/opt/rustwide/workdir" "-e" "CARGO_HOME=/opt/rustwide/cargo-home" "-e" "RUSTUP_HOME=/opt/rustwide/rustup-home" "-e" "CARGO_TARGET_DIR=/opt/rustwide/target" "-e" "CARGO_INCREMENTAL=0" "-e" "RUST_BACKTRACE=full" "-e" "RUSTFLAGS=--cap-lints=warn" "-e" "RUSTDOCFLAGS=--cap-lints=warn" "-w" "/opt/rustwide/workdir" "--user" "0:0" "e9859739187a723187372182b28f597d9c887dd3fb786e92fefd893274b7bb7c" "/opt/rustwide/cargo-home/bin/cargo" "+1.100.0-beta.1" "build" "--frozen" "--message-format=json" "--release", kill_on_drop: false }`
[INFO] [stderr]    Compiling inta v0.1.2 (/opt/rustwide/workdir)
[INFO] [stdout] warning: variable does not need to be mutable
[INFO] [stdout]    --> src/lib.rs:243:13
[INFO] [stdout]     |
[INFO] [stdout] 243 |         let mut i = f_1;
[INFO] [stdout]     |             ----^
[INFO] [stdout]     |             |
[INFO] [stdout]     |             help: remove this `mut`
[INFO] [stdout]     |
[INFO] [stdout]     = note: `#[warn(unused_mut)]` (part of `#[warn(unused)]`) on by default
[INFO] [stdout] 
[INFO] [stdout] 
[INFO] [stderr]     Finished `release` profile [optimized] target(s) in 0.18s
[INFO] running `Command { std: "docker" "inspect" "e9859739187a723187372182b28f597d9c887dd3fb786e92fefd893274b7bb7c", kill_on_drop: false }`
[INFO] running `Command { std: "docker" "exec" "-e" "SOURCE_DIR=/opt/rustwide/workdir" "-e" "CARGO_HOME=/opt/rustwide/cargo-home" "-e" "RUSTUP_HOME=/opt/rustwide/rustup-home" "-e" "CARGO_TARGET_DIR=/opt/rustwide/target" "-e" "CARGO_INCREMENTAL=0" "-e" "RUST_BACKTRACE=full" "-e" "RUSTFLAGS=--cap-lints=warn" "-e" "RUSTDOCFLAGS=--cap-lints=warn" "-w" "/opt/rustwide/workdir" "--user" "0:0" "e9859739187a723187372182b28f597d9c887dd3fb786e92fefd893274b7bb7c" "/opt/rustwide/cargo-home/bin/cargo" "+1.100.0-beta.1" "test" "--frozen" "--no-run" "--message-format=json" "--release", kill_on_drop: false }`
[INFO] [stderr]    Compiling inta v0.1.2 (/opt/rustwide/workdir)
[INFO] [stdout] warning: variable does not need to be mutable
[INFO] [stdout]    --> src/lib.rs:243:13
[INFO] [stdout]     |
[INFO] [stdout] 243 |         let mut i = f_1;
[INFO] [stdout]     |             ----^
[INFO] [stdout]     |             |
[INFO] [stdout]     |             help: remove this `mut`
[INFO] [stdout]     |
[INFO] [stdout]     = note: `#[warn(unused_mut)]` (part of `#[warn(unused)]`) on by default
[INFO] [stdout] 
[INFO] [stdout] 
[INFO] [stdout] warning: variable does not need to be mutable
[INFO] [stdout]    --> src/lib.rs:243:13
[INFO] [stdout]     |
[INFO] [stdout] 243 |         let mut i = f_1;
[INFO] [stdout]     |             ----^
[INFO] [stdout]     |             |
[INFO] [stdout]     |             help: remove this `mut`
[INFO] [stdout]     |
[INFO] [stdout]     = note: `#[warn(unused_mut)]` (part of `#[warn(unused)]`) on by default
[INFO] [stdout] 
[INFO] [stdout] 
[INFO] [stderr]     Finished `release` profile [optimized] target(s) in 0.39s
[INFO] running `Command { std: "docker" "inspect" "e9859739187a723187372182b28f597d9c887dd3fb786e92fefd893274b7bb7c", kill_on_drop: false }`
[INFO] running `Command { std: "docker" "exec" "-e" "SOURCE_DIR=/opt/rustwide/workdir" "-e" "CARGO_HOME=/opt/rustwide/cargo-home" "-e" "RUSTUP_HOME=/opt/rustwide/rustup-home" "-e" "CARGO_TARGET_DIR=/opt/rustwide/target" "-e" "CARGO_INCREMENTAL=0" "-e" "RUST_BACKTRACE=full" "-e" "RUSTFLAGS=--cap-lints=warn" "-e" "RUSTDOCFLAGS=--cap-lints=warn" "-w" "/opt/rustwide/workdir" "--user" "0:0" "e9859739187a723187372182b28f597d9c887dd3fb786e92fefd893274b7bb7c" "/opt/rustwide/cargo-home/bin/cargo" "+1.100.0-beta.1" "test" "--frozen" "--release", kill_on_drop: false }`
[INFO] [stderr] warning: variable does not need to be mutable
[INFO] [stderr]    --> src/lib.rs:243:13
[INFO] [stderr]     |
[INFO] [stderr] 243 |         let mut i = f_1;
[INFO] [stderr]     |             ----^
[INFO] [stderr]     |             |
[INFO] [stderr]     |             help: remove this `mut`
[INFO] [stderr]     |
[INFO] [stderr]     = note: `#[warn(unused_mut)]` (part of `#[warn(unused)]`) on by default
[INFO] [stderr] 
[INFO] [stderr] warning: `inta` (lib) generated 1 warning (run `cargo fix --lib -p inta` to apply 1 suggestion)
[INFO] [stderr] warning: `inta` (lib test) generated 1 warning (1 duplicate)
[INFO] [stderr]     Finished `release` profile [optimized] target(s) in 0.01s
[INFO] [stderr]      Running unittests src/lib.rs (/opt/rustwide/target/release/build/inta/3a1df2cb2d488412/out/inta-3a1df2cb2d488412)
[INFO] [stdout] 
[INFO] [stdout] running 20 tests
[INFO] [stdout] test tests::acos_interval ... ok
[INFO] [stdout] test tests::add_interval ... ok
[INFO] [stdout] test tests::acosh_interval ... ok
[INFO] [stdout] test tests::asinh_interval ... ok
[INFO] [stdout] test tests::div_interval ... ok
[INFO] [stdout] test tests::e_interval ... ok
[INFO] [stdout] test tests::exp_interval ... ok
[INFO] [stdout] test tests::hull_interval ... ok
[INFO] [stdout] test tests::log_interval ... ok
[INFO] [stdout] test tests::mul_interval ... ok
[INFO] [stdout] test tests::sinh_interval ... ok
[INFO] [stdout] test tests::sin_interval ... ok
[INFO] [stdout] test tests::asin_interval ... FAILED
[INFO] [stdout] test tests::sub_interval ... ok
[INFO] [stdout] test tests::atan_interval ... FAILED
[INFO] [stdout] test tests::atanh_interval ... FAILED
[INFO] [stdout] test tests::cos_interval ... FAILED
[INFO] [stdout] test tests::cosh_interval ... FAILED
[INFO] [stdout] test tests::tanh_interval ... FAILED
[INFO] [stdout] test tests::tan_interval ... FAILED
[INFO] [stdout] 
[INFO] [stdout] failures:
[INFO] [stdout] 
[INFO] [stdout] ---- tests::asin_interval stdout ----
[INFO] [stdout] 
[INFO] [stdout] thread 'tests::asin_interval' (150) panicked at src/lib.rs:1112:9:
[INFO] [stdout] assertion `left == right` failed
[INFO] [stdout]   left: Interval { inf: -0.5235987755983001, sup: 0.5235987755983 }
[INFO] [stdout]  right: Interval { inf: -0.5235987755983003, sup: 0.5235987755983001 }
[INFO] [stdout] stack backtrace:
[INFO] [stdout]    0:     0x5b27e597d761 - <<std[617be2ca0a6fd877]::sys::backtrace::BacktraceLock>::print::DisplayBacktrace as core[a373ad73a504971]::fmt::Display>::fmt
[INFO] [stdout]    1:     0x5b27e5991baa - core[a373ad73a504971]::fmt::write
[INFO] [stdout]    2:     0x5b27e5981a2c - <alloc[2e1b2a31b91974c5]::vec::Vec<u8> as core[a373ad73a504971]::io::write::Write>::write_fmt
[INFO] [stdout]    3:     0x5b27e5959bc6 - std[617be2ca0a6fd877]::panicking::default_hook::{closure#0}
[INFO] [stdout]    4:     0x5b27e5975df9 - std[617be2ca0a6fd877]::panicking::default_hook
[INFO] [stdout]    5:     0x5b27e5912440 - test[aada8e7e76ba119b]::test_main_inner::{closure#0}
[INFO] [stdout]    6:     0x5b27e5975fb2 - std[617be2ca0a6fd877]::panicking::panic_with_hook
[INFO] [stdout]    7:     0x5b27e5959c72 - std[617be2ca0a6fd877]::panicking::panic_handler::{closure#0}
[INFO] [stdout]    8:     0x5b27e5952959 - std[617be2ca0a6fd877]::sys::backtrace::__rust_end_short_backtrace::<std[617be2ca0a6fd877]::panicking::panic_handler::{closure#0}, !>
[INFO] [stdout]    9:     0x5b27e595a87d - __rustc[ea4f61d10b84890b]::rust_begin_unwind
[INFO] [stdout]   10:     0x5b27e59922dc - core[a373ad73a504971]::panicking::panic_fmt
[INFO] [stdout]   11:     0x5b27e59921f3 - core[a373ad73a504971]::panicking::assert_failed_inner
[INFO] [stdout]   12:     0x5b27e59000fa - core[a373ad73a504971]::panicking::assert_failed::<inta[ba734c1ddee86684]::Interval<f64>, inta[ba734c1ddee86684]::Interval<f64>>
[INFO] [stdout]   13:     0x5b27e5904ea3 - <inta[ba734c1ddee86684]::tests::asin_interval::{closure#0} as core[a373ad73a504971]::ops::function::FnOnce<()>>::call_once
[INFO] [stdout]   14:     0x5b27e590588b - test[aada8e7e76ba119b]::__rust_begin_short_backtrace::<core[a373ad73a504971]::result::Result<(), alloc[2e1b2a31b91974c5]::string::String>, fn() -> core[a373ad73a504971]::result::Result<(), alloc[2e1b2a31b91974c5]::string::String>>
[INFO] [stdout]   15:     0x5b27e5912a65 - test[aada8e7e76ba119b]::run_test::{closure#0}
[INFO] [stdout]   16:     0x5b27e590c354 - std[617be2ca0a6fd877]::sys::backtrace::__rust_begin_short_backtrace::<test[aada8e7e76ba119b]::run_test::{closure#1}, ()>
[INFO] [stdout]   17:     0x5b27e5915af2 - <std[617be2ca0a6fd877]::thread::lifecycle::spawn_unchecked<test[aada8e7e76ba119b]::run_test::{closure#1}, ()>::{closure#1} as core[a373ad73a504971]::ops::function::FnOnce<()>>::call_once::{shim:vtable#0}
[INFO] [stdout]   18:     0x5b27e597cfbf - <std[617be2ca0a6fd877]::sys::thread::unix::Thread>::new::thread_start
[INFO] [stdout]   19:     0x7b3294dd5dfa - <unknown>
[INFO] [stdout]   20:     0x7b3294e693d4 - clone
[INFO] [stdout]   21:                0x0 - <unknown>
[INFO] [stdout] 
[INFO] [stdout] ---- tests::atan_interval stdout ----
[INFO] [stdout] 
[INFO] [stdout] thread 'tests::atan_interval' (152) panicked at src/lib.rs:1106:9:
[INFO] [stdout] assertion `left == right` failed
[INFO] [stdout]   left: Interval { inf: 0.6655274437255012, sup: 1.0036550779803282 }
[INFO] [stdout]  right: Interval { inf: 0.6655274437255011, sup: 1.0036550779803282 }
[INFO] [stdout] stack backtrace:
[INFO] [stdout]    0:     0x5b27e597d761 - <<std[617be2ca0a6fd877]::sys::backtrace::BacktraceLock>::print::DisplayBacktrace as core[a373ad73a504971]::fmt::Display>::fmt
[INFO] [stdout]    1:     0x5b27e5991baa - core[a373ad73a504971]::fmt::write
[INFO] [stdout]    2:     0x5b27e5981a2c - <alloc[2e1b2a31b91974c5]::vec::Vec<u8> as core[a373ad73a504971]::io::write::Write>::write_fmt
[INFO] [stdout]    3:     0x5b27e5959bc6 - std[617be2ca0a6fd877]::panicking::default_hook::{closure#0}
[INFO] [stdout]    4:     0x5b27e5975df9 - std[617be2ca0a6fd877]::panicking::default_hook
[INFO] [stdout]    5:     0x5b27e5912440 - test[aada8e7e76ba119b]::test_main_inner::{closure#0}
[INFO] [stdout]    6:     0x5b27e5975fb2 - std[617be2ca0a6fd877]::panicking::panic_with_hook
[INFO] [stdout]    7:     0x5b27e5959c72 - std[617be2ca0a6fd877]::panicking::panic_handler::{closure#0}
[INFO] [stdout]    8:     0x5b27e5952959 - std[617be2ca0a6fd877]::sys::backtrace::__rust_end_short_backtrace::<std[617be2ca0a6fd877]::panicking::panic_handler::{closure#0}, !>
[INFO] [stdout]    9:     0x5b27e595a87d - __rustc[ea4f61d10b84890b]::rust_begin_unwind
[INFO] [stdout]   10:     0x5b27e59922dc - core[a373ad73a504971]::panicking::panic_fmt
[INFO] [stdout]   11:     0x5b27e59921f3 - core[a373ad73a504971]::panicking::assert_failed_inner
[INFO] [stdout]   12:     0x5b27e59000fa - core[a373ad73a504971]::panicking::assert_failed::<inta[ba734c1ddee86684]::Interval<f64>, inta[ba734c1ddee86684]::Interval<f64>>
[INFO] [stdout]   13:     0x5b27e5904f43 - <inta[ba734c1ddee86684]::tests::atan_interval::{closure#0} as core[a373ad73a504971]::ops::function::FnOnce<()>>::call_once
[INFO] [stdout]   14:     0x5b27e590588b - test[aada8e7e76ba119b]::__rust_begin_short_backtrace::<core[a373ad73a504971]::result::Result<(), alloc[2e1b2a31b91974c5]::string::String>, fn() -> core[a373ad73a504971]::result::Result<(), alloc[2e1b2a31b91974c5]::string::String>>
[INFO] [stdout]   15:     0x5b27e5912a65 - test[aada8e7e76ba119b]::run_test::{closure#0}
[INFO] [stdout]   16:     0x5b27e590c354 - std[617be2ca0a6fd877]::sys::backtrace::__rust_begin_short_backtrace::<test[aada8e7e76ba119b]::run_test::{closure#1}, ()>
[INFO] [stdout]   17:     0x5b27e5915af2 - <std[617be2ca0a6fd877]::thread::lifecycle::spawn_unchecked<test[aada8e7e76ba119b]::run_test::{closure#1}, ()>::{closure#1} as core[a373ad73a504971]::ops::function::FnOnce<()>>::call_once::{shim:vtable#0}
[INFO] [stdout]   18:     0x5b27e597cfbf - <std[617be2ca0a6fd877]::sys::thread::unix::Thread>::new::thread_start
[INFO] [stdout]   19:     0x7b3294dd5dfa - <unknown>
[INFO] [stdout]   20:     0x7b3294e693d4 - clone
[INFO] [stdout]   21:                0x0 - <unknown>
[INFO] [stdout] 
[INFO] [stdout] ---- tests::atanh_interval stdout ----
[INFO] [stdout] 
[INFO] [stdout] thread 'tests::atanh_interval' (153) panicked at src/lib.rs:1154:9:
[INFO] [stdout] assertion `left == right` failed
[INFO] [stdout]   left: Interval { inf: -0.549306144334055, sup: 0.549306144334055 }
[INFO] [stdout]  right: Interval { inf: -0.5493061443340551, sup: 0.549306144334055 }
[INFO] [stdout] stack backtrace:
[INFO] [stdout]    0:     0x5b27e597d761 - <<std[617be2ca0a6fd877]::sys::backtrace::BacktraceLock>::print::DisplayBacktrace as core[a373ad73a504971]::fmt::Display>::fmt
[INFO] [stdout]    1:     0x5b27e5991baa - core[a373ad73a504971]::fmt::write
[INFO] [stdout]    2:     0x5b27e5981a2c - <alloc[2e1b2a31b91974c5]::vec::Vec<u8> as core[a373ad73a504971]::io::write::Write>::write_fmt
[INFO] [stdout]    3:     0x5b27e5959bc6 - std[617be2ca0a6fd877]::panicking::default_hook::{closure#0}
[INFO] [stdout]    4:     0x5b27e5975df9 - std[617be2ca0a6fd877]::panicking::default_hook
[INFO] [stdout]    5:     0x5b27e5912440 - test[aada8e7e76ba119b]::test_main_inner::{closure#0}
[INFO] [stdout]    6:     0x5b27e5975fb2 - std[617be2ca0a6fd877]::panicking::panic_with_hook
[INFO] [stdout]    7:     0x5b27e5959c72 - std[617be2ca0a6fd877]::panicking::panic_handler::{closure#0}
[INFO] [stdout]    8:     0x5b27e5952959 - std[617be2ca0a6fd877]::sys::backtrace::__rust_end_short_backtrace::<std[617be2ca0a6fd877]::panicking::panic_handler::{closure#0}, !>
[INFO] [stdout]    9:     0x5b27e595a87d - __rustc[ea4f61d10b84890b]::rust_begin_unwind
[INFO] [stdout]   10:     0x5b27e59922dc - core[a373ad73a504971]::panicking::panic_fmt
[INFO] [stdout]   11:     0x5b27e59921f3 - core[a373ad73a504971]::panicking::assert_failed_inner
[INFO] [stdout]   12:     0x5b27e59000fa - core[a373ad73a504971]::panicking::assert_failed::<inta[ba734c1ddee86684]::Interval<f64>, inta[ba734c1ddee86684]::Interval<f64>>
[INFO] [stdout]   13:     0x5b27e5905823 - <inta[ba734c1ddee86684]::tests::atanh_interval::{closure#0} as core[a373ad73a504971]::ops::function::FnOnce<()>>::call_once
[INFO] [stdout]   14:     0x5b27e590588b - test[aada8e7e76ba119b]::__rust_begin_short_backtrace::<core[a373ad73a504971]::result::Result<(), alloc[2e1b2a31b91974c5]::string::String>, fn() -> core[a373ad73a504971]::result::Result<(), alloc[2e1b2a31b91974c5]::string::String>>
[INFO] [stdout]   15:     0x5b27e5912a65 - test[aada8e7e76ba119b]::run_test::{closure#0}
[INFO] [stdout]   16:     0x5b27e590c354 - std[617be2ca0a6fd877]::sys::backtrace::__rust_begin_short_backtrace::<test[aada8e7e76ba119b]::run_test::{closure#1}, ()>
[INFO] [stdout]   17:     0x5b27e5915af2 - <std[617be2ca0a6fd877]::thread::lifecycle::spawn_unchecked<test[aada8e7e76ba119b]::run_test::{closure#1}, ()>::{closure#1} as core[a373ad73a504971]::ops::function::FnOnce<()>>::call_once::{shim:vtable#0}
[INFO] [stdout]   18:     0x5b27e597cfbf - <std[617be2ca0a6fd877]::sys::thread::unix::Thread>::new::thread_start
[INFO] [stdout]   19:     0x7b3294dd5dfa - <unknown>
[INFO] [stdout]   20:     0x7b3294e693d4 - clone
[INFO] [stdout]   21:                0x0 - <unknown>
[INFO] [stdout] 
[INFO] [stdout] ---- tests::cos_interval stdout ----
[INFO] [stdout] 
[INFO] [stdout] thread 'tests::cos_interval' (154) panicked at src/lib.rs:1094:9:
[INFO] [stdout] assertion `left == right` failed
[INFO] [stdout]   left: Interval { inf: 0.0007963267107303101, sup: 0.7073882691672001 }
[INFO] [stdout]  right: Interval { inf: 0.000796326710730088, sup: 0.7073882691672001 }
[INFO] [stdout] stack backtrace:
[INFO] [stdout]    0:     0x5b27e597d761 - <<std[617be2ca0a6fd877]::sys::backtrace::BacktraceLock>::print::DisplayBacktrace as core[a373ad73a504971]::fmt::Display>::fmt
[INFO] [stdout]    1:     0x5b27e5991baa - core[a373ad73a504971]::fmt::write
[INFO] [stdout]    2:     0x5b27e5981a2c - <alloc[2e1b2a31b91974c5]::vec::Vec<u8> as core[a373ad73a504971]::io::write::Write>::write_fmt
[INFO] [stdout]    3:     0x5b27e5959bc6 - std[617be2ca0a6fd877]::panicking::default_hook::{closure#0}
[INFO] [stdout]    4:     0x5b27e5975df9 - std[617be2ca0a6fd877]::panicking::default_hook
[INFO] [stdout]    5:     0x5b27e5912440 - test[aada8e7e76ba119b]::test_main_inner::{closure#0}
[INFO] [stdout]    6:     0x5b27e5975fb2 - std[617be2ca0a6fd877]::panicking::panic_with_hook
[INFO] [stdout]    7:     0x5b27e5959c72 - std[617be2ca0a6fd877]::panicking::panic_handler::{closure#0}
[INFO] [stdout]    8:     0x5b27e5952959 - std[617be2ca0a6fd877]::sys::backtrace::__rust_end_short_backtrace::<std[617be2ca0a6fd877]::panicking::panic_handler::{closure#0}, !>
[INFO] [stdout]    9:     0x5b27e595a87d - __rustc[ea4f61d10b84890b]::rust_begin_unwind
[INFO] [stdout]   10:     0x5b27e59922dc - core[a373ad73a504971]::panicking::panic_fmt
[INFO] [stdout]   11:     0x5b27e59921f3 - core[a373ad73a504971]::panicking::assert_failed_inner
[INFO] [stdout]   12:     0x5b27e59000fa - core[a373ad73a504971]::panicking::assert_failed::<inta[ba734c1ddee86684]::Interval<f64>, inta[ba734c1ddee86684]::Interval<f64>>
[INFO] [stdout]   13:     0x5b27e59044c5 - <inta[ba734c1ddee86684]::tests::cos_interval::{closure#0} as core[a373ad73a504971]::ops::function::FnOnce<()>>::call_once
[INFO] [stdout]   14:     0x5b27e590588b - test[aada8e7e76ba119b]::__rust_begin_short_backtrace::<core[a373ad73a504971]::result::Result<(), alloc[2e1b2a31b91974c5]::string::String>, fn() -> core[a373ad73a504971]::result::Result<(), alloc[2e1b2a31b91974c5]::string::String>>
[INFO] [stdout]   15:     0x5b27e5912a65 - test[aada8e7e76ba119b]::run_test::{closure#0}
[INFO] [stderr] error: test failed, to rerun pass `--lib`
[INFO] [stdout]   16:     0x5b27e590c354 - std[617be2ca0a6fd877]::sys::backtrace::__rust_begin_short_backtrace::<test[aada8e7e76ba119b]::run_test::{closure#1}, ()>
[INFO] [stdout]   17:     0x5b27e5915af2 - <std[617be2ca0a6fd877]::thread::lifecycle::spawn_unchecked<test[aada8e7e76ba119b]::run_test::{closure#1}, ()>::{closure#1} as core[a373ad73a504971]::ops::function::FnOnce<()>>::call_once::{shim:vtable#0}
[INFO] [stdout]   18:     0x5b27e597cfbf - <std[617be2ca0a6fd877]::sys::thread::unix::Thread>::new::thread_start
[INFO] [stdout]   19:     0x7b3294dd5dfa - <unknown>
[INFO] [stdout]   20:     0x7b3294e693d4 - clone
[INFO] [stdout]   21:                0x0 - <unknown>
[INFO] [stdout] 
[INFO] [stdout] ---- tests::cosh_interval stdout ----
[INFO] [stdout] 
[INFO] [stdout] thread 'tests::cosh_interval' (155) panicked at src/lib.rs:1130:9:
[INFO] [stdout] assertion `left == right` failed
[INFO] [stdout]   left: Interval { inf: 0.5027211837195407, sup: 1.994218544408769 }
[INFO] [stdout]  right: Interval { inf: 0.5027211837195406, sup: 1.9942185444087692 }
[INFO] [stdout] stack backtrace:
[INFO] [stdout]    0:     0x5b27e597d761 - <<std[617be2ca0a6fd877]::sys::backtrace::BacktraceLock>::print::DisplayBacktrace as core[a373ad73a504971]::fmt::Display>::fmt
[INFO] [stdout]    1:     0x5b27e5991baa - core[a373ad73a504971]::fmt::write
[INFO] [stdout]    2:     0x5b27e5981a2c - <alloc[2e1b2a31b91974c5]::vec::Vec<u8> as core[a373ad73a504971]::io::write::Write>::write_fmt
[INFO] [stdout]    3:     0x5b27e5959bc6 - std[617be2ca0a6fd877]::panicking::default_hook::{closure#0}
[INFO] [stdout]    4:     0x5b27e5975df9 - std[617be2ca0a6fd877]::panicking::default_hook
[INFO] [stdout]    5:     0x5b27e5912440 - test[aada8e7e76ba119b]::test_main_inner::{closure#0}
[INFO] [stdout]    6:     0x5b27e5975fb2 - std[617be2ca0a6fd877]::panicking::panic_with_hook
[INFO] [stdout]    7:     0x5b27e5959c72 - std[617be2ca0a6fd877]::panicking::panic_handler::{closure#0}
[INFO] [stdout]    8:     0x5b27e5952959 - std[617be2ca0a6fd877]::sys::backtrace::__rust_end_short_backtrace::<std[617be2ca0a6fd877]::panicking::panic_handler::{closure#0}, !>
[INFO] [stdout]    9:     0x5b27e595a87d - __rustc[ea4f61d10b84890b]::rust_begin_unwind
[INFO] [stdout]   10:     0x5b27e59922dc - core[a373ad73a504971]::panicking::panic_fmt
[INFO] [stdout]   11:     0x5b27e59921f3 - core[a373ad73a504971]::panicking::assert_failed_inner
[INFO] [stdout]   12:     0x5b27e59000fa - core[a373ad73a504971]::panicking::assert_failed::<inta[ba734c1ddee86684]::Interval<f64>, inta[ba734c1ddee86684]::Interval<f64>>
[INFO] [stdout]   13:     0x5b27e5905173 - <inta[ba734c1ddee86684]::tests::cosh_interval::{closure#0} as core[a373ad73a504971]::ops::function::FnOnce<()>>::call_once
[INFO] [stdout]   14:     0x5b27e590588b - test[aada8e7e76ba119b]::__rust_begin_short_backtrace::<core[a373ad73a504971]::result::Result<(), alloc[2e1b2a31b91974c5]::string::String>, fn() -> core[a373ad73a504971]::result::Result<(), alloc[2e1b2a31b91974c5]::string::String>>
[INFO] [stdout]   15:     0x5b27e5912a65 - test[aada8e7e76ba119b]::run_test::{closure#0}
[INFO] [stdout]   16:     0x5b27e590c354 - std[617be2ca0a6fd877]::sys::backtrace::__rust_begin_short_backtrace::<test[aada8e7e76ba119b]::run_test::{closure#1}, ()>
[INFO] [stdout]   17:     0x5b27e5915af2 - <std[617be2ca0a6fd877]::thread::lifecycle::spawn_unchecked<test[aada8e7e76ba119b]::run_test::{closure#1}, ()>::{closure#1} as core[a373ad73a504971]::ops::function::FnOnce<()>>::call_once::{shim:vtable#0}
[INFO] [stdout]   18:     0x5b27e597cfbf - <std[617be2ca0a6fd877]::sys::thread::unix::Thread>::new::thread_start
[INFO] [stdout]   19:     0x7b3294dd5dfa - <unknown>
[INFO] [stdout]   20:     0x7b3294e693d4 - clone
[INFO] [stdout]   21:                0x0 - <unknown>
[INFO] [stdout] 
[INFO] [stdout] ---- tests::tanh_interval stdout ----
[INFO] [stdout] 
[INFO] [stdout] thread 'tests::tanh_interval' (166) panicked at src/lib.rs:1136:9:
[INFO] [stdout] assertion `left == right` failed
[INFO] [stdout]   left: Interval { inf: -0.0, sup: 1.036549328672129 }
[INFO] [stdout]  right: Interval { inf: -0.0, sup: 1.0365493286721292 }
[INFO] [stdout] stack backtrace:
[INFO] [stdout]    0:     0x5b27e597d761 - <<std[617be2ca0a6fd877]::sys::backtrace::BacktraceLock>::print::DisplayBacktrace as core[a373ad73a504971]::fmt::Display>::fmt
[INFO] [stdout]    1:     0x5b27e5991baa - core[a373ad73a504971]::fmt::write
[INFO] [stdout]    2:     0x5b27e5981a2c - <alloc[2e1b2a31b91974c5]::vec::Vec<u8> as core[a373ad73a504971]::io::write::Write>::write_fmt
[INFO] [stdout]    3:     0x5b27e5959bc6 - std[617be2ca0a6fd877]::panicking::default_hook::{closure#0}
[INFO] [stdout]    4:     0x5b27e5975df9 - std[617be2ca0a6fd877]::panicking::default_hook
[INFO] [stdout]    5:     0x5b27e5912440 - test[aada8e7e76ba119b]::test_main_inner::{closure#0}
[INFO] [stdout]    6:     0x5b27e5975fb2 - std[617be2ca0a6fd877]::panicking::panic_with_hook
[INFO] [stdout]    7:     0x5b27e5959c72 - std[617be2ca0a6fd877]::panicking::panic_handler::{closure#0}
[INFO] [stdout]    8:     0x5b27e5952959 - std[617be2ca0a6fd877]::sys::backtrace::__rust_end_short_backtrace::<std[617be2ca0a6fd877]::panicking::panic_handler::{closure#0}, !>
[INFO] [stdout]    9:     0x5b27e595a87d - __rustc[ea4f61d10b84890b]::rust_begin_unwind
[INFO] [stdout]   10:     0x5b27e59922dc - core[a373ad73a504971]::panicking::panic_fmt
[INFO] [stdout]   11:     0x5b27e59921f3 - core[a373ad73a504971]::panicking::assert_failed_inner
[INFO] [stdout]   12:     0x5b27e59000fa - core[a373ad73a504971]::panicking::assert_failed::<inta[ba734c1ddee86684]::Interval<f64>, inta[ba734c1ddee86684]::Interval<f64>>
[INFO] [stdout]   13:     0x5b27e59055b3 - <inta[ba734c1ddee86684]::tests::tanh_interval::{closure#0} as core[a373ad73a504971]::ops::function::FnOnce<()>>::call_once
[INFO] [stdout]   14:     0x5b27e590588b - test[aada8e7e76ba119b]::__rust_begin_short_backtrace::<core[a373ad73a504971]::result::Result<(), alloc[2e1b2a31b91974c5]::string::String>, fn() -> core[a373ad73a504971]::result::Result<(), alloc[2e1b2a31b91974c5]::string::String>>
[INFO] [stdout]   15:     0x5b27e5912a65 - test[aada8e7e76ba119b]::run_test::{closure#0}
[INFO] [stdout]   16:     0x5b27e590c354 - std[617be2ca0a6fd877]::sys::backtrace::__rust_begin_short_backtrace::<test[aada8e7e76ba119b]::run_test::{closure#1}, ()>
[INFO] [stdout]   17:     0x5b27e5915af2 - <std[617be2ca0a6fd877]::thread::lifecycle::spawn_unchecked<test[aada8e7e76ba119b]::run_test::{closure#1}, ()>::{closure#1} as core[a373ad73a504971]::ops::function::FnOnce<()>>::call_once::{shim:vtable#0}
[INFO] [stdout]   18:     0x5b27e597cfbf - <std[617be2ca0a6fd877]::sys::thread::unix::Thread>::new::thread_start
[INFO] [stdout]   19:     0x7b3294dd5dfa - <unknown>
[INFO] [stdout]   20:     0x7b3294e693d4 - clone
[INFO] [stdout]   21:                0x0 - <unknown>
[INFO] [stdout] 
[INFO] [stdout] ---- tests::tan_interval stdout ----
[INFO] [stdout] 
[INFO] [stdout] thread 'tests::tan_interval' (165) panicked at src/lib.rs:1100:9:
[INFO] [stdout] assertion `left == right` failed
[INFO] [stdout]   left: Interval { inf: 0.26780694740780925, sup: 0.5769964003928735 }
[INFO] [stdout]  right: Interval { inf: 0.26780694740780925, sup: 0.5769964003928736 }
[INFO] [stdout] stack backtrace:
[INFO] [stdout]    0:     0x5b27e597d761 - <<std[617be2ca0a6fd877]::sys::backtrace::BacktraceLock>::print::DisplayBacktrace as core[a373ad73a504971]::fmt::Display>::fmt
[INFO] [stdout]    1:     0x5b27e5991baa - core[a373ad73a504971]::fmt::write
[INFO] [stdout]    2:     0x5b27e5981a2c - <alloc[2e1b2a31b91974c5]::vec::Vec<u8> as core[a373ad73a504971]::io::write::Write>::write_fmt
[INFO] [stdout]    3:     0x5b27e5959bc6 - std[617be2ca0a6fd877]::panicking::default_hook::{closure#0}
[INFO] [stdout]    4:     0x5b27e5975df9 - std[617be2ca0a6fd877]::panicking::default_hook
[INFO] [stdout]    5:     0x5b27e5912440 - test[aada8e7e76ba119b]::test_main_inner::{closure#0}
[INFO] [stdout]    6:     0x5b27e5975fb2 - std[617be2ca0a6fd877]::panicking::panic_with_hook
[INFO] [stdout]    7:     0x5b27e5959c72 - std[617be2ca0a6fd877]::panicking::panic_handler::{closure#0}
[INFO] [stdout]    8:     0x5b27e5952959 - std[617be2ca0a6fd877]::sys::backtrace::__rust_end_short_backtrace::<std[617be2ca0a6fd877]::panicking::panic_handler::{closure#0}, !>
[INFO] [stdout]    9:     0x5b27e595a87d - __rustc[ea4f61d10b84890b]::rust_begin_unwind
[INFO] [stdout]   10:     0x5b27e59922dc - core[a373ad73a504971]::panicking::panic_fmt
[INFO] [stdout]   11:     0x5b27e59921f3 - core[a373ad73a504971]::panicking::assert_failed_inner
[INFO] [stdout]   12:     0x5b27e59000fa - core[a373ad73a504971]::panicking::assert_failed::<inta[ba734c1ddee86684]::Interval<f64>, inta[ba734c1ddee86684]::Interval<f64>>
[INFO] [stdout]   13:     0x5b27e5904d76 - <inta[ba734c1ddee86684]::tests::tan_interval::{closure#0} as core[a373ad73a504971]::ops::function::FnOnce<()>>::call_once
[INFO] [stdout]   14:     0x5b27e590588b - test[aada8e7e76ba119b]::__rust_begin_short_backtrace::<core[a373ad73a504971]::result::Result<(), alloc[2e1b2a31b91974c5]::string::String>, fn() -> core[a373ad73a504971]::result::Result<(), alloc[2e1b2a31b91974c5]::string::String>>
[INFO] [stdout]   15:     0x5b27e5912a65 - test[aada8e7e76ba119b]::run_test::{closure#0}
[INFO] [stdout]   16:     0x5b27e590c354 - std[617be2ca0a6fd877]::sys::backtrace::__rust_begin_short_backtrace::<test[aada8e7e76ba119b]::run_test::{closure#1}, ()>
[INFO] [stdout]   17:     0x5b27e5915af2 - <std[617be2ca0a6fd877]::thread::lifecycle::spawn_unchecked<test[aada8e7e76ba119b]::run_test::{closure#1}, ()>::{closure#1} as core[a373ad73a504971]::ops::function::FnOnce<()>>::call_once::{shim:vtable#0}
[INFO] [stdout]   18:     0x5b27e597cfbf - <std[617be2ca0a6fd877]::sys::thread::unix::Thread>::new::thread_start
[INFO] [stdout]   19:     0x7b3294dd5dfa - <unknown>
[INFO] [stdout]   20:     0x7b3294e693d4 - clone
[INFO] [stdout]   21:                0x0 - <unknown>
[INFO] [stdout] 
[INFO] [stdout] 
[INFO] [stdout] failures:
[INFO] [stdout]     tests::asin_interval
[INFO] [stdout]     tests::atan_interval
[INFO] [stdout]     tests::atanh_interval
[INFO] [stdout]     tests::cos_interval
[INFO] [stdout]     tests::cosh_interval
[INFO] [stdout]     tests::tan_interval
[INFO] [stdout]     tests::tanh_interval
[INFO] [stdout] 
[INFO] [stdout] test result: FAILED. 13 passed; 7 failed; 0 ignored; 0 measured; 0 filtered out; finished in 0.00s
[INFO] [stdout] 
[INFO] running `Command { std: "docker" "inspect" "e9859739187a723187372182b28f597d9c887dd3fb786e92fefd893274b7bb7c", kill_on_drop: false }`
[INFO] running `Command { std: "docker" "rm" "-f" "e9859739187a723187372182b28f597d9c887dd3fb786e92fefd893274b7bb7c", kill_on_drop: false }`
[INFO] [stdout] e9859739187a723187372182b28f597d9c887dd3fb786e92fefd893274b7bb7c
