[INFO] fetching crate insmaller-core 0.16.0...
[INFO] testing insmaller-core-0.16.0 against 1.100.0-beta.1+cargoflags=--release for beta-release-1.100-2
[INFO] extracting crate insmaller-core 0.16.0 into /workspace/builds/worker-3-tc2/source
[INFO] started tweaking crates.io crate insmaller-core 0.16.0
[INFO] removed 0 missing tests
[INFO] finished tweaking crates.io crate insmaller-core 0.16.0
[INFO] tweaked toml for crates.io crate insmaller-core 0.16.0 written to /workspace/builds/worker-3-tc2/source/Cargo.toml
[INFO] validating manifest of crates.io crate insmaller-core 0.16.0 on toolchain 1.100.0-beta.1
[INFO] running `Command { std: CARGO_HOME="/workspace/cargo-home" RUSTUP_HOME="/workspace/rustup-home" "/workspace/cargo-home/bin/cargo" "+1.100.0-beta.1" "metadata" "--manifest-path" "Cargo.toml" "--no-deps", kill_on_drop: false }`
[INFO] crate crates.io crate insmaller-core 0.16.0 already has a lockfile, it will not be regenerated
[INFO] running `Command { std: CARGO_HOME="/workspace/cargo-home" RUSTUP_HOME="/workspace/rustup-home" "/workspace/cargo-home/bin/cargo" "+1.100.0-beta.1" "fetch" "--manifest-path" "Cargo.toml", kill_on_drop: false }`
[INFO] [stderr] warning: `package.homepage` is redundant with `package.repository`
[INFO] [stderr]    --> Cargo.toml:101:12
[INFO] [stderr]     |
[INFO] [stderr] 101 | homepage = "https://github.com/walangstudio/insmaller"
[INFO] [stderr]     |            ^^^^^^^^^^^^^^^^^^^^^^^^^^^^^^^^^^^^^^^^^^^
[INFO] [stderr] ...
[INFO] [stderr] 106 | repository = "https://github.com/walangstudio/insmaller"
[INFO] [stderr]     |              -------------------------------------------
[INFO] [stderr]     |
[INFO] [stderr]     = note: `cargo::redundant_homepage` is set to `warn` by default
[INFO] [stderr] help: consider removing `package.homepage`
[INFO] [stderr] warning: `insmaller-core` (manifest) generated 1 warning
[INFO] running `Command { std: "docker" "create" "-v" "/var/lib/crater-agent-workspace/builds/worker-3-tc2/source:/opt/rustwide/workdir:ro,Z" "-v" "/var/lib/crater-agent-workspace/builds/worker-3-tc2/target:/opt/rustwide/target:rw,Z" "-v" "/var/lib/crater-agent-workspace/cargo-home:/opt/rustwide/cargo-home:ro,Z" "-v" "/var/lib/crater-agent-workspace/rustup-home:/opt/rustwide/rustup-home:ro,Z" "-m" "1610612736" "--network" "none" "ghcr.io/rust-lang/crates-build-env/linux@sha256:77db811e55d90add9212f6832c23229e3de5f1c1f9905e8cb07319ea15df73ac" "sleep" "infinity", kill_on_drop: false }`
[INFO] [stdout] e9507f7c06d35864fd53c0d28d625e79c5affcae35d90589fbd9c83303efba3c
[INFO] running `Command { std: "docker" "start" "e9507f7c06d35864fd53c0d28d625e79c5affcae35d90589fbd9c83303efba3c", kill_on_drop: false }`
[INFO] running `Command { std: "docker" "inspect" "e9507f7c06d35864fd53c0d28d625e79c5affcae35d90589fbd9c83303efba3c", kill_on_drop: false }`
[INFO] running `Command { std: "docker" "exec" "-e" "SOURCE_DIR=/opt/rustwide/workdir" "-e" "CARGO_HOME=/opt/rustwide/cargo-home" "-e" "RUSTUP_HOME=/opt/rustwide/rustup-home" "-e" "CARGO_TARGET_DIR=/opt/rustwide/target" "-w" "/opt/rustwide/workdir" "--user" "0:0" "e9507f7c06d35864fd53c0d28d625e79c5affcae35d90589fbd9c83303efba3c" "/opt/rustwide/cargo-home/bin/cargo" "+1.100.0-beta.1" "metadata" "--no-deps" "--format-version=1", kill_on_drop: false }`
[INFO] running `Command { std: "docker" "inspect" "e9507f7c06d35864fd53c0d28d625e79c5affcae35d90589fbd9c83303efba3c", kill_on_drop: false }`
[INFO] running `Command { std: "docker" "exec" "-e" "SOURCE_DIR=/opt/rustwide/workdir" "-e" "CARGO_HOME=/opt/rustwide/cargo-home" "-e" "RUSTUP_HOME=/opt/rustwide/rustup-home" "-e" "CARGO_TARGET_DIR=/opt/rustwide/target" "-e" "CARGO_INCREMENTAL=0" "-e" "RUST_BACKTRACE=full" "-e" "RUSTFLAGS=--cap-lints=warn" "-e" "RUSTDOCFLAGS=--cap-lints=warn" "-w" "/opt/rustwide/workdir" "--user" "0:0" "e9507f7c06d35864fd53c0d28d625e79c5affcae35d90589fbd9c83303efba3c" "/opt/rustwide/cargo-home/bin/cargo" "+1.100.0-beta.1" "build" "--frozen" "--message-format=json" "--release", kill_on_drop: false }`
[INFO] [stderr] warning: `package.homepage` is redundant with `package.repository`
[INFO] [stderr]    --> Cargo.toml:101:12
[INFO] [stderr]     |
[INFO] [stderr] 101 | homepage = "https://github.com/walangstudio/insmaller"
[INFO] [stderr]     |            ^^^^^^^^^^^^^^^^^^^^^^^^^^^^^^^^^^^^^^^^^^^
[INFO] [stderr] ...
[INFO] [stderr] 106 | repository = "https://github.com/walangstudio/insmaller"
[INFO] [stderr]     |              -------------------------------------------
[INFO] [stderr]     |
[INFO] [stderr]     = note: `cargo::redundant_homepage` is set to `warn` by default
[INFO] [stderr] help: consider removing `package.homepage`
[INFO] [stderr] warning: `insmaller-core` (manifest) generated 1 warning
[INFO] [stderr]    Compiling simd-adler32 v0.3.9
[INFO] [stderr]    Compiling rustix v1.1.4
[INFO] [stderr]    Compiling syn v2.0.117
[INFO] [stderr]    Compiling generic-array v0.14.7
[INFO] [stderr]    Compiling crc-catalog v2.5.0
[INFO] [stderr]    Compiling getrandom v0.3.4
[INFO] [stderr]    Compiling rustls v0.23.40
[INFO] [stderr]    Compiling zstd-sys v2.0.16+zstd.1.5.7
[INFO] [stderr]    Compiling lzma-sys v0.1.20
[INFO] [stderr]    Compiling http v1.4.0
[INFO] [stderr]    Compiling zip v2.4.2
[INFO] [stderr]    Compiling time v0.3.47
[INFO] [stderr]    Compiling bzip2 v0.5.2
[INFO] [stderr]    Compiling filetime v0.2.29
[INFO] [stderr]    Compiling memo-map v0.3.3
[INFO] [stderr]    Compiling utf8-zero v0.8.1
[INFO] [stderr]    Compiling crc v3.4.0
[INFO] [stderr]    Compiling deflate64 v0.1.12
[INFO] [stderr]    Compiling glob v0.3.3
[INFO] [stderr]    Compiling miniz_oxide v0.8.9
[INFO] [stderr]    Compiling zopfli v0.8.3
[INFO] [stderr]    Compiling xz2 v0.1.7
[INFO] [stderr]    Compiling lzma-rs v0.3.0
[INFO] [stderr]    Compiling crypto-common v0.1.7
[INFO] [stderr]    Compiling block-buffer v0.10.4
[INFO] [stderr]    Compiling inout v0.1.4
[INFO] [stderr]    Compiling flate2 v1.1.9
[INFO] [stderr]    Compiling cipher v0.4.4
[INFO] [stderr]    Compiling digest v0.10.7
[INFO] [stderr]    Compiling ureq-proto v0.6.0
[INFO] [stderr]    Compiling aes v0.8.4
[INFO] [stderr]    Compiling hmac v0.12.1
[INFO] [stderr]    Compiling sha1 v0.10.6
[INFO] [stderr]    Compiling pbkdf2 v0.12.2
[INFO] [stderr]    Compiling sha2 v0.10.9
[INFO] [stderr]    Compiling xattr v1.6.1
[INFO] [stderr]    Compiling tar v0.4.46
[INFO] [stderr]    Compiling serde_derive v1.0.228
[INFO] [stderr]    Compiling zeroize_derive v1.4.3
[INFO] [stderr]    Compiling futures-macro v0.3.32
[INFO] [stderr]    Compiling thiserror-impl v2.0.18
[INFO] [stderr]    Compiling thiserror-impl v1.0.69
[INFO] [stderr]    Compiling tokio-macros v2.7.0
[INFO] [stderr]    Compiling displaydoc v0.2.5
[INFO] [stderr]    Compiling async-trait v0.1.89
[INFO] [stderr]    Compiling zeroize v1.8.2
[INFO] [stderr]    Compiling rustls-pki-types v1.14.1
[INFO] [stderr]    Compiling tokio v1.52.3
[INFO] [stderr]    Compiling futures-util v0.3.32
[INFO] [stderr]    Compiling thiserror v1.0.69
[INFO] [stderr]    Compiling thiserror v2.0.18
[INFO] [stderr]    Compiling rustls-webpki v0.103.13
[INFO] [stderr]    Compiling webpki-roots v1.0.7
[INFO] [stderr]    Compiling serde v1.0.228
[INFO] [stderr]    Compiling toml_datetime v0.6.11
[INFO] [stderr]    Compiling serde_spanned v0.6.9
[INFO] [stderr]    Compiling chrono v0.4.44
[INFO] [stderr]    Compiling serde_yaml v0.9.34+deprecated
[INFO] [stderr]    Compiling minijinja v2.19.0
[INFO] [stderr]    Compiling futures v0.3.32
[INFO] [stderr]    Compiling toml_edit v0.22.27
[INFO] [stderr]    Compiling ureq v3.3.0
[INFO] [stderr]    Compiling toml v0.8.23
[INFO] [stderr]    Compiling zstd-safe v7.2.4
[INFO] [stderr]    Compiling zstd v0.13.3
[INFO] [stderr]    Compiling insmaller-core v0.16.0 (/opt/rustwide/workdir)
[INFO] [stderr]     Finished `release` profile [optimized] target(s) in 1m 57s
[INFO] running `Command { std: "docker" "inspect" "e9507f7c06d35864fd53c0d28d625e79c5affcae35d90589fbd9c83303efba3c", kill_on_drop: false }`
[INFO] running `Command { std: "docker" "exec" "-e" "SOURCE_DIR=/opt/rustwide/workdir" "-e" "CARGO_HOME=/opt/rustwide/cargo-home" "-e" "RUSTUP_HOME=/opt/rustwide/rustup-home" "-e" "CARGO_TARGET_DIR=/opt/rustwide/target" "-e" "CARGO_INCREMENTAL=0" "-e" "RUST_BACKTRACE=full" "-e" "RUSTFLAGS=--cap-lints=warn" "-e" "RUSTDOCFLAGS=--cap-lints=warn" "-w" "/opt/rustwide/workdir" "--user" "0:0" "e9507f7c06d35864fd53c0d28d625e79c5affcae35d90589fbd9c83303efba3c" "/opt/rustwide/cargo-home/bin/cargo" "+1.100.0-beta.1" "test" "--frozen" "--no-run" "--message-format=json" "--release", kill_on_drop: false }`
[INFO] [stderr] warning: `package.homepage` is redundant with `package.repository`
[INFO] [stderr]    --> Cargo.toml:101:12
[INFO] [stderr]     |
[INFO] [stderr] 101 | homepage = "https://github.com/walangstudio/insmaller"
[INFO] [stderr]     |            ^^^^^^^^^^^^^^^^^^^^^^^^^^^^^^^^^^^^^^^^^^^
[INFO] [stderr] ...
[INFO] [stderr] 106 | repository = "https://github.com/walangstudio/insmaller"
[INFO] [stderr]     |              -------------------------------------------
[INFO] [stderr]     |
[INFO] [stderr]     = note: `cargo::redundant_homepage` is set to `warn` by default
[INFO] [stderr] help: consider removing `package.homepage`
[INFO] [stderr] warning: `insmaller-core` (manifest) generated 1 warning
[INFO] [stderr]    Compiling xattr v1.6.1
[INFO] [stderr]    Compiling tempfile v3.27.0
[INFO] [stderr]    Compiling tar v0.4.46
[INFO] [stderr]    Compiling insmaller-core v0.16.0 (/opt/rustwide/workdir)
[INFO] [stderr]     Finished `release` profile [optimized] target(s) in 1m 03s
[INFO] running `Command { std: "docker" "inspect" "e9507f7c06d35864fd53c0d28d625e79c5affcae35d90589fbd9c83303efba3c", kill_on_drop: false }`
[INFO] running `Command { std: "docker" "exec" "-e" "SOURCE_DIR=/opt/rustwide/workdir" "-e" "CARGO_HOME=/opt/rustwide/cargo-home" "-e" "RUSTUP_HOME=/opt/rustwide/rustup-home" "-e" "CARGO_TARGET_DIR=/opt/rustwide/target" "-e" "CARGO_INCREMENTAL=0" "-e" "RUST_BACKTRACE=full" "-e" "RUSTFLAGS=--cap-lints=warn" "-e" "RUSTDOCFLAGS=--cap-lints=warn" "-w" "/opt/rustwide/workdir" "--user" "0:0" "e9507f7c06d35864fd53c0d28d625e79c5affcae35d90589fbd9c83303efba3c" "/opt/rustwide/cargo-home/bin/cargo" "+1.100.0-beta.1" "test" "--frozen" "--release", kill_on_drop: false }`
[INFO] [stderr] warning: `package.homepage` is redundant with `package.repository`
[INFO] [stderr]    --> Cargo.toml:101:12
[INFO] [stderr]     |
[INFO] [stderr] 101 | homepage = "https://github.com/walangstudio/insmaller"
[INFO] [stderr]     |            ^^^^^^^^^^^^^^^^^^^^^^^^^^^^^^^^^^^^^^^^^^^
[INFO] [stderr] ...
[INFO] [stderr] 106 | repository = "https://github.com/walangstudio/insmaller"
[INFO] [stderr]     |              -------------------------------------------
[INFO] [stderr]     |
[INFO] [stderr]     = note: `cargo::redundant_homepage` is set to `warn` by default
[INFO] [stderr] help: consider removing `package.homepage`
[INFO] [stderr] warning: `insmaller-core` (manifest) generated 1 warning
[INFO] [stderr]     Finished `release` profile [optimized] target(s) in 0.28s
[INFO] [stderr]      Running unittests src/lib.rs (/opt/rustwide/target/release/build/insmaller-core/36531d9fde2cedf4/out/insmaller_core-36531d9fde2cedf4)
[INFO] [stdout] 
[INFO] [stdout] running 340 tests
[INFO] [stdout] test config::tests::defaults_apply_when_sections_absent ... ok
[INFO] [stdout] test about::tests::rgb_filter_emits_truecolor_when_on_and_passes_through_off ... ok
[INFO] [stdout] test about::tests::undefined_extra_is_empty_not_error ... ok
[INFO] [stdout] test about::tests::version_without_template_uses_app_plus_engine ... ok
[INFO] [stdout] test about::tests::color_filters_noop_when_color_false ... ok
[INFO] [stdout] test about::tests::custom_template_renders_fields_and_extra ... ok
[INFO] [stdout] test about::tests::gradient_colors_each_char_and_resets_once ... ok
[INFO] [stdout] test about::tests::gradient_then_bold_keeps_bold_across_run ... ok
[INFO] [stdout] test about::tests::color_filter_emits_ansi_when_color_true ... ok
[INFO] [stdout] test about::tests::no_project_falls_back_to_engine_version ... ok
[INFO] [stdout] test about::tests::broken_template_falls_back ... ok
[INFO] [stdout] test config::tests::default_args_round_trip_and_defaults_empty ... ok
[INFO] [stdout] test config::tests::setup_output_defaults_to_none ... ok
[INFO] [stdout] test config::tests::project_extra_is_btreemap ... ok
[INFO] [stdout] test config::tests::desugar_pointing_at_missing_recipe_is_rejected ... ok
[INFO] [stdout] test config::tests::loads_and_indexes_recipes ... ok
[INFO] [stdout] test config::tests::settings_scope_path_parse_and_default_none ... ok
[INFO] [stdout] test config::tests::setup_output_all_fields_parse ... ok
[INFO] [stdout] test config::tests::duplicate_recipe_is_rejected ... ok
[INFO] [stdout] test config::tests::setup_then_task_round_trip_and_validation ... ok
[INFO] [stdout] test config::tests::max_parallel_tasks_defaults_to_unbounded ... ok
[INFO] [stdout] test config::tests::defaults_from_file_round_trip_and_default_none ... ok
[INFO] [stdout] test config::tests::interactive_tasks_round_trip_tri_state ... ok
[INFO] [stdout] test about::tests::rgb_bad_hex_passes_through ... ok
[INFO] [stdout] test config::tests::setup_writes_config_only_round_trip ... ok
[INFO] [stdout] test config::tests::task_parses_basic ... ok
[INFO] [stdout] test config::tests::peek_dispatch_settings_typed_and_strict ... ok
[INFO] [stdout] test config::tests::project_all_fields_parse ... ok
[INFO] [stdout] test config::tests::task_empty_is_ok ... ok
[INFO] [stdout] test config::tests::theme_settings_parse_and_default ... ok
[INFO] [stdout] test config::tests::task_needs_cycle_is_error ... ok
[INFO] [stdout] test config::tests::task_needs_unknown_is_error ... ok
[INFO] [stdout] test config::tests::task_os_override_parses ... ok
[INFO] [stdout] test config::tests::task_parallel_flag_round_trip ... ok
[INFO] [stdout] test ctx::tests::has_reflects_presence_and_with_locals_overlay ... ok
[INFO] [stdout] test ctx::tests::literal_passthrough ... ok
[INFO] [stdout] test ctx::tests::missing_var_is_an_error ... ok
[INFO] [stdout] test ctx::tests::render_with_locals_does_not_mutate_ctx ... ok
[INFO] [stdout] test ctx::tests::renders_vars ... ok
[INFO] [stdout] test config::tests::prefer_bash_on_windows_round_trip ... ok
[INFO] [stdout] test config::tests::project_defaults_to_none ... ok
[INFO] [stdout] test desugar::tests::git_https_url_with_colon_splits_at_last_colon ... ok
[INFO] [stdout] test desugar::tests::git_ssh_url_splits_correctly ... ok
[INFO] [stdout] test desugar::tests::marketplace_too_few_parts_errors ... ok
[INFO] [stdout] test desugar::tests::merge_json_splits_path_and_cmd_on_first_colon ... ok
[INFO] [stdout] test desugar::tests::nvm_lts_maps_to_flags ... ok
[INFO] [stdout] test desugar::tests::allow_shell_literal_false_disables_the_catch_all ... ok
[INFO] [stdout] test desugar::tests::uv_git_from_url ... ok
[INFO] [stdout] test desugar::tests::dispatch_falls_back_to_shell_literal ... ok
[INFO] [stdout] test desugar::tests::dispatch_prefix_match ... ok
[INFO] [stdout] test input::tests::env_resolver_missing_optional_skips ... ok
[INFO] [stdout] test desugar::tests::gh_missing_pattern_errors ... ok
[INFO] [stdout] test desugar::tests::gh_pattern_regex_quotes_dots_expands_stars ... ok
[INFO] [stdout] test desugar::tests::git_dest_not_anchored_errors ... ok
[INFO] [stdout] test desugar::tests::git_no_colon_at_all_errors ... ok
[INFO] [stdout] test desugar::tests::marketplace_defaults_mkt_to_plugin ... ok
[INFO] [stdout] test json_catalog::tests::condition_field_round_trips ... ok
[INFO] [stdout] test desugar::tests::marketplace_explicit_mkt ... ok
[INFO] [stdout] test desugar::tests::uv_https_from_url ... ok
[INFO] [stdout] test desugar::tests::nvm_concrete_version_passes_through ... ok
[INFO] [stdout] test input::tests::env_resolver_missing_required_fails_fast_not_blocks ... ok
[INFO] [stdout] test json_catalog::tests::maps_each_list_to_its_sentinel_kind ... ok
[INFO] [stdout] test desugar::tests::unknown_non_shell_spec_errors_instead_of_running_as_shell ... ok
[INFO] [stdout] test input::tests::static_resolver_returns_value ... ok
[INFO] [stdout] test desugar::tests::versioned_pkg_splits_optional_version ... ok
[INFO] [stdout] test desugar::tests::uv_versioned_pep440_is_not_from ... ok
[INFO] [stdout] test json_catalog::tests::duplicate_key_across_lists_is_a_load_error ... ok
[INFO] [stdout] test json_catalog::tests::required_inputs_empty_selection ... ok
[INFO] [stdout] test json_catalog::tests::inline_steps_are_parsed_and_exposed ... ok
[INFO] [stdout] test ctx::tests::new_populates_platform_probe ... ok
[INFO] [stdout] test json_catalog::tests::requires_input_parses ... ok
[INFO] [stdout] test json_catalog::tests::uninstall_absent_defaults_to_none ... ok
[INFO] [stdout] test json_catalog::tests::uninstall_field_round_trips_through_entry_ref ... ok
[INFO] [stdout] test json_catalog::tests::unknown_fields_do_not_cause_parse_error ... ok
[INFO] [stdout] test json_catalog::tests::name_field_accepted_as_label ... ok
[INFO] [stdout] test json_catalog::tests::options_ordered_empty_matches_options ... ok
[INFO] [stdout] test json_catalog::tests::options_ordered_respects_explicit_order ... ok
[INFO] [stdout] test json_catalog::tests::required_inputs_union_dedup_first_wins ... ok
[INFO] [stdout] test json_catalog::tests::options_ordered_unlisted_after_listed_alpha ... ok
[INFO] [stdout] test desugar::tests::uv_plain_package ... ok
[INFO] [stdout] test json_catalog::tests::provides_command_alone_creates_verify_step ... ok
[INFO] [stdout] test json_catalog::tests::malformed_inline_step_fails_at_load ... ok
[INFO] [stdout] test json_catalog::tests::category_alias_maps_to_group ... ok
[INFO] [stdout] test json_catalog::tests::provides_command_appends_check_command_step ... ok
[INFO] [stdout] test json_catalog::tests::install_and_steps_are_mutually_exclusive ... ok
[INFO] [stdout] test orchestrator::tests::condition_skip_on_direct_install_many_path ... ok
[INFO] [stdout] test orchestrator::tests::conditioned_entry_runs_when_true ... ok
[INFO] [stdout] test orchestrator::tests::dry_run_with_post_install_runs_nothing ... ok
[INFO] [stdout] test orchestrator::tests::dep_cycle_is_a_clear_error_not_silent_success ... ok
[INFO] [stdout] test orchestrator::tests::conditioned_entry_skipped_when_false ... ok
[INFO] [stdout] test orchestrator::tests::confirm_gate_renders_expected_through_ctx ... ok
[INFO] [stdout] test orchestrator::tests::dry_run_spawns_nothing_and_skips_sentinel ... ok
[INFO] [stdout] test orchestrator::tests::confirm_gate_aborts_on_mismatch_and_skips_rest ... ok
[INFO] [stdout] test orchestrator::tests::retry_then_success_completes ... ok
[INFO] [stdout] test orchestrator::tests::confirm_on_valueless_step_is_noop_not_abort ... ok
[INFO] [stdout] test orchestrator::tests::uninstall_blocked_by_installed_dependent_unless_forced_or_batched ... ok
[INFO] [stdout] test orchestrator::tests::uninstall_unknown_key_is_an_error ... ok
[INFO] [stdout] test orchestrator::tests::deps_install_before_dependents_once ... ok
[INFO] [stdout] test orchestrator::tests::unless_truthy_skips_step ... ok
[INFO] [stdout] test orchestrator::tests::diamond_dep_is_not_a_cycle ... ok
[INFO] [stdout] test pathenv::tests::enriched_path_prepends_literals_and_skips_unmatched_globs ... ok
[INFO] [stdout] test pathenv::tests::enriched_path_empty_globs_is_current_path ... ok
[INFO] [stdout] test orchestrator::tests::register_as_value_flows_to_later_step ... ok
[INFO] [stdout] test orchestrator::tests::missing_dependency_is_a_clear_error ... ok
[INFO] [stdout] test orchestrator::tests::uninstall_runs_recipe_uninstall_and_clears_sentinel ... ok
[INFO] [stdout] test orchestrator::tests::verify_success_writes_sentinel ... ok
[INFO] [stdout] test pathenv::tests::resolve_in_path_scans_colon_separated_dirs ... ok
[INFO] [stdout] test orchestrator::tests::json_reporter_is_a_reporter ... ok
[INFO] [stdout] test pathenv::tests::expand_home_handles_prefixes ... ok
[INFO] [stdout] test orchestrator::tests::confirm_gate_passes_on_match_generic_step ... ok
[INFO] [stdout] test plugin::tests::request_renders_params_and_ctx ... ok
[INFO] [stdout] test pathenv::tests::shell_invocation_dispatches_per_platform ... ok
[INFO] [stdout] test plugin::tests::split_command_groups_quoted_paths ... ok
[INFO] [stdout] test pathenv::tests::resolve_in_path_explicit_path_branch ... ok
[INFO] [stdout] test orchestrator::tests::requires_missing_var_skips_step_not_errors ... ok
[INFO] [stdout] test orchestrator::tests::failure_is_collected_siblings_continue ... ok
[INFO] [stdout] test processors::tests::deep_merge_is_verbatim_recursive ... ok
[INFO] [stdout] test pathenv::tests::shell_invocation_prefers_bash_on_windows_using_given_path ... ok
[INFO] [stdout] test plugin::tests::wasm_cdylib_decl_skipped_without_feature_not_panic ... ok
[INFO] [stdout] test processors::tests::exec_array_args_render_each ... ok
[INFO] [stdout] test processors::tests::merge_toml_missing_target_starts_empty ... ok
[INFO] [stdout] test processors::tests::merge_toml_creates_and_deep_merges ... ok
[INFO] [stdout] test processors::tests::exec_argline_whitespace_splits_like_npm_handler ... ok
[INFO] [stdout] test processors::tests::merge_toml_non_table_root_errors_clearly ... ok
[INFO] [stdout] test orchestrator::tests::verify_failure_fails_key_and_skips_sentinel ... ok
[INFO] [stdout] test plugin::tests::register_external_adds_processor_per_kind ... ok
[INFO] [stdout] test processors::tests::merge_yaml_deep_merges ... ok
[INFO] [stdout] test processors::tests::shell_inline_script_renders ... ok
[INFO] [stdout] test orchestrator::tests::unknown_processor_fails_the_key ... ok
[INFO] [stdout] test processors::tests::builtins_registers_generic_processors ... ok
[INFO] [stdout] test processors::tests::shell_missing_both_errors ... ok
[INFO] [stdout] test processors::tests::shell_script_file_resolves_embedded_and_renders ... ok
[INFO] [stdout] test orchestrator::tests::entry_uninstall_cmd_failure_propagates_error ... ok
[INFO] [stdout] test plugin::tests::not_ok_response_is_error_with_message ... ok
[INFO] [stdout] test processors_io::tests::ensure_line_is_idempotent_and_creates_file ... ok
[INFO] [stdout] test processors_io::tests::expand_vars_errors_on_undefined_var ... ok
[INFO] [stdout] test processors_io::tests::backup_missing_path_is_skipped ... ok
[INFO] [stdout] test orchestrator::tests::entry_uninstall_cmd_runs_and_clears_sentinel ... ok
[INFO] [stdout] test processors_io::tests::ensure_line_rejects_embedded_newline ... ok
[INFO] [stdout] test processors_io::tests::atomic_write_mode_applied ... ok
[INFO] [stdout] test processors_io::tests::extract_refuses_symlink_entry ... ok
[INFO] [stdout] test processors_io::tests::backup_dry_run_no_file ... ok
[INFO] [stdout] test processors_io::tests::copy_processor_copies_file_and_dir_tree ... ok
[INFO] [stdout] test processors_io::tests::expand_vars_substitutes_dollar_brace_and_jinja_syntax ... ok
[INFO] [stdout] test processors_io::tests::input_alias_reaches_prompt_processor ... ok
[INFO] [stdout] test processors_io::tests::backup_custom_dir_and_suffix ... ok
[INFO] [stdout] test processors_io::tests::extract_total_strip_writes_nothing ... ok
[INFO] [stdout] test plugin::tests::ok_response_maps_register_and_value ... ok
[INFO] [stdout] test processors_io::tests::extract_tar_bz2_roundtrips ... ok
[INFO] [stdout] test processors_io::tests::extract_targz_and_zip_with_strip_components ... ok
[INFO] [stdout] test processors_io::tests::extract_unsupported_type_errors ... ok
[INFO] [stdout] test plugin::tests::non_json_response_is_error ... ok
[INFO] [stdout] test plugin::tests::wrong_protocol_is_refused_loudly ... ok
[INFO] [stdout] test processors_io::tests::safe_join_blocks_escape ... ok
[INFO] [stdout] test processors_io::tests::render_env_csv_quoted_when_element_has_space ... ok
[INFO] [stdout] test processors_io::tests::render_env_array_respects_include_allowlist ... ok
[INFO] [stdout] test processors_io::tests::origin_and_mode_helpers ... ok
[INFO] [stdout] test processors_io::tests::save_input_rejects_newline_in_value ... ok
[INFO] [stdout] test processors_io::tests::sha256_known_vector ... ok
[INFO] [stdout] test processors_io::tests::backup_copies_existing_file_timestamped ... ok
[INFO] [stdout] test processors::tests::merge_toml_via_command_writes_and_dry_run_noop ... ok
[INFO] [stdout] test processors_io::tests::symlink_refuses_to_destroy_a_real_directory ... ok
[INFO] [stdout] test processors_io::tests::render_env_array_skips_non_scalar_elements ... ok
[INFO] [stdout] test processors_io::tests::render_env_array_becomes_csv ... ok
[INFO] [stdout] test processors_io::tests::write_env_quotes_value_with_spaces ... ok
[INFO] [stdout] test processors_io::tests::write_setup_output_path_template_rendered_from_vars ... ok
[INFO] [stdout] test processors_io::tests::render_env_empty_array_is_bare_key ... ok
[INFO] [stdout] test registry::tests::alias_chain_is_followed ... ok
[INFO] [stdout] test processors_io::tests::write_env_creates_file_with_correct_content ... ok
[INFO] [stdout] test processors_io::tests::write_env_header_is_first_line ... ok
[INFO] [stdout] test registry::tests::alias_resolves_to_canonical ... ok
[INFO] [stdout] test processors_io::tests::write_env_no_tmp_leftover_on_success ... ok
[INFO] [stdout] test processors_io::tests::symlink_processor_makes_dest_resolve_to_src_content ... ok
[INFO] [stdout] test registry::tests::alias_cycle_does_not_loop_forever ... ok
[INFO] [stdout] test registry::tests::register_and_lookup ... ok
[INFO] [stdout] test scripts::tests::embedded_lookup ... ok
[INFO] [stdout] test scripts::tests::gh_script_is_verbatim_shape ... ok
[INFO] [stdout] test sentinel::tests::list_kind_returns_installed_keys ... ok
[INFO] [stdout] test processors_io::tests::prompt_value_path_returns_resolved_value ... ok
[INFO] [stdout] test sentinel::tests::scope_defaults_global_matches_new ... ok
[INFO] [stdout] test sentinel::tests::sentinel_path_overrides_scope ... ok
[INFO] [stdout] test sentinel::tests::workspace_anchors_to_config_dir ... ok
[INFO] [stdout] test sentinel::tests::workspace_without_config_dir_falls_back_global ... ok
[INFO] [stdout] test registry::tests::dangling_alias_is_not_resolvable_nor_advertised ... ok
[INFO] [stdout] test processors_io::tests::write_env_processor_reads_ctx_vars ... ok
[INFO] [stdout] test sentinel::tests::mark_read_remove_roundtrip ... ok
[INFO] [stdout] test sentinel::tests::post_gate_is_independent_of_install_marker ... ok
[INFO] [stdout] test sentinel::tests::lock_is_acquired_and_blocks_a_second_holder ... ok
[INFO] [stdout] test registry::tests::override_of_canonical_flows_through_alias ... ok
[INFO] [stdout] test processors_io::tests::write_env_include_filters_keys ... ok
[INFO] [stdout] test step::tests::confirm_parses_and_empty_is_no_gate ... ok
[INFO] [stdout] test processors_io::tests::prompt_value_registers_and_skip_is_not_failure ... ok
[INFO] [stdout] test step::tests::defaults_when_optional_keys_absent ... ok
[INFO] [stdout] test step::tests::lifts_known_keys_rest_is_params ... ok
[INFO] [stdout] test step::tests::retries_negative_errors_huge_saturates ... ok
[INFO] [stdout] test step::tests::missing_type_is_config_error ... ok
[INFO] [stdout] test processors_io::tests::prompt_required_missing_fails_fast ... ok
[INFO] [stdout] test tasks::tests::task_missing_name_is_clear_error ... ok
[INFO] [stdout] test processors_io::tests::prompt_optional_absent_skips ... ok
[INFO] [stdout] test processors_io::tests::require_sha256_for_exec_blocks_unhashed_executable ... ok
[INFO] [stdout] test tasks::tests::run_tasks_runs_all_requested ... ok
[INFO] [stdout] test processors_io::tests::save_input_explicit_value_upserts_file_and_registers ... ok
[INFO] [stdout] test tasks::tests::run_tasks_single_task ... ok
[INFO] [stdout] test processors_io::tests::bearer_requires_https_and_allowlist_before_any_network ... ok
[INFO] [stdout] test tasks::tests::task_os_branch_falls_back_to_default_for_wrong_os ... ok
[INFO] [stdout] test tasks::tests::task_needs_runs_in_order ... ok
[INFO] [stdout] test tasks::tests::dependent_runs_even_when_its_need_is_gated_off ... ok
[INFO] [stdout] test tasks::tests::task_templates_run_vars ... ok
[INFO] [stdout] test tasks::tests::task_runs_steps ... ok
[INFO] [stdout] test tasks::tests::run_tasks_honors_needs_even_when_parallel ... ok
[INFO] [stdout] test tasks::tests::task_nonzero_fails_fast_no_second_step ... ok
[INFO] [stdout] test tasks::tests::task_poll_exhausts_and_fails ... ok
[INFO] [stdout] test tasks::tests::task_when_gates_execution ... ok
[INFO] [stdout] test wizard::tests::api_call_non_http_url_rejected ... ok
[INFO] [stdout] test wizard::tests::api_call_non_http_url_still_rejected_after_encoding ... ok
[INFO] [stdout] test tasks::tests::task_poll_until_zero_then_succeeds ... ok
[INFO] [stdout] test wizard::tests::bound_num_parses_from_toml ... ok
[INFO] [stdout] test wizard::tests::api_call_timeout_is_error ... ok
[INFO] [stdout] test wizard::tests::bound_str_parses_from_toml ... ok
[INFO] [stdout] test wizard::tests::check_field_assert_fails_with_custom_assert_error ... ok
[INFO] [stdout] test wizard::tests::check_field_assert_no_assert_always_ok ... ok
[INFO] [stdout] test wizard::tests::check_field_assert_forward_ref_absent_var_is_skipped ... ok
[INFO] [stdout] test wizard::tests::check_field_assert_fails_with_label_and_default_message ... ok
[INFO] [stdout] test wizard::tests::check_field_assert_passes_when_true ... ok
[INFO] [stdout] test wizard::tests::choices_for_vars_hides_entry_when_condition_false ... ok
[INFO] [stdout] test wizard::tests::compare_values_datetimes_ordered_correctly ... ok
[INFO] [stdout] test wizard::tests::choices_for_vars_shows_entry_when_condition_true ... ok
[INFO] [stdout] test wizard::tests::compare_values_incompatible_returns_none ... ok
[INFO] [stdout] test wizard::tests::compare_values_multi_segment_version_still_works ... ok
[INFO] [stdout] test wizard::tests::compare_values_numbers_ordered_correctly ... ok
[INFO] [stdout] test wizard::tests::compare_values_versions_ordered_correctly ... ok
[INFO] [stdout] test wizard::tests::condition_gates_page_visibility ... ok
[INFO] [stdout] test wizard::tests::date_empty_passes ... ok
[INFO] [stdout] test wizard::tests::compare_values_dates_ordered_correctly ... ok
[INFO] [stdout] test wizard::tests::compare_values_decimal_numeric_not_version_wise ... ok
[INFO] [stdout] test wizard::tests::date_malformed_rejected ... ok
[INFO] [stdout] test wizard::tests::date_range_enforced ... ok
[INFO] [stdout] test wizard::tests::date_valid_passes ... ok
[INFO] [stdout] test wizard::tests::date_with_format_integer_in_validate_does_not_misfire ... ok
[INFO] [stdout] test wizard::tests::datetime_malformed_rejected ... ok
[INFO] [stdout] test wizard::tests::datetime_range_enforced ... ok
[INFO] [stdout] test wizard::tests::defaults_from_file_empty_secret_not_masked ... ok
[INFO] [stdout] test wizard::tests::defaults_from_file_missing_file_is_noop ... ok
[INFO] [stdout] test wizard::tests::defaults_from_file_prefill_overrides_field_default ... ok
[INFO] [stdout] test wizard::tests::date_with_numeric_bound_in_validate_does_not_produce_must_be_a_number ... ok
[INFO] [stdout] test wizard::tests::defaults_from_file_secret_field_gets_keep_sentinel ... ok
[INFO] [stdout] test wizard::tests::datetime_valid_passes ... ok
[INFO] [stdout] test wizard::tests::display_label_precedence_label_then_prompt_then_id ... ok
[INFO] [stdout] test wizard::tests::eval_assert_date_end_ge_start_fail_when_earlier ... ok
[INFO] [stdout] test wizard::tests::eval_assert_datetime_ordered ... ok
[INFO] [stdout] test wizard::tests::eval_assert_no_operator_returns_false ... ok
[INFO] [stdout] test wizard::tests::eval_assert_numbers_max_ge_min ... ok
[INFO] [stdout] test wizard::tests::eval_assert_string_equality_var_vs_literal ... ok
[INFO] [stdout] test wizard::tests::eval_assert_string_equality_var_vs_var ... ok
[INFO] [stdout] test wizard::tests::eval_assert_string_lexicographic_ordering ... ok
[INFO] [stdout] test wizard::tests::eval_assert_date_end_ge_start_pass ... ok
[INFO] [stdout] test wizard::tests::eval_assert_date_equal_passes_ge ... ok
[INFO] [stdout] test wizard::tests::eval_version_eq_semver ... ok
[INFO] [stdout] test wizard::tests::eval_version_falls_back_to_string_when_unparseable ... ok
[INFO] [stdout] test wizard::tests::eval_version_ge_le_gt_lt ... ok
[INFO] [stdout] test wizard::tests::existing_numeric_min_max_configs_still_work ... ok
[INFO] [stdout] test wizard::tests::files_source_empty_dir_returns_empty ... ok
[INFO] [stdout] test wizard::tests::files_source_missing_dir_returns_empty ... ok
[INFO] [stdout] test wizard::tests::eval_assert_version_strings ... ok
[INFO] [stdout] test wizard::tests::eval_condition_literal_rhs_unchanged ... ok
[INFO] [stdout] test wizard::tests::files_source_skips_empty_stem_dotfile ... ok
[INFO] [stdout] test wizard::tests::files_source_returns_env_stems_sorted_deduped ... ok
[INFO] [stdout] test wizard::tests::gated_page_skipped_when_condition_false ... ok
[INFO] [stdout] test wizard::tests::is_truthy_values ... ok
[INFO] [stdout] test wizard::tests::files_source_var_expansion_in_pattern ... ok
[INFO] [stdout] test wizard::tests::invalid_pattern_is_config_error ... ok
[INFO] [stdout] test wizard::tests::json_path_resolves_nested ... ok
[INFO] [stdout] test wizard::tests::keep_substitution_helper_replaces_with_original ... ok
[INFO] [stdout] test wizard::tests::match_glob_stem_overlapping_prefix_suffix_no_panic ... ok
[INFO] [stdout] test wizard::tests::option_labels_drive_choice_display ... ok
[INFO] [stdout] test wizard::tests::page_with_empty_selected_inputs_is_skipped ... ok
[INFO] [stdout] test wizard::tests::parses_and_lists_catalog_choices ... ok
[INFO] [stdout] test wizard::tests::render_leaves_headers_raw ... ok
[INFO] [stdout] test wizard::tests::render_url_encodes_special_chars ... ok
[INFO] [stdout] test wizard::tests::render_url_leaves_unreserved_intact ... ok
[INFO] [stdout] test wizard::tests::required_field_missing_is_fail_fast ... ok
[INFO] [stdout] test wizard::tests::json_path_indexes_arrays ... ok
[INFO] [stdout] test wizard::tests::new_field_types_deserialize ... ok
[INFO] [stdout] test wizard::tests::run_collects_keys_and_skips_gated_page ... ok
[INFO] [stdout] test wizard::tests::run_wizard_assert_fails_when_end_before_start ... ok
[INFO] [stdout] test wizard::tests::run_wizard_assert_passes_when_dates_equal ... ok
[INFO] [stdout] test wizard::tests::run_wizard_assert_passes_when_end_after_start ... ok
[INFO] [stdout] test wizard::tests::run_wizard_both_present_and_failing_still_errors ... ok
[INFO] [stdout] test wizard::tests::run_wizard_omitted_optional_assert_field_succeeds ... ok
[INFO] [stdout] test wizard::tests::run_wizard_rejects_invalid_answer ... ok
[INFO] [stdout] test wizard::tests::resolve_dollar_template_requires_all_vars_non_empty ... ok
[INFO] [stdout] test wizard::tests::schema_accepts_numeric_min_on_text_field ... ok
[INFO] [stdout] test wizard::tests::schema_accepts_static_options_on_dropdown ... ok
[INFO] [stdout] test wizard::tests::schema_accepts_format_on_text_field ... ok
[INFO] [stdout] test wizard::tests::schema_accepts_format_on_textarea ... ok
[INFO] [stdout] test wizard::tests::schema_accepts_valid_assert ... ok
[INFO] [stdout] test wizard::tests::schema_accepts_string_min_on_date_field ... ok
[INFO] [stdout] test wizard::tests::schema_accepts_valid_wizard ... ok
[INFO] [stdout] test wizard::tests::schema_rejects_assert_error_without_assert ... ok
[INFO] [stdout] test wizard::tests::schema_rejects_catalog_source_on_dropdown ... ok
[INFO] [stdout] test wizard::tests::schema_rejects_empty_api_url ... ok
[INFO] [stdout] test wizard::tests::schema_rejects_empty_assert ... ok
[INFO] [stdout] test wizard::tests::schema_rejects_format_on_dropdown ... ok
[INFO] [stdout] test wizard::tests::schema_accepts_string_min_max_on_date_field ... ok
[INFO] [stdout] test wizard::tests::schema_rejects_format_on_multiselect ... ok
[INFO] [stdout] test wizard::tests::schema_rejects_format_on_single_select ... ok
[INFO] [stdout] test wizard::tests::schema_rejects_malformed_assert_no_operator ... ok
[INFO] [stdout] test wizard::tests::schema_rejects_non_http_api_url ... ok
[INFO] [stdout] test wizard::tests::schema_rejects_numeric_max_on_datetime_field ... ok
[INFO] [stdout] test wizard::tests::schema_rejects_numeric_min_on_date_field ... ok
[INFO] [stdout] test wizard::tests::schema_rejects_string_max_on_secret_field ... ok
[INFO] [stdout] test wizard::tests::schema_rejects_string_min_on_text_field ... ok
[INFO] [stdout] test wizard::tests::selected_inputs_condition_gates_field ... ok
[INFO] [stdout] test wizard::tests::selected_inputs_dedup_two_entries_same_id ... ok
[INFO] [stdout] test wizard::tests::selected_inputs_expands_synthetic_fields ... ok
[INFO] [stdout] test wizard::tests::selected_inputs_required_missing_is_error ... ok
[INFO] [stdout] test wizard::tests::session_finish_recomputes_keys_from_active_only ... ok
[INFO] [stdout] test wizard::tests::session_navigates_forward_and_back_with_recompute ... ok
[INFO] [stdout] test wizard::tests::summary_rows_labels_values_and_masks_secrets ... ok
[INFO] [stdout] test wizard::tests::transient_field_excluded_from_summary ... ok
[INFO] [stdout] test wizard::tests::validate_api_defaults ... ok
[INFO] [stdout] test wizard::tests::validate_api_deserializes_from_field_level_toml ... ok
[INFO] [stdout] test wizard::tests::validate_custom_error_message ... ok
[INFO] [stdout] test wizard::tests::validate_format_and_bounds ... ok
[INFO] [stdout] test wizard::tests::validate_rejects_nan_and_inf ... ok
[INFO] [stdout] test wizard::tests::validate_pattern_is_full_match_and_length ... ok
[INFO] [stdout] test wizard::tests::schema_rejects_format_on_date ... ok
[INFO] [stdout] test wizard::tests::api_call_expect_status_match ... ok
[INFO] [stdout] test wizard::tests::api_call_json_path_array_indexed_truthy ... ok
[INFO] [stdout] test wizard::tests::api_call_json_path_array_indexed_falsy ... ok
[INFO] [stdout] test wizard::tests::api_call_expect_status_mismatch_fails ... ok
[INFO] [stdout] test wizard::tests::api_call_json_path_truthy_passes ... ok
[INFO] [stdout] test wizard::tests::api_call_json_path_falsy_fails ... ok
[INFO] [stdout] test wizard::tests::api_call_value_substituted_in_url ... ok
[INFO] [stdout] test wizard::tests::api_call_post_with_body ... ok
[INFO] [stdout] test wizard::tests::api_call_success_2xx ... ok
[INFO] [stdout] test orchestrator::tests::step_timeout_actually_elapses ... ok
[INFO] [stdout] test tasks::tests::run_tasks_actually_overlaps_in_wall_time ... ok
[INFO] [stdout] test tasks::tests::force_parallel_overrides_unflagged_tasks ... ok
[INFO] [stdout] test tasks::tests::unflagged_tasks_run_exclusively_no_overlap ... ok
[INFO] [stdout] 
[INFO] [stdout] test result: ok. 340 passed; 0 failed; 0 ignored; 0 measured; 0 filtered out; finished in 4.19s
[INFO] [stdout] 
[INFO] [stderr]      Running tests/config_file.rs (/opt/rustwide/target/release/build/insmaller-core/222e06d7f16fca5b/out/config_file-222e06d7f16fca5b)
[INFO] [stdout] 
[INFO] [stdout] running 4 tests
[INFO] [stdout] test desugar_table_covers_every_spec_prefix ... FAILED
[INFO] [stdout] test recipe_pack_plugins_merged_and_namespaced ... FAILED
[INFO] [stdout] test installer_toml_loads_and_cross_references ... FAILED
[INFO] [stdout] test all_handler_equivalent_recipes_present ... FAILED
[INFO] [stdout] 
[INFO] [stdout] failures:
[INFO] [stdout] 
[INFO] [stdout] ---- desugar_table_covers_every_spec_prefix stdout ----
[INFO] [stdout] 
[INFO] [stdout] thread 'desugar_table_covers_every_spec_prefix' (2604) panicked at tests/config_file.rs:9:46:
[INFO] [stdout] installer.toml must parse + cross-check: Config("/opt/rustwide/workdir/../../installer.toml: No such file or directory (os error 2)")
[INFO] [stdout] stack backtrace:
[INFO] [stdout]    0:     0x5a568bef2621 - <<std[617be2ca0a6fd877]::sys::backtrace::BacktraceLock>::print::DisplayBacktrace as core[a373ad73a504971]::fmt::Display>::fmt
[INFO] [stdout]    1:     0x5a568bf07d5a - core[a373ad73a504971]::fmt::write
[INFO] [stdout]    2:     0x5a568bef6d5c - <alloc[2e1b2a31b91974c5]::vec::Vec<u8> as core[a373ad73a504971]::io::write::Write>::write_fmt
[INFO] [stdout]    3:     0x5a568bece356 - std[617be2ca0a6fd877]::panicking::default_hook::{closure#0}
[INFO] [stdout]    4:     0x5a568beea899 - std[617be2ca0a6fd877]::panicking::default_hook
[INFO] [stdout]    5:     0x5a568bdf06f0 - test[aada8e7e76ba119b]::test_main_inner::{closure#0}
[INFO] [stdout]    6:     0x5a568beeaa52 - std[617be2ca0a6fd877]::panicking::panic_with_hook
[INFO] [stdout]    7:     0x5a568bece402 - std[617be2ca0a6fd877]::panicking::panic_handler::{closure#0}
[INFO] [stdout]    8:     0x5a568bec6b49 - std[617be2ca0a6fd877]::sys::backtrace::__rust_end_short_backtrace::<std[617be2ca0a6fd877]::panicking::panic_handler::{closure#0}, !>
[INFO] [stdout]    9:     0x5a568becf10d - __rustc[ea4f61d10b84890b]::rust_begin_unwind
[INFO] [stdout]   10:     0x5a568bf0850c - core[a373ad73a504971]::panicking::panic_fmt
[INFO] [stdout]   11:     0x5a568bf082e2 - core[a373ad73a504971]::result::unwrap_failed
[INFO] [stdout]   12:     0x5a568bde2ce6 - <config_file[aeace8c195fa5a35]::desugar_table_covers_every_spec_prefix::{closure#0} as core[a373ad73a504971]::ops::function::FnOnce<()>>::call_once
[INFO] [stdout]   13:     0x5a568bde3b3b - test[aada8e7e76ba119b]::__rust_begin_short_backtrace::<core[a373ad73a504971]::result::Result<(), alloc[2e1b2a31b91974c5]::string::String>, fn() -> core[a373ad73a504971]::result::Result<(), alloc[2e1b2a31b91974c5]::string::String>>
[INFO] [stdout]   14:     0x5a568bdf0d15 - test[aada8e7e76ba119b]::run_test::{closure#0}
[INFO] [stdout]   15:     0x5a568bdea604 - std[617be2ca0a6fd877]::sys::backtrace::__rust_begin_short_backtrace::<test[aada8e7e76ba119b]::run_test::{closure#1}, ()>
[INFO] [stdout]   16:     0x5a568bdf3da2 - <std[617be2ca0a6fd877]::thread::lifecycle::spawn_unchecked<test[aada8e7e76ba119b]::run_test::{closure#1}, ()>::{closure#1} as core[a373ad73a504971]::ops::function::FnOnce<()>>::call_once::{shim:vtable#0}
[INFO] [stdout]   17:     0x5a568bef1b1f - <std[617be2ca0a6fd877]::sys::thread::unix::Thread>::new::thread_start
[INFO] [stdout]   18:     0x742334743dfa - <unknown>
[INFO] [stdout]   19:     0x7423347d73d4 - clone
[INFO] [stdout]   20:                0x0 - <unknown>
[INFO] [stdout] 
[INFO] [stdout] ---- recipe_pack_plugins_merged_and_namespaced stdout ----
[INFO] [stdout] 
[INFO] [stdout] thread 'recipe_pack_plugins_merged_and_namespaced' (2606) panicked at tests/config_file.rs:9:46:
[INFO] [stdout] installer.toml must parse + cross-check: Config("/opt/rustwide/workdir/../../installer.toml: No such file or directory (os error 2)")
[INFO] [stdout] stack backtrace:
[INFO] [stdout]    0:     0x5a568bef2621 - <<std[617be2ca0a6fd877]::sys::backtrace::BacktraceLock>::print::DisplayBacktrace as core[a373ad73a504971]::fmt::Display>::fmt
[INFO] [stdout]    1:     0x5a568bf07d5a - core[a373ad73a504971]::fmt::write
[INFO] [stdout]    2:     0x5a568bef6d5c - <alloc[2e1b2a31b91974c5]::vec::Vec<u8> as core[a373ad73a504971]::io::write::Write>::write_fmt
[INFO] [stdout]    3:     0x5a568bece356 - std[617be2ca0a6fd877]::panicking::default_hook::{closure#0}
[INFO] [stdout]    4:     0x5a568beea899 - std[617be2ca0a6fd877]::panicking::default_hook
[INFO] [stdout]    5:     0x5a568bdf06f0 - test[aada8e7e76ba119b]::test_main_inner::{closure#0}
[INFO] [stdout]    6:     0x5a568beeaa52 - std[617be2ca0a6fd877]::panicking::panic_with_hook
[INFO] [stdout]    7:     0x5a568bece402 - std[617be2ca0a6fd877]::panicking::panic_handler::{closure#0}
[INFO] [stdout]    8:     0x5a568bec6b49 - std[617be2ca0a6fd877]::sys::backtrace::__rust_end_short_backtrace::<std[617be2ca0a6fd877]::panicking::panic_handler::{closure#0}, !>
[INFO] [stdout]    9:     0x5a568becf10d - __rustc[ea4f61d10b84890b]::rust_begin_unwind
[INFO] [stdout]   10:     0x5a568bf0850c - core[a373ad73a504971]::panicking::panic_fmt
[INFO] [stdout]   11:     0x5a568bf082e2 - core[a373ad73a504971]::result::unwrap_failed
[INFO] [stdout]   12:     0x5a568bde39b6 - <config_file[aeace8c195fa5a35]::recipe_pack_plugins_merged_and_namespaced::{closure#0} as core[a373ad73a504971]::ops::function::FnOnce<()>>::call_once
[INFO] [stdout]   13:     0x5a568bde3b3b - test[aada8e7e76ba119b]::__rust_begin_short_backtrace::<core[a373ad73a504971]::result::Result<(), alloc[2e1b2a31b91974c5]::string::String>, fn() -> core[a373ad73a504971]::result::Result<(), alloc[2e1b2a31b91974c5]::string::String>>
[INFO] [stdout]   14:     0x5a568bdf0d15 - test[aada8e7e76ba119b]::run_test::{closure#0}
[INFO] [stdout]   15:     0x5a568bdea604 - std[617be2ca0a6fd877]::sys::backtrace::__rust_begin_short_backtrace::<test[aada8e7e76ba119b]::run_test::{closure#1}, ()>
[INFO] [stdout]   16:     0x5a568bdf3da2 - <std[617be2ca0a6fd877]::thread::lifecycle::spawn_unchecked<test[aada8e7e76ba119b]::run_test::{closure#1}, ()>::{closure#1} as core[a373ad73a504971]::ops::function::FnOnce<()>>::call_once::{shim:vtable#0}
[INFO] [stdout]   17:     0x5a568bef1b1f - <std[617be2ca0a6fd877]::sys::thread::unix::Thread>::new::thread_start
[INFO] [stdout]   18:     0x742334743dfa - <unknown>
[INFO] [stdout]   19:     0x7423347d73d4 - clone
[INFO] [stdout]   20:                0x0 - <unknown>
[INFO] [stdout] 
[INFO] [stdout] ---- installer_toml_loads_and_cross_references stdout ----
[INFO] [stdout] 
[INFO] [stdout] thread 'installer_toml_loads_and_cross_references' (2605) panicked at tests/config_file.rs:9:46:
[INFO] [stdout] installer.toml must parse + cross-check: Config("/opt/rustwide/workdir/../../installer.toml: No such file or directory (os error 2)")
[INFO] [stdout] stack backtrace:
[INFO] [stdout]    0:     0x5a568bef2621 - <<std[617be2ca0a6fd877]::sys::backtrace::BacktraceLock>::print::DisplayBacktrace as core[a373ad73a504971]::fmt::Display>::fmt
[INFO] [stdout]    1:     0x5a568bf07d5a - core[a373ad73a504971]::fmt::write
[INFO] [stdout]    2:     0x5a568bef6d5c - <alloc[2e1b2a31b91974c5]::vec::Vec<u8> as core[a373ad73a504971]::io::write::Write>::write_fmt
[INFO] [stdout]    3:     0x5a568bece356 - std[617be2ca0a6fd877]::panicking::default_hook::{closure#0}
[INFO] [stdout]    4:     0x5a568beea899 - std[617be2ca0a6fd877]::panicking::default_hook
[INFO] [stdout]    5:     0x5a568bdf06f0 - test[aada8e7e76ba119b]::test_main_inner::{closure#0}
[INFO] [stdout]    6:     0x5a568beeaa52 - std[617be2ca0a6fd877]::panicking::panic_with_hook
[INFO] [stdout]    7:     0x5a568bece402 - std[617be2ca0a6fd877]::panicking::panic_handler::{closure#0}
[INFO] [stdout]    8:     0x5a568bec6b49 - std[617be2ca0a6fd877]::sys::backtrace::__rust_end_short_backtrace::<std[617be2ca0a6fd877]::panicking::panic_handler::{closure#0}, !>
[INFO] [stdout]    9:     0x5a568becf10d - __rustc[ea4f61d10b84890b]::rust_begin_unwind
[INFO] [stdout]   10:     0x5a568bf0850c - core[a373ad73a504971]::panicking::panic_fmt
[INFO] [stdout]   11:     0x5a568bf082e2 - core[a373ad73a504971]::result::unwrap_failed
[INFO] [stdout]   12:     0x5a568bde335c - <config_file[aeace8c195fa5a35]::installer_toml_loads_and_cross_references::{closure#0} as core[a373ad73a504971]::ops::function::FnOnce<()>>::call_once
[INFO] [stdout]   13:     0x5a568bde3b3b - test[aada8e7e76ba119b]::__rust_begin_short_backtrace::<core[a373ad73a504971]::result::Result<(), alloc[2e1b2a31b91974c5]::string::String>, fn() -> core[a373ad73a504971]::result::Result<(), alloc[2e1b2a31b91974c5]::string::String>>
[INFO] [stdout]   14:     0x5a568bdf0d15 - test[aada8e7e76ba119b]::run_test::{closure#0}
[INFO] [stdout]   15:     0x5a568bdea604 - std[617be2ca0a6fd877]::sys::backtrace::__rust_begin_short_backtrace::<test[aada8e7e76ba119b]::run_test::{closure#1}, ()>
[INFO] [stdout]   16:     0x5a568bdf3da2 - <std[617be2ca0a6fd877]::thread::lifecycle::spawn_unchecked<test[aada8e7e76ba119b]::run_test::{closure#1}, ()>::{closure#1} as core[a373ad73a504971]::ops::function::FnOnce<()>>::call_once::{shim:vtable#0}
[INFO] [stdout]   17:     0x5a568bef1b1f - <std[617be2ca0a6fd877]::sys::thread::unix::Thread>::new::thread_start
[INFO] [stdout]   18:     0x742334743dfa - <unknown>
[INFO] [stdout]   19:     0x7423347d73d4 - clone
[INFO] [stdout]   20:                0x0 - <unknown>
[INFO] [stdout] 
[INFO] [stdout] ---- all_handler_equivalent_recipes_present stdout ----
[INFO] [stdout] 
[INFO] [stdout] thread 'all_handler_equivalent_recipes_present' (2603) panicked at tests/config_file.rs:9:46:
[INFO] [stdout] installer.toml must parse + cross-check: Config("/opt/rustwide/workdir/../../installer.toml: No such file or directory (os error 2)")
[INFO] [stdout] stack backtrace:
[INFO] [stdout]    0:     0x5a568bef2621 - <<std[617be2ca0a6fd877]::sys::backtrace::BacktraceLock>::print::DisplayBacktrace as core[a373ad73a504971]::fmt::Display>::fmt
[INFO] [stdout]    1:     0x5a568bf07d5a - core[a373ad73a504971]::fmt::write
[INFO] [stdout]    2:     0x5a568bef6d5c - <alloc[2e1b2a31b91974c5]::vec::Vec<u8> as core[a373ad73a504971]::io::write::Write>::write_fmt
[INFO] [stdout]    3:     0x5a568bece356 - std[617be2ca0a6fd877]::panicking::default_hook::{closure#0}
[INFO] [stdout]    4:     0x5a568beea899 - std[617be2ca0a6fd877]::panicking::default_hook
[INFO] [stdout]    5:     0x5a568bdf06f0 - test[aada8e7e76ba119b]::test_main_inner::{closure#0}
[INFO] [stdout]    6:     0x5a568beeaa52 - std[617be2ca0a6fd877]::panicking::panic_with_hook
[INFO] [stdout]    7:     0x5a568bece402 - std[617be2ca0a6fd877]::panicking::panic_handler::{closure#0}
[INFO] [stdout]    8:     0x5a568bec6b49 - std[617be2ca0a6fd877]::sys::backtrace::__rust_end_short_backtrace::<std[617be2ca0a6fd877]::panicking::panic_handler::{closure#0}, !>
[INFO] [stdout]    9:     0x5a568becf10d - __rustc[ea4f61d10b84890b]::rust_begin_unwind
[INFO] [stdout]   10:     0x5a568bf0850c - core[a373ad73a504971]::panicking::panic_fmt
[INFO] [stdout]   11:     0x5a568bf082e2 - core[a373ad73a504971]::result::unwrap_failed
[INFO] [stdout]   12:     0x5a568bde27ab - <config_file[aeace8c195fa5a35]::all_handler_equivalent_recipes_present::{closure#0} as core[a373ad73a504971]::ops::function::FnOnce<()>>::call_once
[INFO] [stdout]   13:     0x5a568bde3b3b - test[aada8e7e76ba119b]::__rust_begin_short_backtrace::<core[a373ad73a504971]::result::Result<(), alloc[2e1b2a31b91974c5]::string::String>, fn() -> core[a373ad73a504971]::result::Result<(), alloc[2e1b2a31b91974c5]::string::String>>
[INFO] [stdout]   14:     0x5a568bdf0d15 - test[aada8e7e76ba119b]::run_test::{closure#0}
[INFO] [stdout]   15:     0x5a568bdea604 - std[617be2ca0a6fd877]::sys::backtrace::__rust_begin_short_backtrace::<test[aada8e7e76ba119b]::run_test::{closure#1}, ()>
[INFO] [stdout]   16:     0x5a568bdf3da2 - <std[617be2ca0a6fd877]::thread::lifecycle::spawn_unchecked<test[aada8e7e76ba119b]::run_test::{closure#1}, ()>::{closure#1} as core[a373ad73a504971]::ops::function::FnOnce<()>>::call_once::{shim:vtable#0}
[INFO] [stdout]   17:     0x5a568bef1b1f - <std[617be2ca0a6fd877]::sys::thread::unix::Thread>::new::thread_start
[INFO] [stdout]   18:     0x742334743dfa - <unknown>
[INFO] [stdout]   19:     0x7423347d73d4 - clone
[INFO] [stdout]   20:                0x0 - <unknown>
[INFO] [stdout] 
[INFO] [stdout] 
[INFO] [stdout] failures:
[INFO] [stdout]     all_handler_equivalent_recipes_present
[INFO] [stdout]     desugar_table_covers_every_spec_prefix
[INFO] [stdout]     installer_toml_loads_and_cross_references
[INFO] [stdout]     recipe_pack_plugins_merged_and_namespaced
[INFO] [stdout] 
[INFO] [stdout] test result: FAILED. 0 passed; 4 failed; 0 ignored; 0 measured; 0 filtered out; finished in 0.02s
[INFO] [stdout] 
[INFO] [stderr] error: test failed, to rerun pass `--test config_file`
[INFO] running `Command { std: "docker" "inspect" "e9507f7c06d35864fd53c0d28d625e79c5affcae35d90589fbd9c83303efba3c", kill_on_drop: false }`
[INFO] running `Command { std: "docker" "rm" "-f" "e9507f7c06d35864fd53c0d28d625e79c5affcae35d90589fbd9c83303efba3c", kill_on_drop: false }`
[INFO] [stdout] e9507f7c06d35864fd53c0d28d625e79c5affcae35d90589fbd9c83303efba3c
