[INFO] fetching crate inshou 0.1.0...
[INFO] testing inshou-0.1.0 against 1.100.0-beta.1+cargoflags=--release for beta-release-1.100-2
[INFO] extracting crate inshou 0.1.0 into /workspace/builds/worker-3-tc2/source
[INFO] started tweaking crates.io crate inshou 0.1.0
[INFO] removed 0 missing tests
[INFO] finished tweaking crates.io crate inshou 0.1.0
[INFO] tweaked toml for crates.io crate inshou 0.1.0 written to /workspace/builds/worker-3-tc2/source/Cargo.toml
[INFO] validating manifest of crates.io crate inshou 0.1.0 on toolchain 1.100.0-beta.1
[INFO] running `Command { std: CARGO_HOME="/workspace/cargo-home" RUSTUP_HOME="/workspace/rustup-home" "/workspace/cargo-home/bin/cargo" "+1.100.0-beta.1" "metadata" "--manifest-path" "Cargo.toml" "--no-deps", kill_on_drop: false }`
[INFO] crate crates.io crate inshou 0.1.0 already has a lockfile, it will not be regenerated
[INFO] running `Command { std: CARGO_HOME="/workspace/cargo-home" RUSTUP_HOME="/workspace/rustup-home" "/workspace/cargo-home/bin/cargo" "+1.100.0-beta.1" "fetch" "--manifest-path" "Cargo.toml", kill_on_drop: false }`
[INFO] [stderr] warning: `package.homepage` is redundant with `package.repository`
[INFO] [stderr]   --> Cargo.toml:63:12
[INFO] [stderr]    |
[INFO] [stderr] 63 | homepage = "https://github.com/pleme-io/inshou"
[INFO] [stderr]    |            ^^^^^^^^^^^^^^^^^^^^^^^^^^^^^^^^^^^^
[INFO] [stderr] ...
[INFO] [stderr] 68 | repository = "https://github.com/pleme-io/inshou"
[INFO] [stderr]    |              ------------------------------------
[INFO] [stderr]    |
[INFO] [stderr]    = note: `cargo::redundant_homepage` is set to `warn` by default
[INFO] [stderr] help: consider removing `package.homepage`
[INFO] [stderr] warning: `inshou` (manifest) generated 1 warning
[INFO] running `Command { std: "docker" "create" "-v" "/var/lib/crater-agent-workspace/builds/worker-3-tc2/source:/opt/rustwide/workdir:ro,Z" "-v" "/var/lib/crater-agent-workspace/builds/worker-3-tc2/target:/opt/rustwide/target:rw,Z" "-v" "/var/lib/crater-agent-workspace/cargo-home:/opt/rustwide/cargo-home:ro,Z" "-v" "/var/lib/crater-agent-workspace/rustup-home:/opt/rustwide/rustup-home:ro,Z" "-m" "1610612736" "--network" "none" "ghcr.io/rust-lang/crates-build-env/linux@sha256:77db811e55d90add9212f6832c23229e3de5f1c1f9905e8cb07319ea15df73ac" "sleep" "infinity", kill_on_drop: false }`
[INFO] [stdout] 7ef49b1cdd5703ba8625ba455742a6a3c8d6b69f48b538b05c5466de38926d6b
[INFO] running `Command { std: "docker" "start" "7ef49b1cdd5703ba8625ba455742a6a3c8d6b69f48b538b05c5466de38926d6b", kill_on_drop: false }`
[INFO] running `Command { std: "docker" "inspect" "7ef49b1cdd5703ba8625ba455742a6a3c8d6b69f48b538b05c5466de38926d6b", kill_on_drop: false }`
[INFO] running `Command { std: "docker" "exec" "-e" "SOURCE_DIR=/opt/rustwide/workdir" "-e" "CARGO_HOME=/opt/rustwide/cargo-home" "-e" "RUSTUP_HOME=/opt/rustwide/rustup-home" "-e" "CARGO_TARGET_DIR=/opt/rustwide/target" "-w" "/opt/rustwide/workdir" "--user" "0:0" "7ef49b1cdd5703ba8625ba455742a6a3c8d6b69f48b538b05c5466de38926d6b" "/opt/rustwide/cargo-home/bin/cargo" "+1.100.0-beta.1" "metadata" "--no-deps" "--format-version=1", kill_on_drop: false }`
[INFO] running `Command { std: "docker" "inspect" "7ef49b1cdd5703ba8625ba455742a6a3c8d6b69f48b538b05c5466de38926d6b", kill_on_drop: false }`
[INFO] running `Command { std: "docker" "exec" "-e" "SOURCE_DIR=/opt/rustwide/workdir" "-e" "CARGO_HOME=/opt/rustwide/cargo-home" "-e" "RUSTUP_HOME=/opt/rustwide/rustup-home" "-e" "CARGO_TARGET_DIR=/opt/rustwide/target" "-e" "CARGO_INCREMENTAL=0" "-e" "RUST_BACKTRACE=full" "-e" "RUSTFLAGS=--cap-lints=warn" "-e" "RUSTDOCFLAGS=--cap-lints=warn" "-w" "/opt/rustwide/workdir" "--user" "0:0" "7ef49b1cdd5703ba8625ba455742a6a3c8d6b69f48b538b05c5466de38926d6b" "/opt/rustwide/cargo-home/bin/cargo" "+1.100.0-beta.1" "build" "--frozen" "--message-format=json" "--release", kill_on_drop: false }`
[INFO] [stderr] warning: `package.homepage` is redundant with `package.repository`
[INFO] [stderr]   --> Cargo.toml:63:12
[INFO] [stderr]    |
[INFO] [stderr] 63 | homepage = "https://github.com/pleme-io/inshou"
[INFO] [stderr]    |            ^^^^^^^^^^^^^^^^^^^^^^^^^^^^^^^^^^^^
[INFO] [stderr] ...
[INFO] [stderr] 68 | repository = "https://github.com/pleme-io/inshou"
[INFO] [stderr]    |              ------------------------------------
[INFO] [stderr]    |
[INFO] [stderr]    = note: `cargo::redundant_homepage` is set to `warn` by default
[INFO] [stderr] help: consider removing `package.homepage`
[INFO] [stderr] warning: `inshou` (manifest) generated 1 warning
[INFO] [stderr]    Compiling libc v0.2.182
[INFO] [stderr]    Compiling cfg-if v1.0.4
[INFO] [stderr]    Compiling version_check v0.9.5
[INFO] [stderr]    Compiling smallvec v1.15.1
[INFO] [stderr]    Compiling stable_deref_trait v1.2.1
[INFO] [stderr]    Compiling shlex v1.3.0
[INFO] [stderr]    Compiling itoa v1.0.17
[INFO] [stderr]    Compiling pin-project-lite v0.2.17
[INFO] [stderr]    Compiling once_cell v1.21.3
[INFO] [stderr]    Compiling bytes v1.11.1
[INFO] [stderr]    Compiling futures-core v0.3.32
[INFO] [stderr]    Compiling serde_core v1.0.228
[INFO] [stderr]    Compiling parking_lot_core v0.9.12
[INFO] [stderr]    Compiling scopeguard v1.2.0
[INFO] [stderr]    Compiling quote v1.0.44
[INFO] [stderr]    Compiling serde v1.0.228
[INFO] [stderr]    Compiling litemap v0.8.1
[INFO] [stderr]    Compiling writeable v0.6.2
[INFO] [stderr]    Compiling icu_normalizer_data v2.1.1
[INFO] [stderr]    Compiling lock_api v0.4.14
[INFO] [stderr]    Compiling zeroize v1.8.2
[INFO] [stderr]    Compiling icu_properties_data v2.1.2
[INFO] [stderr]    Compiling cc v1.2.56
[INFO] [stderr]    Compiling typenum v1.19.0
[INFO] [stderr]    Compiling rustls-pki-types v1.14.0
[INFO] [stderr]    Compiling percent-encoding v2.3.2
[INFO] [stderr]    Compiling slab v0.4.12
[INFO] [stderr]    Compiling untrusted v0.9.0
[INFO] [stderr]    Compiling futures-task v0.3.32
[INFO] [stderr]    Compiling syn v2.0.117
[INFO] [stderr]    Compiling generic-array v0.14.7
[INFO] [stderr]    Compiling tracing-core v0.1.36
[INFO] [stderr]    Compiling proc-macro2-diagnostics v0.10.1
[INFO] [stderr]    Compiling httparse v1.10.1
[INFO] [stderr]    Compiling rustls v0.23.37
[INFO] [stderr]    Compiling try-lock v0.2.5
[INFO] [stderr]    Compiling futures-util v0.3.32
[INFO] [stderr]    Compiling tower-service v0.3.3
[INFO] [stderr]    Compiling zmij v1.0.21
[INFO] [stderr]    Compiling want v0.3.1
[INFO] [stderr]    Compiling futures-channel v0.3.32
[INFO] [stderr]    Compiling subtle v2.6.1
[INFO] [stderr]    Compiling bitflags v2.11.0
[INFO] [stderr]    Compiling serde_json v1.0.149
[INFO] [stderr]    Compiling yansi v1.0.1
[INFO] [stderr]    Compiling autocfg v1.5.0
[INFO] [stderr]    Compiling pin-utils v0.1.0
[INFO] [stderr]    Compiling getrandom v0.4.1
[INFO] [stderr]    Compiling atomic-waker v1.1.2
[INFO] [stderr]    Compiling http v1.4.0
[INFO] [stderr]    Compiling ryu v1.0.23
[INFO] [stderr]    Compiling form_urlencoded v1.2.2
[INFO] [stderr]    Compiling uncased v0.9.10
[INFO] [stderr]    Compiling sync_wrapper v1.0.2
[INFO] [stderr]    Compiling ipnet v2.11.0
[INFO] [stderr]    Compiling equivalent v1.0.2
[INFO] [stderr]    Compiling memchr v2.8.0
[INFO] [stderr]    Compiling utf8parse v0.2.2
[INFO] [stderr]    Compiling tower-layer v0.3.3
[INFO] [stderr]    Compiling log v0.4.29
[INFO] [stderr]    Compiling hashbrown v0.16.1
[INFO] [stderr]    Compiling utf8_iter v1.0.4
[INFO] [stderr]    Compiling num-traits v0.2.19
[INFO] [stderr]    Compiling base64 v0.22.1
[INFO] [stderr]    Compiling rustix v1.1.4
[INFO] [stderr]    Compiling anstyle-parse v0.2.7
[INFO] [stderr]    Compiling webpki-roots v1.0.6
[INFO] [stderr]    Compiling figment v0.10.19
[INFO] [stderr]    Compiling anstyle-query v1.1.5
[INFO] [stderr]    Compiling cpufeatures v0.2.17
[INFO] [stderr]    Compiling inlinable_string v0.1.15
[INFO] [stderr]    Compiling is_terminal_polyfill v1.70.2
[INFO] [stderr]    Compiling linux-raw-sys v0.12.1
[INFO] [stderr]    Compiling unsafe-libyaml v0.2.11
[INFO] [stderr]    Compiling regex-syntax v0.8.10
[INFO] [stderr]    Compiling anstyle v1.0.13
[INFO] [stderr]    Compiling colorchoice v1.0.4
[INFO] [stderr]    Compiling iri-string v0.7.10
[INFO] [stderr]    Compiling anstream v0.6.21
[INFO] [stderr]    Compiling ring v0.17.14
[INFO] [stderr]    Compiling blake3 v1.8.3
[INFO] [stderr]    Compiling errno v0.3.14
[INFO] [stderr]    Compiling signal-hook-registry v1.4.8
[INFO] [stderr]    Compiling socket2 v0.6.2
[INFO] [stderr]    Compiling mio v1.1.1
[INFO] [stderr]    Compiling http-body v1.0.1
[INFO] [stderr]    Compiling getrandom v0.2.17
[INFO] [stderr]    Compiling parking_lot v0.12.5
[INFO] [stderr]    Compiling indexmap v2.13.0
[INFO] [stderr]    Compiling crypto-common v0.1.7
[INFO] [stderr]    Compiling block-buffer v0.10.4
[INFO] [stderr]    Compiling digest v0.10.7
[INFO] [stderr]    Compiling http-body-util v0.1.3
[INFO] [stderr]    Compiling thiserror v1.0.69
[INFO] [stderr]    Compiling iana-time-zone v0.1.65
[INFO] [stderr]    Compiling clap_lex v1.0.0
[INFO] [stderr]    Compiling lazy_static v1.5.0
[INFO] [stderr]    Compiling arrayref v0.3.9
[INFO] [stderr]    Compiling constant_time_eq v0.4.2
[INFO] [stderr]    Compiling arrayvec v0.7.6
[INFO] [stderr]    Compiling option-ext v0.2.0
[INFO] [stderr]    Compiling regex-automata v0.4.14
[INFO] [stderr]    Compiling strsim v0.11.1
[INFO] [stderr]    Compiling fastrand v2.3.0
[INFO] [stderr]    Compiling dirs-sys v0.4.1
[INFO] [stderr]    Compiling sharded-slab v0.1.7
[INFO] [stderr]    Compiling uuid v1.21.0
[INFO] [stderr]    Compiling clap_builder v4.5.60
[INFO] [stderr]    Compiling sha2 v0.10.9
[INFO] [stderr]    Compiling tracing-log v0.2.0
[INFO] [stderr]    Compiling thread_local v1.1.9
[INFO] [stderr]    Compiling nu-ansi-term v0.50.3
[INFO] [stderr]    Compiling hex v0.4.3
[INFO] [stderr]    Compiling dirs v5.0.1
[INFO] [stderr]    Compiling synstructure v0.13.2
[INFO] [stderr]    Compiling tempfile v3.26.0
[INFO] [stderr]    Compiling matchers v0.2.0
[INFO] [stderr]    Compiling zerovec-derive v0.11.2
[INFO] [stderr]    Compiling displaydoc v0.2.5
[INFO] [stderr]    Compiling serde_derive v1.0.228
[INFO] [stderr]    Compiling tokio-macros v2.6.0
[INFO] [stderr]    Compiling tracing-attributes v0.1.31
[INFO] [stderr]    Compiling pear_codegen v0.2.9
[INFO] [stderr]    Compiling thiserror-impl v1.0.69
[INFO] [stderr]    Compiling clap_derive v4.5.55
[INFO] [stderr]    Compiling zerofrom-derive v0.1.6
[INFO] [stderr]    Compiling yoke-derive v0.8.1
[INFO] [stderr]    Compiling tokio v1.49.0
[INFO] [stderr]    Compiling pear v0.2.9
[INFO] [stderr]    Compiling zerofrom v0.1.6
[INFO] [stderr]    Compiling yoke v0.8.1
[INFO] [stderr]    Compiling zerotrie v0.2.3
[INFO] [stderr]    Compiling zerovec v0.11.5
[INFO] [stderr]    Compiling tracing v0.1.44
[INFO] [stderr]    Compiling tinystr v0.8.2
[INFO] [stderr]    Compiling potential_utf v0.1.4
[INFO] [stderr]    Compiling icu_collections v2.1.1
[INFO] [stderr]    Compiling icu_locale_core v2.1.1
[INFO] [stderr]    Compiling clap v4.5.60
[INFO] [stderr]    Compiling icu_provider v2.1.1
[INFO] [stderr]    Compiling icu_normalizer v2.1.1
[INFO] [stderr]    Compiling icu_properties v2.1.2
[INFO] [stderr]    Compiling rustls-webpki v0.103.9
[INFO] [stderr]    Compiling serde_urlencoded v0.7.1
[INFO] [stderr]    Compiling serde_yaml v0.9.34+deprecated
[INFO] [stderr]    Compiling tracing-serde v0.2.0
[INFO] [stderr]    Compiling chrono v0.4.44
[INFO] [stderr]    Compiling tracing-subscriber v0.3.22
[INFO] [stderr]    Compiling idna_adapter v1.2.1
[INFO] [stderr]    Compiling idna v1.1.0
[INFO] [stderr]    Compiling url v2.5.8
[INFO] [stderr]    Compiling hyper v1.8.1
[INFO] [stderr]    Compiling tower v0.5.3
[INFO] [stderr]    Compiling tower-http v0.6.8
[INFO] [stderr]    Compiling hyper-util v0.1.20
[INFO] [stderr]    Compiling tokio-rustls v0.26.4
[INFO] [stderr]    Compiling hyper-rustls v0.27.7
[INFO] [stderr]    Compiling reqwest v0.12.28
[INFO] [stderr]    Compiling tameshi v0.1.0
[INFO] [stderr]    Compiling inshou v0.1.0 (/opt/rustwide/workdir)
[INFO] [stdout] warning: associated function `from_yaml` is never used
[INFO] [stdout]   --> src/config.rs:81:12
[INFO] [stdout]    |
[INFO] [stdout] 67 | impl Config {
[INFO] [stdout]    | ----------- associated function in this implementation
[INFO] [stdout] ...
[INFO] [stdout] 81 |     pub fn from_yaml(path: &str) -> Result<Self, tameshi::error::TameshiError> {
[INFO] [stdout]    |            ^^^^^^^^^
[INFO] [stdout]    |
[INFO] [stdout]    = note: `#[warn(dead_code)]` (part of `#[warn(unused)]`) on by default
[INFO] [stdout] 
[INFO] [stdout] 
[INFO] [stdout] warning: function `update_system_hash` is never used
[INFO] [stdout]   --> src/profile.rs:91:14
[INFO] [stdout]    |
[INFO] [stdout] 91 | pub async fn update_system_hash(new_hash: &str) -> Result<(), ProfileError> {
[INFO] [stdout]    |              ^^^^^^^^^^^^^^^^^^
[INFO] [stdout] 
[INFO] [stdout] 
[INFO] [stdout] warning: function `check_drift` is never used
[INFO] [stdout]    --> src/profile.rs:142:14
[INFO] [stdout]     |
[INFO] [stdout] 142 | pub async fn check_drift(expected: &str) -> Result<Option<String>, ProfileError> {
[INFO] [stdout]     |              ^^^^^^^^^^^
[INFO] [stdout] 
[INFO] [stdout] 
[INFO] [stdout] warning: variant `NixError` is never constructed
[INFO] [stdout]   --> src/store.rs:65:5
[INFO] [stdout]    |
[INFO] [stdout] 63 | pub enum InshouStoreError {
[INFO] [stdout]    |          ---------------- variant in this enum
[INFO] [stdout] 64 |     #[error("nix store operation failed: {0}")]
[INFO] [stdout] 65 |     NixError(String),
[INFO] [stdout]    |     ^^^^^^^^
[INFO] [stdout]    |
[INFO] [stdout]    = note: `InshouStoreError` has a derived impl for the trait `Debug`, but this is intentionally ignored during dead code analysis
[INFO] [stdout] 
[INFO] [stdout] 
[INFO] [stdout] warning: function `verify_closure` is never used
[INFO] [stdout]   --> src/verify.rs:32:14
[INFO] [stdout]    |
[INFO] [stdout] 32 | pub async fn verify_closure(
[INFO] [stdout]    |              ^^^^^^^^^^^^^^
[INFO] [stdout] 
[INFO] [stdout] 
[INFO] [stderr]     Finished `release` profile [optimized] target(s) in 2m 05s
[INFO] running `Command { std: "docker" "inspect" "7ef49b1cdd5703ba8625ba455742a6a3c8d6b69f48b538b05c5466de38926d6b", kill_on_drop: false }`
[INFO] running `Command { std: "docker" "exec" "-e" "SOURCE_DIR=/opt/rustwide/workdir" "-e" "CARGO_HOME=/opt/rustwide/cargo-home" "-e" "RUSTUP_HOME=/opt/rustwide/rustup-home" "-e" "CARGO_TARGET_DIR=/opt/rustwide/target" "-e" "CARGO_INCREMENTAL=0" "-e" "RUST_BACKTRACE=full" "-e" "RUSTFLAGS=--cap-lints=warn" "-e" "RUSTDOCFLAGS=--cap-lints=warn" "-w" "/opt/rustwide/workdir" "--user" "0:0" "7ef49b1cdd5703ba8625ba455742a6a3c8d6b69f48b538b05c5466de38926d6b" "/opt/rustwide/cargo-home/bin/cargo" "+1.100.0-beta.1" "test" "--frozen" "--no-run" "--message-format=json" "--release", kill_on_drop: false }`
[INFO] [stderr] warning: `package.homepage` is redundant with `package.repository`
[INFO] [stderr]   --> Cargo.toml:63:12
[INFO] [stderr]    |
[INFO] [stderr] 63 | homepage = "https://github.com/pleme-io/inshou"
[INFO] [stderr]    |            ^^^^^^^^^^^^^^^^^^^^^^^^^^^^^^^^^^^^
[INFO] [stderr] ...
[INFO] [stderr] 68 | repository = "https://github.com/pleme-io/inshou"
[INFO] [stderr]    |              ------------------------------------
[INFO] [stderr]    |
[INFO] [stderr]    = note: `cargo::redundant_homepage` is set to `warn` by default
[INFO] [stderr] help: consider removing `package.homepage`
[INFO] [stderr] warning: `inshou` (manifest) generated 1 warning
[INFO] [stderr]    Compiling tokio v1.49.0
[INFO] [stderr]    Compiling hyper v1.8.1
[INFO] [stderr]    Compiling tokio-rustls v0.26.4
[INFO] [stderr]    Compiling tower v0.5.3
[INFO] [stderr]    Compiling tokio-stream v0.1.18
[INFO] [stderr]    Compiling tokio-test v0.4.5
[INFO] [stderr]    Compiling tower-http v0.6.8
[INFO] [stderr]    Compiling hyper-util v0.1.20
[INFO] [stderr]    Compiling hyper-rustls v0.27.7
[INFO] [stderr]    Compiling reqwest v0.12.28
[INFO] [stderr]    Compiling tameshi v0.1.0
[INFO] [stderr]    Compiling inshou v0.1.0 (/opt/rustwide/workdir)
[INFO] [stdout] warning: function `update_system_hash` is never used
[INFO] [stdout]   --> src/profile.rs:91:14
[INFO] [stdout]    |
[INFO] [stdout] 91 | pub async fn update_system_hash(new_hash: &str) -> Result<(), ProfileError> {
[INFO] [stdout]    |              ^^^^^^^^^^^^^^^^^^
[INFO] [stdout]    |
[INFO] [stdout]    = note: `#[warn(dead_code)]` (part of `#[warn(unused)]`) on by default
[INFO] [stdout] 
[INFO] [stdout] 
[INFO] [stdout] warning: function `check_drift` is never used
[INFO] [stdout]    --> src/profile.rs:142:14
[INFO] [stdout]     |
[INFO] [stdout] 142 | pub async fn check_drift(expected: &str) -> Result<Option<String>, ProfileError> {
[INFO] [stdout]     |              ^^^^^^^^^^^
[INFO] [stdout] 
[INFO] [stdout] 
[INFO] [stdout] warning: variant `NixError` is never constructed
[INFO] [stdout]   --> src/store.rs:65:5
[INFO] [stdout]    |
[INFO] [stdout] 63 | pub enum InshouStoreError {
[INFO] [stdout]    |          ---------------- variant in this enum
[INFO] [stdout] 64 |     #[error("nix store operation failed: {0}")]
[INFO] [stdout] 65 |     NixError(String),
[INFO] [stdout]    |     ^^^^^^^^
[INFO] [stdout]    |
[INFO] [stdout]    = note: `InshouStoreError` has a derived impl for the trait `Debug`, but this is intentionally ignored during dead code analysis
[INFO] [stdout] 
[INFO] [stdout] 
[INFO] [stdout] warning: function `verify_closure` is never used
[INFO] [stdout]   --> src/verify.rs:32:14
[INFO] [stdout]    |
[INFO] [stdout] 32 | pub async fn verify_closure(
[INFO] [stdout]    |              ^^^^^^^^^^^^^^
[INFO] [stdout] 
[INFO] [stdout] 
[INFO] [stdout] warning: associated function `from_yaml` is never used
[INFO] [stdout]   --> src/config.rs:81:12
[INFO] [stdout]    |
[INFO] [stdout] 67 | impl Config {
[INFO] [stdout]    | ----------- associated function in this implementation
[INFO] [stdout] ...
[INFO] [stdout] 81 |     pub fn from_yaml(path: &str) -> Result<Self, tameshi::error::TameshiError> {
[INFO] [stdout]    |            ^^^^^^^^^
[INFO] [stdout]    |
[INFO] [stdout]    = note: `#[warn(dead_code)]` (part of `#[warn(unused)]`) on by default
[INFO] [stdout] 
[INFO] [stdout] 
[INFO] [stdout] warning: function `update_system_hash` is never used
[INFO] [stdout]   --> src/profile.rs:91:14
[INFO] [stdout]    |
[INFO] [stdout] 91 | pub async fn update_system_hash(new_hash: &str) -> Result<(), ProfileError> {
[INFO] [stdout]    |              ^^^^^^^^^^^^^^^^^^
[INFO] [stdout] 
[INFO] [stdout] 
[INFO] [stdout] warning: function `check_drift` is never used
[INFO] [stdout]    --> src/profile.rs:142:14
[INFO] [stdout]     |
[INFO] [stdout] 142 | pub async fn check_drift(expected: &str) -> Result<Option<String>, ProfileError> {
[INFO] [stdout]     |              ^^^^^^^^^^^
[INFO] [stdout] 
[INFO] [stdout] 
[INFO] [stdout] warning: variant `NixError` is never constructed
[INFO] [stdout]   --> src/store.rs:65:5
[INFO] [stdout]    |
[INFO] [stdout] 63 | pub enum InshouStoreError {
[INFO] [stdout]    |          ---------------- variant in this enum
[INFO] [stdout] 64 |     #[error("nix store operation failed: {0}")]
[INFO] [stdout] 65 |     NixError(String),
[INFO] [stdout]    |     ^^^^^^^^
[INFO] [stdout]    |
[INFO] [stdout]    = note: `InshouStoreError` has a derived impl for the trait `Debug`, but this is intentionally ignored during dead code analysis
[INFO] [stdout] 
[INFO] [stdout] 
[INFO] [stdout] warning: function `verify_closure` is never used
[INFO] [stdout]   --> src/verify.rs:32:14
[INFO] [stdout]    |
[INFO] [stdout] 32 | pub async fn verify_closure(
[INFO] [stdout]    |              ^^^^^^^^^^^^^^
[INFO] [stdout] 
[INFO] [stdout] 
[INFO] [stderr]     Finished `release` profile [optimized] target(s) in 1m 16s
[INFO] running `Command { std: "docker" "inspect" "7ef49b1cdd5703ba8625ba455742a6a3c8d6b69f48b538b05c5466de38926d6b", kill_on_drop: false }`
[INFO] running `Command { std: "docker" "exec" "-e" "SOURCE_DIR=/opt/rustwide/workdir" "-e" "CARGO_HOME=/opt/rustwide/cargo-home" "-e" "RUSTUP_HOME=/opt/rustwide/rustup-home" "-e" "CARGO_TARGET_DIR=/opt/rustwide/target" "-e" "CARGO_INCREMENTAL=0" "-e" "RUST_BACKTRACE=full" "-e" "RUSTFLAGS=--cap-lints=warn" "-e" "RUSTDOCFLAGS=--cap-lints=warn" "-w" "/opt/rustwide/workdir" "--user" "0:0" "7ef49b1cdd5703ba8625ba455742a6a3c8d6b69f48b538b05c5466de38926d6b" "/opt/rustwide/cargo-home/bin/cargo" "+1.100.0-beta.1" "test" "--frozen" "--release", kill_on_drop: false }`
[INFO] [stderr] warning: `package.homepage` is redundant with `package.repository`
[INFO] [stderr]   --> Cargo.toml:63:12
[INFO] [stderr]    |
[INFO] [stderr] 63 | homepage = "https://github.com/pleme-io/inshou"
[INFO] [stderr]    |            ^^^^^^^^^^^^^^^^^^^^^^^^^^^^^^^^^^^^
[INFO] [stderr] ...
[INFO] [stderr] 68 | repository = "https://github.com/pleme-io/inshou"
[INFO] [stderr]    |              ------------------------------------
[INFO] [stderr]    |
[INFO] [stderr]    = note: `cargo::redundant_homepage` is set to `warn` by default
[INFO] [stderr] help: consider removing `package.homepage`
[INFO] [stderr] warning: `inshou` (manifest) generated 1 warning
[INFO] [stderr] warning: associated function `from_yaml` is never used
[INFO] [stderr]   --> src/config.rs:81:12
[INFO] [stderr]    |
[INFO] [stderr] 67 | impl Config {
[INFO] [stderr]    | ----------- associated function in this implementation
[INFO] [stderr] ...
[INFO] [stderr] 81 |     pub fn from_yaml(path: &str) -> Result<Self, tameshi::error::TameshiError> {
[INFO] [stderr]    |            ^^^^^^^^^
[INFO] [stderr]    |
[INFO] [stderr]    = note: `#[warn(dead_code)]` (part of `#[warn(unused)]`) on by default
[INFO] [stderr] 
[INFO] [stderr] warning: function `update_system_hash` is never used
[INFO] [stderr]   --> src/profile.rs:91:14
[INFO] [stderr]    |
[INFO] [stderr] 91 | pub async fn update_system_hash(new_hash: &str) -> Result<(), ProfileError> {
[INFO] [stderr]    |              ^^^^^^^^^^^^^^^^^^
[INFO] [stderr] 
[INFO] [stderr] warning: function `check_drift` is never used
[INFO] [stderr]    --> src/profile.rs:142:14
[INFO] [stderr]     |
[INFO] [stderr] 142 | pub async fn check_drift(expected: &str) -> Result<Option<String>, ProfileError> {
[INFO] [stderr]     |              ^^^^^^^^^^^
[INFO] [stderr] 
[INFO] [stderr] warning: variant `NixError` is never constructed
[INFO] [stderr]   --> src/store.rs:65:5
[INFO] [stderr]    |
[INFO] [stderr] 63 | pub enum InshouStoreError {
[INFO] [stderr]    |          ---------------- variant in this enum
[INFO] [stderr] 64 |     #[error("nix store operation failed: {0}")]
[INFO] [stderr] 65 |     NixError(String),
[INFO] [stderr]    |     ^^^^^^^^
[INFO] [stderr]    |
[INFO] [stderr]    = note: `InshouStoreError` has a derived impl for the trait `Debug`, but this is intentionally ignored during dead code analysis
[INFO] [stderr] 
[INFO] [stderr] warning: function `verify_closure` is never used
[INFO] [stderr]   --> src/verify.rs:32:14
[INFO] [stderr]    |
[INFO] [stderr] 32 | pub async fn verify_closure(
[INFO] [stderr]    |              ^^^^^^^^^^^^^^
[INFO] [stderr] 
[INFO] [stderr] warning: function `update_system_hash` is never used
[INFO] [stderr]   --> src/profile.rs:91:14
[INFO] [stderr]    |
[INFO] [stderr] 91 | pub async fn update_system_hash(new_hash: &str) -> Result<(), ProfileError> {
[INFO] [stderr]    |              ^^^^^^^^^^^^^^^^^^
[INFO] [stderr]    |
[INFO] [stderr]    = note: `#[warn(dead_code)]` (part of `#[warn(unused)]`) on by default
[INFO] [stderr] 
[INFO] [stderr] warning: `inshou` (bin "inshou") generated 5 warnings
[INFO] [stderr] warning: `inshou` (bin "inshou" test) generated 4 warnings (3 duplicates)
[INFO] [stderr]     Finished `release` profile [optimized] target(s) in 0.64s
[INFO] [stderr]      Running unittests src/main.rs (/opt/rustwide/target/release/build/inshou/fd107c7e58c50e98/out/inshou-fd107c7e58c50e98)
[INFO] [stdout] 
[INFO] [stdout] running 11 tests
[INFO] [stdout] test config::tests::default_profile_path_is_valid ... ok
[INFO] [stdout] test verify::tests::parse_prefixed_hash ... ok
[INFO] [stdout] test verify::tests::parse_raw_hex_hash ... ok
[INFO] [stdout] test config::tests::config_from_yaml ... ok
[INFO] [stdout] test config::tests::yaml_paths_includes_standard_locations ... ok
[INFO] [stdout] test config::tests::config_from_env_defaults ... ok
[INFO] [stdout] test gate::tests::gate_no_source_returns_error ... ok
[INFO] [stdout] test gate::tests::invalid_signature_format ... ok
[INFO] [stdout] test profile::tests::default_profile_is_empty ... ok
[INFO] [stdout] test profile::tests::profile_serialization_roundtrip ... ok
[INFO] [stdout] test store::tests::hash_single_path_nonexistent_falls_back ... FAILED
[INFO] [stdout] 
[INFO] [stdout] failures:
[INFO] [stdout] 
[INFO] [stdout] ---- store::tests::hash_single_path_nonexistent_falls_back stdout ----
[INFO] [stdout] 
[INFO] [stdout] thread 'store::tests::hash_single_path_nonexistent_falls_back' (2334) panicked at src/store.rs:82:9:
[INFO] [stdout] assertion failed: result.is_ok()
[INFO] [stdout] stack backtrace:
[INFO] [stdout]    0:     0x60a4ff7b42d5 - <unknown>
[INFO] [stdout]    1:     0x60a4ff6d1b24 - <unknown>
[INFO] [stdout]    2:     0x60a4ff7b397b - <unknown>
[INFO] [stdout]    3:     0x60a4ff7b3579 - <unknown>
[INFO] [stdout]    4:     0x60a4ff7b31fa - <unknown>
[INFO] [stdout]    5:     0x60a4ff7b2d2b - <unknown>
[INFO] [stdout]    6:     0x60a4ff7d8cb2 - <unknown>
[INFO] [stdout]    7:     0x60a4ff7d8c39 - <unknown>
[INFO] [stdout]    8:     0x60a4ff7d912c - <unknown>
[INFO] [stdout]    9:     0x60a4ff6d19bb - <unknown>
[INFO] [stdout]   10:     0x60a4ff6d2f01 - <unknown>
[INFO] [stdout]   11:     0x60a4ff6c3689 - <unknown>
[INFO] [stdout]   12:     0x60a4ff6aa5d3 - <unknown>
[INFO] [stdout]   13:     0x60a4ff6c73ba - <unknown>
[INFO] [stdout]   14:     0x60a4ff7f84eb - <unknown>
[INFO] [stdout]   15:     0x60a4ff7f4226 - <unknown>
[INFO] [stdout]   16:     0x60a4ff7f398c - <unknown>
[INFO] [stdout]   17:     0x60a4ff8104fc - <unknown>
[INFO] [stdout]   18:     0x60a4ff7daba8 - <unknown>
[INFO] [stdout]   19:     0x74cc564e0dfa - <unknown>
[INFO] [stdout]   20:     0x74cc565743d4 - clone
[INFO] [stdout]   21:                0x0 - <unknown>
[INFO] [stdout] 
[INFO] [stdout] 
[INFO] [stdout] failures:
[INFO] [stdout]     store::tests::hash_single_path_nonexistent_falls_back
[INFO] [stdout] 
[INFO] [stdout] test result: FAILED. 10 passed; 1 failed; 0 ignored; 0 measured; 0 filtered out; finished in 0.01s
[INFO] [stdout] 
[INFO] [stderr] error: test failed, to rerun pass `--bin inshou`
[INFO] running `Command { std: "docker" "inspect" "7ef49b1cdd5703ba8625ba455742a6a3c8d6b69f48b538b05c5466de38926d6b", kill_on_drop: false }`
[INFO] running `Command { std: "docker" "rm" "-f" "7ef49b1cdd5703ba8625ba455742a6a3c8d6b69f48b538b05c5466de38926d6b", kill_on_drop: false }`
[INFO] [stdout] 7ef49b1cdd5703ba8625ba455742a6a3c8d6b69f48b538b05c5466de38926d6b
