[INFO] fetching crate inquirer-ai 0.4.2...
[INFO] testing inquirer-ai-0.4.2 against 1.99.0-beta.8+cargoflags=--release for beta-release-1.100-2
[INFO] extracting crate inquirer-ai 0.4.2 into /workspace/builds/worker-7-tc1/source
[INFO] started tweaking crates.io crate inquirer-ai 0.4.2
[INFO] removed 0 missing examples
[INFO] removed 0 missing tests
[INFO] finished tweaking crates.io crate inquirer-ai 0.4.2
[INFO] tweaked toml for crates.io crate inquirer-ai 0.4.2 written to /workspace/builds/worker-7-tc1/source/Cargo.toml
[INFO] validating manifest of crates.io crate inquirer-ai 0.4.2 on toolchain 1.99.0-beta.8
[INFO] running `Command { std: CARGO_HOME="/workspace/cargo-home" RUSTUP_HOME="/workspace/rustup-home" "/workspace/cargo-home/bin/cargo" "+1.99.0-beta.8" "metadata" "--manifest-path" "Cargo.toml" "--no-deps", kill_on_drop: false }`
[INFO] crate crates.io crate inquirer-ai 0.4.2 already has a lockfile, it will not be regenerated
[INFO] running `Command { std: CARGO_HOME="/workspace/cargo-home" RUSTUP_HOME="/workspace/rustup-home" "/workspace/cargo-home/bin/cargo" "+1.99.0-beta.8" "fetch" "--manifest-path" "Cargo.toml", kill_on_drop: false }`
[INFO] running `Command { std: "docker" "create" "-v" "/var/lib/crater-agent-workspace/builds/worker-7-tc1/source:/opt/rustwide/workdir:ro,Z" "-v" "/var/lib/crater-agent-workspace/builds/worker-7-tc1/target:/opt/rustwide/target:rw,Z" "-v" "/var/lib/crater-agent-workspace/cargo-home:/opt/rustwide/cargo-home:ro,Z" "-v" "/var/lib/crater-agent-workspace/rustup-home:/opt/rustwide/rustup-home:ro,Z" "-m" "1610612736" "--network" "none" "ghcr.io/rust-lang/crates-build-env/linux@sha256:77db811e55d90add9212f6832c23229e3de5f1c1f9905e8cb07319ea15df73ac" "sleep" "infinity", kill_on_drop: false }`
[INFO] [stdout] a297233d412dcb736b71d4931813c26986b6dbc3bda56b99647858532fa150a4
[INFO] running `Command { std: "docker" "start" "a297233d412dcb736b71d4931813c26986b6dbc3bda56b99647858532fa150a4", kill_on_drop: false }`
[INFO] running `Command { std: "docker" "inspect" "a297233d412dcb736b71d4931813c26986b6dbc3bda56b99647858532fa150a4", kill_on_drop: false }`
[INFO] running `Command { std: "docker" "exec" "-e" "SOURCE_DIR=/opt/rustwide/workdir" "-e" "CARGO_HOME=/opt/rustwide/cargo-home" "-e" "RUSTUP_HOME=/opt/rustwide/rustup-home" "-e" "CARGO_TARGET_DIR=/opt/rustwide/target" "-w" "/opt/rustwide/workdir" "--user" "0:0" "a297233d412dcb736b71d4931813c26986b6dbc3bda56b99647858532fa150a4" "/opt/rustwide/cargo-home/bin/cargo" "+1.99.0-beta.8" "metadata" "--no-deps" "--format-version=1", kill_on_drop: false }`
[INFO] running `Command { std: "docker" "inspect" "a297233d412dcb736b71d4931813c26986b6dbc3bda56b99647858532fa150a4", kill_on_drop: false }`
[INFO] running `Command { std: "docker" "exec" "-e" "SOURCE_DIR=/opt/rustwide/workdir" "-e" "CARGO_HOME=/opt/rustwide/cargo-home" "-e" "RUSTUP_HOME=/opt/rustwide/rustup-home" "-e" "CARGO_TARGET_DIR=/opt/rustwide/target" "-e" "CARGO_INCREMENTAL=0" "-e" "RUST_BACKTRACE=full" "-e" "RUSTFLAGS=--cap-lints=warn" "-e" "RUSTDOCFLAGS=--cap-lints=warn" "-w" "/opt/rustwide/workdir" "--user" "0:0" "a297233d412dcb736b71d4931813c26986b6dbc3bda56b99647858532fa150a4" "/opt/rustwide/cargo-home/bin/cargo" "+1.99.0-beta.8" "build" "--frozen" "--message-format=json" "--release", kill_on_drop: false }`
[INFO] [stderr]    Compiling proc-macro2 v1.0.106
[INFO] [stderr]    Compiling quote v1.0.45
[INFO] [stderr]    Compiling rustix v0.38.44
[INFO] [stderr]    Compiling getrandom v0.4.2
[INFO] [stderr]    Compiling rustix v1.1.4
[INFO] [stderr]    Compiling shell-words v1.1.1
[INFO] [stderr]    Compiling syn v2.0.117
[INFO] [stderr]    Compiling crossterm v0.28.1
[INFO] [stderr]    Compiling tempfile v3.27.0
[INFO] [stderr]    Compiling serde_derive v1.0.228
[INFO] [stderr]    Compiling serde v1.0.228
[INFO] [stderr]    Compiling inquirer-ai v0.4.2 (/opt/rustwide/workdir)
[INFO] [stderr]     Finished `release` profile [optimized] target(s) in 16.41s
[INFO] running `Command { std: "docker" "inspect" "a297233d412dcb736b71d4931813c26986b6dbc3bda56b99647858532fa150a4", kill_on_drop: false }`
[INFO] running `Command { std: "docker" "exec" "-e" "SOURCE_DIR=/opt/rustwide/workdir" "-e" "CARGO_HOME=/opt/rustwide/cargo-home" "-e" "RUSTUP_HOME=/opt/rustwide/rustup-home" "-e" "CARGO_TARGET_DIR=/opt/rustwide/target" "-e" "CARGO_INCREMENTAL=0" "-e" "RUST_BACKTRACE=full" "-e" "RUSTFLAGS=--cap-lints=warn" "-e" "RUSTDOCFLAGS=--cap-lints=warn" "-w" "/opt/rustwide/workdir" "--user" "0:0" "a297233d412dcb736b71d4931813c26986b6dbc3bda56b99647858532fa150a4" "/opt/rustwide/cargo-home/bin/cargo" "+1.99.0-beta.8" "test" "--frozen" "--no-run" "--message-format=json" "--release", kill_on_drop: false }`
[INFO] [stderr]    Compiling zerocopy v0.8.48
[INFO] [stderr]    Compiling getrandom v0.3.4
[INFO] [stderr]    Compiling num-traits v0.2.19
[INFO] [stderr]    Compiling wait-timeout v0.2.1
[INFO] [stderr]    Compiling rusty-fork v0.3.1
[INFO] [stderr]    Compiling rand_core v0.9.5
[INFO] [stderr]    Compiling rand v0.9.4
[INFO] [stderr]    Compiling rand_xorshift v0.4.0
[INFO] [stderr]    Compiling ppv-lite86 v0.2.21
[INFO] [stderr]    Compiling rand_chacha v0.9.0
[INFO] [stderr]    Compiling proptest v1.11.0
[INFO] [stderr]    Compiling inquirer-ai v0.4.2 (/opt/rustwide/workdir)
[INFO] [stderr]     Finished `release` profile [optimized] target(s) in 26.27s
[INFO] running `Command { std: "docker" "inspect" "a297233d412dcb736b71d4931813c26986b6dbc3bda56b99647858532fa150a4", kill_on_drop: false }`
[INFO] running `Command { std: "docker" "exec" "-e" "SOURCE_DIR=/opt/rustwide/workdir" "-e" "CARGO_HOME=/opt/rustwide/cargo-home" "-e" "RUSTUP_HOME=/opt/rustwide/rustup-home" "-e" "CARGO_TARGET_DIR=/opt/rustwide/target" "-e" "CARGO_INCREMENTAL=0" "-e" "RUST_BACKTRACE=full" "-e" "RUSTFLAGS=--cap-lints=warn" "-e" "RUSTDOCFLAGS=--cap-lints=warn" "-w" "/opt/rustwide/workdir" "--user" "0:0" "a297233d412dcb736b71d4931813c26986b6dbc3bda56b99647858532fa150a4" "/opt/rustwide/cargo-home/bin/cargo" "+1.99.0-beta.8" "test" "--frozen" "--release", kill_on_drop: false }`
[INFO] [stderr]     Finished `release` profile [optimized] target(s) in 0.08s
[INFO] [stderr]      Running unittests src/lib.rs (/opt/rustwide/target/release/deps/inquirer_ai-ce0c516259581585)
[INFO] [stdout] 
[INFO] [stdout] running 41 tests
[INFO] [stdout] test prompts::checkbox::tests::render_items_cursor_uses_highlight ... ok
[INFO] [stdout] test prompts::checkbox::tests::move_cursor_clamps_without_loop ... ok
[INFO] [stdout] test prompts::checkbox::tests::render_items_separator ... ok
[INFO] [stdout] test prompts::checkbox::tests::render_items_unchecked_not_at_cursor ... ok
[INFO] [stdout] test prompts::select::tests::move_cursor_skips_gaps ... ok
[INFO] [stdout] test prompts::checkbox::tests::render_items_unchecked_at_cursor ... ok
[INFO] [stdout] test prompts::checkbox::tests::render_items_pagination_more_above_below ... ok
[INFO] [stdout] test prompts::checkbox::tests::selectable_indices_all_enabled ... ok
[INFO] [stdout] test prompts::checkbox::tests::selectable_indices_with_separator_and_disabled ... ok
[INFO] [stdout] test prompts::select::tests::move_cursor_down_no_loop ... ok
[INFO] [stdout] test prompts::select::tests::move_cursor_down_with_loop ... ok
[INFO] [stdout] test prompts::select::tests::move_cursor_single_item ... ok
[INFO] [stdout] test prompts::checkbox::tests::render_items_checked_at_cursor ... ok
[INFO] [stdout] test prompts::checkbox::tests::render_items_disabled_shows_unchecked_and_disabled ... ok
[INFO] [stdout] test prompts::select::tests::move_cursor_up_no_loop ... ok
[INFO] [stdout] test prompts::select::tests::render_items_with_separator ... ok
[INFO] [stdout] test prompts::select::tests::selectable_indices_all_enabled ... ok
[INFO] [stdout] test prompts::select::tests::render_items_first_page_no_more_above ... ok
[INFO] [stdout] test prompts::select::tests::render_items_basic ... ok
[INFO] [stdout] test prompts::checkbox::tests::move_cursor_wraps_with_loop ... ok
[INFO] [stdout] test prompts::select::tests::move_cursor_up_with_loop ... ok
[INFO] [stdout] test prompts::select::tests::render_items_description_shown_at_cursor ... ok
[INFO] [stdout] test prompts::select::tests::render_items_description_newlines_stripped ... ok
[INFO] [stdout] test prompts::select::tests::render_items_non_cursor_has_empty_style ... ok
[INFO] [stdout] test prompts::select::tests::selectable_indices_with_disabled ... ok
[INFO] [stdout] test prompts::select::tests::selectable_indices_empty ... ok
[INFO] [stdout] test prompts::select::tests::render_items_disabled_shows_disabled_text ... ok
[INFO] [stdout] test prompts::select::tests::render_items_page_size_larger_than_list ... ok
[INFO] [stdout] test prompts::select::tests::render_items_pagination ... ok
[INFO] [stdout] test terminal::tests::format_error_has_colour_codes ... ok
[INFO] [stdout] test terminal::tests::format_error_plain_text ... ok
[INFO] [stdout] test prompts::select::tests::selectable_indices_with_separator ... ok
[INFO] [stdout] test terminal::tests::format_question_has_colour_codes ... ok
[INFO] [stdout] test terminal::tests::format_question_plain_text ... ok
[INFO] [stdout] test prompts::checkbox::tests::render_items_checked_not_at_cursor ... ok
[INFO] [stdout] test prompts::select::tests::render_items_cursor_style_uses_highlight_colour ... ok
[INFO] [stdout] test prompts::select::tests::render_items_last_page_no_more_below ... ok
[INFO] [stdout] test terminal::tests::format_success_has_colour_codes ... ok
[INFO] [stdout] test terminal::tests::format_success_plain_text ... ok
[INFO] [stdout] test terminal::tests::format_question_with_default_suffix ... ok
[INFO] [stdout] test terminal::tests::list_renderer_default_zero_lines ... ok
[INFO] [stdout] 
[INFO] [stdout] test result: ok. 41 passed; 0 failed; 0 ignored; 0 measured; 0 filtered out; finished in 0.02s
[INFO] [stdout] 
[INFO] [stderr]      Running tests/agent.rs (/opt/rustwide/target/release/deps/agent-2a8a2187317507d1)
[INFO] [stdout] 
[INFO] [stdout] running 20 tests
[INFO] [stdout] test extract_answer_not_an_object_null ... ok
[INFO] [stdout] test extract_answer_not_an_object_number ... ok
[INFO] [stdout] test extract_answer_array ... ok
[INFO] [stdout] test extract_answer_number ... ok
[INFO] [stdout] test extract_answer_string ... ok
[INFO] [stdout] test extract_answer_wrong_key ... ok
[INFO] [stdout] test extract_answer_boolean ... ok
[INFO] [stdout] test extract_answer_not_an_object_string ... ok
[INFO] [stdout] test extract_answer_not_an_object_bool ... ok
[INFO] [stdout] test extract_answer_null_value ... ok
[INFO] [stdout] test extract_answer_nested_object ... ok
[INFO] [stdout] test extract_answer_missing_answer_key ... ok
[INFO] [stdout] test extract_answer_float ... ok
[INFO] [stdout] test validate_number_no_float_rejects_fractions ... ok
[INFO] [stdout] test extract_answer_any_value ... ok
[INFO] [stdout] test coerce_bool_never_panics ... ok
[INFO] [stdout] test validate_number_result_within_bounds ... ok
[INFO] [stdout] test validate_number_no_float_is_integer ... ok
[INFO] [stdout] test extract_answer_extra_keys_still_works ... ok
[INFO] [stdout] test extract_answer_not_an_object_array ... ok
[INFO] [stdout] 
[INFO] [stdout] test result: ok. 20 passed; 0 failed; 0 ignored; 0 measured; 0 filtered out; finished in 0.01s
[INFO] [stdout] 
[INFO] [stderr]      Running tests/boundary.rs (/opt/rustwide/target/release/deps/boundary-2ca88fbf2dae893e)
[INFO] [stdout] 
[INFO] [stdout] running 11 tests
[INFO] [stdout] test invalid_fd_subprocess_helper ... ignored
[INFO] [stdout] test non_numeric_fd_subprocess_helper ... ignored
[INFO] [stdout] test checkbox_empty_choices_returns_invalid_choice ... ok
[INFO] [stdout] test stdin_eof_subprocess_helper ... ignored
[INFO] [stdout] test select_only_separators_returns_invalid_choice ... ok
[INFO] [stdout] test checkbox_all_disabled_returns_invalid_choice ... ok
[INFO] [stdout] test select_all_disabled_returns_invalid_choice ... ok
[INFO] [stdout] test select_empty_choices_returns_invalid_choice ... ok
[INFO] [stdout] test invalid_fd_env_falls_back_gracefully ... ok
[INFO] [stdout] test stdin_eof_returns_prompt_aborted ... ok
[INFO] [stdout] test non_numeric_fd_env_falls_back_gracefully ... ok
[INFO] [stdout] 
[INFO] [stdout] test result: ok. 8 passed; 0 failed; 3 ignored; 0 measured; 0 filtered out; finished in 0.01s
[INFO] [stdout] 
[INFO] [stderr]      Running tests/callback_order.rs (/opt/rustwide/target/release/deps/callback_order-14c766e335787874)
[INFO] [stdout] 
[INFO] [stdout] running 11 tests
[INFO] [stdout] test expand_builtin_validation_runs_first ... ok
[INFO] [stdout] test expand_invalid_choice_stops_before_filter ... ok
[INFO] [stdout] test number_step_validation_stops_before_filter ... ok
[INFO] [stdout] test text_callback_order_validate_before_filter ... ok
[INFO] [stdout] test number_filter_not_called_on_builtin_rejection ... ok
[INFO] [stdout] test number_filter_receives_validated_number ... ok
[INFO] [stdout] test cross_type_consistency_all_validation_types ... ok
[INFO] [stdout] test text_filter_not_called_on_rejection ... ok
[INFO] [stdout] test text_multiple_rejections_filter_called_once ... ok
[INFO] [stdout] test text_filter_receives_raw_value ... ok
[INFO] [stdout] test number_callback_order_builtin_first ... ok
[INFO] [stdout] 
[INFO] [stdout] test result: ok. 11 passed; 0 failed; 0 ignored; 0 measured; 0 filtered out; finished in 0.01s
[INFO] [stdout] 
[INFO] [stderr]      Running tests/chaos.rs (/opt/rustwide/target/release/deps/chaos-e31a0b8feee0e35f)
[INFO] [stdout] 
[INFO] [stdout] running 12 tests
[INFO] [stdout] test choice_from_nested_json ... ok
[INFO] [stdout] test choice_disabled_with_empty_string ... ok
[INFO] [stdout] test number_rejects_array ... ok
[INFO] [stdout] test number_100k_string ... ok
[INFO] [stdout] test choice_disabled_with_false ... ok
[INFO] [stdout] test choice_from_null ... ok
[INFO] [stdout] test choice_with_special_json_chars ... ok
[INFO] [stdout] test choice_from_number_value ... ok
[INFO] [stdout] test number_rejects_object ... ok
[INFO] [stdout] test empty_string_choice ... ok
[INFO] [stdout] test unicode_choice_name ... ok
[INFO] [stdout] test separator_custom_text ... ok
[INFO] [stdout] 
[INFO] [stdout] test result: ok. 12 passed; 0 failed; 0 ignored; 0 measured; 0 filtered out; finished in 0.01s
[INFO] [stdout] 
[INFO] [stderr]      Running tests/choice.rs (/opt/rustwide/target/release/deps/choice-e1d0a4beb3c8d7f4)
[INFO] [stdout] 
[INFO] [stdout] running 11 tests
[INFO] [stdout] test parse_value_string ... ok
[INFO] [stdout] test parse_value_choice_missing_value_defaults_to_name ... ok
[INFO] [stdout] test separator_to_json ... ok
[INFO] [stdout] test choice_disabled_states ... ok
[INFO] [stdout] test parse_value_choice_preserves_disabled_and_typed_value ... ok
[INFO] [stdout] test separator_default ... ok
[INFO] [stdout] test parse_value_separator ... ok
[INFO] [stdout] test choice_to_json ... ok
[INFO] [stdout] test parse_value_choice_object ... ok
[INFO] [stderr]      Running tests/cross_language.rs (/opt/rustwide/target/release/deps/cross_language-c7b000b6350097a9)
[INFO] [stdout] test parse_string_choice ... ok
[INFO] [stdout] test choice_disabled_empty_string_is_enabled ... ok
[INFO] [stdout] 
[INFO] [stdout] test result: ok. 11 passed; 0 failed; 0 ignored; 0 measured; 0 filtered out; finished in 0.01s
[INFO] [stdout] 
[INFO] [stdout] 
[INFO] [stdout] running 40 tests
[INFO] [stdout] test coerce_bool_false_string_is_false ... ok
[INFO] [stdout] test coerce_bool_false_mixed_case_is_false ... ok
[INFO] [stdout] test coerce_bool_false_is_false ... ok
[INFO] [stdout] test coerce_bool_inf_is_false ... ok
[INFO] [stdout] test coerce_bool_n_is_false ... ok
[INFO] [stdout] test coerce_bool_nan_is_false ... ok
[INFO] [stdout] test coerce_bool_neg_inf_is_false ... ok
[INFO] [stdout] test coerce_bool_one_float_is_true ... ok
[INFO] [stdout] test coerce_bool_neg_one_float_is_true ... ok
[INFO] [stdout] test coerce_bool_no_is_false ... ok
[INFO] [stdout] test coerce_bool_no_uppercase_is_false ... ok
[INFO] [stdout] test coerce_bool_null_is_false ... ok
[INFO] [stdout] test coerce_bool_one_string_is_true ... ok
[INFO] [stdout] test coerce_bool_true_is_true ... ok
[INFO] [stdout] test coerce_bool_true_mixed_case_is_true ... ok
[INFO] [stdout] test number_grammar_rejects ... ok
[INFO] [stdout] test validate_number_above_max_rejected ... ok
[INFO] [stdout] test validate_number_at_max_boundary ... ok
[INFO] [stdout] test validate_number_at_min_boundary ... ok
[INFO] [stdout] test validate_number_below_min_rejected ... ok
[INFO] [stdout] test validate_number_float_not_allowed_fractional_rejected ... ok
[INFO] [stdout] test coerce_bool_yes_uppercase_is_true ... ok
[INFO] [stdout] test validate_number_float_not_allowed_string_fractional_rejected ... ok
[INFO] [stdout] test validate_number_float_not_allowed_string_whole_accepted ... ok
[INFO] [stdout] test coerce_bool_zero_float_is_false ... ok
[INFO] [stdout] test validate_number_float ... ok
[INFO] [stdout] test coerce_bool_zero_string_is_false ... ok
[INFO] [stdout] test validate_number_inf_string_rejected ... ok
[INFO] [stdout] test coerce_bool_y_is_true ... ok
[INFO] [stdout] test validate_number_zero ... ok
[INFO] [stdout] test coerce_bool_yes_is_true ... ok
[INFO] [stdout] test coerce_bool_true_string_is_true ... ok
[INFO] [stdout] test coerce_bool_empty_string_is_false ... ok
[INFO] [stdout] test validate_number_neg_inf_string_rejected ... ok
[INFO] [stdout] test validate_number_negative_integer ... ok
[INFO] [stdout] test validate_number_positive_integer ... ok
[INFO] [stdout] test validate_number_float_not_allowed_whole_number_accepted ... ok
[INFO] [stdout] test validate_number_nan_string_rejected ... ok
[INFO] [stdout] test number_grammar_accepts ... ok
[INFO] [stdout] test coerce_bool_y_uppercase_is_true ... ok
[INFO] [stdout] 
[INFO] [stdout] test result: ok. 40 passed; 0 failed; 0 ignored; 0 measured; 0 filtered out; finished in 0.01s
[INFO] [stdout] 
[INFO] [stderr]      Running tests/errors.rs (/opt/rustwide/target/release/deps/errors-d4bcdf8c64196bc1)
[INFO] [stdout] 
[INFO] [stdout] running 7 tests
[INFO] [stdout] test io_error_wraps ... ok
[INFO] [stdout] test editor_error_displays ... ok
[INFO] [stdout] test prompt_aborted_displays ... ok
[INFO] [stdout] test error_is_std_error ... ok
[INFO] [stdout] test invalid_choice_displays ... ok
[INFO] [stdout] test validation_error_displays ... ok
[INFO] [stdout] test json_error_wraps ... ok
[INFO] [stdout] 
[INFO] [stdout] test result: ok. 7 passed; 0 failed; 0 ignored; 0 measured; 0 filtered out; finished in 0.00s
[INFO] [stdout] 
[INFO] [stderr]      Running tests/property.rs (/opt/rustwide/target/release/deps/property-8912a81c77e767f5)
[INFO] [stdout] 
[INFO] [stdout] running 4 tests
[INFO] [stdout] test coerce_bool_always_returns_bool ... ok
[INFO] [stdout] test choice_roundtrip ... ok
[INFO] [stdout] test number_bounds_respected ... ok
[INFO] [stdout] test number_no_float_truncates ... ok
[INFO] [stderr]      Running tests/protocol_contract.rs (/opt/rustwide/target/release/deps/protocol_contract-0866732f63218f16)
[INFO] [stdout] 
[INFO] [stdout] test result: ok. 4 passed; 0 failed; 0 ignored; 0 measured; 0 filtered out; finished in 0.01s
[INFO] [stdout] 
[INFO] [stdout] 
[INFO] [stdout] running 35 tests
[INFO] [stdout] test extract_answer_boolean_false ... ok
[INFO] [stdout] test extract_answer_boolean_true ... ok
[INFO] [stdout] test extract_answer_empty_object ... ok
[INFO] [stdout] test extract_answer_empty_array ... ok
[INFO] [stdout] test extract_answer_nested_object ... ok
[INFO] [stdout] test extract_answer_float ... ok
[INFO] [stdout] test extract_answer_empty_string ... ok
[INFO] [stdout] test error_format_has_required_fields ... ok
[INFO] [stdout] test extract_answer_non_object_array ... ok
[INFO] [stdout] test extract_answer_array ... ok
[INFO] [stdout] test extract_answer_missing_answer_key ... ok
[INFO] [stdout] test extract_answer_integer ... ok
[INFO] [stdout] test prompt_payload_has_protocol_fields ... ok
[INFO] [stdout] test extract_answer_with_extra_keys ... ok
[INFO] [stdout] test extract_answer_non_object_string ... ok
[INFO] [stdout] test handshake_has_all_required_fields ... ok
[INFO] [stdout] test extract_answer_non_object_null ... ok
[INFO] [stdout] test proptest_tests::extract_answer_always_succeeds_with_answer_key_int ... ok
[INFO] [stdout] test proptest_tests::extract_answer_always_succeeds_with_answer_key_bool ... ok
[INFO] [stdout] test extract_answer_non_object_bool ... ok
[INFO] [stdout] test handshake_version_matches_cargo_pkg ... ok
[INFO] [stdout] test proptest_tests::extract_answer_always_fails_without_answer_key ... ok
[INFO] [stdout] test extract_answer_null ... ok
[INFO] [stdout] test extract_answer_non_object_number ... ok
[INFO] [stdout] test extract_answer_string ... ok
[INFO] [stdout] test handshake_is_valid_jsonl ... ok
[INFO] [stdout] test proptest_tests::extract_answer_always_succeeds_with_answer_key_null ... ok
[INFO] [stdout] test proptest_tests::extract_answer_never_panics_on_random_json_value ... ok
[INFO] [stdout] test validation_error_special_chars_in_message ... ok
[INFO] [stdout] test validation_error_format_has_required_fields ... ok
[INFO] [stdout] test proptest_tests::extract_answer_always_succeeds_with_answer_key_string ... ok
[INFO] [stdout] test proptest_tests::extract_answer_preserves_value_roundtrip ... ok
[INFO] [stdout] test validation_error_empty_message ... ok
[INFO] [stdout] test proptest_tests::extract_answer_never_panics_on_random_string ... ok
[INFO] [stderr]      Running tests/search_concurrency.rs (/opt/rustwide/target/release/deps/search_concurrency-20e2905779675177)
[INFO] [stdout] test proptest_tests::validation_error_is_always_valid_jsonl ... ok
[INFO] [stdout] 
[INFO] [stdout] test result: ok. 35 passed; 0 failed; 0 ignored; 0 measured; 0 filtered out; finished in 0.02s
[INFO] [stdout] 
[INFO] [stdout] 
[INFO] [stdout] running 10 tests
[INFO] [stdout] test search_empty_source_no_crash ... ok
[INFO] [stdout] test filter_disabled_choices_invariant ... ok
[INFO] [stdout] test search_agent_source_called_with_empty_term ... ok
[INFO] [stdout] test search_source_special_chars ... ok
[INFO] [stdout] test search_disabled_choices_filtered ... ok
[INFO] [stdout] test search_source_thread_safety ... ok
[INFO] [stdout] test source_never_panics_on_random_term ... ok
[INFO] [stdout] test search_slow_source_no_deadlock ... ok
[INFO] [stdout] test search_stale_result_rejected ... ok
[INFO] [stdout] test concurrent_source_calls_never_panic ... ok
[INFO] [stdout] 
[INFO] [stdout] test result: ok. 10 passed; 0 failed; 0 ignored; 0 measured; 0 filtered out; finished in 1.13s
[INFO] [stdout] 
[INFO] [stderr]      Running tests/socket.rs (/opt/rustwide/target/release/deps/socket-f61aebb7ee4e1368)
[INFO] [stdout] 
[INFO] [stdout] running 16 tests
[INFO] [stdout] {"description":"Interactive prompt protocol over Unix socket. Connect to read a prompt, send a JSON answer, receive status. One connection per prompt.","example_response":{"answer":"<value>"},"format":"jsonl","interaction":"sequential","kind":"handshake","protocol":"inquirer-ai","socket":"/tmp/inquirer-ai-test-stale-3998.sock","total":null,"version":"0.4.2"}
[INFO] [stdout] {"description":"Interactive prompt protocol over Unix socket. Connect to read a prompt, send a JSON answer, receive status. One connection per prompt.","example_response":{"answer":"<value>"},"format":"jsonl","interaction":"sequential","kind":"handshake","protocol":"inquirer-ai","socket":"/tmp/inquirer-ai-test-stale-3998.sock","total":null,"version":"0.4.2"}
[INFO] [stdout] test socket_cleans_up_stale_socket ... ok
[INFO] [stdout] test socket_refuses_non_socket_file ... ok
[INFO] [stdout] test socket_rejects_too_long_path ... ok
[INFO] [stdout] test socket_rejects_relative_path ... ok
[INFO] [stdout] test socket_peek_then_answer ... FAILED
[INFO] [stdout] test socket_rapid_reconnection ... FAILED
[INFO] [stdout] test socket_cleanup_on_sigterm ... FAILED
[INFO] [stdout] test socket_handshake_ack ... FAILED
[INFO] [stdout] test socket_validation_retry ... FAILED
[INFO] [stdout] test socket_large_payload ... FAILED
[INFO] [stdout] test socket_multiple_clients_second_after_first ... FAILED
[INFO] [stdout] test socket_basic_prompt ... FAILED
[INFO] [stdout] test socket_cleanup_on_exit ... FAILED
[INFO] [stdout] test socket_missing_answer_key ... FAILED
[INFO] [stdout] test socket_partial_message_no_newline ... FAILED
[INFO] [stdout] test socket_multi_prompt ... FAILED
[INFO] [stdout] 
[INFO] [stdout] failures:
[INFO] [stdout] 
[INFO] [stdout] ---- socket_peek_then_answer stdout ----
[INFO] [stdout] 
[INFO] [stdout] thread 'socket_peek_then_answer' (4011) panicked at tests/socket.rs:79:29:
[INFO] [stdout] failed to launch /opt/rustwide/workdir/target/debug/examples/socket_test_helper: No such file or directory (os error 2)
[INFO] [stdout] stack backtrace:
[INFO] [stdout]    0:     0x5ece615e7711 - <<std[70759c8f55707aa4]::sys::backtrace::BacktraceLock>::print::DisplayBacktrace as core[df12db4294e9bfd3]::fmt::Display>::fmt
[INFO] [stdout]    1:     0x5ece615fc71a - core[df12db4294e9bfd3]::fmt::write
[INFO] [stdout]    2:     0x5ece615ebe9c - <alloc[2182bb758b4b3781]::vec::Vec<u8> as core[df12db4294e9bfd3]::io::write::Write>::write_fmt
[INFO] [stdout]    3:     0x5ece615c2e06 - std[70759c8f55707aa4]::panicking::default_hook::{closure#0}
[INFO] [stdout]    4:     0x5ece615df669 - std[70759c8f55707aa4]::panicking::default_hook
[INFO] [stdout]    5:     0x5ece61574d60 - test[9d35eded1c95d3be]::test_main_inner::<test[9d35eded1c95d3be]::test_main_static::{closure#0}>::{closure#0}
[INFO] [stdout]    6:     0x5ece615df822 - std[70759c8f55707aa4]::panicking::panic_with_hook
[INFO] [stdout]    7:     0x5ece615c2eb2 - std[70759c8f55707aa4]::panicking::panic_handler::{closure#0}
[INFO] [stdout]    8:     0x5ece615bbb89 - std[70759c8f55707aa4]::sys::backtrace::__rust_end_short_backtrace::<std[70759c8f55707aa4]::panicking::panic_handler::{closure#0}, !>
[INFO] [stdout]    9:     0x5ece615c3b6d - __rustc[8fa7c3cbc660c2b3]::rust_begin_unwind
[INFO] [stdout]   10:     0x5ece615fce4c - core[df12db4294e9bfd3]::panicking::panic_fmt
[INFO] [stdout]   11:     0x5ece61551d9a - socket[8b2afbe1379f0dc5]::launch_helper::{closure#0}
[INFO] [stdout]   12:     0x5ece61552308 - socket[8b2afbe1379f0dc5]::launch_helper
[INFO] [stdout]   13:     0x5ece61556fff - <socket[8b2afbe1379f0dc5]::socket_peek_then_answer::{closure#0} as core[df12db4294e9bfd3]::ops::function::FnOnce<()>>::call_once
[INFO] [stdout]   14:     0x5ece6156804b - test[9d35eded1c95d3be]::__rust_begin_short_backtrace::<core[df12db4294e9bfd3]::result::Result<(), alloc[2182bb758b4b3781]::string::String>, fn() -> core[df12db4294e9bfd3]::result::Result<(), alloc[2182bb758b4b3781]::string::String>>
[INFO] [stdout]   15:     0x5ece615756b5 - test[9d35eded1c95d3be]::run_test::{closure#0}
[INFO] [stdout]   16:     0x5ece6156ef74 - std[70759c8f55707aa4]::sys::backtrace::__rust_begin_short_backtrace::<test[9d35eded1c95d3be]::run_test::{closure#1}, ()>
[INFO] [stdout]   17:     0x5ece61578812 - <std[70759c8f55707aa4]::thread::lifecycle::spawn_unchecked<test[9d35eded1c95d3be]::run_test::{closure#1}, ()>::{closure#1} as core[df12db4294e9bfd3]::ops::function::FnOnce<()>>::call_once::{shim:vtable#0}
[INFO] [stdout]   18:     0x5ece615e6df9 - <std[70759c8f55707aa4]::sys::thread::unix::Thread>::new::thread_start
[INFO] [stdout]   19:     0x7d3842d2edfa - <unknown>
[INFO] [stdout]   20:     0x7d3842dc23d4 - clone
[INFO] [stdout]   21:                0x0 - <unknown>
[INFO] [stdout] 
[INFO] [stdout] ---- socket_rapid_reconnection stdout ----
[INFO] [stdout] 
[INFO] [stdout] thread 'socket_rapid_reconnection' (4012) panicked at tests/socket.rs:79:29:
[INFO] [stdout] failed to launch /opt/rustwide/workdir/target/debug/examples/socket_test_helper: No such file or directory (os error 2)
[INFO] [stdout] stack backtrace:
[INFO] [stdout]    0:     0x5ece615e7711 - <<std[70759c8f55707aa4]::sys::backtrace::BacktraceLock>::print::DisplayBacktrace as core[df12db4294e9bfd3]::fmt::Display>::fmt
[INFO] [stdout]    1:     0x5ece615fc71a - core[df12db4294e9bfd3]::fmt::write
[INFO] [stdout]    2:     0x5ece615ebe9c - <alloc[2182bb758b4b3781]::vec::Vec<u8> as core[df12db4294e9bfd3]::io::write::Write>::write_fmt
[INFO] [stdout]    3:     0x5ece615c2e06 - std[70759c8f55707aa4]::panicking::default_hook::{closure#0}
[INFO] [stdout]    4:     0x5ece615df669 - std[70759c8f55707aa4]::panicking::default_hook
[INFO] [stdout]    5:     0x5ece61574d60 - test[9d35eded1c95d3be]::test_main_inner::<test[9d35eded1c95d3be]::test_main_static::{closure#0}>::{closure#0}
[INFO] [stdout]    6:     0x5ece615df822 - std[70759c8f55707aa4]::panicking::panic_with_hook
[INFO] [stdout]    7:     0x5ece615c2eb2 - std[70759c8f55707aa4]::panicking::panic_handler::{closure#0}
[INFO] [stdout]    8:     0x5ece615bbb89 - std[70759c8f55707aa4]::sys::backtrace::__rust_end_short_backtrace::<std[70759c8f55707aa4]::panicking::panic_handler::{closure#0}, !>
[INFO] [stdout]    9:     0x5ece615c3b6d - __rustc[8fa7c3cbc660c2b3]::rust_begin_unwind
[INFO] [stdout]   10:     0x5ece615fce4c - core[df12db4294e9bfd3]::panicking::panic_fmt
[INFO] [stdout]   11:     0x5ece61551d9a - socket[8b2afbe1379f0dc5]::launch_helper::{closure#0}
[INFO] [stdout]   12:     0x5ece61552308 - socket[8b2afbe1379f0dc5]::launch_helper
[INFO] [stdout]   13:     0x5ece615592ff - <socket[8b2afbe1379f0dc5]::socket_rapid_reconnection::{closure#0} as core[df12db4294e9bfd3]::ops::function::FnOnce<()>>::call_once
[INFO] [stdout]   14:     0x5ece6156804b - test[9d35eded1c95d3be]::__rust_begin_short_backtrace::<core[df12db4294e9bfd3]::result::Result<(), alloc[2182bb758b4b3781]::string::String>, fn() -> core[df12db4294e9bfd3]::result::Result<(), alloc[2182bb758b4b3781]::string::String>>
[INFO] [stdout]   15:     0x5ece615756b5 - test[9d35eded1c95d3be]::run_test::{closure#0}
[INFO] [stdout]   16:     0x5ece6156ef74 - std[70759c8f55707aa4]::sys::backtrace::__rust_begin_short_backtrace::<test[9d35eded1c95d3be]::run_test::{closure#1}, ()>
[INFO] [stdout]   17:     0x5ece61578812 - <std[70759c8f55707aa4]::thread::lifecycle::spawn_unchecked<test[9d35eded1c95d3be]::run_test::{closure#1}, ()>::{closure#1} as core[df12db4294e9bfd3]::ops::function::FnOnce<()>>::call_once::{shim:vtable#0}
[INFO] [stdout]   18:     0x5ece615e6df9 - <std[70759c8f55707aa4]::sys::thread::unix::Thread>::new::thread_start
[INFO] [stdout]   19:     0x7d3842d2edfa - <unknown>
[INFO] [stdout]   20:     0x7d3842dc23d4 - clone
[INFO] [stdout]   21:                0x0 - <unknown>
[INFO] [stdout] 
[INFO] [stdout] ---- socket_cleanup_on_sigterm stdout ----
[INFO] [stdout] 
[INFO] [stdout] thread 'socket_cleanup_on_sigterm' (4002) panicked at tests/socket.rs:79:29:
[INFO] [stdout] failed to launch /opt/rustwide/workdir/target/debug/examples/socket_test_helper: No such file or directory (os error 2)
[INFO] [stdout] stack backtrace:
[INFO] [stdout]    0:     0x5ece615e7711 - <<std[70759c8f55707aa4]::sys::backtrace::BacktraceLock>::print::DisplayBacktrace as core[df12db4294e9bfd3]::fmt::Display>::fmt
[INFO] [stdout]    1:     0x5ece615fc71a - core[df12db4294e9bfd3]::fmt::write
[INFO] [stdout]    2:     0x5ece615ebe9c - <alloc[2182bb758b4b3781]::vec::Vec<u8> as core[df12db4294e9bfd3]::io::write::Write>::write_fmt
[INFO] [stdout]    3:     0x5ece615c2e06 - std[70759c8f55707aa4]::panicking::default_hook::{closure#0}
[INFO] [stdout]    4:     0x5ece615df669 - std[70759c8f55707aa4]::panicking::default_hook
[INFO] [stdout]    5:     0x5ece61574d60 - test[9d35eded1c95d3be]::test_main_inner::<test[9d35eded1c95d3be]::test_main_static::{closure#0}>::{closure#0}
[INFO] [stdout]    6:     0x5ece615df822 - std[70759c8f55707aa4]::panicking::panic_with_hook
[INFO] [stdout]    7:     0x5ece615c2eb2 - std[70759c8f55707aa4]::panicking::panic_handler::{closure#0}
[INFO] [stdout]    8:     0x5ece615bbb89 - std[70759c8f55707aa4]::sys::backtrace::__rust_end_short_backtrace::<std[70759c8f55707aa4]::panicking::panic_handler::{closure#0}, !>
[INFO] [stdout]    9:     0x5ece615c3b6d - __rustc[8fa7c3cbc660c2b3]::rust_begin_unwind
[INFO] [stdout]   10:     0x5ece615fce4c - core[df12db4294e9bfd3]::panicking::panic_fmt
[INFO] [stdout]   11:     0x5ece61551d9a - socket[8b2afbe1379f0dc5]::launch_helper::{closure#0}
[INFO] [stdout]   12:     0x5ece61552308 - socket[8b2afbe1379f0dc5]::launch_helper
[INFO] [stdout]   13:     0x5ece6155849c - <socket[8b2afbe1379f0dc5]::socket_cleanup_on_sigterm::{closure#0} as core[df12db4294e9bfd3]::ops::function::FnOnce<()>>::call_once
[INFO] [stdout]   14:     0x5ece6156804b - test[9d35eded1c95d3be]::__rust_begin_short_backtrace::<core[df12db4294e9bfd3]::result::Result<(), alloc[2182bb758b4b3781]::string::String>, fn() -> core[df12db4294e9bfd3]::result::Result<(), alloc[2182bb758b4b3781]::string::String>>
[INFO] [stdout]   15:     0x5ece615756b5 - test[9d35eded1c95d3be]::run_test::{closure#0}
[INFO] [stdout]   16:     0x5ece6156ef74 - std[70759c8f55707aa4]::sys::backtrace::__rust_begin_short_backtrace::<test[9d35eded1c95d3be]::run_test::{closure#1}, ()>
[INFO] [stdout]   17:     0x5ece61578812 - <std[70759c8f55707aa4]::thread::lifecycle::spawn_unchecked<test[9d35eded1c95d3be]::run_test::{closure#1}, ()>::{closure#1} as core[df12db4294e9bfd3]::ops::function::FnOnce<()>>::call_once::{shim:vtable#0}
[INFO] [stdout]   18:     0x5ece615e6df9 - <std[70759c8f55707aa4]::sys::thread::unix::Thread>::new::thread_start
[INFO] [stdout]   19:     0x7d3842d2edfa - <unknown>
[INFO] [stdout]   20:     0x7d3842dc23d4 - clone
[INFO] [stdout]   21:                0x0 - <unknown>
[INFO] [stdout] 
[INFO] [stdout] ---- socket_handshake_ack stdout ----
[INFO] [stdout] 
[INFO] [stdout] thread 'socket_handshake_ack' (4003) panicked at tests/socket.rs:79:29:
[INFO] [stdout] failed to launch /opt/rustwide/workdir/target/debug/examples/socket_test_helper: No such file or directory (os error 2)
[INFO] [stdout] stack backtrace:
[INFO] [stdout]    0:     0x5ece615e7711 - <<std[70759c8f55707aa4]::sys::backtrace::BacktraceLock>::print::DisplayBacktrace as core[df12db4294e9bfd3]::fmt::Display>::fmt
[INFO] [stdout]    1:     0x5ece615fc71a - core[df12db4294e9bfd3]::fmt::write
[INFO] [stdout]    2:     0x5ece615ebe9c - <alloc[2182bb758b4b3781]::vec::Vec<u8> as core[df12db4294e9bfd3]::io::write::Write>::write_fmt
[INFO] [stdout]    3:     0x5ece615c2e06 - std[70759c8f55707aa4]::panicking::default_hook::{closure#0}
[INFO] [stdout]    4:     0x5ece615df669 - std[70759c8f55707aa4]::panicking::default_hook
[INFO] [stdout]    5:     0x5ece61574d60 - test[9d35eded1c95d3be]::test_main_inner::<test[9d35eded1c95d3be]::test_main_static::{closure#0}>::{closure#0}
[INFO] [stdout]    6:     0x5ece615df822 - std[70759c8f55707aa4]::panicking::panic_with_hook
[INFO] [stdout]    7:     0x5ece615c2eb2 - std[70759c8f55707aa4]::panicking::panic_handler::{closure#0}
[INFO] [stdout]    8:     0x5ece615bbb89 - std[70759c8f55707aa4]::sys::backtrace::__rust_end_short_backtrace::<std[70759c8f55707aa4]::panicking::panic_handler::{closure#0}, !>
[INFO] [stdout]    9:     0x5ece615c3b6d - __rustc[8fa7c3cbc660c2b3]::rust_begin_unwind
[INFO] [stdout]   10:     0x5ece615fce4c - core[df12db4294e9bfd3]::panicking::panic_fmt
[INFO] [stdout]   11:     0x5ece61551d9a - socket[8b2afbe1379f0dc5]::launch_helper::{closure#0}
[INFO] [stdout]   12:     0x5ece61552308 - socket[8b2afbe1379f0dc5]::launch_helper
[INFO] [stdout]   13:     0x5ece6155538b - <socket[8b2afbe1379f0dc5]::socket_handshake_ack::{closure#0} as core[df12db4294e9bfd3]::ops::function::FnOnce<()>>::call_once
[INFO] [stdout]   14:     0x5ece6156804b - test[9d35eded1c95d3be]::__rust_begin_short_backtrace::<core[df12db4294e9bfd3]::result::Result<(), alloc[2182bb758b4b3781]::string::String>, fn() -> core[df12db4294e9bfd3]::result::Result<(), alloc[2182bb758b4b3781]::string::String>>
[INFO] [stdout]   15:     0x5ece615756b5 - test[9d35eded1c95d3be]::run_test::{closure#0}
[INFO] [stdout]   16:     0x5ece6156ef74 - std[70759c8f55707aa4]::sys::backtrace::__rust_begin_short_backtrace::<test[9d35eded1c95d3be]::run_test::{closure#1}, ()>
[INFO] [stdout]   17:     0x5ece61578812 - <std[70759c8f55707aa4]::thread::lifecycle::spawn_unchecked<test[9d35eded1c95d3be]::run_test::{closure#1}, ()>::{closure#1} as core[df12db4294e9bfd3]::ops::function::FnOnce<()>>::call_once::{shim:vtable#0}
[INFO] [stdout]   18:     0x5ece615e6df9 - <std[70759c8f55707aa4]::sys::thread::unix::Thread>::new::thread_start
[INFO] [stdout]   19:     0x7d3842d2edfa - <unknown>
[INFO] [stdout]   20:     0x7d3842dc23d4 - clone
[INFO] [stdout]   21:                0x0 - <unknown>
[INFO] [stdout] 
[INFO] [stdout] ---- socket_validation_retry stdout ----
[INFO] [stdout] 
[INFO] [stdout] thread 'socket_validation_retry' (4016) panicked at tests/socket.rs:79:29:
[INFO] [stdout] failed to launch /opt/rustwide/workdir/target/debug/examples/socket_test_helper: No such file or directory (os error 2)
[INFO] [stdout] stack backtrace:
[INFO] [stdout]    0:     0x5ece615e7711 - <<std[70759c8f55707aa4]::sys::backtrace::BacktraceLock>::print::DisplayBacktrace as core[df12db4294e9bfd3]::fmt::Display>::fmt
[INFO] [stdout]    1:     0x5ece615fc71a - core[df12db4294e9bfd3]::fmt::write
[INFO] [stdout]    2:     0x5ece615ebe9c - <alloc[2182bb758b4b3781]::vec::Vec<u8> as core[df12db4294e9bfd3]::io::write::Write>::write_fmt
[INFO] [stdout]    3:     0x5ece615c2e06 - std[70759c8f55707aa4]::panicking::default_hook::{closure#0}
[INFO] [stdout]    4:     0x5ece615df669 - std[70759c8f55707aa4]::panicking::default_hook
[INFO] [stdout]    5:     0x5ece61574d60 - test[9d35eded1c95d3be]::test_main_inner::<test[9d35eded1c95d3be]::test_main_static::{closure#0}>::{closure#0}
[INFO] [stdout]    6:     0x5ece615df822 - std[70759c8f55707aa4]::panicking::panic_with_hook
[INFO] [stdout]    7:     0x5ece615c2eb2 - std[70759c8f55707aa4]::panicking::panic_handler::{closure#0}
[INFO] [stdout]    8:     0x5ece615bbb89 - std[70759c8f55707aa4]::sys::backtrace::__rust_end_short_backtrace::<std[70759c8f55707aa4]::panicking::panic_handler::{closure#0}, !>
[INFO] [stdout]    9:     0x5ece615c3b6d - __rustc[8fa7c3cbc660c2b3]::rust_begin_unwind
[INFO] [stdout]   10:     0x5ece615fce4c - core[df12db4294e9bfd3]::panicking::panic_fmt
[INFO] [stdout]   11:     0x5ece61551d9a - socket[8b2afbe1379f0dc5]::launch_helper::{closure#0}
[INFO] [stdout]   12:     0x5ece61552308 - socket[8b2afbe1379f0dc5]::launch_helper
[INFO] [stdout]   13:     0x5ece61557b2d - <socket[8b2afbe1379f0dc5]::socket_validation_retry::{closure#0} as core[df12db4294e9bfd3]::ops::function::FnOnce<()>>::call_once
[INFO] [stdout]   14:     0x5ece6156804b - test[9d35eded1c95d3be]::__rust_begin_short_backtrace::<core[df12db4294e9bfd3]::result::Result<(), alloc[2182bb758b4b3781]::string::String>, fn() -> core[df12db4294e9bfd3]::result::Result<(), alloc[2182bb758b4b3781]::string::String>>
[INFO] [stdout]   15:     0x5ece615756b5 - test[9d35eded1c95d3be]::run_test::{closure#0}
[INFO] [stdout]   16:     0x5ece6156ef74 - std[70759c8f55707aa4]::sys::backtrace::__rust_begin_short_backtrace::<test[9d35eded1c95d3be]::run_test::{closure#1}, ()>
[INFO] [stdout]   17:     0x5ece61578812 - <std[70759c8f55707aa4]::thread::lifecycle::spawn_unchecked<test[9d35eded1c95d3be]::run_test::{closure#1}, ()>::{closure#1} as core[df12db4294e9bfd3]::ops::function::FnOnce<()>>::call_once::{shim:vtable#0}
[INFO] [stdout]   18:     0x5ece615e6df9 - <std[70759c8f55707aa4]::sys::thread::unix::Thread>::new::thread_start
[INFO] [stdout]   19:     0x7d3842d2edfa - <unknown>
[INFO] [stdout]   20:     0x7d3842dc23d4 - clone
[INFO] [stdout]   21:                0x0 - <unknown>
[INFO] [stdout] 
[INFO] [stdout] ---- socket_large_payload stdout ----
[INFO] [stdout] 
[INFO] [stdout] thread 'socket_large_payload' (4005) panicked at tests/socket.rs:79:29:
[INFO] [stdout] failed to launch /opt/rustwide/workdir/target/debug/examples/socket_test_helper: No such file or directory (os error 2)
[INFO] [stdout] stack backtrace:
[INFO] [stdout]    0:     0x5ece615e7711 - <<std[70759c8f55707aa4]::sys::backtrace::BacktraceLock>::print::DisplayBacktrace as core[df12db4294e9bfd3]::fmt::Display>::fmt
[INFO] [stdout]    1:     0x5ece615fc71a - core[df12db4294e9bfd3]::fmt::write
[INFO] [stdout]    2:     0x5ece615ebe9c - <alloc[2182bb758b4b3781]::vec::Vec<u8> as core[df12db4294e9bfd3]::io::write::Write>::write_fmt
[INFO] [stdout]    3:     0x5ece615c2e06 - std[70759c8f55707aa4]::panicking::default_hook::{closure#0}
[INFO] [stdout]    4:     0x5ece615df669 - std[70759c8f55707aa4]::panicking::default_hook
[INFO] [stdout]    5:     0x5ece61574d60 - test[9d35eded1c95d3be]::test_main_inner::<test[9d35eded1c95d3be]::test_main_static::{closure#0}>::{closure#0}
[INFO] [stdout]    6:     0x5ece615df822 - std[70759c8f55707aa4]::panicking::panic_with_hook
[INFO] [stdout]    7:     0x5ece615c2eb2 - std[70759c8f55707aa4]::panicking::panic_handler::{closure#0}
[INFO] [stdout]    8:     0x5ece615bbb89 - std[70759c8f55707aa4]::sys::backtrace::__rust_end_short_backtrace::<std[70759c8f55707aa4]::panicking::panic_handler::{closure#0}, !>
[INFO] [stdout]    9:     0x5ece615c3b6d - __rustc[8fa7c3cbc660c2b3]::rust_begin_unwind
[INFO] [stdout]   10:     0x5ece615fce4c - core[df12db4294e9bfd3]::panicking::panic_fmt
[INFO] [stdout]   11:     0x5ece61551d9a - socket[8b2afbe1379f0dc5]::launch_helper::{closure#0}
[INFO] [stdout]   12:     0x5ece61552308 - socket[8b2afbe1379f0dc5]::launch_helper
[INFO] [stdout]   13:     0x5ece61555cca - <socket[8b2afbe1379f0dc5]::socket_large_payload::{closure#0} as core[df12db4294e9bfd3]::ops::function::FnOnce<()>>::call_once
[INFO] [stdout]   14:     0x5ece6156804b - test[9d35eded1c95d3be]::__rust_begin_short_backtrace::<core[df12db4294e9bfd3]::result::Result<(), alloc[2182bb758b4b3781]::string::String>, fn() -> core[df12db4294e9bfd3]::result::Result<(), alloc[2182bb758b4b3781]::string::String>>
[INFO] [stdout]   15:     0x5ece615756b5 - test[9d35eded1c95d3be]::run_test::{closure#0}
[INFO] [stdout]   16:     0x5ece6156ef74 - std[70759c8f55707aa4]::sys::backtrace::__rust_begin_short_backtrace::<test[9d35eded1c95d3be]::run_test::{closure#1}, ()>
[INFO] [stdout]   17:     0x5ece61578812 - <std[70759c8f55707aa4]::thread::lifecycle::spawn_unchecked<test[9d35eded1c95d3be]::run_test::{closure#1}, ()>::{closure#1} as core[df12db4294e9bfd3]::ops::function::FnOnce<()>>::call_once::{shim:vtable#0}
[INFO] [stdout]   18:     0x5ece615e6df9 - <std[70759c8f55707aa4]::sys::thread::unix::Thread>::new::thread_start
[INFO] [stdout]   19:     0x7d3842d2edfa - <unknown>
[INFO] [stdout]   20:     0x7d3842dc23d4 - clone
[INFO] [stdout]   21:                0x0 - <unknown>
[INFO] [stdout] 
[INFO] [stdout] ---- socket_multiple_clients_second_after_first stdout ----
[INFO] [stdout] 
[INFO] [stdout] thread 'socket_multiple_clients_second_after_first' (4009) panicked at tests/socket.rs:79:29:
[INFO] [stdout] failed to launch /opt/rustwide/workdir/target/debug/examples/socket_test_helper: No such file or directory (os error 2)
[INFO] [stdout] stack backtrace:
[INFO] [stdout]    0:     0x5ece615e7711 - <<std[70759c8f55707aa4]::sys::backtrace::BacktraceLock>::print::DisplayBacktrace as core[df12db4294e9bfd3]::fmt::Display>::fmt
[INFO] [stdout]    1:     0x5ece615fc71a - core[df12db4294e9bfd3]::fmt::write
[INFO] [stdout]    2:     0x5ece615ebe9c - <alloc[2182bb758b4b3781]::vec::Vec<u8> as core[df12db4294e9bfd3]::io::write::Write>::write_fmt
[INFO] [stdout]    3:     0x5ece615c2e06 - std[70759c8f55707aa4]::panicking::default_hook::{closure#0}
[INFO] [stdout]    4:     0x5ece615df669 - std[70759c8f55707aa4]::panicking::default_hook
[INFO] [stdout]    5:     0x5ece61574d60 - test[9d35eded1c95d3be]::test_main_inner::<test[9d35eded1c95d3be]::test_main_static::{closure#0}>::{closure#0}
[INFO] [stdout]    6:     0x5ece615df822 - std[70759c8f55707aa4]::panicking::panic_with_hook
[INFO] [stdout]    7:     0x5ece615c2eb2 - std[70759c8f55707aa4]::panicking::panic_handler::{closure#0}
[INFO] [stdout]    8:     0x5ece615bbb89 - std[70759c8f55707aa4]::sys::backtrace::__rust_end_short_backtrace::<std[70759c8f55707aa4]::panicking::panic_handler::{closure#0}, !>
[INFO] [stdout]    9:     0x5ece615c3b6d - __rustc[8fa7c3cbc660c2b3]::rust_begin_unwind
[INFO] [stdout]   10:     0x5ece615fce4c - core[df12db4294e9bfd3]::panicking::panic_fmt
[INFO] [stdout]   11:     0x5ece61551d9a - socket[8b2afbe1379f0dc5]::launch_helper::{closure#0}
[INFO] [stdout]   12:     0x5ece61552308 - socket[8b2afbe1379f0dc5]::launch_helper
[INFO] [stdout]   13:     0x5ece6155ad0f - <socket[8b2afbe1379f0dc5]::socket_multiple_clients_second_after_first::{closure#0} as core[df12db4294e9bfd3]::ops::function::FnOnce<()>>::call_once
[INFO] [stdout]   14:     0x5ece6156804b - test[9d35eded1c95d3be]::__rust_begin_short_backtrace::<core[df12db4294e9bfd3]::result::Result<(), alloc[2182bb758b4b3781]::string::String>, fn() -> core[df12db4294e9bfd3]::result::Result<(), alloc[2182bb758b4b3781]::string::String>>
[INFO] [stdout]   15:     0x5ece615756b5 - test[9d35eded1c95d3be]::run_test::{closure#0}
[INFO] [stdout]   16:     0x5ece6156ef74 - std[70759c8f55707aa4]::sys::backtrace::__rust_begin_short_backtrace::<test[9d35eded1c95d3be]::run_test::{closure#1}, ()>
[INFO] [stdout]   17:     0x5ece61578812 - <std[70759c8f55707aa4]::thread::lifecycle::spawn_unchecked<test[9d35eded1c95d3be]::run_test::{closure#1}, ()>::{closure#1} as core[df12db4294e9bfd3]::ops::function::FnOnce<()>>::call_once::{shim:vtable#0}
[INFO] [stdout]   18:     0x5ece615e6df9 - <std[70759c8f55707aa4]::sys::thread::unix::Thread>::new::thread_start
[INFO] [stdout]   19:     0x7d3842d2edfa - <unknown>
[INFO] [stdout]   20:     0x7d3842dc23d4 - clone
[INFO] [stdout]   21:                0x0 - <unknown>
[INFO] [stdout] 
[INFO] [stdout] ---- socket_basic_prompt stdout ----
[INFO] [stdout] 
[INFO] [stdout] thread 'socket_basic_prompt' (3999) panicked at tests/socket.rs:79:29:
[INFO] [stdout] failed to launch /opt/rustwide/workdir/target/debug/examples/socket_test_helper: No such file or directory (os error 2)
[INFO] [stdout] stack backtrace:
[INFO] [stdout]    0:     0x5ece615e7711 - <<std[70759c8f55707aa4]::sys::backtrace::BacktraceLock>::print::DisplayBacktrace as core[df12db4294e9bfd3]::fmt::Display>::fmt
[INFO] [stdout]    1:     0x5ece615fc71a - core[df12db4294e9bfd3]::fmt::write
[INFO] [stdout]    2:     0x5ece615ebe9c - <alloc[2182bb758b4b3781]::vec::Vec<u8> as core[df12db4294e9bfd3]::io::write::Write>::write_fmt
[INFO] [stdout]    3:     0x5ece615c2e06 - std[70759c8f55707aa4]::panicking::default_hook::{closure#0}
[INFO] [stdout]    4:     0x5ece615df669 - std[70759c8f55707aa4]::panicking::default_hook
[INFO] [stdout]    5:     0x5ece61574d60 - test[9d35eded1c95d3be]::test_main_inner::<test[9d35eded1c95d3be]::test_main_static::{closure#0}>::{closure#0}
[INFO] [stdout]    6:     0x5ece615df822 - std[70759c8f55707aa4]::panicking::panic_with_hook
[INFO] [stdout]    7:     0x5ece615c2eb2 - std[70759c8f55707aa4]::panicking::panic_handler::{closure#0}
[INFO] [stdout]    8:     0x5ece615bbb89 - std[70759c8f55707aa4]::sys::backtrace::__rust_end_short_backtrace::<std[70759c8f55707aa4]::panicking::panic_handler::{closure#0}, !>
[INFO] [stdout]    9:     0x5ece615c3b6d - __rustc[8fa7c3cbc660c2b3]::rust_begin_unwind
[INFO] [stdout]   10:     0x5ece615fce4c - core[df12db4294e9bfd3]::panicking::panic_fmt
[INFO] [stdout]   11:     0x5ece61551d9a - socket[8b2afbe1379f0dc5]::launch_helper::{closure#0}
[INFO] [stdout]   12:     0x5ece61552308 - socket[8b2afbe1379f0dc5]::launch_helper
[INFO] [stdout]   13:     0x5ece6155348e - <socket[8b2afbe1379f0dc5]::socket_basic_prompt::{closure#0} as core[df12db4294e9bfd3]::ops::function::FnOnce<()>>::call_once
[INFO] [stdout]   14:     0x5ece6156804b - test[9d35eded1c95d3be]::__rust_begin_short_backtrace::<core[df12db4294e9bfd3]::result::Result<(), alloc[2182bb758b4b3781]::string::String>, fn() -> core[df12db4294e9bfd3]::result::Result<(), alloc[2182bb758b4b3781]::string::String>>
[INFO] [stdout]   15:     0x5ece615756b5 - test[9d35eded1c95d3be]::run_test::{closure#0}
[INFO] [stdout]   16:     0x5ece6156ef74 - std[70759c8f55707aa4]::sys::backtrace::__rust_begin_short_backtrace::<test[9d35eded1c95d3be]::run_test::{closure#1}, ()>
[INFO] [stdout]   17:     0x5ece61578812 - <std[70759c8f55707aa4]::thread::lifecycle::spawn_unchecked<test[9d35eded1c95d3be]::run_test::{closure#1}, ()>::{closure#1} as core[df12db4294e9bfd3]::ops::function::FnOnce<()>>::call_once::{shim:vtable#0}
[INFO] [stdout]   18:     0x5ece615e6df9 - <std[70759c8f55707aa4]::sys::thread::unix::Thread>::new::thread_start
[INFO] [stdout]   19:     0x7d3842d2edfa - <unknown>
[INFO] [stdout]   20:     0x7d3842dc23d4 - clone
[INFO] [stdout]   21:                0x0 - <unknown>
[INFO] [stdout] 
[INFO] [stdout] ---- socket_cleanup_on_exit stdout ----
[INFO] [stdout] 
[INFO] [stdout] thread 'socket_cleanup_on_exit' (4001) panicked at tests/socket.rs:79:29:
[INFO] [stdout] failed to launch /opt/rustwide/workdir/target/debug/examples/socket_test_helper: No such file or directory (os error 2)
[INFO] [stdout] stack backtrace:
[INFO] [stdout]    0:     0x5ece615e7711 - <<std[70759c8f55707aa4]::sys::backtrace::BacktraceLock>::print::DisplayBacktrace as core[df12db4294e9bfd3]::fmt::Display>::fmt
[INFO] [stdout]    1:     0x5ece615fc71a - core[df12db4294e9bfd3]::fmt::write
[INFO] [stdout]    2:     0x5ece615ebe9c - <alloc[2182bb758b4b3781]::vec::Vec<u8> as core[df12db4294e9bfd3]::io::write::Write>::write_fmt
[INFO] [stdout]    3:     0x5ece615c2e06 - std[70759c8f55707aa4]::panicking::default_hook::{closure#0}
[INFO] [stdout]    4:     0x5ece615df669 - std[70759c8f55707aa4]::panicking::default_hook
[INFO] [stdout]    5:     0x5ece61574d60 - test[9d35eded1c95d3be]::test_main_inner::<test[9d35eded1c95d3be]::test_main_static::{closure#0}>::{closure#0}
[INFO] [stdout]    6:     0x5ece615df822 - std[70759c8f55707aa4]::panicking::panic_with_hook
[INFO] [stdout]    7:     0x5ece615c2eb2 - std[70759c8f55707aa4]::panicking::panic_handler::{closure#0}
[INFO] [stdout]    8:     0x5ece615bbb89 - std[70759c8f55707aa4]::sys::backtrace::__rust_end_short_backtrace::<std[70759c8f55707aa4]::panicking::panic_handler::{closure#0}, !>
[INFO] [stdout]    9:     0x5ece615c3b6d - __rustc[8fa7c3cbc660c2b3]::rust_begin_unwind
[INFO] [stdout]   10:     0x5ece615fce4c - core[df12db4294e9bfd3]::panicking::panic_fmt
[INFO] [stdout]   11:     0x5ece61551d9a - socket[8b2afbe1379f0dc5]::launch_helper::{closure#0}
[INFO] [stdout]   12:     0x5ece61552308 - socket[8b2afbe1379f0dc5]::launch_helper
[INFO] [stdout]   13:     0x5ece61556868 - <socket[8b2afbe1379f0dc5]::socket_cleanup_on_exit::{closure#0} as core[df12db4294e9bfd3]::ops::function::FnOnce<()>>::call_once
[INFO] [stdout]   14:     0x5ece6156804b - test[9d35eded1c95d3be]::__rust_begin_short_backtrace::<core[df12db4294e9bfd3]::result::Result<(), alloc[2182bb758b4b3781]::string::String>, fn() -> core[df12db4294e9bfd3]::result::Result<(), alloc[2182bb758b4b3781]::string::String>>
[INFO] [stdout]   15:     0x5ece615756b5 - test[9d35eded1c95d3be]::run_test::{closure#0}
[INFO] [stdout]   16:     0x5ece6156ef74 - std[70759c8f55707aa4]::sys::backtrace::__rust_begin_short_backtrace::<test[9d35eded1c95d3be]::run_test::{closure#1}, ()>
[INFO] [stdout]   17:     0x5ece61578812 - <std[70759c8f55707aa4]::thread::lifecycle::spawn_unchecked<test[9d35eded1c95d3be]::run_test::{closure#1}, ()>::{closure#1} as core[df12db4294e9bfd3]::ops::function::FnOnce<()>>::call_once::{shim:vtable#0}
[INFO] [stdout]   18:     0x5ece615e6df9 - <std[70759c8f55707aa4]::sys::thread::unix::Thread>::new::thread_start
[INFO] [stdout]   19:     0x7d3842d2edfa - <unknown>
[INFO] [stdout]   20:     0x7d3842dc23d4 - clone
[INFO] [stdout]   21:                0x0 - <unknown>
[INFO] [stdout] 
[INFO] [stdout] ---- socket_missing_answer_key stdout ----
[INFO] [stdout] 
[INFO] [stdout] thread 'socket_missing_answer_key' (4006) panicked at tests/socket.rs:79:29:
[INFO] [stdout] failed to launch /opt/rustwide/workdir/target/debug/examples/socket_test_helper: No such file or directory (os error 2)
[INFO] [stdout] stack backtrace:
[INFO] [stdout]    0:     0x5ece615e7711 - <<std[70759c8f55707aa4]::sys::backtrace::BacktraceLock>::print::DisplayBacktrace as core[df12db4294e9bfd3]::fmt::Display>::fmt
[INFO] [stdout]    1:     0x5ece615fc71a - core[df12db4294e9bfd3]::fmt::write
[INFO] [stdout]    2:     0x5ece615ebe9c - <alloc[2182bb758b4b3781]::vec::Vec<u8> as core[df12db4294e9bfd3]::io::write::Write>::write_fmt
[INFO] [stdout]    3:     0x5ece615c2e06 - std[70759c8f55707aa4]::panicking::default_hook::{closure#0}
[INFO] [stdout]    4:     0x5ece615df669 - std[70759c8f55707aa4]::panicking::default_hook
[INFO] [stdout]    5:     0x5ece61574d60 - test[9d35eded1c95d3be]::test_main_inner::<test[9d35eded1c95d3be]::test_main_static::{closure#0}>::{closure#0}
[INFO] [stdout]    6:     0x5ece615df822 - std[70759c8f55707aa4]::panicking::panic_with_hook
[INFO] [stdout]    7:     0x5ece615c2eb2 - std[70759c8f55707aa4]::panicking::panic_handler::{closure#0}
[INFO] [stdout]    8:     0x5ece615bbb89 - std[70759c8f55707aa4]::sys::backtrace::__rust_end_short_backtrace::<std[70759c8f55707aa4]::panicking::panic_handler::{closure#0}, !>
[INFO] [stdout]    9:     0x5ece615c3b6d - __rustc[8fa7c3cbc660c2b3]::rust_begin_unwind
[INFO] [stdout]   10:     0x5ece615fce4c - core[df12db4294e9bfd3]::panicking::panic_fmt
[INFO] [stdout]   11:     0x5ece61551d9a - socket[8b2afbe1379f0dc5]::launch_helper::{closure#0}
[INFO] [stdout]   12:     0x5ece61552308 - socket[8b2afbe1379f0dc5]::launch_helper
[INFO] [stdout]   13:     0x5ece6155887b - <socket[8b2afbe1379f0dc5]::socket_missing_answer_key::{closure#0} as core[df12db4294e9bfd3]::ops::function::FnOnce<()>>::call_once
[INFO] [stdout]   14:     0x5ece6156804b - test[9d35eded1c95d3be]::__rust_begin_short_backtrace::<core[df12db4294e9bfd3]::result::Result<(), alloc[2182bb758b4b3781]::string::String>, fn() -> core[df12db4294e9bfd3]::result::Result<(), alloc[2182bb758b4b3781]::string::String>>
[INFO] [stdout]   15:     0x5ece615756b5 - test[9d35eded1c95d3be]::run_test::{closure#0}
[INFO] [stdout]   16:     0x5ece6156ef74 - std[70759c8f55707aa4]::sys::backtrace::__rust_begin_short_backtrace::<test[9d35eded1c95d3be]::run_test::{closure#1}, ()>
[INFO] [stdout]   17:     0x5ece61578812 - <std[70759c8f55707aa4]::thread::lifecycle::spawn_unchecked<test[9d35eded1c95d3be]::run_test::{closure#1}, ()>::{closure#1} as core[df12db4294e9bfd3]::ops::function::FnOnce<()>>::call_once::{shim:vtable#0}
[INFO] [stdout]   18:     0x5ece615e6df9 - <std[70759c8f55707aa4]::sys::thread::unix::Thread>::new::thread_start
[INFO] [stdout]   19:     0x7d3842d2edfa - <unknown>
[INFO] [stdout]   20:     0x7d3842dc23d4 - clone
[INFO] [stdout]   21:                0x0 - <unknown>
[INFO] [stdout] 
[INFO] [stdout] ---- socket_partial_message_no_newline stdout ----
[INFO] [stdout] 
[INFO] [stdout] thread 'socket_partial_message_no_newline' (4010) panicked at tests/socket.rs:79:29:
[INFO] [stdout] failed to launch /opt/rustwide/workdir/target/debug/examples/socket_test_helper: No such file or directory (os error 2)
[INFO] [stdout] stack backtrace:
[INFO] [stdout]    0:     0x5ece615e7711 - <<std[70759c8f55707aa4]::sys::backtrace::BacktraceLock>::print::DisplayBacktrace as core[df12db4294e9bfd3]::fmt::Display>::fmt
[INFO] [stdout]    1:     0x5ece615fc71a - core[df12db4294e9bfd3]::fmt::write
[INFO] [stdout]    2:     0x5ece615ebe9c - <alloc[2182bb758b4b3781]::vec::Vec<u8> as core[df12db4294e9bfd3]::io::write::Write>::write_fmt
[INFO] [stdout]    3:     0x5ece615c2e06 - std[70759c8f55707aa4]::panicking::default_hook::{closure#0}
[INFO] [stdout]    4:     0x5ece615df669 - std[70759c8f55707aa4]::panicking::default_hook
[INFO] [stdout]    5:     0x5ece61574d60 - test[9d35eded1c95d3be]::test_main_inner::<test[9d35eded1c95d3be]::test_main_static::{closure#0}>::{closure#0}
[INFO] [stdout]    6:     0x5ece615df822 - std[70759c8f55707aa4]::panicking::panic_with_hook
[INFO] [stdout]    7:     0x5ece615c2eb2 - std[70759c8f55707aa4]::panicking::panic_handler::{closure#0}
[INFO] [stdout]    8:     0x5ece615bbb89 - std[70759c8f55707aa4]::sys::backtrace::__rust_end_short_backtrace::<std[70759c8f55707aa4]::panicking::panic_handler::{closure#0}, !>
[INFO] [stdout]    9:     0x5ece615c3b6d - __rustc[8fa7c3cbc660c2b3]::rust_begin_unwind
[INFO] [stdout]   10:     0x5ece615fce4c - core[df12db4294e9bfd3]::panicking::panic_fmt
[INFO] [stdout]   11:     0x5ece61551d9a - socket[8b2afbe1379f0dc5]::launch_helper::{closure#0}
[INFO] [stdout]   12:     0x5ece61552308 - socket[8b2afbe1379f0dc5]::launch_helper
[INFO] [stdout]   13:     0x5ece6155a68c - <socket[8b2afbe1379f0dc5]::socket_partial_message_no_newline::{closure#0} as core[df12db4294e9bfd3]::ops::function::FnOnce<()>>::call_once
[INFO] [stdout]   14:     0x5ece6156804b - test[9d35eded1c95d3be]::__rust_begin_short_backtrace::<core[df12db4294e9bfd3]::result::Result<(), alloc[2182bb758b4b3781]::string::String>, fn() -> core[df12db4294e9bfd3]::result::Result<(), alloc[2182bb758b4b3781]::string::String>>
[INFO] [stdout]   15:     0x5ece615756b5 - test[9d35eded1c95d3be]::run_test::{closure#0}
[INFO] [stdout]   16:     0x5ece6156ef74 - std[70759c8f55707aa4]::sys::backtrace::__rust_begin_short_backtrace::<test[9d35eded1c95d3be]::run_test::{closure#1}, ()>
[INFO] [stdout]   17:     0x5ece61578812 - <std[70759c8f55707aa4]::thread::lifecycle::spawn_unchecked<test[9d35eded1c95d3be]::run_test::{closure#1}, ()>::{closure#1} as core[df12db4294e9bfd3]::ops::function::FnOnce<()>>::call_once::{shim:vtable#0}
[INFO] [stdout]   18:     0x5ece615e6df9 - <std[70759c8f55707aa4]::sys::thread::unix::Thread>::new::thread_start
[INFO] [stdout]   19:     0x7d3842d2edfa - <unknown>
[INFO] [stdout]   20:     0x7d3842dc23d4 - clone
[INFO] [stdout]   21:                0x0 - <unknown>
[INFO] [stdout] 
[INFO] [stdout] ---- socket_multi_prompt stdout ----
[INFO] [stdout] 
[INFO] [stdout] thread 'socket_multi_prompt' (4007) panicked at tests/socket.rs:79:29:
[INFO] [stdout] failed to launch /opt/rustwide/workdir/target/debug/examples/socket_test_helper: No such file or directory (os error 2)
[INFO] [stdout] stack backtrace:
[INFO] [stdout]    0:     0x5ece615e7711 - <<std[70759c8f55707aa4]::sys::backtrace::BacktraceLock>::print::DisplayBacktrace as core[df12db4294e9bfd3]::fmt::Display>::fmt
[INFO] [stdout]    1:     0x5ece615fc71a - core[df12db4294e9bfd3]::fmt::write
[INFO] [stdout]    2:     0x5ece615ebe9c - <alloc[2182bb758b4b3781]::vec::Vec<u8> as core[df12db4294e9bfd3]::io::write::Write>::write_fmt
[INFO] [stdout]    3:     0x5ece615c2e06 - std[70759c8f55707aa4]::panicking::default_hook::{closure#0}
[INFO] [stdout]    4:     0x5ece615df669 - std[70759c8f55707aa4]::panicking::default_hook
[INFO] [stdout]    5:     0x5ece61574d60 - test[9d35eded1c95d3be]::test_main_inner::<test[9d35eded1c95d3be]::test_main_static::{closure#0}>::{closure#0}
[INFO] [stdout]    6:     0x5ece615df822 - std[70759c8f55707aa4]::panicking::panic_with_hook
[INFO] [stdout]    7:     0x5ece615c2eb2 - std[70759c8f55707aa4]::panicking::panic_handler::{closure#0}
[INFO] [stdout]    8:     0x5ece615bbb89 - std[70759c8f55707aa4]::sys::backtrace::__rust_end_short_backtrace::<std[70759c8f55707aa4]::panicking::panic_handler::{closure#0}, !>
[INFO] [stdout]    9:     0x5ece615c3b6d - __rustc[8fa7c3cbc660c2b3]::rust_begin_unwind
[INFO] [stdout]   10:     0x5ece615fce4c - core[df12db4294e9bfd3]::panicking::panic_fmt
[INFO] [stdout]   11:     0x5ece61551d9a - socket[8b2afbe1379f0dc5]::launch_helper::{closure#0}
[INFO] [stdout]   12:     0x5ece61552308 - socket[8b2afbe1379f0dc5]::launch_helper
[INFO] [stdout]   13:     0x5ece61554112 - <socket[8b2afbe1379f0dc5]::socket_multi_prompt::{closure#0} as core[df12db4294e9bfd3]::ops::function::FnOnce<()>>::call_once
[INFO] [stdout]   14:     0x5ece6156804b - test[9d35eded1c95d3be]::__rust_begin_short_backtrace::<core[df12db4294e9bfd3]::result::Result<(), alloc[2182bb758b4b3781]::string::String>, fn() -> core[df12db4294e9bfd3]::result::Result<(), alloc[2182bb758b4b3781]::string::String>>
[INFO] [stdout]   15:     0x5ece615756b5 - test[9d35eded1c95d3be]::run_test::{closure#0}
[INFO] [stdout]   16:     0x5ece6156ef74 - std[70759c8f55707aa4]::sys::backtrace::__rust_begin_short_backtrace::<test[9d35eded1c95d3be]::run_test::{closure#1}, ()>
[INFO] [stdout]   17:     0x5ece61578812 - <std[70759c8f55707aa4]::thread::lifecycle::spawn_unchecked<test[9d35eded1c95d3be]::run_test::{closure#1}, ()>::{closure#1} as core[df12db4294e9bfd3]::ops::function::FnOnce<()>>::call_once::{shim:vtable#0}
[INFO] [stdout]   18:     0x5ece615e6df9 - <std[70759c8f55707aa4]::sys::thread::unix::Thread>::new::thread_start
[INFO] [stdout]   19:     0x7d3842d2edfa - <unknown>
[INFO] [stdout]   20:     0x7d3842dc23d4 - clone
[INFO] [stdout]   21:                0x0 - <unknown>
[INFO] [stdout] 
[INFO] [stdout] 
[INFO] [stdout] failures:
[INFO] [stdout]     socket_basic_prompt
[INFO] [stdout]     socket_cleanup_on_exit
[INFO] [stdout]     socket_cleanup_on_sigterm
[INFO] [stdout]     socket_handshake_ack
[INFO] [stdout]     socket_large_payload
[INFO] [stdout]     socket_missing_answer_key
[INFO] [stdout]     socket_multi_prompt
[INFO] [stdout]     socket_multiple_clients_second_after_first
[INFO] [stdout]     socket_partial_message_no_newline
[INFO] [stdout]     socket_peek_then_answer
[INFO] [stdout]     socket_rapid_reconnection
[INFO] [stdout]     socket_validation_retry
[INFO] [stdout] 
[INFO] [stdout] test result: FAILED. 4 passed; 12 failed; 0 ignored; 0 measured; 0 filtered out; finished in 30.15s
[INFO] [stdout] 
[INFO] [stderr] error: test failed, to rerun pass `--test socket`
[INFO] running `Command { std: "docker" "inspect" "a297233d412dcb736b71d4931813c26986b6dbc3bda56b99647858532fa150a4", kill_on_drop: false }`
[INFO] running `Command { std: "docker" "rm" "-f" "a297233d412dcb736b71d4931813c26986b6dbc3bda56b99647858532fa150a4", kill_on_drop: false }`
[INFO] [stdout] a297233d412dcb736b71d4931813c26986b6dbc3bda56b99647858532fa150a4
