[INFO] fetching crate input-device 0.2.2...
[INFO] testing input-device-0.2.2 against 1.100.0-beta.1+cargoflags=--release for beta-release-1.100-2
[INFO] extracting crate input-device 0.2.2 into /workspace/builds/worker-7-tc2/source
[INFO] started tweaking crates.io crate input-device 0.2.2
[INFO] finished tweaking crates.io crate input-device 0.2.2
[INFO] tweaked toml for crates.io crate input-device 0.2.2 written to /workspace/builds/worker-7-tc2/source/Cargo.toml
[INFO] validating manifest of crates.io crate input-device 0.2.2 on toolchain 1.100.0-beta.1
[INFO] running `Command { std: CARGO_HOME="/workspace/cargo-home" RUSTUP_HOME="/workspace/rustup-home" "/workspace/cargo-home/bin/cargo" "+1.100.0-beta.1" "metadata" "--manifest-path" "Cargo.toml" "--no-deps", kill_on_drop: false }`
[INFO] crate crates.io crate input-device 0.2.2 already has a lockfile, it will not be regenerated
[INFO] running `Command { std: CARGO_HOME="/workspace/cargo-home" RUSTUP_HOME="/workspace/rustup-home" "/workspace/cargo-home/bin/cargo" "+1.100.0-beta.1" "fetch" "--manifest-path" "Cargo.toml", kill_on_drop: false }`
[INFO] running `Command { std: "docker" "create" "-v" "/var/lib/crater-agent-workspace/builds/worker-7-tc2/source:/opt/rustwide/workdir:ro,Z" "-v" "/var/lib/crater-agent-workspace/builds/worker-7-tc2/target:/opt/rustwide/target:rw,Z" "-v" "/var/lib/crater-agent-workspace/cargo-home:/opt/rustwide/cargo-home:ro,Z" "-v" "/var/lib/crater-agent-workspace/rustup-home:/opt/rustwide/rustup-home:ro,Z" "-m" "1610612736" "--network" "none" "ghcr.io/rust-lang/crates-build-env/linux@sha256:77db811e55d90add9212f6832c23229e3de5f1c1f9905e8cb07319ea15df73ac" "sleep" "infinity", kill_on_drop: false }`
[INFO] [stdout] 1a6fcb486fc557c95f1118c8b5537c662cca8b26c246723eb725f9769a7ec299
[INFO] running `Command { std: "docker" "start" "1a6fcb486fc557c95f1118c8b5537c662cca8b26c246723eb725f9769a7ec299", kill_on_drop: false }`
[INFO] running `Command { std: "docker" "inspect" "1a6fcb486fc557c95f1118c8b5537c662cca8b26c246723eb725f9769a7ec299", kill_on_drop: false }`
[INFO] running `Command { std: "docker" "exec" "-e" "SOURCE_DIR=/opt/rustwide/workdir" "-e" "CARGO_HOME=/opt/rustwide/cargo-home" "-e" "RUSTUP_HOME=/opt/rustwide/rustup-home" "-e" "CARGO_TARGET_DIR=/opt/rustwide/target" "-w" "/opt/rustwide/workdir" "--user" "0:0" "1a6fcb486fc557c95f1118c8b5537c662cca8b26c246723eb725f9769a7ec299" "/opt/rustwide/cargo-home/bin/cargo" "+1.100.0-beta.1" "metadata" "--no-deps" "--format-version=1", kill_on_drop: false }`
[INFO] running `Command { std: "docker" "inspect" "1a6fcb486fc557c95f1118c8b5537c662cca8b26c246723eb725f9769a7ec299", kill_on_drop: false }`
[INFO] running `Command { std: "docker" "exec" "-e" "SOURCE_DIR=/opt/rustwide/workdir" "-e" "CARGO_HOME=/opt/rustwide/cargo-home" "-e" "RUSTUP_HOME=/opt/rustwide/rustup-home" "-e" "CARGO_TARGET_DIR=/opt/rustwide/target" "-e" "CARGO_INCREMENTAL=0" "-e" "RUST_BACKTRACE=full" "-e" "RUSTFLAGS=--cap-lints=warn" "-e" "RUSTDOCFLAGS=--cap-lints=warn" "-w" "/opt/rustwide/workdir" "--user" "0:0" "1a6fcb486fc557c95f1118c8b5537c662cca8b26c246723eb725f9769a7ec299" "/opt/rustwide/cargo-home/bin/cargo" "+1.100.0-beta.1" "build" "--frozen" "--message-format=json" "--release", kill_on_drop: false }`
[INFO] [stderr]    Compiling libc v0.2.101
[INFO] [stderr]    Compiling input-device v0.2.2 (/opt/rustwide/workdir)
[INFO] [stdout] warning: hiding a lifetime that's elided elsewhere is confusing
[INFO] [stdout]     --> src/platform/linux/evdev.rs:1093:31
[INFO] [stdout]      |
[INFO] [stdout] 1093 |     pub fn raw_events_no_sync(&mut self) -> RawEventsNoSync {
[INFO] [stdout]      |                               ^^^^^^^^^     ^^^^^^^^^^^^^^^ the same lifetime is hidden here
[INFO] [stdout]      |                               |
[INFO] [stdout]      |                               the lifetime is elided here
[INFO] [stdout]      |
[INFO] [stdout]      = help: the same lifetime is referred to in inconsistent ways, making the signature confusing
[INFO] [stdout]      = note: `#[warn(mismatched_lifetime_syntaxes)]` on by default
[INFO] [stdout] help: use `'_` for type paths
[INFO] [stdout]      |
[INFO] [stdout] 1093 |     pub fn raw_events_no_sync(&mut self) -> RawEventsNoSync<'_> {
[INFO] [stdout]      |                                                            ++++
[INFO] [stdout] 
[INFO] [stdout] 
[INFO] [stderr]     Finished `release` profile [optimized] target(s) in 1.22s
[INFO] running `Command { std: "docker" "inspect" "1a6fcb486fc557c95f1118c8b5537c662cca8b26c246723eb725f9769a7ec299", kill_on_drop: false }`
[INFO] running `Command { std: "docker" "exec" "-e" "SOURCE_DIR=/opt/rustwide/workdir" "-e" "CARGO_HOME=/opt/rustwide/cargo-home" "-e" "RUSTUP_HOME=/opt/rustwide/rustup-home" "-e" "CARGO_TARGET_DIR=/opt/rustwide/target" "-e" "CARGO_INCREMENTAL=0" "-e" "RUST_BACKTRACE=full" "-e" "RUSTFLAGS=--cap-lints=warn" "-e" "RUSTDOCFLAGS=--cap-lints=warn" "-w" "/opt/rustwide/workdir" "--user" "0:0" "1a6fcb486fc557c95f1118c8b5537c662cca8b26c246723eb725f9769a7ec299" "/opt/rustwide/cargo-home/bin/cargo" "+1.100.0-beta.1" "test" "--frozen" "--no-run" "--message-format=json" "--release", kill_on_drop: false }`
[INFO] [stderr]    Compiling poller v0.2.0
[INFO] [stdout] warning: hiding a lifetime that's elided elsewhere is confusing
[INFO] [stdout]     --> src/platform/linux/evdev.rs:1093:31
[INFO] [stdout]      |
[INFO] [stdout] 1093 |     pub fn raw_events_no_sync(&mut self) -> RawEventsNoSync {
[INFO] [stdout]      |                               ^^^^^^^^^     ^^^^^^^^^^^^^^^ the same lifetime is hidden here
[INFO] [stdout]      |                               |
[INFO] [stdout]      |                               the lifetime is elided here
[INFO] [stdout]      |
[INFO] [stdout]      = help: the same lifetime is referred to in inconsistent ways, making the signature confusing
[INFO] [stdout]      = note: `#[warn(mismatched_lifetime_syntaxes)]` on by default
[INFO] [stdout] help: use `'_` for type paths
[INFO] [stdout]      |
[INFO] [stdout] 1093 |     pub fn raw_events_no_sync(&mut self) -> RawEventsNoSync<'_> {
[INFO] [stdout]      |                                                            ++++
[INFO] [stdout] 
[INFO] [stdout] 
[INFO] [stderr]    Compiling input-device v0.2.2 (/opt/rustwide/workdir)
[INFO] [stdout] warning: hiding a lifetime that's elided elsewhere is confusing
[INFO] [stdout]     --> src/platform/linux/evdev.rs:1093:31
[INFO] [stdout]      |
[INFO] [stdout] 1093 |     pub fn raw_events_no_sync(&mut self) -> RawEventsNoSync {
[INFO] [stdout]      |                               ^^^^^^^^^     ^^^^^^^^^^^^^^^ the same lifetime is hidden here
[INFO] [stdout]      |                               |
[INFO] [stdout]      |                               the lifetime is elided here
[INFO] [stdout]      |
[INFO] [stdout]      = help: the same lifetime is referred to in inconsistent ways, making the signature confusing
[INFO] [stdout]      = note: `#[warn(mismatched_lifetime_syntaxes)]` on by default
[INFO] [stdout] help: use `'_` for type paths
[INFO] [stdout]      |
[INFO] [stdout] 1093 |     pub fn raw_events_no_sync(&mut self) -> RawEventsNoSync<'_> {
[INFO] [stdout]      |                                                            ++++
[INFO] [stdout] 
[INFO] [stdout] 
[INFO] [stderr]     Finished `release` profile [optimized] target(s) in 1.12s
[INFO] running `Command { std: "docker" "inspect" "1a6fcb486fc557c95f1118c8b5537c662cca8b26c246723eb725f9769a7ec299", kill_on_drop: false }`
[INFO] running `Command { std: "docker" "exec" "-e" "SOURCE_DIR=/opt/rustwide/workdir" "-e" "CARGO_HOME=/opt/rustwide/cargo-home" "-e" "RUSTUP_HOME=/opt/rustwide/rustup-home" "-e" "CARGO_TARGET_DIR=/opt/rustwide/target" "-e" "CARGO_INCREMENTAL=0" "-e" "RUST_BACKTRACE=full" "-e" "RUSTFLAGS=--cap-lints=warn" "-e" "RUSTDOCFLAGS=--cap-lints=warn" "-w" "/opt/rustwide/workdir" "--user" "0:0" "1a6fcb486fc557c95f1118c8b5537c662cca8b26c246723eb725f9769a7ec299" "/opt/rustwide/cargo-home/bin/cargo" "+1.100.0-beta.1" "test" "--frozen" "--release", kill_on_drop: false }`
[INFO] [stderr] warning: hiding a lifetime that's elided elsewhere is confusing
[INFO] [stderr]     --> src/platform/linux/evdev.rs:1093:31
[INFO] [stderr]      |
[INFO] [stderr] 1093 |     pub fn raw_events_no_sync(&mut self) -> RawEventsNoSync {
[INFO] [stderr]      |                               ^^^^^^^^^     ^^^^^^^^^^^^^^^ the same lifetime is hidden here
[INFO] [stderr]      |                               |
[INFO] [stderr]      |                               the lifetime is elided here
[INFO] [stderr]      |
[INFO] [stderr]      = help: the same lifetime is referred to in inconsistent ways, making the signature confusing
[INFO] [stderr]      = note: `#[warn(mismatched_lifetime_syntaxes)]` on by default
[INFO] [stderr] help: use `'_` for type paths
[INFO] [stderr]      |
[INFO] [stderr] 1093 |     pub fn raw_events_no_sync(&mut self) -> RawEventsNoSync<'_> {
[INFO] [stderr]      |                                                            ++++
[INFO] [stderr] 
[INFO] [stderr] warning: `input-device` (lib) generated 1 warning (run `cargo fix --lib -p input-device` to apply 1 suggestion)
[INFO] [stderr] warning: `input-device` (lib test) generated 1 warning (1 duplicate)
[INFO] [stderr]     Finished `release` profile [optimized] target(s) in 0.02s
[INFO] [stderr]      Running unittests src/lib.rs (/opt/rustwide/target/release/build/input-device/39030b32bd5d01e2/out/input_device-39030b32bd5d01e2)
[INFO] [stdout] 
[INFO] [stdout] running 2 tests
[INFO] [stdout] test tests::num ... ok
[INFO] [stdout] test platform::linux::evdev::tests::test_device ... FAILED
[INFO] [stdout] 
[INFO] [stdout] failures:
[INFO] [stdout] 
[INFO] [stdout] ---- platform::linux::evdev::tests::test_device stdout ----
[INFO] [stdout] 
[INFO] [stdout] thread 'platform::linux::evdev::tests::test_device' (218) panicked at src/platform/linux/evdev.rs:1235:57:
[INFO] [stdout] called `Result::unwrap()` on an `Err` value: Os { code: 2, kind: NotFound, message: "No such file or directory" }
[INFO] [stdout] stack backtrace:
[INFO] [stdout]    0:     0x642372958f61 - <<std[617be2ca0a6fd877]::sys::backtrace::BacktraceLock>::print::DisplayBacktrace as core[a373ad73a504971]::fmt::Display>::fmt
[INFO] [stdout]    1:     0x64237296ce5a - core[a373ad73a504971]::fmt::write
[INFO] [stdout]    2:     0x64237295d17c - <alloc[2e1b2a31b91974c5]::vec::Vec<u8> as core[a373ad73a504971]::io::write::Write>::write_fmt
[INFO] [stdout]    3:     0x642372935346 - std[617be2ca0a6fd877]::panicking::default_hook::{closure#0}
[INFO] [stdout]    4:     0x6423729515f9 - std[617be2ca0a6fd877]::panicking::default_hook
[INFO] [stdout]    5:     0x6423728edc20 - test[aada8e7e76ba119b]::test_main_inner::{closure#0}
[INFO] [stdout]    6:     0x6423729517b2 - std[617be2ca0a6fd877]::panicking::panic_with_hook
[INFO] [stdout]    7:     0x6423729353f2 - std[617be2ca0a6fd877]::panicking::panic_handler::{closure#0}
[INFO] [stdout]    8:     0x64237292e109 - std[617be2ca0a6fd877]::sys::backtrace::__rust_end_short_backtrace::<std[617be2ca0a6fd877]::panicking::panic_handler::{closure#0}, !>
[INFO] [stdout]    9:     0x642372935ffd - __rustc[ea4f61d10b84890b]::rust_begin_unwind
[INFO] [stdout]   10:     0x64237296d58c - core[a373ad73a504971]::panicking::panic_fmt
[INFO] [stdout]   11:     0x64237296d362 - core[a373ad73a504971]::result::unwrap_failed
[INFO] [stdout]   12:     0x6423728e0fae - <input_device[4433c33702c12ec9]::platform::linux::evdev::tests::test_device::{closure#0} as core[a373ad73a504971]::ops::function::FnOnce<()>>::call_once
[INFO] [stdout]   13:     0x6423728e106b - test[aada8e7e76ba119b]::__rust_begin_short_backtrace::<core[a373ad73a504971]::result::Result<(), alloc[2e1b2a31b91974c5]::string::String>, fn() -> core[a373ad73a504971]::result::Result<(), alloc[2e1b2a31b91974c5]::string::String>>
[INFO] [stdout]   14:     0x6423728ee245 - test[aada8e7e76ba119b]::run_test::{closure#0}
[INFO] [stdout]   15:     0x6423728e7b34 - std[617be2ca0a6fd877]::sys::backtrace::__rust_begin_short_backtrace::<test[aada8e7e76ba119b]::run_test::{closure#1}, ()>
[INFO] [stdout]   16:     0x6423728f12d2 - <std[617be2ca0a6fd877]::thread::lifecycle::spawn_unchecked<test[aada8e7e76ba119b]::run_test::{closure#1}, ()>::{closure#1} as core[a373ad73a504971]::ops::function::FnOnce<()>>::call_once::{shim:vtable#0}
[INFO] [stdout]   17:     0x6423729587bf - <std[617be2ca0a6fd877]::sys::thread::unix::Thread>::new::thread_start
[INFO] [stdout]   18:     0x70f882052dfa - <unknown>
[INFO] [stdout]   19:     0x70f8820e63d4 - clone
[INFO] [stdout]   20:                0x0 - <unknown>
[INFO] [stdout] 
[INFO] [stdout] 
[INFO] [stdout] failures:
[INFO] [stdout]     platform::linux::evdev::tests::test_device
[INFO] [stdout] 
[INFO] [stdout] test result: FAILED. 1 passed; 1 failed; 0 ignored; 0 measured; 0 filtered out; finished in 0.00s
[INFO] [stdout] 
[INFO] [stderr] error: test failed, to rerun pass `--lib`
[INFO] running `Command { std: "docker" "inspect" "1a6fcb486fc557c95f1118c8b5537c662cca8b26c246723eb725f9769a7ec299", kill_on_drop: false }`
[INFO] running `Command { std: "docker" "rm" "-f" "1a6fcb486fc557c95f1118c8b5537c662cca8b26c246723eb725f9769a7ec299", kill_on_drop: false }`
[INFO] [stdout] 1a6fcb486fc557c95f1118c8b5537c662cca8b26c246723eb725f9769a7ec299
