[INFO] fetching crate inout_port-rs 0.1.1...
[INFO] testing inout_port-rs-0.1.1 against 1.99.0-beta.8+cargoflags=--release for beta-release-1.100-2
[INFO] extracting crate inout_port-rs 0.1.1 into /workspace/builds/worker-3-tc1/source
[INFO] started tweaking crates.io crate inout_port-rs 0.1.1
[INFO] finished tweaking crates.io crate inout_port-rs 0.1.1
[INFO] tweaked toml for crates.io crate inout_port-rs 0.1.1 written to /workspace/builds/worker-3-tc1/source/Cargo.toml
[INFO] validating manifest of crates.io crate inout_port-rs 0.1.1 on toolchain 1.99.0-beta.8
[INFO] running `Command { std: CARGO_HOME="/workspace/cargo-home" RUSTUP_HOME="/workspace/rustup-home" "/workspace/cargo-home/bin/cargo" "+1.99.0-beta.8" "metadata" "--manifest-path" "Cargo.toml" "--no-deps", kill_on_drop: false }`
[INFO] running `Command { std: CARGO_HOME="/workspace/cargo-home" RUSTUP_HOME="/workspace/rustup-home" "/workspace/cargo-home/bin/cargo" "+1.99.0-beta.8" "generate-lockfile" "--manifest-path" "Cargo.toml", kill_on_drop: false }`
[INFO] running `Command { std: CARGO_HOME="/workspace/cargo-home" RUSTUP_HOME="/workspace/rustup-home" "/workspace/cargo-home/bin/cargo" "+1.99.0-beta.8" "fetch" "--manifest-path" "Cargo.toml", kill_on_drop: false }`
[INFO] running `Command { std: "docker" "create" "-v" "/var/lib/crater-agent-workspace/builds/worker-3-tc1/source:/opt/rustwide/workdir:ro,Z" "-v" "/var/lib/crater-agent-workspace/builds/worker-3-tc1/target:/opt/rustwide/target:rw,Z" "-v" "/var/lib/crater-agent-workspace/cargo-home:/opt/rustwide/cargo-home:ro,Z" "-v" "/var/lib/crater-agent-workspace/rustup-home:/opt/rustwide/rustup-home:ro,Z" "-m" "1610612736" "--network" "none" "ghcr.io/rust-lang/crates-build-env/linux@sha256:77db811e55d90add9212f6832c23229e3de5f1c1f9905e8cb07319ea15df73ac" "sleep" "infinity", kill_on_drop: false }`
[INFO] [stdout] 9ba3612a12fa7d4ee702fe0cb70c7127b3c75b0ce8fba59ca5ee2c0faa08f78c
[INFO] running `Command { std: "docker" "start" "9ba3612a12fa7d4ee702fe0cb70c7127b3c75b0ce8fba59ca5ee2c0faa08f78c", kill_on_drop: false }`
[INFO] running `Command { std: "docker" "inspect" "9ba3612a12fa7d4ee702fe0cb70c7127b3c75b0ce8fba59ca5ee2c0faa08f78c", kill_on_drop: false }`
[INFO] running `Command { std: "docker" "exec" "-e" "SOURCE_DIR=/opt/rustwide/workdir" "-e" "CARGO_HOME=/opt/rustwide/cargo-home" "-e" "RUSTUP_HOME=/opt/rustwide/rustup-home" "-e" "CARGO_TARGET_DIR=/opt/rustwide/target" "-w" "/opt/rustwide/workdir" "--user" "0:0" "9ba3612a12fa7d4ee702fe0cb70c7127b3c75b0ce8fba59ca5ee2c0faa08f78c" "/opt/rustwide/cargo-home/bin/cargo" "+1.99.0-beta.8" "metadata" "--no-deps" "--format-version=1", kill_on_drop: false }`
[INFO] running `Command { std: "docker" "inspect" "9ba3612a12fa7d4ee702fe0cb70c7127b3c75b0ce8fba59ca5ee2c0faa08f78c", kill_on_drop: false }`
[INFO] running `Command { std: "docker" "exec" "-e" "SOURCE_DIR=/opt/rustwide/workdir" "-e" "CARGO_HOME=/opt/rustwide/cargo-home" "-e" "RUSTUP_HOME=/opt/rustwide/rustup-home" "-e" "CARGO_TARGET_DIR=/opt/rustwide/target" "-e" "CARGO_INCREMENTAL=0" "-e" "RUST_BACKTRACE=full" "-e" "RUSTFLAGS=--cap-lints=warn" "-e" "RUSTDOCFLAGS=--cap-lints=warn" "-w" "/opt/rustwide/workdir" "--user" "0:0" "9ba3612a12fa7d4ee702fe0cb70c7127b3c75b0ce8fba59ca5ee2c0faa08f78c" "/opt/rustwide/cargo-home/bin/cargo" "+1.99.0-beta.8" "build" "--frozen" "--message-format=json" "--release", kill_on_drop: false }`
[INFO] [stderr]    Compiling inout_port-rs v0.1.1 (/opt/rustwide/workdir)
[INFO] [stderr]     Finished `release` profile [optimized] target(s) in 0.13s
[INFO] running `Command { std: "docker" "inspect" "9ba3612a12fa7d4ee702fe0cb70c7127b3c75b0ce8fba59ca5ee2c0faa08f78c", kill_on_drop: false }`
[INFO] running `Command { std: "docker" "exec" "-e" "SOURCE_DIR=/opt/rustwide/workdir" "-e" "CARGO_HOME=/opt/rustwide/cargo-home" "-e" "RUSTUP_HOME=/opt/rustwide/rustup-home" "-e" "CARGO_TARGET_DIR=/opt/rustwide/target" "-e" "CARGO_INCREMENTAL=0" "-e" "RUST_BACKTRACE=full" "-e" "RUSTFLAGS=--cap-lints=warn" "-e" "RUSTDOCFLAGS=--cap-lints=warn" "-w" "/opt/rustwide/workdir" "--user" "0:0" "9ba3612a12fa7d4ee702fe0cb70c7127b3c75b0ce8fba59ca5ee2c0faa08f78c" "/opt/rustwide/cargo-home/bin/cargo" "+1.99.0-beta.8" "test" "--frozen" "--no-run" "--message-format=json" "--release", kill_on_drop: false }`
[INFO] [stderr]    Compiling inout_port-rs v0.1.1 (/opt/rustwide/workdir)
[INFO] [stderr]     Finished `release` profile [optimized] target(s) in 0.39s
[INFO] running `Command { std: "docker" "inspect" "9ba3612a12fa7d4ee702fe0cb70c7127b3c75b0ce8fba59ca5ee2c0faa08f78c", kill_on_drop: false }`
[INFO] running `Command { std: "docker" "exec" "-e" "SOURCE_DIR=/opt/rustwide/workdir" "-e" "CARGO_HOME=/opt/rustwide/cargo-home" "-e" "RUSTUP_HOME=/opt/rustwide/rustup-home" "-e" "CARGO_TARGET_DIR=/opt/rustwide/target" "-e" "CARGO_INCREMENTAL=0" "-e" "RUST_BACKTRACE=full" "-e" "RUSTFLAGS=--cap-lints=warn" "-e" "RUSTDOCFLAGS=--cap-lints=warn" "-w" "/opt/rustwide/workdir" "--user" "0:0" "9ba3612a12fa7d4ee702fe0cb70c7127b3c75b0ce8fba59ca5ee2c0faa08f78c" "/opt/rustwide/cargo-home/bin/cargo" "+1.99.0-beta.8" "test" "--frozen" "--release", kill_on_drop: false }`
[INFO] [stderr]     Finished `release` profile [optimized] target(s) in 0.01s
[INFO] [stderr]      Running unittests src/lib.rs (/opt/rustwide/target/release/deps/inout_port_rs-f2598a3300a60405)
[INFO] [stdout] 
[INFO] [stdout] running 0 tests
[INFO] [stdout] 
[INFO] [stdout] test result: ok. 0 passed; 0 failed; 0 ignored; 0 measured; 0 filtered out; finished in 0.00s
[INFO] [stdout] 
[INFO] [stderr]      Running tests/basic.rs (/opt/rustwide/target/release/deps/basic-303e5b0e0ca39529)
[INFO] [stdout] 
[INFO] [stdout] running 7 tests
[INFO] [stdout] test tests::test_float_work_success ... ok
[INFO] [stdout] test tests::test_result_work_success ... ok
[INFO] [stdout] test tests::test_option_work_success ... ok
[INFO] [stdout] test tests::test_reference_work_success ... ok
[INFO] [stdout] test tests::test_integer_work_success ... ok
[INFO] [stdout] test tests::test_sizeoftype_equal_sucess ... ok
[INFO] [stdout] test tests::test_str_work_success ... FAILED
[INFO] [stdout] 
[INFO] [stdout] failures:
[INFO] [stdout] 
[INFO] [stdout] ---- tests::test_str_work_success stdout ----
[INFO] [stdout] 
[INFO] [stdout] thread 'tests::test_str_work_success' (183) panicked at tests/basic.rs:190:13:
[INFO] [stdout] assertion `left != right` failed
[INFO] [stdout]   left: 0x6060b6702cb0
[INFO] [stdout]  right: 0x6060b6702cb0
[INFO] [stdout] stack backtrace:
[INFO] [stdout]    0:     0x6060b66e4f91 - <<std[70759c8f55707aa4]::sys::backtrace::BacktraceLock>::print::DisplayBacktrace as core[df12db4294e9bfd3]::fmt::Display>::fmt
[INFO] [stdout]    1:     0x6060b66f916a - core[df12db4294e9bfd3]::fmt::write
[INFO] [stdout]    2:     0x6060b66e942c - <alloc[2182bb758b4b3781]::vec::Vec<u8> as core[df12db4294e9bfd3]::io::write::Write>::write_fmt
[INFO] [stdout]    3:     0x6060b66c1586 - std[70759c8f55707aa4]::panicking::default_hook::{closure#0}
[INFO] [stdout]    4:     0x6060b66dd6f9 - std[70759c8f55707aa4]::panicking::default_hook
[INFO] [stdout]    5:     0x6060b6679b80 - test[9d35eded1c95d3be]::test_main_inner::<test[9d35eded1c95d3be]::test_main_static::{closure#0}>::{closure#0}
[INFO] [stdout]    6:     0x6060b66dd8b2 - std[70759c8f55707aa4]::panicking::panic_with_hook
[INFO] [stdout]    7:     0x6060b66c1632 - std[70759c8f55707aa4]::panicking::panic_handler::{closure#0}
[INFO] [stdout]    8:     0x6060b66ba3b9 - std[70759c8f55707aa4]::sys::backtrace::__rust_end_short_backtrace::<std[70759c8f55707aa4]::panicking::panic_handler::{closure#0}, !>
[INFO] [stdout]    9:     0x6060b66c222d - __rustc[8fa7c3cbc660c2b3]::rust_begin_unwind
[INFO] [stdout]   10:     0x6060b66f989c - core[df12db4294e9bfd3]::panicking::panic_fmt
[INFO] [stdout]   11:     0x6060b66f97b3 - core[df12db4294e9bfd3]::panicking::assert_failed_inner
[INFO] [stdout]   12:     0x6060b666cd26 - core[df12db4294e9bfd3]::panicking::assert_failed::<*const &str, *const &str>
[INFO] [stdout]   13:     0x6060b666cdfe - <basic[906f3465cef701ee]::tests::test_str_work_success::{closure#0} as core[df12db4294e9bfd3]::ops::function::FnOnce<()>>::call_once
[INFO] [stdout]   14:     0x6060b666ce6b - test[9d35eded1c95d3be]::__rust_begin_short_backtrace::<core[df12db4294e9bfd3]::result::Result<(), alloc[2182bb758b4b3781]::string::String>, fn() -> core[df12db4294e9bfd3]::result::Result<(), alloc[2182bb758b4b3781]::string::String>>
[INFO] [stdout]   15:     0x6060b667a4d5 - test[9d35eded1c95d3be]::run_test::{closure#0}
[INFO] [stdout]   16:     0x6060b6673d94 - std[70759c8f55707aa4]::sys::backtrace::__rust_begin_short_backtrace::<test[9d35eded1c95d3be]::run_test::{closure#1}, ()>
[INFO] [stdout]   17:     0x6060b667d632 - <std[70759c8f55707aa4]::thread::lifecycle::spawn_unchecked<test[9d35eded1c95d3be]::run_test::{closure#1}, ()>::{closure#1} as core[df12db4294e9bfd3]::ops::function::FnOnce<()>>::call_once::{shim:vtable#0}
[INFO] [stdout]   18:     0x6060b66e4869 - <std[70759c8f55707aa4]::sys::thread::unix::Thread>::new::thread_start
[INFO] [stdout]   19:     0x77a536f18dfa - <unknown>
[INFO] [stdout]   20:     0x77a536fac3d4 - clone
[INFO] [stdout]   21:                0x0 - <unknown>
[INFO] [stdout] 
[INFO] [stdout] 
[INFO] [stdout] failures:
[INFO] [stdout]     tests::test_str_work_success
[INFO] [stdout] 
[INFO] [stdout] test result: FAILED. 6 passed; 1 failed; 0 ignored; 0 measured; 0 filtered out; finished in 0.00s
[INFO] [stdout] 
[INFO] [stderr] error: test failed, to rerun pass `--test basic`
[INFO] running `Command { std: "docker" "inspect" "9ba3612a12fa7d4ee702fe0cb70c7127b3c75b0ce8fba59ca5ee2c0faa08f78c", kill_on_drop: false }`
[INFO] running `Command { std: "docker" "rm" "-f" "9ba3612a12fa7d4ee702fe0cb70c7127b3c75b0ce8fba59ca5ee2c0faa08f78c", kill_on_drop: false }`
[INFO] [stdout] 9ba3612a12fa7d4ee702fe0cb70c7127b3c75b0ce8fba59ca5ee2c0faa08f78c
