[INFO] fetching crate ink-analyzer-macro 0.7.3...
[INFO] testing ink-analyzer-macro-0.7.3 against 1.99.0-beta.8+cargoflags=--release for beta-release-1.100-2
[INFO] extracting crate ink-analyzer-macro 0.7.3 into /workspace/builds/worker-6-tc1/source
[INFO] started tweaking crates.io crate ink-analyzer-macro 0.7.3
[INFO] finished tweaking crates.io crate ink-analyzer-macro 0.7.3
[INFO] tweaked toml for crates.io crate ink-analyzer-macro 0.7.3 written to /workspace/builds/worker-6-tc1/source/Cargo.toml
[INFO] validating manifest of crates.io crate ink-analyzer-macro 0.7.3 on toolchain 1.99.0-beta.8
[INFO] running `Command { std: CARGO_HOME="/workspace/cargo-home" RUSTUP_HOME="/workspace/rustup-home" "/workspace/cargo-home/bin/cargo" "+1.99.0-beta.8" "metadata" "--manifest-path" "Cargo.toml" "--no-deps", kill_on_drop: false }`
[INFO] crate crates.io crate ink-analyzer-macro 0.7.3 already has a lockfile, it will not be regenerated
[INFO] running `Command { std: CARGO_HOME="/workspace/cargo-home" RUSTUP_HOME="/workspace/rustup-home" "/workspace/cargo-home/bin/cargo" "+1.99.0-beta.8" "fetch" "--manifest-path" "Cargo.toml", kill_on_drop: false }`
[INFO] [stderr]     Blocking waiting for file lock on package cache
[INFO] running `Command { std: "docker" "create" "-v" "/var/lib/crater-agent-workspace/builds/worker-6-tc1/source:/opt/rustwide/workdir:ro,Z" "-v" "/var/lib/crater-agent-workspace/builds/worker-6-tc1/target:/opt/rustwide/target:rw,Z" "-v" "/var/lib/crater-agent-workspace/cargo-home:/opt/rustwide/cargo-home:ro,Z" "-v" "/var/lib/crater-agent-workspace/rustup-home:/opt/rustwide/rustup-home:ro,Z" "-m" "1610612736" "--network" "none" "ghcr.io/rust-lang/crates-build-env/linux@sha256:77db811e55d90add9212f6832c23229e3de5f1c1f9905e8cb07319ea15df73ac" "sleep" "infinity", kill_on_drop: false }`
[INFO] [stdout] 814e5d43d2b0e7c55f722f10e2de5fb9063abd90944e0a1b1621721532e528ad
[INFO] running `Command { std: "docker" "start" "814e5d43d2b0e7c55f722f10e2de5fb9063abd90944e0a1b1621721532e528ad", kill_on_drop: false }`
[INFO] running `Command { std: "docker" "inspect" "814e5d43d2b0e7c55f722f10e2de5fb9063abd90944e0a1b1621721532e528ad", kill_on_drop: false }`
[INFO] running `Command { std: "docker" "exec" "-e" "SOURCE_DIR=/opt/rustwide/workdir" "-e" "CARGO_HOME=/opt/rustwide/cargo-home" "-e" "RUSTUP_HOME=/opt/rustwide/rustup-home" "-e" "CARGO_TARGET_DIR=/opt/rustwide/target" "-w" "/opt/rustwide/workdir" "--user" "0:0" "814e5d43d2b0e7c55f722f10e2de5fb9063abd90944e0a1b1621721532e528ad" "/opt/rustwide/cargo-home/bin/cargo" "+1.99.0-beta.8" "metadata" "--no-deps" "--format-version=1", kill_on_drop: false }`
[INFO] running `Command { std: "docker" "inspect" "814e5d43d2b0e7c55f722f10e2de5fb9063abd90944e0a1b1621721532e528ad", kill_on_drop: false }`
[INFO] running `Command { std: "docker" "exec" "-e" "SOURCE_DIR=/opt/rustwide/workdir" "-e" "CARGO_HOME=/opt/rustwide/cargo-home" "-e" "RUSTUP_HOME=/opt/rustwide/rustup-home" "-e" "CARGO_TARGET_DIR=/opt/rustwide/target" "-e" "CARGO_INCREMENTAL=0" "-e" "RUST_BACKTRACE=full" "-e" "RUSTFLAGS=--cap-lints=warn" "-e" "RUSTDOCFLAGS=--cap-lints=warn" "-w" "/opt/rustwide/workdir" "--user" "0:0" "814e5d43d2b0e7c55f722f10e2de5fb9063abd90944e0a1b1621721532e528ad" "/opt/rustwide/cargo-home/bin/cargo" "+1.99.0-beta.8" "build" "--frozen" "--message-format=json" "--release", kill_on_drop: false }`
[INFO] [stderr]    Compiling proc-macro2 v1.0.101
[INFO] [stderr]    Compiling quote v1.0.41
[INFO] [stderr]    Compiling syn v2.0.107
[INFO] [stderr]    Compiling darling_core v0.20.11
[INFO] [stderr]    Compiling darling_macro v0.20.11
[INFO] [stderr]    Compiling darling v0.20.11
[INFO] [stderr]    Compiling ink-analyzer-macro v0.7.3 (/opt/rustwide/workdir)
[INFO] [stderr]     Finished `release` profile [optimized] target(s) in 10.35s
[INFO] running `Command { std: "docker" "inspect" "814e5d43d2b0e7c55f722f10e2de5fb9063abd90944e0a1b1621721532e528ad", kill_on_drop: false }`
[INFO] running `Command { std: "docker" "exec" "-e" "SOURCE_DIR=/opt/rustwide/workdir" "-e" "CARGO_HOME=/opt/rustwide/cargo-home" "-e" "RUSTUP_HOME=/opt/rustwide/rustup-home" "-e" "CARGO_TARGET_DIR=/opt/rustwide/target" "-e" "CARGO_INCREMENTAL=0" "-e" "RUST_BACKTRACE=full" "-e" "RUSTFLAGS=--cap-lints=warn" "-e" "RUSTDOCFLAGS=--cap-lints=warn" "-w" "/opt/rustwide/workdir" "--user" "0:0" "814e5d43d2b0e7c55f722f10e2de5fb9063abd90944e0a1b1621721532e528ad" "/opt/rustwide/cargo-home/bin/cargo" "+1.99.0-beta.8" "test" "--frozen" "--no-run" "--message-format=json" "--release", kill_on_drop: false }`
[INFO] [stderr]    Compiling ink-analyzer-macro v0.7.3 (/opt/rustwide/workdir)
[INFO] [stderr]     Finished `release` profile [optimized] target(s) in 3.03s
[INFO] running `Command { std: "docker" "inspect" "814e5d43d2b0e7c55f722f10e2de5fb9063abd90944e0a1b1621721532e528ad", kill_on_drop: false }`
[INFO] running `Command { std: "docker" "exec" "-e" "SOURCE_DIR=/opt/rustwide/workdir" "-e" "CARGO_HOME=/opt/rustwide/cargo-home" "-e" "RUSTUP_HOME=/opt/rustwide/rustup-home" "-e" "CARGO_TARGET_DIR=/opt/rustwide/target" "-e" "CARGO_INCREMENTAL=0" "-e" "RUST_BACKTRACE=full" "-e" "RUSTFLAGS=--cap-lints=warn" "-e" "RUSTDOCFLAGS=--cap-lints=warn" "-w" "/opt/rustwide/workdir" "--user" "0:0" "814e5d43d2b0e7c55f722f10e2de5fb9063abd90944e0a1b1621721532e528ad" "/opt/rustwide/cargo-home/bin/cargo" "+1.99.0-beta.8" "test" "--frozen" "--release", kill_on_drop: false }`
[INFO] [stderr]     Finished `release` profile [optimized] target(s) in 0.02s
[INFO] [stderr]      Running unittests src/lib.rs (/opt/rustwide/target/release/deps/ink_analyzer_macro-cf37dc651e23146d)
[INFO] [stdout] 
[INFO] [stdout] running 9 tests
[INFO] [stdout] test entity::tests::macro_kind_entity_works ... ok
[INFO] [stdout] test entity::tests::call_entity_works ... ok
[INFO] [stdout] test entity::tests::initializer_attributes_works ... ok
[INFO] [stdout] test entity::tests::invalid_initializer_args_fails ... ok
[INFO] [stdout] test entity::tests::invalid_macro_args_fails ... ok
[INFO] [stdout] test entity::tests::no_ast_field_fails ... ok
[INFO] [stdout] test entity::tests::ast_only_works ... ok
[INFO] [stdout] test entity::tests::arg_kind_entity_works ... ok
[INFO] [stdout] test entity::tests::descendant_fields_works ... ok
[INFO] [stdout] 
[INFO] [stdout] test result: ok. 9 passed; 0 failed; 0 ignored; 0 measured; 0 filtered out; finished in 0.01s
[INFO] [stdout] 
[INFO] [stderr]    Doc-tests ink_analyzer_macro
[INFO] [stdout] 
[INFO] [stdout] running 2 tests
[INFO] [stdout] test src/lib.rs - (line 6) ... FAILED
[INFO] [stdout] test src/lib.rs - entity (line 77) ... FAILED
[INFO] [stdout] 
[INFO] [stdout] failures:
[INFO] [stdout] 
[INFO] [stdout] ---- src/lib.rs - (line 6) stdout ----
[INFO] [stdout] error[E0432]: unresolved import `ink_analyzer_ir`
[INFO] [stdout]  --> src/lib.rs:8:5
[INFO] [stdout]   |
[INFO] [stdout] 8 | use ink_analyzer_ir::{Event, Message, Storage};
[INFO] [stdout]   |     ^^^^^^^^^^^^^^^ use of unresolved module or unlinked crate `ink_analyzer_ir`
[INFO] [stdout]   |
[INFO] [stdout] help: there is a crate or module with a similar name
[INFO] [stdout]   |
[INFO] [stdout] 8 - use ink_analyzer_ir::{Event, Message, Storage};
[INFO] [stdout] 8 + use ink_analyzer_macro::{Event, Message, Storage};
[INFO] [stdout]   |
[INFO] [stdout] 
[INFO] [stdout] error[E0433]: cannot find module or crate `ink_analyzer_ir` in this scope
[INFO] [stdout]   --> src/lib.rs:11:1
[INFO] [stdout]    |
[INFO] [stdout] 11 | #[ink_analyzer_macro::entity(macro_kind = Contract)]
[INFO] [stdout]    | ^^^^^^^^^^^^^^^^^^^^^^^^^^^^^^^^^^^^^^^^^^^^^^^^^^^^ use of unresolved module or unlinked crate `ink_analyzer_ir`
[INFO] [stdout]    |
[INFO] [stdout]    = note: this error originates in the attribute macro `ink_analyzer_macro::entity` (in Nightly builds, run with -Z macro-backtrace for more info)
[INFO] [stdout] help: there is a crate or module with a similar name
[INFO] [stdout]    |
[INFO] [stdout] 11 - #[ink_analyzer_macro::entity(macro_kind = Contract)]
[INFO] [stdout] 11 + ink_analyzer_macro
[INFO] [stdout]    |
[INFO] [stdout] 
[INFO] [stdout] error[E0432]: unresolved import `ink_analyzer_ir`
[INFO] [stdout]  --> src/lib.rs:9:5
[INFO] [stdout]   |
[INFO] [stdout] 9 | use ink_analyzer_ir::ast;
[INFO] [stdout]   |     ^^^^^^^^^^^^^^^ use of unresolved module or unlinked crate `ink_analyzer_ir`
[INFO] [stdout]   |
[INFO] [stdout] help: there is a crate or module with a similar name
[INFO] [stdout]   |
[INFO] [stdout] 9 - use ink_analyzer_ir::ast;
[INFO] [stdout] 9 + use ink_analyzer_macro::ast;
[INFO] [stdout]   |
[INFO] [stdout] 
[INFO] [stdout] error[E0433]: cannot find module or crate `ink_analyzer_ir` in this scope
[INFO] [stdout]   --> src/lib.rs:17:26
[INFO] [stdout]    |
[INFO] [stdout] 17 |     #[initializer(call = ink_analyzer_ir::ink_callable_closest_descendants)]
[INFO] [stdout]    |                          ^^^^^^^^^^^^^^^ use of unresolved module or unlinked crate `ink_analyzer_ir`
[INFO] [stdout]    |
[INFO] [stdout] help: there is a crate or module with a similar name
[INFO] [stdout]    |
[INFO] [stdout] 17 -     #[initializer(call = ink_analyzer_ir::ink_callable_closest_descendants)]
[INFO] [stdout] 17 +     #[initializer(call = ink_analyzer_macro::ink_callable_closest_descendants)]
[INFO] [stdout]    |
[INFO] [stdout] 
[INFO] [stdout] error: aborting due to 4 previous errors
[INFO] [stdout] 
[INFO] [stdout] Some errors have detailed explanations: E0432, E0433.
[INFO] [stdout] For more information about an error, try `rustc --explain E0432`.
[INFO] [stdout] Couldn't compile the test.
[INFO] [stdout] ---- src/lib.rs - entity (line 77) stdout ----
[INFO] [stdout] error[E0432]: unresolved import `ink_analyzer_ir`
[INFO] [stdout]   --> src/lib.rs:79:5
[INFO] [stdout]    |
[INFO] [stdout] 79 | use ink_analyzer_ir::{Event, Message, Storage};
[INFO] [stdout]    |     ^^^^^^^^^^^^^^^ use of unresolved module or unlinked crate `ink_analyzer_ir`
[INFO] [stdout]    |
[INFO] [stdout] help: there is a crate or module with a similar name
[INFO] [stdout]    |
[INFO] [stdout] 79 - use ink_analyzer_ir::{Event, Message, Storage};
[INFO] [stdout] 79 + use ink_analyzer_macro::{Event, Message, Storage};
[INFO] [stdout]    |
[INFO] [stdout] 
[INFO] [stdout] error[E0433]: cannot find module or crate `ink_analyzer_ir` in this scope
[INFO] [stdout]   --> src/lib.rs:82:1
[INFO] [stdout]    |
[INFO] [stdout] 82 | #[ink_analyzer_macro::entity(macro_kind = Contract)]
[INFO] [stdout]    | ^^^^^^^^^^^^^^^^^^^^^^^^^^^^^^^^^^^^^^^^^^^^^^^^^^^^ use of unresolved module or unlinked crate `ink_analyzer_ir`
[INFO] [stdout]    |
[INFO] [stdout]    = note: this error originates in the attribute macro `ink_analyzer_macro::entity` (in Nightly builds, run with -Z macro-backtrace for more info)
[INFO] [stdout] help: there is a crate or module with a similar name
[INFO] [stdout]    |
[INFO] [stdout] 82 - #[ink_analyzer_macro::entity(macro_kind = Contract)]
[INFO] [stdout] 82 + ink_analyzer_macro
[INFO] [stdout]    |
[INFO] [stdout] 
[INFO] [stdout] error[E0432]: unresolved import `ink_analyzer_ir`
[INFO] [stdout]   --> src/lib.rs:80:5
[INFO] [stdout]    |
[INFO] [stdout] 80 | use ink_analyzer_ir::ast;
[INFO] [stdout]    |     ^^^^^^^^^^^^^^^ use of unresolved module or unlinked crate `ink_analyzer_ir`
[INFO] [stdout]    |
[INFO] [stdout] help: there is a crate or module with a similar name
[INFO] [stdout]    |
[INFO] [stdout] 80 - use ink_analyzer_ir::ast;
[INFO] [stdout] 80 + use ink_analyzer_macro::ast;
[INFO] [stdout]    |
[INFO] [stdout] 
[INFO] [stdout] error[E0433]: cannot find module or crate `ink_analyzer_ir` in this scope
[INFO] [stdout]   --> src/lib.rs:88:26
[INFO] [stdout]    |
[INFO] [stdout] 88 |     #[initializer(call = ink_analyzer_ir::ink_callable_closest_descendants)]
[INFO] [stdout]    |                          ^^^^^^^^^^^^^^^ use of unresolved module or unlinked crate `ink_analyzer_ir`
[INFO] [stdout]    |
[INFO] [stdout] help: there is a crate or module with a similar name
[INFO] [stdout]    |
[INFO] [stdout] 88 -     #[initializer(call = ink_analyzer_ir::ink_callable_closest_descendants)]
[INFO] [stdout] 88 +     #[initializer(call = ink_analyzer_macro::ink_callable_closest_descendants)]
[INFO] [stdout]    |
[INFO] [stdout] 
[INFO] [stdout] error: aborting due to 4 previous errors
[INFO] [stdout] 
[INFO] [stdout] Some errors have detailed explanations: E0432, E0433.
[INFO] [stdout] For more information about an error, try `rustc --explain E0432`.
[INFO] [stdout] Couldn't compile the test.
[INFO] [stdout] 
[INFO] [stdout] failures:
[INFO] [stdout]     src/lib.rs - (line 6)
[INFO] [stdout]     src/lib.rs - entity (line 77)
[INFO] [stdout] 
[INFO] [stdout] test result: FAILED. 0 passed; 2 failed; 0 ignored; 0 measured; 0 filtered out; finished in 0.46s
[INFO] [stdout] 
[INFO] [stderr] error: doctest failed, to rerun pass `--doc`
[INFO] running `Command { std: "docker" "inspect" "814e5d43d2b0e7c55f722f10e2de5fb9063abd90944e0a1b1621721532e528ad", kill_on_drop: false }`
[INFO] running `Command { std: "docker" "rm" "-f" "814e5d43d2b0e7c55f722f10e2de5fb9063abd90944e0a1b1621721532e528ad", kill_on_drop: false }`
[INFO] [stdout] 814e5d43d2b0e7c55f722f10e2de5fb9063abd90944e0a1b1621721532e528ad
