[INFO] fetching crate injectables 0.1.0...
[INFO] testing injectables-0.1.0 against 1.99.0-beta.8+cargoflags=--release for beta-release-1.100-2
[INFO] extracting crate injectables 0.1.0 into /workspace/builds/worker-2-tc1/source
[INFO] started tweaking crates.io crate injectables 0.1.0
[INFO] removed 0 missing examples
[INFO] removed 0 missing tests
[INFO] finished tweaking crates.io crate injectables 0.1.0
[INFO] tweaked toml for crates.io crate injectables 0.1.0 written to /workspace/builds/worker-2-tc1/source/Cargo.toml
[INFO] validating manifest of crates.io crate injectables 0.1.0 on toolchain 1.99.0-beta.8
[INFO] running `Command { std: CARGO_HOME="/workspace/cargo-home" RUSTUP_HOME="/workspace/rustup-home" "/workspace/cargo-home/bin/cargo" "+1.99.0-beta.8" "metadata" "--manifest-path" "Cargo.toml" "--no-deps", kill_on_drop: false }`
[INFO] crate crates.io crate injectables 0.1.0 already has a lockfile, it will not be regenerated
[INFO] running `Command { std: CARGO_HOME="/workspace/cargo-home" RUSTUP_HOME="/workspace/rustup-home" "/workspace/cargo-home/bin/cargo" "+1.99.0-beta.8" "fetch" "--manifest-path" "Cargo.toml", kill_on_drop: false }`
[INFO] [stderr]  Downloading crates ...
[INFO] [stderr]   Downloaded serde_spanned v0.6.8
[INFO] [stderr]   Downloaded serde_derive v1.0.213
[INFO] [stderr]   Downloaded trybuild v1.0.101
[INFO] [stderr]   Downloaded target-triple v0.1.3
[INFO] [stderr]   Downloaded serde v1.0.213
[INFO] running `Command { std: "docker" "create" "-v" "/var/lib/crater-agent-workspace/builds/worker-2-tc1/source:/opt/rustwide/workdir:ro,Z" "-v" "/var/lib/crater-agent-workspace/builds/worker-2-tc1/target:/opt/rustwide/target:rw,Z" "-v" "/var/lib/crater-agent-workspace/cargo-home:/opt/rustwide/cargo-home:ro,Z" "-v" "/var/lib/crater-agent-workspace/rustup-home:/opt/rustwide/rustup-home:ro,Z" "-m" "1610612736" "--network" "none" "ghcr.io/rust-lang/crates-build-env/linux@sha256:77db811e55d90add9212f6832c23229e3de5f1c1f9905e8cb07319ea15df73ac" "sleep" "infinity", kill_on_drop: false }`
[INFO] [stdout] 014c1f0b295432b73cbc5b8d4661632528e0e068107e1f402f024201dbbe21ba
[INFO] running `Command { std: "docker" "start" "014c1f0b295432b73cbc5b8d4661632528e0e068107e1f402f024201dbbe21ba", kill_on_drop: false }`
[INFO] running `Command { std: "docker" "inspect" "014c1f0b295432b73cbc5b8d4661632528e0e068107e1f402f024201dbbe21ba", kill_on_drop: false }`
[INFO] running `Command { std: "docker" "exec" "-e" "SOURCE_DIR=/opt/rustwide/workdir" "-e" "CARGO_HOME=/opt/rustwide/cargo-home" "-e" "RUSTUP_HOME=/opt/rustwide/rustup-home" "-e" "CARGO_TARGET_DIR=/opt/rustwide/target" "-w" "/opt/rustwide/workdir" "--user" "0:0" "014c1f0b295432b73cbc5b8d4661632528e0e068107e1f402f024201dbbe21ba" "/opt/rustwide/cargo-home/bin/cargo" "+1.99.0-beta.8" "metadata" "--no-deps" "--format-version=1", kill_on_drop: false }`
[INFO] running `Command { std: "docker" "inspect" "014c1f0b295432b73cbc5b8d4661632528e0e068107e1f402f024201dbbe21ba", kill_on_drop: false }`
[INFO] running `Command { std: "docker" "exec" "-e" "SOURCE_DIR=/opt/rustwide/workdir" "-e" "CARGO_HOME=/opt/rustwide/cargo-home" "-e" "RUSTUP_HOME=/opt/rustwide/rustup-home" "-e" "CARGO_TARGET_DIR=/opt/rustwide/target" "-e" "CARGO_INCREMENTAL=0" "-e" "RUST_BACKTRACE=full" "-e" "RUSTFLAGS=--cap-lints=warn" "-e" "RUSTDOCFLAGS=--cap-lints=warn" "-w" "/opt/rustwide/workdir" "--user" "0:0" "014c1f0b295432b73cbc5b8d4661632528e0e068107e1f402f024201dbbe21ba" "/opt/rustwide/cargo-home/bin/cargo" "+1.99.0-beta.8" "build" "--frozen" "--message-format=json" "--release", kill_on_drop: false }`
[INFO] [stderr]    Compiling proc-macro2 v1.0.89
[INFO] [stderr]    Compiling unicode-ident v1.0.13
[INFO] [stderr]    Compiling quote v1.0.37
[INFO] [stderr]    Compiling syn v2.0.85
[INFO] [stderr]    Compiling injectables v0.1.0 (/opt/rustwide/workdir)
[INFO] [stderr]     Finished `release` profile [optimized] target(s) in 13.63s
[INFO] running `Command { std: "docker" "inspect" "014c1f0b295432b73cbc5b8d4661632528e0e068107e1f402f024201dbbe21ba", kill_on_drop: false }`
[INFO] running `Command { std: "docker" "exec" "-e" "SOURCE_DIR=/opt/rustwide/workdir" "-e" "CARGO_HOME=/opt/rustwide/cargo-home" "-e" "RUSTUP_HOME=/opt/rustwide/rustup-home" "-e" "CARGO_TARGET_DIR=/opt/rustwide/target" "-e" "CARGO_INCREMENTAL=0" "-e" "RUST_BACKTRACE=full" "-e" "RUSTFLAGS=--cap-lints=warn" "-e" "RUSTDOCFLAGS=--cap-lints=warn" "-w" "/opt/rustwide/workdir" "--user" "0:0" "014c1f0b295432b73cbc5b8d4661632528e0e068107e1f402f024201dbbe21ba" "/opt/rustwide/cargo-home/bin/cargo" "+1.99.0-beta.8" "test" "--frozen" "--no-run" "--message-format=json" "--release", kill_on_drop: false }`
[INFO] [stderr]    Compiling serde v1.0.213
[INFO] [stderr]    Compiling target-triple v0.1.3
[INFO] [stderr]    Compiling serde_json v1.0.132
[INFO] [stderr]    Compiling hashbrown v0.15.0
[INFO] [stderr]    Compiling proc-macro2 v1.0.89
[INFO] [stderr]    Compiling unicode-ident v1.0.13
[INFO] [stderr]    Compiling winnow v0.6.20
[INFO] [stderr]    Compiling serde_derive v1.0.213
[INFO] [stderr]    Compiling itoa v1.0.11
[INFO] [stderr]    Compiling injectables v0.1.0 (/opt/rustwide/workdir)
[INFO] [stderr]    Compiling glob v0.3.1
[INFO] [stderr]    Compiling quote v1.0.37
[INFO] [stderr]    Compiling indexmap v2.6.0
[INFO] [stderr]    Compiling syn v2.0.85
[INFO] [stderr]    Compiling ryu v1.0.18
[INFO] [stderr]    Compiling memchr v2.7.4
[INFO] [stderr]    Compiling termcolor v1.4.1
[INFO] [stderr]    Compiling toml_datetime v0.6.8
[INFO] [stderr]    Compiling serde_spanned v0.6.8
[INFO] [stderr]    Compiling toml_edit v0.22.22
[INFO] [stderr]    Compiling toml v0.8.19
[INFO] [stderr]    Compiling trybuild v1.0.101
[INFO] [stdout] warning: struct `Timestamps` is never constructed
[INFO] [stdout]   --> examples/example_multiple_injection_and_visibility.rs:12:14
[INFO] [stdout]    |
[INFO] [stdout] 12 |   pub struct Timestamps {
[INFO] [stdout]    |              ^^^^^^^^^^
[INFO] [stdout]    |
[INFO] [stdout]    = note: `#[warn(dead_code)]` (part of `#[warn(unused)]`) on by default
[INFO] [stdout] 
[INFO] [stdout] 
[INFO] [stdout] warning: struct `Metadata` is never constructed
[INFO] [stdout]   --> examples/example_multiple_injection_and_visibility.rs:44:14
[INFO] [stdout]    |
[INFO] [stdout] 44 |   pub struct Metadata {
[INFO] [stdout]    |              ^^^^^^^^
[INFO] [stdout] 
[INFO] [stdout] 
[INFO] [stderr]     Finished `release` profile [optimized] target(s) in 1m 43s
[INFO] running `Command { std: "docker" "inspect" "014c1f0b295432b73cbc5b8d4661632528e0e068107e1f402f024201dbbe21ba", kill_on_drop: false }`
[INFO] running `Command { std: "docker" "exec" "-e" "SOURCE_DIR=/opt/rustwide/workdir" "-e" "CARGO_HOME=/opt/rustwide/cargo-home" "-e" "RUSTUP_HOME=/opt/rustwide/rustup-home" "-e" "CARGO_TARGET_DIR=/opt/rustwide/target" "-e" "CARGO_INCREMENTAL=0" "-e" "RUST_BACKTRACE=full" "-e" "RUSTFLAGS=--cap-lints=warn" "-e" "RUSTDOCFLAGS=--cap-lints=warn" "-w" "/opt/rustwide/workdir" "--user" "0:0" "014c1f0b295432b73cbc5b8d4661632528e0e068107e1f402f024201dbbe21ba" "/opt/rustwide/cargo-home/bin/cargo" "+1.99.0-beta.8" "test" "--frozen" "--release", kill_on_drop: false }`
[INFO] [stderr] warning: struct `Timestamps` is never constructed
[INFO] [stderr]   --> examples/example_multiple_injection_and_visibility.rs:12:14
[INFO] [stderr]    |
[INFO] [stderr] 12 |   pub struct Timestamps {
[INFO] [stderr]    |              ^^^^^^^^^^
[INFO] [stderr]    |
[INFO] [stderr]    = note: `#[warn(dead_code)]` (part of `#[warn(unused)]`) on by default
[INFO] [stderr] 
[INFO] [stderr] warning: struct `Metadata` is never constructed
[INFO] [stderr]   --> examples/example_multiple_injection_and_visibility.rs:44:14
[INFO] [stderr]    |
[INFO] [stderr] 44 |   pub struct Metadata {
[INFO] [stderr]    |              ^^^^^^^^
[INFO] [stderr] 
[INFO] [stderr] warning: `injectables` (example "example_multiple_injection_and_visibility") generated 2 warnings
[INFO] [stderr]     Finished `release` profile [optimized] target(s) in 0.06s
[INFO] [stderr]      Running unittests src/lib.rs (/opt/rustwide/target/release/deps/injectables-71530048f8f980bc)
[INFO] [stdout] 
[INFO] [stderr]      Running tests/compilation_test_runner.rs (/opt/rustwide/target/release/deps/compilation_test_runner-5d9d77c991abf679)
[INFO] [stdout] running 0 tests
[INFO] [stdout] 
[INFO] [stdout] test result: ok. 0 passed; 0 failed; 0 ignored; 0 measured; 0 filtered out; finished in 0.00s
[INFO] [stdout] 
[INFO] [stdout] 
[INFO] [stdout] running 1 test
[INFO] [stderr]    Compiling proc-macro2 v1.0.89
[INFO] [stderr]    Compiling unicode-ident v1.0.13
[INFO] [stderr]    Compiling lazy_static v1.5.0
[INFO] [stderr]    Compiling quote v1.0.37
[INFO] [stderr]    Compiling syn v2.0.85
[INFO] [stderr]    Compiling injectables v0.1.0 (/opt/rustwide/workdir)
[INFO] [stderr]    Compiling injectables-tests v0.0.0 (/opt/rustwide/target/tests/trybuild/injectables)
[INFO] [stderr]     Finished `dev` profile [unoptimized + debuginfo] target(s) in 18.23s
[INFO] [stderr] 
[INFO] [stderr] 
[INFO] [stderr] test tests/fail/circular_injection.rs [should fail to compile] ... ok
[INFO] [stderr] test tests/fail/conflicting_generics.rs [should fail to compile] ... ok
[INFO] [stderr] test tests/fail/duplicate_properties.rs [should fail to compile] ... mismatch
[INFO] [stderr] 
[INFO] [stderr] EXPECTED:
[INFO] [stderr] ┈┈┈┈┈┈┈┈┈┈┈┈┈┈┈┈┈┈┈┈┈┈┈┈┈┈┈┈┈┈┈┈┈┈┈┈┈┈┈┈┈┈┈┈┈┈┈┈┈┈┈┈┈┈┈┈┈┈┈┈
[INFO] [stderr] error[E0124]: field `id` is already declared
[INFO] [stderr]   --> tests/fail/duplicate_properties.rs:8:1
[INFO] [stderr]    |
[INFO] [stderr] 8  | #[inject_fields(Base)]
[INFO] [stderr]    | ^^^^^^^^^^^^^^^^^^^^^^ field already declared
[INFO] [stderr] 9  | pub struct Conflict {
[INFO] [stderr] 10 |   pub id: u32,  // Should fail because 'id' is already injected
[INFO] [stderr]    |   ----------- `id` first declared here
[INFO] [stderr]    |
[INFO] [stderr]    = note: this error originates in the attribute macro `inject_fields` (in Nightly builds, run with -Z macro-backtrace for more info)
[INFO] [stderr] ┈┈┈┈┈┈┈┈┈┈┈┈┈┈┈┈┈┈┈┈┈┈┈┈┈┈┈┈┈┈┈┈┈┈┈┈┈┈┈┈┈┈┈┈┈┈┈┈┈┈┈┈┈┈┈┈┈┈┈┈
[INFO] [stderr] 
[INFO] [stderr] ACTUAL OUTPUT:
[INFO] [stderr] ┈┈┈┈┈┈┈┈┈┈┈┈┈┈┈┈┈┈┈┈┈┈┈┈┈┈┈┈┈┈┈┈┈┈┈┈┈┈┈┈┈┈┈┈┈┈┈┈┈┈┈┈┈┈┈┈┈┈┈┈
[INFO] [stderr] error[E0124]: field `id` is already declared
[INFO] [stderr]  --> tests/fail/duplicate_properties.rs:8:1
[INFO] [stderr]   |
[INFO] [stderr]  8 | #[inject_fields(Base)]
[INFO] [stderr]    | ^^^^^^^^^^^^^^^^^^^^^^ field already declared
[INFO] [stderr]  9 | pub struct Conflict {
[INFO] [stderr] 10 |   pub id: u32,  // Should fail because 'id' is already injected
[INFO] [stderr]    |   ----------- `id` first declared here
[INFO] [stderr]    |
[INFO] [stderr]    = note: this error originates in the attribute macro `inject_fields` (in Nightly builds, run with -Z macro-backtrace for more info)
[INFO] [stderr] ┈┈┈┈┈┈┈┈┈┈┈┈┈┈┈┈┈┈┈┈┈┈┈┈┈┈┈┈┈┈┈┈┈┈┈┈┈┈┈┈┈┈┈┈┈┈┈┈┈┈┈┈┈┈┈┈┈┈┈┈
[INFO] [stderr] note: If the actual output is the correct output you can bless it by rerunning
[INFO] [stderr]       your test with the environment variable TRYBUILD=overwrite
[INFO] [stderr] 
[INFO] [stderr] test tests/fail/enum_injection.rs [should fail to compile] ... ok
[INFO] [stderr] test tests/fail/illegal_privacy_access.rs [should fail to compile] ... mismatch
[INFO] [stderr] 
[INFO] [stderr] EXPECTED:
[INFO] [stderr] ┈┈┈┈┈┈┈┈┈┈┈┈┈┈┈┈┈┈┈┈┈┈┈┈┈┈┈┈┈┈┈┈┈┈┈┈┈┈┈┈┈┈┈┈┈┈┈┈┈┈┈┈┈┈┈┈┈┈┈┈
[INFO] [stderr] error: Cannot access field 'id' with visibility Private from module 'other_module' in module ''
[INFO] [stderr]   --> tests/fail/illegal_privacy_access.rs:13:1
[INFO] [stderr]    |
[INFO] [stderr] 13 | #[inject_fields(other_module::Private)]
[INFO] [stderr]    | ^^^^^^^^^^^^^^^^^^^^^^^^^^^^^^^^^^^^^^^
[INFO] [stderr]    |
[INFO] [stderr]    = note: this error originates in the attribute macro `inject_fields` (in Nightly builds, run with -Z macro-backtrace for more info)
[INFO] [stderr] 
[INFO] [stderr] error[E0422]: cannot find struct, variant or union type `IllegalAccess` in this scope
[INFO] [stderr]   --> tests/fail/illegal_privacy_access.rs:19:16
[INFO] [stderr]    |
[INFO] [stderr] 19 |     let test = IllegalAccess {
[INFO] [stderr]    |                ^^^^^^^^^^^^^ not found in this scope
[INFO] [stderr] 
[INFO] [stderr] warning: unused import: `injectable`
[INFO] [stderr]  --> tests/fail/illegal_privacy_access.rs:1:19
[INFO] [stderr]   |
[INFO] [stderr] 1 | use injectables::{injectable, inject_fields};
[INFO] [stderr]   |                   ^^^^^^^^^^
[INFO] [stderr]   |
[INFO] [stderr]   = note: `#[warn(unused_imports)]` on by default
[INFO] [stderr] 
[INFO] [stderr] warning: unused import: `inject_fields`
[INFO] [stderr]  --> tests/fail/illegal_privacy_access.rs:4:35
[INFO] [stderr]   |
[INFO] [stderr] 4 |     use injectables::{injectable, inject_fields};
[INFO] [stderr]   |                                   ^^^^^^^^^^^^^
[INFO] [stderr] ┈┈┈┈┈┈┈┈┈┈┈┈┈┈┈┈┈┈┈┈┈┈┈┈┈┈┈┈┈┈┈┈┈┈┈┈┈┈┈┈┈┈┈┈┈┈┈┈┈┈┈┈┈┈┈┈┈┈┈┈
[INFO] [stderr] 
[INFO] [stderr] ACTUAL OUTPUT:
[INFO] [stderr] ┈┈┈┈┈┈┈┈┈┈┈┈┈┈┈┈┈┈┈┈┈┈┈┈┈┈┈┈┈┈┈┈┈┈┈┈┈┈┈┈┈┈┈┈┈┈┈┈┈┈┈┈┈┈┈┈┈┈┈┈
[INFO] [stderr] error: Cannot access field 'id' with visibility Private from module 'other_module' in module ''
[INFO] [stderr]   --> tests/fail/illegal_privacy_access.rs:13:1
[INFO] [stderr]    |
[INFO] [stderr] 13 | #[inject_fields(other_module::Private)]
[INFO] [stderr]    | ^^^^^^^^^^^^^^^^^^^^^^^^^^^^^^^^^^^^^^^
[INFO] [stderr]    |
[INFO] [stderr]    = note: this error originates in the attribute macro `inject_fields` (in Nightly builds, run with -Z macro-backtrace for more info)
[INFO] [stderr] 
[INFO] [stderr] warning: unused import: `injectable`
[INFO] [stderr]  --> tests/fail/illegal_privacy_access.rs:1:19
[INFO] [stderr]   |
[INFO] [stderr] 1 | use injectables::{injectable, inject_fields};
[INFO] [stderr]   |                   ^^^^^^^^^^
[INFO] [stderr]   |
[INFO] [stderr]   = note: `#[warn(unused_imports)]` (part of `#[warn(unused)]`) on by default
[INFO] [stderr] 
[INFO] [stderr] warning: unused import: `inject_fields`
[INFO] [stderr]  --> tests/fail/illegal_privacy_access.rs:4:35
[INFO] [stderr]   |
[INFO] [stderr] 4 |     use injectables::{injectable, inject_fields};
[INFO] [stderr]   |                                   ^^^^^^^^^^^^^
[INFO] [stderr] ┈┈┈┈┈┈┈┈┈┈┈┈┈┈┈┈┈┈┈┈┈┈┈┈┈┈┈┈┈┈┈┈┈┈┈┈┈┈┈┈┈┈┈┈┈┈┈┈┈┈┈┈┈┈┈┈┈┈┈┈
[INFO] [stderr] note: If the actual output is the correct output you can bless it by rerunning
[INFO] [stderr]       your test with the environment variable TRYBUILD=overwrite
[INFO] [stderr] 
[INFO] [stderr] test tests/fail/injection_into_enum.rs [should fail to compile] ... ok
[INFO] [stderr] test tests/fail/invalid_visibility_restriction.rs [should fail to compile] ... mismatch
[INFO] [stderr] 
[INFO] [stderr] EXPECTED:
[INFO] [stderr] ┈┈┈┈┈┈┈┈┈┈┈┈┈┈┈┈┈┈┈┈┈┈┈┈┈┈┈┈┈┈┈┈┈┈┈┈┈┈┈┈┈┈┈┈┈┈┈┈┈┈┈┈┈┈┈┈┈┈┈┈
[INFO] [stderr] error[E0433]: failed to resolve: could not find `invalid` in the crate root
[INFO] [stderr]  --> tests/fail/invalid_visibility_restriction.rs:8:19
[INFO] [stderr]   |
[INFO] [stderr] 8 |     pub(in crate::invalid::path) field: String,  // invalid visibility path
[INFO] [stderr]   |                   ^^^^^^^ could not find `invalid` in the crate root
[INFO] [stderr] 
[INFO] [stderr] error: Cannot access field 'field' with visibility Restricted("crate :: invalid :: path") from module 'inner' in module ''
[INFO] [stderr]   --> tests/fail/invalid_visibility_restriction.rs:12:1
[INFO] [stderr]    |
[INFO] [stderr] 12 | #[inject_fields(inner::Restricted)]
[INFO] [stderr]    | ^^^^^^^^^^^^^^^^^^^^^^^^^^^^^^^^^^^
[INFO] [stderr]    |
[INFO] [stderr]    = note: this error originates in the attribute macro `inject_fields` (in Nightly builds, run with -Z macro-backtrace for more info)
[INFO] [stderr] ┈┈┈┈┈┈┈┈┈┈┈┈┈┈┈┈┈┈┈┈┈┈┈┈┈┈┈┈┈┈┈┈┈┈┈┈┈┈┈┈┈┈┈┈┈┈┈┈┈┈┈┈┈┈┈┈┈┈┈┈
[INFO] [stderr] 
[INFO] [stderr] ACTUAL OUTPUT:
[INFO] [stderr] ┈┈┈┈┈┈┈┈┈┈┈┈┈┈┈┈┈┈┈┈┈┈┈┈┈┈┈┈┈┈┈┈┈┈┈┈┈┈┈┈┈┈┈┈┈┈┈┈┈┈┈┈┈┈┈┈┈┈┈┈
[INFO] [stderr] error: Cannot access field 'field' with visibility Restricted("crate :: invalid :: path") from module 'inner' in module ''
[INFO] [stderr]   --> tests/fail/invalid_visibility_restriction.rs:12:1
[INFO] [stderr]    |
[INFO] [stderr] 12 | #[inject_fields(inner::Restricted)]
[INFO] [stderr]    | ^^^^^^^^^^^^^^^^^^^^^^^^^^^^^^^^^^^
[INFO] [stderr]    |
[INFO] [stderr]    = note: this error originates in the attribute macro `inject_fields` (in Nightly builds, run with -Z macro-backtrace for more info)
[INFO] [stderr] 
[INFO] [stderr] error[E0433]: cannot find `invalid` in the crate root
[INFO] [stderr]  --> tests/fail/invalid_visibility_restriction.rs:8:19
[INFO] [stderr]   |
[INFO] [stderr] 8 |     pub(in crate::invalid::path) field: String,  // invalid visibility path
[INFO] [stderr]   |                   ^^^^^^^ could not find `invalid` in the crate root
[INFO] [stderr] ┈┈┈┈┈┈┈┈┈┈┈┈┈┈┈┈┈┈┈┈┈┈┈┈┈┈┈┈┈┈┈┈┈┈┈┈┈┈┈┈┈┈┈┈┈┈┈┈┈┈┈┈┈┈┈┈┈┈┈┈
[INFO] [stderr] note: If the actual output is the correct output you can bless it by rerunning
[INFO] [stderr]       your test with the environment variable TRYBUILD=overwrite
[INFO] [stderr] 
[INFO] [stderr] test tests/fail/nonexistent_struct.rs [should fail to compile] ... ok
[INFO] [stderr] test tests/fail/private_field_conflict.rs [should fail to compile] ... ok
[INFO] [stderr] test tests/fail/recursive_injection.rs [should fail to compile] ... mismatch
[INFO] [stderr] 
[INFO] [stderr] EXPECTED:
[INFO] [stderr] ┈┈┈┈┈┈┈┈┈┈┈┈┈┈┈┈┈┈┈┈┈┈┈┈┈┈┈┈┈┈┈┈┈┈┈┈┈┈┈┈┈┈┈┈┈┈┈┈┈┈┈┈┈┈┈┈┈┈┈┈
[INFO] [stderr] error: Recursive injection detected: RecursiveStruct tries to inject from itself
[INFO] [stderr]  --> tests/fail/recursive_injection.rs:4:1
[INFO] [stderr]   |
[INFO] [stderr] 4 | #[inject_fields(RecursiveStruct)]  // Tries to inject its own fields
[INFO] [stderr]   | ^^^^^^^^^^^^^^^^^^^^^^^^^^^^^^^^^
[INFO] [stderr]   |
[INFO] [stderr]   = note: this error originates in the attribute macro `inject_fields` (in Nightly builds, run with -Z macro-backtrace for more info)
[INFO] [stderr] 
[INFO] [stderr] error[E0422]: cannot find struct, variant or union type `RecursiveStruct` in this scope
[INFO] [stderr]   --> tests/fail/recursive_injection.rs:10:14
[INFO] [stderr]    |
[INFO] [stderr] 10 |   let test = RecursiveStruct {
[INFO] [stderr]    |              ^^^^^^^^^^^^^^^ not found in this scope
[INFO] [stderr] ┈┈┈┈┈┈┈┈┈┈┈┈┈┈┈┈┈┈┈┈┈┈┈┈┈┈┈┈┈┈┈┈┈┈┈┈┈┈┈┈┈┈┈┈┈┈┈┈┈┈┈┈┈┈┈┈┈┈┈┈
[INFO] [stderr] 
[INFO] [stderr] ACTUAL OUTPUT:
[INFO] [stderr] ┈┈┈┈┈┈┈┈┈┈┈┈┈┈┈┈┈┈┈┈┈┈┈┈┈┈┈┈┈┈┈┈┈┈┈┈┈┈┈┈┈┈┈┈┈┈┈┈┈┈┈┈┈┈┈┈┈┈┈┈
[INFO] [stderr] error: Recursive injection detected: RecursiveStruct tries to inject from itself
[INFO] [stderr]  --> tests/fail/recursive_injection.rs:4:1
[INFO] [stderr]   |
[INFO] [stderr] 4 | #[inject_fields(RecursiveStruct)]  // Tries to inject its own fields
[INFO] [stderr]   | ^^^^^^^^^^^^^^^^^^^^^^^^^^^^^^^^^
[INFO] [stderr]   |
[INFO] [stderr]   = note: this error originates in the attribute macro `inject_fields` (in Nightly builds, run with -Z macro-backtrace for more info)
[INFO] [stderr] ┈┈┈┈┈┈┈┈┈┈┈┈┈┈┈┈┈┈┈┈┈┈┈┈┈┈┈┈┈┈┈┈┈┈┈┈┈┈┈┈┈┈┈┈┈┈┈┈┈┈┈┈┈┈┈┈┈┈┈┈
[INFO] [stderr] note: If the actual output is the correct output you can bless it by rerunning
[INFO] [stderr]       your test with the environment variable TRYBUILD=overwrite
[INFO] [stderr] 
[INFO] [stderr] test tests/pass/basic_struct_injection.rs [should pass] ... ok
[INFO] [stderr] test tests/pass/deep_nested_injection.rs [should pass] ... ok
[INFO] [stderr] test tests/pass/generic_struct_injection.rs [should pass] ... ok
[INFO] [stderr] test tests/pass/generic_struct_multiple_params_injection.rs [should pass] ... ok
[INFO] [stderr] test tests/pass/multiple_struct_injections.rs [should pass] ... ok
[INFO] [stderr] test tests/pass/nested_generic_injection.rs [should pass] ... ok
[INFO] [stderr] test tests/pass/visibility.rs [should pass] ... ok
[INFO] [stderr] 
[INFO] [stderr] 
[INFO] [stdout] test compile_tests ... FAILED
[INFO] [stdout] 
[INFO] [stdout] failures:
[INFO] [stdout] 
[INFO] [stdout] ---- compile_tests stdout ----
[INFO] [stdout] 
[INFO] [stdout] thread 'compile_tests' (909) panicked at /opt/rustwide/cargo-home/registry/src/index.crates.io-1949cf8c6b5b557f/trybuild-1.0.101/src/run.rs:101:13:
[INFO] [stdout] 4 of 17 tests failed
[INFO] [stdout] stack backtrace:
[INFO] [stdout]    0:     0x64c7a0d35d41 - <<std[70759c8f55707aa4]::sys::backtrace::BacktraceLock>::print::DisplayBacktrace as core[df12db4294e9bfd3]::fmt::Display>::fmt
[INFO] [stdout]    1:     0x64c7a0d4bfda - core[df12db4294e9bfd3]::fmt::write
[INFO] [stdout]    2:     0x64c7a0d3a88c - <alloc[2182bb758b4b3781]::vec::Vec<u8> as core[df12db4294e9bfd3]::io::write::Write>::write_fmt
[INFO] [stdout]    3:     0x64c7a0d0ebc6 - std[70759c8f55707aa4]::panicking::default_hook::{closure#0}
[INFO] [stdout]    4:     0x64c7a0d2ce19 - std[70759c8f55707aa4]::panicking::default_hook
[INFO] [stdout]    5:     0x64c7a0cc6140 - test[9d35eded1c95d3be]::test_main_inner::<test[9d35eded1c95d3be]::test_main_static::{closure#0}>::{closure#0}
[INFO] [stdout]    6:     0x64c7a0d2cfd2 - std[70759c8f55707aa4]::panicking::panic_with_hook
[INFO] [stdout]    7:     0x64c7a0d0ec72 - std[70759c8f55707aa4]::panicking::panic_handler::{closure#0}
[INFO] [stdout]    8:     0x64c7a0d07679 - std[70759c8f55707aa4]::sys::backtrace::__rust_end_short_backtrace::<std[70759c8f55707aa4]::panicking::panic_handler::{closure#0}, !>
[INFO] [stdout]    9:     0x64c7a0d0f86d - __rustc[8fa7c3cbc660c2b3]::rust_begin_unwind
[INFO] [stdout]   10:     0x64c7a0d4c70c - core[df12db4294e9bfd3]::panicking::panic_fmt
[INFO] [stdout]   11:     0x64c7a0bfc38a - <trybuild[98bd37dfd134432b]::Runner>::run
[INFO] [stdout]   12:     0x64c7a0bff990 - <trybuild[98bd37dfd134432b]::TestCases as core[df12db4294e9bfd3]::ops::drop::Drop>::drop
[INFO] [stdout]   13:     0x64c7a0bf71a6 - compilation_test_runner[92e32ea4ae1af868]::compile_tests
[INFO] [stdout]   14:     0x64c7a0bf73d9 - <compilation_test_runner[92e32ea4ae1af868]::compile_tests::{closure#0} as core[df12db4294e9bfd3]::ops::function::FnOnce<()>>::call_once
[INFO] [stdout]   15:     0x64c7a0cb942b - test[9d35eded1c95d3be]::__rust_begin_short_backtrace::<core[df12db4294e9bfd3]::result::Result<(), alloc[2182bb758b4b3781]::string::String>, fn() -> core[df12db4294e9bfd3]::result::Result<(), alloc[2182bb758b4b3781]::string::String>>
[INFO] [stdout]   16:     0x64c7a0cc6a95 - test[9d35eded1c95d3be]::run_test::{closure#0}
[INFO] [stdout]   17:     0x64c7a0cc0354 - std[70759c8f55707aa4]::sys::backtrace::__rust_begin_short_backtrace::<test[9d35eded1c95d3be]::run_test::{closure#1}, ()>
[INFO] [stdout]   18:     0x64c7a0cc9bf2 - <std[70759c8f55707aa4]::thread::lifecycle::spawn_unchecked<test[9d35eded1c95d3be]::run_test::{closure#1}, ()>::{closure#1} as core[df12db4294e9bfd3]::ops::function::FnOnce<()>>::call_once::{shim:vtable#0}
[INFO] [stdout]   19:     0x64c7a0d34ff9 - <std[70759c8f55707aa4]::sys::thread::unix::Thread>::new::thread_start
[INFO] [stdout]   20:     0x775c7cc6ddfa - <unknown>
[INFO] [stdout]   21:     0x775c7cd013d4 - clone
[INFO] [stdout]   22:                0x0 - <unknown>
[INFO] [stdout] 
[INFO] [stdout] 
[INFO] [stdout] failures:
[INFO] [stdout]     compile_tests
[INFO] [stdout] 
[INFO] [stdout] test result: FAILED. 0 passed; 1 failed; 0 ignored; 0 measured; 0 filtered out; finished in 22.42s
[INFO] [stdout] 
[INFO] [stderr] error: test failed, to rerun pass `--test compilation_test_runner`
[INFO] running `Command { std: "docker" "inspect" "014c1f0b295432b73cbc5b8d4661632528e0e068107e1f402f024201dbbe21ba", kill_on_drop: false }`
[INFO] running `Command { std: "docker" "rm" "-f" "014c1f0b295432b73cbc5b8d4661632528e0e068107e1f402f024201dbbe21ba", kill_on_drop: false }`
[INFO] [stdout] 014c1f0b295432b73cbc5b8d4661632528e0e068107e1f402f024201dbbe21ba
