[INFO] fetching crate infrastore-core 0.15.0...
[INFO] testing infrastore-core-0.15.0 against 1.99.0-beta.8+cargoflags=--release for beta-release-1.100-2
[INFO] extracting crate infrastore-core 0.15.0 into /workspace/builds/worker-3-tc1/source
[INFO] started tweaking crates.io crate infrastore-core 0.15.0
[INFO] removed 0 missing examples
[INFO] removed 0 missing tests
[INFO] finished tweaking crates.io crate infrastore-core 0.15.0
[INFO] tweaked toml for crates.io crate infrastore-core 0.15.0 written to /workspace/builds/worker-3-tc1/source/Cargo.toml
[INFO] validating manifest of crates.io crate infrastore-core 0.15.0 on toolchain 1.99.0-beta.8
[INFO] running `Command { std: CARGO_HOME="/workspace/cargo-home" RUSTUP_HOME="/workspace/rustup-home" "/workspace/cargo-home/bin/cargo" "+1.99.0-beta.8" "metadata" "--manifest-path" "Cargo.toml" "--no-deps", kill_on_drop: false }`
[INFO] crate crates.io crate infrastore-core 0.15.0 already has a lockfile, it will not be regenerated
[INFO] running `Command { std: CARGO_HOME="/workspace/cargo-home" RUSTUP_HOME="/workspace/rustup-home" "/workspace/cargo-home/bin/cargo" "+1.99.0-beta.8" "fetch" "--manifest-path" "Cargo.toml", kill_on_drop: false }`
[INFO] [stderr]     Updating crates.io index
[INFO] [stderr]  Downloading crates ...
[INFO] [stderr]   Downloaded sha2-asm v0.6.4
[INFO] [stderr]   Downloaded hdf5-metno-sys v0.12.1
[INFO] [stderr]   Downloaded hdf5-metno v0.14.0
[INFO] [stderr]   Downloaded hdf5-metno-src v0.10.1
[INFO] running `Command { std: "docker" "create" "-v" "/var/lib/crater-agent-workspace/builds/worker-3-tc1/source:/opt/rustwide/workdir:ro,Z" "-v" "/var/lib/crater-agent-workspace/builds/worker-3-tc1/target:/opt/rustwide/target:rw,Z" "-v" "/var/lib/crater-agent-workspace/cargo-home:/opt/rustwide/cargo-home:ro,Z" "-v" "/var/lib/crater-agent-workspace/rustup-home:/opt/rustwide/rustup-home:ro,Z" "-m" "1610612736" "--network" "none" "ghcr.io/rust-lang/crates-build-env/linux@sha256:77db811e55d90add9212f6832c23229e3de5f1c1f9905e8cb07319ea15df73ac" "sleep" "infinity", kill_on_drop: false }`
[INFO] [stdout] 38fe38de089e0a9ea85667bb5f34b3aee7a2dff49bcbd2581ee4ebbdd7ebea04
[INFO] running `Command { std: "docker" "start" "38fe38de089e0a9ea85667bb5f34b3aee7a2dff49bcbd2581ee4ebbdd7ebea04", kill_on_drop: false }`
[INFO] running `Command { std: "docker" "inspect" "38fe38de089e0a9ea85667bb5f34b3aee7a2dff49bcbd2581ee4ebbdd7ebea04", kill_on_drop: false }`
[INFO] running `Command { std: "docker" "exec" "-e" "SOURCE_DIR=/opt/rustwide/workdir" "-e" "CARGO_HOME=/opt/rustwide/cargo-home" "-e" "RUSTUP_HOME=/opt/rustwide/rustup-home" "-e" "CARGO_TARGET_DIR=/opt/rustwide/target" "-w" "/opt/rustwide/workdir" "--user" "0:0" "38fe38de089e0a9ea85667bb5f34b3aee7a2dff49bcbd2581ee4ebbdd7ebea04" "/opt/rustwide/cargo-home/bin/cargo" "+1.99.0-beta.8" "metadata" "--no-deps" "--format-version=1", kill_on_drop: false }`
[INFO] running `Command { std: "docker" "inspect" "38fe38de089e0a9ea85667bb5f34b3aee7a2dff49bcbd2581ee4ebbdd7ebea04", kill_on_drop: false }`
[INFO] running `Command { std: "docker" "exec" "-e" "SOURCE_DIR=/opt/rustwide/workdir" "-e" "CARGO_HOME=/opt/rustwide/cargo-home" "-e" "RUSTUP_HOME=/opt/rustwide/rustup-home" "-e" "CARGO_TARGET_DIR=/opt/rustwide/target" "-e" "CARGO_INCREMENTAL=0" "-e" "RUST_BACKTRACE=full" "-e" "RUSTFLAGS=--cap-lints=warn" "-e" "RUSTDOCFLAGS=--cap-lints=warn" "-w" "/opt/rustwide/workdir" "--user" "0:0" "38fe38de089e0a9ea85667bb5f34b3aee7a2dff49bcbd2581ee4ebbdd7ebea04" "/opt/rustwide/cargo-home/bin/cargo" "+1.99.0-beta.8" "build" "--frozen" "--message-format=json" "--release", kill_on_drop: false }`
[INFO] [stderr]    Compiling smallvec v1.15.1
[INFO] [stderr]    Compiling cc v1.2.61
[INFO] [stderr]    Compiling regex-automata v0.4.18
[INFO] [stderr]    Compiling syn v3.0.3
[INFO] [stderr]    Compiling libloading v0.8.9
[INFO] [stderr]    Compiling hashbrown v0.17.0
[INFO] [stderr]    Compiling num-bigint v0.4.8
[INFO] [stderr]    Compiling serde_json v1.0.149
[INFO] [stderr]    Compiling winnow v1.0.2
[INFO] [stderr]    Compiling ahash v0.8.12
[INFO] [stderr]    Compiling num-iter v0.1.46
[INFO] [stderr]    Compiling matrixmultiply v0.3.10
[INFO] [stderr]    Compiling hdf5-metno-types v0.11.1
[INFO] [stderr]    Compiling strum_macros v0.28.0
[INFO] [stderr]    Compiling ascii v1.1.0
[INFO] [stderr]    Compiling hdf5-metno v0.14.0
[INFO] [stderr]    Compiling parking_lot_core v0.9.12
[INFO] [stderr]    Compiling chrono v0.4.44
[INFO] [stderr]    Compiling email_address v0.2.9
[INFO] [stderr]    Compiling parking_lot v0.12.5
[INFO] [stderr]    Compiling hashbrown v0.14.5
[INFO] [stderr]    Compiling jsonschema-regex v0.49.9
[INFO] [stderr]    Compiling indexmap v2.14.0
[INFO] [stderr]    Compiling thiserror-impl v1.0.69
[INFO] [stderr]    Compiling cmake v0.1.58
[INFO] [stderr]    Compiling toml_parser v1.1.2+spec-1.1.0
[INFO] [stderr]    Compiling hashlink v0.9.1
[INFO] [stderr]    Compiling data-encoding v2.11.1
[INFO] [stderr]    Compiling bytemuck v1.25.2
[INFO] [stderr]    Compiling libz-sys v1.1.28
[INFO] [stderr]    Compiling hdf5-metno-src v0.10.1
[INFO] [stderr]    Compiling sha2-asm v0.6.4
[INFO] [stderr]    Compiling toml_edit v0.25.13+spec-1.1.0
[INFO] [stderr]    Compiling libsqlite3-sys v0.28.0
[INFO] [stderr]    Compiling ndarray v0.16.1
[INFO] [stderr]    Compiling num-rational v0.4.2
[INFO] [stderr]    Compiling regex v1.12.3
[INFO] [stderr]    Compiling thiserror v1.0.69
[INFO] [stderr]    Compiling sha2 v0.10.9
[INFO] [stderr]    Compiling strum v0.28.0
[INFO] [stderr]    Compiling num v0.4.3
[INFO] [stderr]    Compiling fraction v0.15.4
[INFO] [stderr]    Compiling proc-macro-crate v3.5.0
[INFO] [stderr]    Compiling hdf5-metno-sys v0.12.1
[INFO] [stderr]    Compiling jsonschema-value v0.49.9
[INFO] [stderr]    Compiling zerovec-derive v0.11.5
[INFO] [stderr]    Compiling displaydoc v0.2.7
[INFO] [stderr]    Compiling ref-cast-impl v1.0.27
[INFO] [stderr]    Compiling hdf5-metno-derive v0.10.2
[INFO] [stderr]    Compiling zerotrie v0.2.5
[INFO] [stderr]    Compiling ref-cast v1.0.27
[INFO] [stderr]    Compiling fluent-uri v0.4.1
[INFO] [stderr]    Compiling zerovec v0.11.8
[INFO] [stderr]    Compiling fancy-regex v0.19.0
[INFO] [stderr]    Compiling referencing v0.49.9
[INFO] [stderr]    Compiling tinystr v0.8.4
[INFO] [stderr]    Compiling icu_locale_core v2.3.0
[INFO] [stderr]    Compiling potential_utf v0.1.6
[INFO] [stderr]    Compiling icu_collections v2.3.0
[INFO] [stderr]    Compiling icu_provider v2.3.0
[INFO] [stderr]    Compiling icu_normalizer v2.3.0
[INFO] [stderr]    Compiling icu_properties v2.3.0
[INFO] [stderr]    Compiling idna_adapter v1.2.2
[INFO] [stderr]    Compiling idna v1.1.0
[INFO] [stderr]    Compiling jsonschema v0.49.9
[INFO] [stderr]    Compiling rusqlite v0.31.0
[INFO] [stderr]    Compiling infrastore-core v0.15.0 (/opt/rustwide/workdir)
[INFO] [stderr]     Finished `release` profile [optimized] target(s) in 4m 33s
[INFO] running `Command { std: "docker" "inspect" "38fe38de089e0a9ea85667bb5f34b3aee7a2dff49bcbd2581ee4ebbdd7ebea04", kill_on_drop: false }`
[INFO] running `Command { std: "docker" "exec" "-e" "SOURCE_DIR=/opt/rustwide/workdir" "-e" "CARGO_HOME=/opt/rustwide/cargo-home" "-e" "RUSTUP_HOME=/opt/rustwide/rustup-home" "-e" "CARGO_TARGET_DIR=/opt/rustwide/target" "-e" "CARGO_INCREMENTAL=0" "-e" "RUST_BACKTRACE=full" "-e" "RUSTFLAGS=--cap-lints=warn" "-e" "RUSTDOCFLAGS=--cap-lints=warn" "-w" "/opt/rustwide/workdir" "--user" "0:0" "38fe38de089e0a9ea85667bb5f34b3aee7a2dff49bcbd2581ee4ebbdd7ebea04" "/opt/rustwide/cargo-home/bin/cargo" "+1.99.0-beta.8" "test" "--frozen" "--no-run" "--message-format=json" "--release", kill_on_drop: false }`
[INFO] [stderr]    Compiling cargo-husky v1.5.0
[INFO] [stderr]    Compiling hdf5-metno v0.14.0
[INFO] [stderr]    Compiling rusqlite v0.31.0
[INFO] [stderr]    Compiling tempfile v3.27.0
[INFO] [stderr]    Compiling infrastore-core v0.15.0 (/opt/rustwide/workdir)
[INFO] [stderr]     Finished `release` profile [optimized] target(s) in 1m 41s
[INFO] running `Command { std: "docker" "inspect" "38fe38de089e0a9ea85667bb5f34b3aee7a2dff49bcbd2581ee4ebbdd7ebea04", kill_on_drop: false }`
[INFO] running `Command { std: "docker" "exec" "-e" "SOURCE_DIR=/opt/rustwide/workdir" "-e" "CARGO_HOME=/opt/rustwide/cargo-home" "-e" "RUSTUP_HOME=/opt/rustwide/rustup-home" "-e" "CARGO_TARGET_DIR=/opt/rustwide/target" "-e" "CARGO_INCREMENTAL=0" "-e" "RUST_BACKTRACE=full" "-e" "RUSTFLAGS=--cap-lints=warn" "-e" "RUSTDOCFLAGS=--cap-lints=warn" "-w" "/opt/rustwide/workdir" "--user" "0:0" "38fe38de089e0a9ea85667bb5f34b3aee7a2dff49bcbd2581ee4ebbdd7ebea04" "/opt/rustwide/cargo-home/bin/cargo" "+1.99.0-beta.8" "test" "--frozen" "--release", kill_on_drop: false }`
[INFO] [stderr]     Finished `release` profile [optimized] target(s) in 0.32s
[INFO] [stderr]      Running unittests src/lib.rs (/opt/rustwide/target/release/deps/infrastore_core-4e8b6b820c093a05)
[INFO] [stdout] 
[INFO] [stdout] running 252 tests
[INFO] [stdout] test codec::tests::encode_rejects_a_step_function_with_the_wrong_y_count ... ok
[INFO] [stdout] test hash::tests::different_dtypes_hash_differ ... ok
[INFO] [stdout] test hash::tests::equal_arrays_hash_equal ... ok
[INFO] [stdout] test codec::tests::encode_rejects_ragged_tuple_rows ... ok
[INFO] [stdout] test codec::tests::encode_rejects_a_row_count_that_does_not_fill_the_leading_dims ... ok
[INFO] [stdout] test codec::tests::decode_rejects_an_array_the_element_type_does_not_describe ... ok
[INFO] [stdout] test hash::tests::different_arrays_hash_differ ... ok
[INFO] [stdout] test codec::tests::ragged_encode_pads_to_the_widest_timestep ... ok
[INFO] [stdout] test codec::tests::an_all_empty_piecewise_step_series_keeps_a_width_of_one ... ok
[INFO] [stdout] test codec::tests::encode_as_still_holds_an_empty_tuple_series_to_its_leading_dims ... ok
[INFO] [stdout] test codec::tests::encode_as_takes_an_empty_tuple_series_arity_from_the_declaration ... ok
[INFO] [stdout] test hash::tests::features_hash_distinguishes_kinds ... ok
[INFO] [stdout] test hash::tests::features_hash_is_order_independent ... ok
[INFO] [stdout] test hash::tests::float_hashing_matches_the_element_at_a_time_reference ... ok
[INFO] [stdout] test hash::tests::nan_canonicalization ... ok
[INFO] [stdout] test hash::tests::hash_hex_encodes_lowercase_and_pads ... ok
[INFO] [stdout] test codec::tests::scalar_and_non_f64_arrays_decode_to_raw ... ok
[INFO] [stdout] test hash::tests::golden_timestamps_hash_pin ... ok
[INFO] [stdout] test codec::tests::encode_as_defers_to_encode_and_checks_the_declaration ... ok
[INFO] [stdout] test metadata::index_plan_tests::category_scoped_owner_enumeration_uses_idx_category_owner ... ok
[INFO] [stdout] test metadata::index_plan_tests::owner_lookup_uses_idx_category_owner ... ok
[INFO] [stdout] test hash::tests::shape_affects_hash ... ok
[INFO] [stdout] test hash::tests::timestamps_hash_addresses_the_vector ... ok
[INFO] [stdout] test metadata::count_summary_tests::time_series_count_summary_rejects_a_malformed_timestamp_hash ... ok
[INFO] [stdout] test metadata::index_plan_tests::distinct_resolution_uses_idx_resolution ... ok
[INFO] [stdout] test metadata::index_plan_tests::prefix_name_glob_uses_idx_name ... ok
[INFO] [stdout] test metadata::index_plan_tests::distinct_owner_type_uses_idx_owner_type ... ok
[INFO] [stdout] test metadata::index_plan_tests::exact_key_existence_probe_uses_the_unique_index ... ok
[INFO] [stdout] test metadata::migrate::tests::an_empty_catalog_is_readable_read_only ... ok
[INFO] [stdout] test metadata::index_plan_tests::exact_name_filter_uses_idx_name ... ok
[INFO] [stdout] test metadata::migrate::tests::a_stale_catalog_reports_migration_required_read_only ... ok
[INFO] [stdout] test metadata::migrate::tests::migrations_are_ordered_and_contiguous ... ok
[INFO] [stdout] test metadata::index_plan_tests::distinct_interval_uses_idx_interval ... ok
[INFO] [stdout] test metadata::index_plan_tests::named_existence_probe_uses_an_index ... ok
[INFO] [stdout] test metadata::index_plan_tests::every_expected_index_exists_after_applying_the_ddl ... ok
[INFO] [stdout] test metadata::migrate::tests::a_newer_catalog_is_refused_by_both_entry_points ... ok
[INFO] [stdout] test metadata::index_plan_tests::the_full_identity_lookup_uses_the_unique_index ... ok
[INFO] [stdout] test metadata::timestamp_cache_tests::a_hit_is_refreshed_so_the_hot_axis_survives_a_sweep ... ok
[INFO] [stdout] test metadata::index_plan_tests::data_hash_lookup_uses_idx_hash ... ok
[INFO] [stdout] test metadata::timestamp_cache_tests::each_hash_maps_to_its_own_vector ... ok
[INFO] [stdout] test metadata::migrate::tests::an_unstamped_catalog_reads_as_the_base_revision ... ok
[INFO] [stdout] test metadata::timestamp_cache_tests::re_inserting_a_held_hash_does_not_duplicate_it ... ok
[INFO] [stdout] test metadata::type_predicate_tests::a_composite_deterministic_request_stays_in ... ok
[INFO] [stdout] test metadata::timestamp_cache_tests::the_cache_is_bounded_and_evicts_the_coldest_entry ... ok
[INFO] [stdout] test metadata::type_predicate_tests::a_standalone_deterministic_request_is_a_range ... ok
[INFO] [stdout] test metadata::type_predicate_tests::an_exact_predicate_is_one_equality_in_either_form ... ok
[INFO] [stdout] test metadata::index_plan_tests::component_field_filter_uses_its_partial_index ... ok
[INFO] [stdout] test metadata::index_plan_tests::the_forecast_family_probe_seeks_through_resolution ... ok
[INFO] [stdout] test metadata::type_predicate_tests::identity_shaped_filters_pick_the_in_form ... ok
[INFO] [stdout] test metadata::type_predicate_tests::the_widened_sql_binds_exactly_the_spanned_codes ... ok
[INFO] [stdout] test metadata::type_predicate_tests::every_non_deterministic_type_is_one_equality ... ok
[INFO] [stdout] test metadata::index_plan_tests::time_series_type_count_uses_idx_ts_type ... ok
[INFO] [stdout] test metadata::migrate::tests::a_fresh_catalog_stamps_the_current_revision_and_runs_no_migration ... ok
[INFO] [stdout] test metadata::index_plan_tests::owner_type_filter_uses_idx_owner_type ... ok
[INFO] [stdout] test metadata::migrate::tests::the_rebuild_keeps_autoincrement_and_its_high_water_mark ... ok
[INFO] [stdout] test metadata::migrate::tests::an_unstamped_catalog_climbs_the_ladder ... ok
[INFO] [stdout] test metadata::migrate::tests::the_rebuilt_check_accepts_what_affinity_converts ... ok
[INFO] [stdout] test metadata::migrate::tests::a_second_apply_runs_no_migration ... ok
[INFO] [stdout] test metadata::migrate::tests::the_rebuild_survives_the_view_and_indexes_that_name_the_table ... ok
[INFO] [stdout] test metadata::migrate::tests::the_rebuilt_check_refuses_text_and_blob_codes ... ok
[INFO] [stdout] test metadata::migrate::tests::the_relaxed_check_still_refuses_a_negative_code ... ok
[INFO] [stdout] test metadata::migrate::tests::revision_1_upgrades_in_place_preserving_rows ... ok
[INFO] [stdout] test openapi::schema::tests::a_supplemental_attribute_row_round_trips_the_contract ... ok
[INFO] [stdout] test openapi::schema::tests::a_conforming_row_passes ... ok
[INFO] [stdout] test openapi::schema::tests::an_unknown_time_series_type_matches_no_member ... ok
[INFO] [stdout] test openapi::tests::an_unknown_field_names_the_row_it_is_in ... ok
[INFO] [stdout] test openapi::schema::tests::an_owner_category_outside_the_enum_is_rejected ... ok
[INFO] [stdout] test openapi::schema::tests::a_missing_required_field_is_named ... ok
[INFO] [stdout] test openapi::tests::a_clean_document_decodes_every_row ... ok
[INFO] [stdout] test openapi::schema::tests::a_forecast_without_its_timing_fields_is_rejected ... ok
[INFO] [stdout] test reader::tests::dense_window_cache_reads_each_block_once ... ok
[INFO] [stdout] test reader::tests::off_grid_timestamp_is_an_error ... ok
[INFO] [stdout] test reader::tests::divergent_grid_is_rejected_at_build ... ok
[INFO] [stdout] test reader::tests::reads_columnar_values_at_a_timestamp ... ok
[INFO] [stdout] test reader::tests::forecast_reader_build_validation ... ok
[INFO] [stdout] test reader::tests::divergent_timestamp_vectors_are_rejected_at_build ... ok
[INFO] [stdout] test reader::tests::static_reader_scopes_to_one_resolution ... ok
[INFO] [stdout] test reader::tests::a_timestamp_off_the_irregular_timeline_is_an_error ... ok
[INFO] [stdout] test reader::tests::the_two_static_types_get_separate_readers ... ok
[INFO] [stdout] test reader::tests::forecast_reader_off_grid_is_an_error ... ok
[INFO] [stdout] test storage::common::tests::every_pack_group_survives_the_dataset_name_round_trip ... ok
[INFO] [stdout] test storage::common::tests::window_block_cols_bounds_the_chunk_to_the_byte_budget ... ok
[INFO] [stdout] test reader::tests::timestamps_iterator_agrees_with_index_at ... ok
[INFO] [stdout] test reader::tests::timestamps_iterator_on_months_grid ... ok
[INFO] [stdout] test reader::tests::shared_forecast_reads_once_per_timestamp ... ok
[INFO] [stdout] test reader::tests::values_to_vec_typed_decode ... ok
[INFO] [stdout] test reader::tests::window_to_vec_typed_decode ... ok
[INFO] [stdout] test storage::hdf5::tests::a_stamp_outside_the_window_is_refused_by_open ... ok
[INFO] [stdout] test storage::hdf5::tests::a_failed_write_unlinks_the_dataset_it_half_made ... ok
[INFO] [stdout] test storage::hdf5::tests::a_packed_read_rejects_a_dtype_the_dataset_contradicts ... ok
[INFO] [stdout] test storage::hdf5::tests::packed_block_write_and_bulk_reads ... ok
[INFO] [stdout] test storage::hdf5::tests::backend_sniff ... ok
[INFO] [stdout] test storage::hdf5::tests::read_only_open_rejects_writes ... ok
[INFO] [stdout] test storage::hdf5::tests::removed_packed_column_reads_back_as_zeros ... ok
[INFO] [stdout] test storage::hdf5::tests::removed_standalone_stays_removed_across_reopen ... ok
[INFO] [stdout] test storage::hdf5::tests::remove_and_re_add ... ok
[INFO] [stdout] test storage::hdf5::tests::a_read_only_open_of_an_upgradable_file_leaves_the_stamp_alone ... ok
[INFO] [stdout] test storage::hdf5::tests::standalone_chunk_shapes_follow_the_layout_policy ... ok
[INFO] [stdout] test storage::hdf5::tests::an_upgradable_stamp_is_read_but_not_rewritten_until_the_upgrade_finishes ... ok
[INFO] [stdout] test storage::hdf5::tests::packed_round_trip_and_reopen ... ok
[INFO] [stdout] test store::forced_rollback_tests::a_transaction_sqlite_rolled_back_is_refused_until_rolled_back ... ok
[INFO] [stdout] test reader::tests::deterministic_reader_includes_dst_identically ... ok
[INFO] [stdout] test storage::hdf5::tests::irregular_cohorts_pack_separately_and_survive_a_reopen ... ok
[INFO] [stdout] test store::resolve_windows_tests::fixed_interval_search_matches_the_linear_scan ... ok
[INFO] [stdout] test store::resolve_windows_tests::full_and_partial_selection ... ok
[INFO] [stdout] test store::read_window_context_tests::window_errors_keep_row_context_and_unrelated_errors_unchanged ... ok
[INFO] [stdout] test storage::hdf5::tests::bulk_read_of_scattered_columns_returns_the_same_arrays ... ok
[INFO] [stdout] test store::resolve_windows_tests::misaligned_or_reversed_errors ... ok
[INFO] [stdout] test store::resolve_windows_tests::monthly_interval_search_matches_the_linear_scan ... ok
[INFO] [stdout] test reader::tests::override_handles_noncontiguous_high_columns ... ok
[INFO] [stdout] test store::resolve_windows_tests::start_past_last_window_errors ... ok
[INFO] [stdout] test store::slice_axis_tests::axis1_of_3d ... ok
[INFO] [stdout] test store::slice_axis_tests::empty_range ... ok
[INFO] [stdout] test store::slice_axis_tests::axis2_of_4d ... ok
[INFO] [stdout] test store::slice_axis_tests::full_range_is_identity ... ok
[INFO] [stdout] test storage::hdf5::tests::standalone_forecast_round_trip_window_reads_and_compact_layout ... ok
[INFO] [stdout] test store::resolve_windows_tests::zero_width_in_range_is_empty ... ok
[INFO] [stdout] test store::windowed_read_tests::a_deterministic_window_reads_only_that_window ... ok
[INFO] [stdout] test storage::hdf5::tests::standalone_bool_and_u8_are_distinguished_by_the_caller_dtype ... ok
[INFO] [stdout] test timestamps::tests::a_leap_second_is_refused_because_it_folds_onto_the_next_instant ... ok
[INFO] [stdout] test storage::hdf5::tests::the_sniff_separates_not_ours_from_could_not_open ... ok
[INFO] [stdout] test store::slice_axis_tests::axis0 ... ok
[INFO] [stdout] test timestamps::tests::a_stored_value_outside_chronos_range_is_an_integrity_error ... ok
[INFO] [stdout] test timestamps::tests::sub_millisecond_instants_are_refused_on_the_write_path ... ok
[INFO] [stdout] test store::windowed_read_tests::a_scenarios_window_reads_only_that_window ... ok
[INFO] [stdout] test types::array::tests::dtype_codes_and_names_round_trip ... ok
[INFO] [stdout] test types::array::tests::from_slice_length_mismatch_errors ... ok
[INFO] [stdout] test timestamps::tests::vectors_round_trip_through_milliseconds ... ok
[INFO] [stdout] test store::windowed_read_tests::whole_series_read_is_unchanged ... ok
[INFO] [stdout] test types::array::tests::to_vec_wrong_dtype_errors ... ok
[INFO] [stdout] test types::element_type::tests::default_is_f64_scalars ... ok
[INFO] [stdout] test store::windowed_read_tests::single_window_reads_only_its_own_rows ... ok
[INFO] [stdout] test types::array::tests::typed_round_trip_every_dtype ... ok
[INFO] [stdout] test types::element_type::tests::every_dtype_is_a_scalar_element_type ... ok
[INFO] [stdout] test types::element_type::tests::function_data_kinds_are_f64 ... ok
[INFO] [stdout] test types::element_type::tests::fixed_width_kinds_require_their_exact_dims ... ok
[INFO] [stdout] test types::element_type::tests::canonical_strings_round_trip ... ok
[INFO] [stdout] test types::element_type::tests::scalars_accept_any_dense_per_step_shape ... ok
[INFO] [stdout] test types::array::tests::element_at_rejects_an_oversized_index_without_overflowing ... ok
[INFO] [stdout] test store::windowed_read_tests::a_full_dense_read_still_takes_the_whole_array_in_one_go ... ok
[INFO] [stdout] test types::element_type::tests::validate_array_checks_ragged_row_counts ... ok
[INFO] [stdout] test types::element_type::tests::validate_array_uses_the_leading_dims_of_the_time_series_type ... ok
[INFO] [stdout] test types::id::tests::optional_ids_serialize_as_null_or_integer ... ok
[INFO] [stdout] test types::metadata::tests::every_time_series_field_name_is_reserved ... ok
[INFO] [stdout] test types::metadata::tests::reserved_names_are_sorted_and_unique ... ok
[INFO] [stdout] test reader::tests::forecast_reader_reads_windows ... ok
[INFO] [stdout] test types::metadata::tests::reserved_names_match_case_sensitively ... ok
[INFO] [stdout] test types::id::tests::round_trips_through_its_integer ... ok
[INFO] [stdout] test types::metadata::tests::validate_features_rejects_every_reserved_name ... ok
[INFO] [stdout] test types::metadata::tests::validate_features_accepts_ordinary_names ... ok
[INFO] [stdout] test types::period::tests::a_daily_local_grid_across_a_dst_transition_is_refused ... ok
[INFO] [stdout] test types::period::tests::a_monthly_local_grid_across_a_dst_transition_is_refused ... ok
[INFO] [stdout] test types::id::tests::serializes_as_a_bare_integer ... ok
[INFO] [stdout] test types::period::tests::add_to_calendar ... ok
[INFO] [stdout] test types::period::tests::an_inferred_period_reproduces_the_vector_it_came_from ... ok
[INFO] [stdout] test types::period::tests::divide_into ... ok
[INFO] [stdout] test types::period::tests::fixed_never_equals_months ... ok
[INFO] [stdout] test types::period::tests::from_iso_rejects_mixed_and_garbage ... ok
[INFO] [stdout] test types::period::tests::infer_needs_at_least_two_timestamps ... ok
[INFO] [stdout] test types::period::tests::infer_prefers_the_fixed_reading_when_both_fit ... ok
[INFO] [stdout] test types::element_type::tests::parse_rejects_malformed_spellings ... ok
[INFO] [stdout] test types::element_type::tests::ragged_kinds_constrain_the_row_width ... ok
[INFO] [stdout] test types::element_type::tests::validate_array_checks_the_physical_dtype ... ok
[INFO] [stdout] test types::period::tests::infer_reads_a_fixed_grid ... ok
[INFO] [stdout] test types::period::tests::infer_rejects_a_non_increasing_vector ... ok
[INFO] [stdout] test types::period::tests::iso_round_trip_fixed ... ok
[INFO] [stdout] test types::period::tests::infer_reads_a_month_end_grid_as_calendar_months ... ok
[INFO] [stdout] test types::period::tests::infer_reads_a_quarterly_grid ... ok
[INFO] [stdout] test types::period::tests::iso_round_trip_months ... ok
[INFO] [stdout] test types::period::tests::an_hourly_local_grid_across_a_dst_transition_is_a_uniform_instant_grid ... ok
[INFO] [stdout] test types::period::tests::iso_round_trip_negative ... ok
[INFO] [stdout] test types::period::tests::steps_between_fixed_and_months ... ok
[INFO] [stdout] test types::period::tests::steps_between_rejects_sub_millisecond_offsets ... ok
[INFO] [stdout] test types::period::tests::sub_grid_is_anchorable ... ok
[INFO] [stdout] test types::time_reference::tests::a_non_ascii_offset_shaped_string_is_rejected_not_a_panic ... ok
[INFO] [stdout] test reader::tests::forecast_reader_matches_get_time_series_all_types ... ok
[INFO] [stdout] test types::time_reference::tests::every_i32_offset_is_judged_without_overflowing ... ok
[INFO] [stdout] test types::time_reference::tests::fixed_offset_zero_is_not_utc ... ok
[INFO] [stdout] test types::time_reference::tests::a_zone_name_cannot_impersonate_another_spelling ... ok
[INFO] [stdout] test types::time_reference::tests::offsets_parse_in_the_spellings_a_human_types ... ok
[INFO] [stdout] test types::time_reference::tests::the_four_spellings_round_trip ... ok
[INFO] [stdout] test types::time_reference::tests::the_iana_zone_utc_is_not_the_utc_literal ... ok
[INFO] [stdout] test reader::tests::reads_columnar_values_across_an_irregular_cohort ... ok
[INFO] [stdout] test reader::tests::disk_override_matches_default ... ok
[INFO] [stdout] test types::time_reference::tests::unspecified_groups_with_the_zoned_variants_for_bounds ... ok
[INFO] [stdout] test types::time_reference::tests::zone_shape_is_checked_but_existence_is_not ... ok
[INFO] [stdout] test types::time_series::tests::code_groups_partition_cleanly ... ok
[INFO] [stdout] test types::time_series::tests::code_span_agrees_with_accepts_over_every_pair ... ok
[INFO] [stdout] test types::time_series::tests::compute_h_requires_exact_positive_division ... ok
[INFO] [stdout] test types::time_series::tests::code_span_widens_only_deterministic ... ok
[INFO] [stdout] test types::time_series::tests::decoded_values_is_raw_for_a_plain_numeric_series ... ok
[INFO] [stdout] test types::time_series::tests::deterministic_accepts_zero_interval_for_a_single_window ... ok
[INFO] [stdout] test types::time_series::tests::deterministic_accepts_the_canonical_shape ... ok
[INFO] [stdout] test types::time_series::tests::deterministic_codes_are_adjacent ... ok
[INFO] [stdout] test types::time_series::tests::deterministic_horizon_count_is_the_first_axis ... ok
[INFO] [stdout] test types::time_series::tests::deterministic_rejects_fewer_than_two_dims ... ok
[INFO] [stdout] test types::time_series::tests::deterministic_window_accessors_reject_an_index_past_the_count ... ok
[INFO] [stdout] test types::time_series::tests::deterministic_window_starts_step_by_interval ... ok
[INFO] [stdout] test types::time_series::tests::deterministic_rejects_non_positive_periods ... ok
[INFO] [stdout] test types::time_series::tests::deterministic_rejects_shape_mismatch ... ok
[INFO] [stdout] test types::time_series::tests::deterministic_window_timestamps_step_by_resolution ... ok
[INFO] [stdout] test types::time_series::tests::every_other_type_accepts_only_itself ... ok
[INFO] [stdout] test types::time_series::tests::from_values_refuses_raw_and_names_the_alternative ... ok
[INFO] [stdout] test types::time_series::tests::deterministic_window_starts_step_a_month_interval_on_the_calendar ... ok
[INFO] [stdout] test types::time_series::tests::non_sequential_empty_is_accepted ... ok
[INFO] [stdout] test types::time_series::tests::probabilistic_accepts_the_canonical_shape ... ok
[INFO] [stdout] test types::time_series::tests::dst_request_narrows_to_dst_alone ... ok
[INFO] [stdout] test types::time_series::tests::non_sequential_rejects_count_mismatch_and_non_increasing ... ok
[INFO] [stdout] test types::time_series::tests::non_sequential_single_point_is_accepted ... ok
[INFO] [stdout] test types::time_series::tests::deterministic_request_accepts_both_concrete_storage_forms ... ok
[INFO] [stdout] test types::time_series::tests::probabilistic_rejects_percentile_length_mismatch ... ok
[INFO] [stdout] test types::time_series::tests::scenarios_rejects_scenario_count_mismatch ... ok
[INFO] [stdout] test types::time_series::tests::probabilistic_rejects_empty_percentiles ... ok
[INFO] [stdout] test types::time_series::tests::single_time_series_length_comes_from_the_leading_dim ... ok
[INFO] [stdout] test types::time_series::tests::scenarios_rejects_too_few_dims ... ok
[INFO] [stdout] test types::time_series::tests::probabilistic_rejects_fewer_than_three_dims ... ok
[INFO] [stdout] test types::time_series::tests::probabilistic_rejects_non_increasing_percentiles ... ok
[INFO] [stdout] test types::time_series::tests::scenarios_accepts_the_canonical_shape ... ok
[INFO] [stdout] test types::time_series::tests::single_time_series_timestamps_step_a_month_grid_on_the_calendar ... ok
[INFO] [stdout] test types::time_series::tests::time_series_data_accessors_are_variant_exact ... ok
[INFO] [stdout] test types::time_series::tests::storage_codes_round_trip_and_are_unique ... ok
[INFO] [stdout] test types::time_series::tests::single_time_series_with_no_steps_has_no_timestamps ... ok
[INFO] [stdout] test types::time_series::tests::time_series_type_str_round_trip_is_exhaustive ... ok
[INFO] [stdout] test types::time_series::tests::the_persistent_type_is_static_and_appended ... ok
[INFO] [stdout] test version::tests::minor_and_patch_compare_numerically_not_lexically ... ok
[INFO] [stdout] test version::tests::older_than_the_floor_and_newer_than_current_are_both_incompatible ... ok
[INFO] [stdout] test version::tests::the_upgradable_tier_is_the_half_open_window_between_the_bounds ... ok
[INFO] [stdout] test version::tests::the_upgrade_floor_is_upgradable_unless_it_is_current ... ok
[INFO] [stdout] test types::time_series::tests::single_time_series_timestamps_walk_the_fixed_grid ... ok
[INFO] [stdout] test types::time_series::tests::single_time_series_timestamps_agree_with_timestamp_at ... ok
[INFO] [stdout] test version::tests::unparseable_stamps_are_incompatible ... ok
[INFO] [stdout] test types::time_series::tests::validate_forecast_periods_rejects_zero_and_negative ... ok
[INFO] [stdout] test version::tests::an_empty_window_has_no_upgradable_tier ... ok
[INFO] [stdout] test version::tests::current_version_is_its_own_tier ... ok
[INFO] [stdout] test types::time_series::tests::from_values_rejects_values_that_do_not_fill_the_leading_dims ... ok
[INFO] [stdout] test write_buffer::tests::a_removal_keeps_the_survivors_addressable ... ok
[INFO] [stdout] test write_buffer::tests::the_width_cap_is_the_chunk_budget_bounded_by_bytes ... ok
[INFO] [stdout] test write_buffer::tests::an_irregular_block_of_one_stands_alone_unless_a_pool_exists ... ok
[INFO] [stdout] test write_buffer::tests::the_byte_budget_evicts_the_widest_block_and_the_total_stays_exact ... ok
[INFO] [stdout] test write_buffer::tests::a_push_that_cannot_spill_stores_nothing ... ok
[INFO] [stdout] test write_buffer::tests::a_failed_write_keeps_the_block ... ok
[INFO] [stdout] test write_buffer::tests::a_block_of_one_fills_a_slot_and_a_block_of_two_sizes_a_dataset ... ok
[INFO] [stdout] test types::time_series::tests::deterministic_rejects_non_divisible_horizon ... ok
[INFO] [stdout] test types::time_series::tests::deterministic_windows_overlap_when_reissued_faster_than_the_horizon ... ok
[INFO] [stdout] test types::time_series::tests::from_values_round_trips_through_decoded_values_for_every_type ... ok
[INFO] [stdout] test types::time_series::tests::single_time_series_timestamp_at_rejects_an_index_past_the_grid ... ok
[INFO] [stdout] test write_buffer::tests::pushes_accumulate_into_one_block_sized_dataset ... ok
[INFO] [stdout] test store::pending_format_upgrade_tests::an_attached_open_has_nothing_left_to_discharge ... ok
[INFO] [stdout] test reader::tests::static_reader_matches_get_time_series_all_dtypes ... ok
[INFO] [stdout] test store::pending_format_upgrade_tests::persist_to_stamps_the_copy_it_publishes ... ok
[INFO] [stdout] test store::pending_format_upgrade_tests::persist_catalog_discharges_the_deferred_restamp ... ok
[INFO] [stdout] test reader::tests::static_reader_spans_spilled_datasets ... ok
[INFO] [stdout] 
[INFO] [stdout] test result: ok. 252 passed; 0 failed; 0 ignored; 0 measured; 0 filtered out; finished in 0.96s
[INFO] [stdout] 
[INFO] [stderr]      Running tests/api_additions.rs (/opt/rustwide/target/release/deps/api_additions-114ed896c68319ea)
[INFO] [stdout] 
[INFO] [stdout] running 43 tests
[INFO] [stdout] test empty_key_lists_are_no_ops_not_errors ... ok
[INFO] [stdout] test bulk_read_range_matches_per_key_get_time_series ... ok
[INFO] [stdout] test a_single_time_series_whose_length_disagrees_with_its_array_is_rejected ... ok
[INFO] [stdout] test has_any_time_series_answers_owner_level_existence ... ok
[INFO] [stdout] test bulk_push_preserves_application_data ... ok
[INFO] [stdout] test a_reserved_feature_name_rolls_back_the_whole_batch ... ok
[INFO] [stdout] test period_serializes_as_iso8601_string ... ok
[INFO] [stdout] test component_field_is_descriptive_not_identity ... ok
[INFO] [stdout] test get_array_by_hash_miss_is_not_found ... ok
[INFO] [stdout] test existence_probes_distinguish_features ... ok
[INFO] [stdout] test reading_a_stale_id_is_not_found ... ok
[INFO] [stdout] test near_miss_feature_names_are_accepted ... ok
[INFO] [stdout] test has_exact_time_series_does_not_widen_deterministic_to_derived_forecasts ... ok
[INFO] [stdout] test has_any_time_series_feature_subset_probe ... ok
[INFO] [stdout] test metadata_and_data_json_round_trip ... ok
[INFO] [stdout] test has_exact_time_series_matches_the_complete_key ... ok
[INFO] [stdout] test every_write_path_refuses_to_pair_deterministic_with_its_single_view ... ok
[INFO] [stdout] test replace_owner_for_an_owner_with_no_series_is_zero ... ok
[INFO] [stdout] test remove_by_filter_empty_match_is_ok_zero ... ok
[INFO] [stdout] test replace_owner_into_a_colliding_identity_is_a_duplicate ... ok
[INFO] [stdout] test replace_owner_onto_itself_is_a_no_op ... ok
[INFO] [stdout] test reader_columns_are_ordered_by_features_when_nothing_else_separates_them ... ok
[INFO] [stdout] test store_add_preserves_application_data ... ok
[INFO] [stdout] test time_series_count_summary_is_empty_for_an_empty_store ... ok
[INFO] [stdout] test selecting_the_wrong_time_series_type_matches_nothing ... ok
[INFO] [stdout] test transformed_view_inherits_component_field ... ok
[INFO] [stdout] test unit_system_serde_matches_its_as_str_spelling ... ok
[INFO] [stdout] test a_read_only_store_rejects_every_write_entry_point ... ok
[INFO] [stdout] test write_paths_reject_reserved_feature_names ... ok
[INFO] [stdout] test discovery_enumerations ... ok
[INFO] [stdout] test bulk_read_window_preserves_order_and_values_across_backends ... ok
[INFO] [stdout] test discovery_enumerations_on_an_empty_store ... ok
[INFO] [stdout] test forecast_descriptors_round_trip_on_the_struct ... ok
[INFO] [stdout] test replace_owner_is_rejected_on_a_read_only_store ... ok
[INFO] [stdout] test remove_bulk_rolls_back_on_missing_key ... ok
[INFO] [stdout] test series_descriptors_round_trip_on_the_struct ... ok
[INFO] [stdout] test copy_time_series_shares_the_array ... ok
[INFO] [stdout] test remove_bulk_reclaims_a_shared_array_only_when_the_last_reference_goes ... ok
[INFO] [stdout] test replace_owner_moves_every_series_of_that_owner ... ok
[INFO] [stdout] test time_series_count_summary_preserves_timestamp_references ... ok
[INFO] [stdout] test time_series_count_summary_distinguishes_each_temporal_axis ... ok
[INFO] [stdout] test read_only_and_path_accessors_report_each_store_state ... ok
[INFO] [stdout] test remove_by_filter_removes_matching_and_reclaims_arrays ... ok
[INFO] [stdout] 
[INFO] [stdout] test result: ok. 43 passed; 0 failed; 0 ignored; 0 measured; 0 filtered out; finished in 0.24s
[INFO] [stdout] 
[INFO] [stderr]      Running tests/array_sharing.rs (/opt/rustwide/target/release/deps/array_sharing-168cf88fe6a65eab)
[INFO] [stdout] 
[INFO] [stdout] running 10 tests
[INFO] [stdout] test bulk_remove_of_dst_and_backing_sts_is_order_independent ... ok
[INFO] [stdout] test removing_the_last_sts_backing_a_dst_is_refused ... ok
[INFO] [stdout] test locate_array_reports_no_on_disk_location_for_an_in_memory_store ... ok
[INFO] [stdout] test count_array_references_multiple_sts_then_decrements ... ok
[INFO] [stdout] test locate_array_names_the_standalone_dataset_of_a_lone_irregular_series ... ok
[INFO] [stdout] test irregular_series_sharing_a_time_axis_are_packed_into_one_cohort_dataset ... ok
[INFO] [stdout] test shared_hash_across_packed_and_standalone_persists_as_standalone ... ok
[INFO] [stdout] test locate_array_names_the_dataset_and_column_of_a_packed_array ... ok
[INFO] [stdout] test a_forecast_sharing_a_packed_array_reads_through_the_forecast_reader ... ok
[INFO] [stdout] test the_lone_packed_array_of_an_irregular_pool_survives_a_forecast_sharing_its_key ... ok
[INFO] [stdout] 
[INFO] [stdout] test result: ok. 10 passed; 0 failed; 0 ignored; 0 measured; 0 filtered out; finished in 2.37s
[INFO] [stdout] 
[INFO] [stderr]      Running tests/artifact_safety.rs (/opt/rustwide/target/release/deps/artifact_safety-526d12b36b6103e1)
[INFO] [stdout] 
[INFO] [stdout] running 19 tests
[INFO] [stdout] test creating_over_a_saved_store_is_refused ... ok
[INFO] [stdout] test persist_catalog_pairs_an_in_memory_catalog_with_the_arrays_beside_it ... ok
[INFO] [stdout] test open_copy_refuses_a_destination_that_already_holds_a_store ... ok
[INFO] [stdout] test creating_over_a_lone_half_is_refused ... ok
[INFO] [stdout] test create_replacing_discards_both_halves ... ok
[INFO] [stdout] test an_abandoned_scratch_file_blocks_recreation_until_it_is_replaced ... ok
[INFO] [stdout] test a_failed_save_leaves_an_in_memory_store_live ... ok
[INFO] [stdout] test a_second_handle_on_an_open_artifact_is_refused ... ok
[INFO] [stdout] test a_failed_save_leaves_a_disk_backed_store_live ... ok
[INFO] [stdout] test a_failed_catalog_checkpoint_keeps_the_catalog_in_ram ... ok
[INFO] [stdout] test open_copy_carries_rows_still_in_the_sources_wal ... ok
[INFO] [stdout] test open_copy_of_a_half_artifact_refuses_rather_than_reading_it_empty ... ok
[INFO] [stdout] test a_failed_save_can_still_have_replaced_the_destination ... ok
[INFO] [stdout] test open_copy_can_hand_back_an_in_memory_catalog ... ok
[INFO] [stdout] test persist_catalog_is_a_checkpoint_not_a_mode_switch ... ok
[INFO] [stdout] test persist_catalog_refuses_what_it_cannot_pair ... ok
[INFO] [stdout] test persist_stages_through_a_unique_temp ... ok
[INFO] [stdout] test open_copy_leaves_the_original_alone ... ok
[INFO] [stdout] test stale_staging_files_are_inert ... ok
[INFO] [stdout] 
[INFO] [stdout] test result: ok. 19 passed; 0 failed; 0 ignored; 0 measured; 0 filtered out; finished in 0.39s
[INFO] [stdout] 
[INFO] [stderr]      Running tests/association_ids.rs (/opt/rustwide/target/release/deps/association_ids-5328199028b51b08)
[INFO] [stdout] 
[INFO] [stdout] running 49 tests
[INFO] [stdout] test a_guarded_read_refuses_the_same_id_in_the_other_category ... ok
[INFO] [stdout] test a_guarded_removal_refuses_another_owners_row_and_keeps_it ... ok
[INFO] [stdout] test a_guarded_removal_retires_the_owners_own_row ... ok
[INFO] [stdout] test a_bulk_read_by_id_follows_the_order_it_was_given ... ok
[INFO] [stdout] test a_removal_by_id_reclaims_only_the_last_reference ... ok
[INFO] [stdout] test a_derived_view_gets_its_own_id ... ok
[INFO] [stdout] test a_copy_gets_its_own_id ... ok
[INFO] [stdout] test a_guarded_read_of_a_dangling_id_is_not_found_not_a_mismatch ... ok
[INFO] [stdout] test a_guarded_read_serves_the_owner_that_holds_the_row ... ok
[INFO] [stdout] test a_guarded_read_refuses_another_owners_row ... ok
[INFO] [stdout] test a_guarded_removal_rolls_the_whole_batch_back_on_a_mismatch ... ok
[INFO] [stdout] test a_removal_by_id_is_all_or_nothing ... ok
[INFO] [stdout] test a_stored_row_reports_the_id_the_catalog_gave_it ... ok
[INFO] [stdout] test a_removal_by_id_takes_only_the_row_it_names ... ok
[INFO] [stdout] test a_windowed_read_by_id_fails_on_a_dangling_id ... ok
[INFO] [stdout] test an_association_id_is_outside_equality_and_hashing ... ok
[INFO] [stdout] test a_removal_by_id_refuses_to_orphan_a_derived_view ... ok
[INFO] [stdout] test a_windowed_read_by_id_refuses_an_off_grid_start ... ok
[INFO] [stdout] test a_windowed_read_by_id_refuses_the_wrong_extent_argument ... ok
[INFO] [stdout] test a_persistent_row_travels_in_neither_direction ... ok
[INFO] [stdout] test a_windowed_read_by_id_slices_a_forecast_by_count ... ok
[INFO] [stdout] test a_row_reassigned_after_a_check_is_refused_by_the_guarded_removal ... ok
[INFO] [stdout] test a_removed_rows_id_stops_resolving_and_is_not_reused ... ok
[INFO] [stdout] test a_windowed_read_by_id_refuses_what_a_range_would_clamp ... ok
[INFO] [stdout] test a_windowed_read_by_id_slices_a_single_time_series ... ok
[INFO] [stdout] test an_add_always_lets_the_catalog_assign ... ok
[INFO] [stdout] test a_write_reports_the_id_it_used ... ok
[INFO] [stdout] test an_id_resolves_to_its_row_or_to_nothing ... ok
[INFO] [stdout] test an_id_collision_and_an_identity_collision_are_different_errors ... ok
[INFO] [stdout] test a_windowed_read_by_id_slices_a_non_sequential_series ... ok
[INFO] [stdout] test an_irregular_row_carries_its_axis_and_its_id ... ok
[INFO] [stdout] test a_read_only_store_refuses_a_removal_by_id ... ok
[INFO] [stdout] test attaching_reports_its_id ... ok
[INFO] [stdout] test id_cannot_be_used_as_a_feature_name ... ok
[INFO] [stdout] test an_import_refuses_a_document_that_mixes_supplied_and_missing_ids ... ok
[INFO] [stdout] test an_import_refuses_a_row_whose_array_is_absent ... ok
[INFO] [stdout] test an_import_refuses_a_row_that_misdescribes_its_array ... ok
[INFO] [stdout] test an_imported_id_cannot_reissue_a_deleted_one ... ok
[INFO] [stdout] test a_document_round_trips_with_its_ids ... ok
[INFO] [stdout] test the_attribute_association_wire_form_carries_no_id ... ok
[INFO] [stdout] test every_association_table_declares_autoincrement ... ok
[INFO] [stdout] test the_sweep_reports_the_views_it_wrote ... ok
[INFO] [stdout] test an_import_refuses_a_view_without_its_source ... ok
[INFO] [stdout] test a_read_by_ids_spans_many_query_chunks ... ok
[INFO] [stdout] test an_imported_row_is_identical_to_the_exported_one ... ok
[INFO] [stdout] test ids_survive_a_persist_and_reopen ... ok
[INFO] [stdout] test the_three_tables_have_independent_id_streams ... ok
[INFO] [stdout] test an_imported_id_is_honored_and_ratchets_the_counter ... ok
[INFO] [stdout] test an_id_is_not_reused_after_its_row_is_deleted ... ok
[INFO] [stdout] 
[INFO] [stdout] test result: ok. 49 passed; 0 failed; 0 ignored; 0 measured; 0 filtered out; finished in 0.21s
[INFO] [stdout] 
[INFO] [stderr]      Running tests/associations.rs (/opt/rustwide/target/release/deps/associations-1f129c0263aaffba)
[INFO] [stdout] 
[INFO] [stdout] running 37 tests
[INFO] [stdout] test association_serde_round_trips ... ok
[INFO] [stdout] test associations_are_independent_of_time_series ... ok
[INFO] [stdout] test attach_list_remove_round_trip ... ok
[INFO] [stdout] test attachment_bulk_add_is_all_or_nothing ... ok
[INFO] [stdout] test one_attribute_may_be_attached_to_many_components ... ok
[INFO] [stdout] test duplicate_attachment_is_rejected_regardless_of_type_names ... ok
[INFO] [stdout] test attachment_counts_by_type_and_summary_group_correctly ... ok
[INFO] [stdout] test a_parent_child_self_edge_is_accepted ... ok
[INFO] [stdout] test attachment_ids_and_counts_on_both_sides ... ok
[INFO] [stdout] test empty_type_list_matches_nothing ... ok
[INFO] [stdout] test a_supplemental_self_pair_is_accepted ... ok
[INFO] [stdout] test attachment_filters_narrow_by_id_and_type ... ok
[INFO] [stdout] test has_attachment_covers_every_dispatch_form ... ok
[INFO] [stdout] test removing_nothing_is_not_an_error ... ok
[INFO] [stdout] test attachment_bulk_export_import_round_trips ... ok
[INFO] [stdout] test parents_and_children_are_listed_separately ... ok
[INFO] [stdout] test parent_child_pair_is_unique_but_direction_matters ... ok
[INFO] [stdout] test replace_component_id_for_an_unreferenced_id_is_zero ... ok
[INFO] [stdout] test parent_child_counts_match_brute_force_on_a_fan_in_and_fan_out_graph ... ok
[INFO] [stdout] test parent_child_round_trip ... ok
[INFO] [stdout] test replace_component_id_moves_every_attachment ... ok
[INFO] [stdout] test parent_child_bulk_add_is_all_or_nothing ... ok
[INFO] [stdout] test reassigning_a_component_relabels_the_rows_it_moves ... ok
[INFO] [stdout] test replace_component_id_reports_a_collision ... ok
[INFO] [stdout] test replace_parent_child_component_id_for_an_unreferenced_id_is_zero ... ok
[INFO] [stdout] test replace_parent_child_component_id_rewrites_both_ends ... ok
[INFO] [stdout] test replace_component_id_with_old_equal_to_new_is_a_self_move ... ok
[INFO] [stdout] test replace_parent_child_component_id_with_old_equal_to_new_is_a_self_move ... ok
[INFO] [stdout] test replace_parent_child_component_id_counts_a_self_edge_once ... ok
[INFO] [stdout] test replace_parent_child_component_id_reports_a_collision ... ok
[INFO] [stdout] test the_two_catalogs_do_not_interfere ... ok
[INFO] [stdout] test a_type_list_filter_with_over_a_thousand_entries_still_works ... ok
[INFO] [stdout] test read_only_store_rejects_association_writes ... ok
[INFO] [stdout] test associations_survive_persist_and_reopen ... ok
[INFO] [stdout] test counts_and_summary_match_brute_force_on_a_fan_in_and_fan_out_graph ... ok
[INFO] [stdout] test read_only_open_of_a_pre_associations_store_reads_empty ... ok
[INFO] [stdout] test opening_for_writing_renames_the_legacy_time_series_indexes ... ok
[INFO] [stdout] 
[INFO] [stdout] test result: ok. 37 passed; 0 failed; 0 ignored; 0 measured; 0 filtered out; finished in 0.18s
[INFO] [stdout] 
[INFO] [stderr]      Running tests/bulk_add_in_transaction.rs (/opt/rustwide/target/release/deps/bulk_add_in_transaction-a7f2135e019ef04d)
[INFO] [stdout] 
[INFO] [stdout] running 3 tests
[INFO] [stdout] test list_keys_with_id_reports_the_ids_the_writes_handed_back ... ok
[INFO] [stdout] test successive_bulk_attachments_in_one_transaction_do_not_slow_down ... ok
[INFO] [stdout] test successive_bulk_adds_in_one_transaction_do_not_slow_down ... ok
[INFO] [stdout] 
[INFO] [stdout] test result: ok. 3 passed; 0 failed; 0 ignored; 0 measured; 0 filtered out; finished in 2.19s
[INFO] [stdout] 
[INFO] [stderr]      Running tests/calendar_period_slicing.rs (/opt/rustwide/target/release/deps/calendar_period_slicing-3bb7ff941658febe)
[INFO] [stdout] 
[INFO] [stdout] running 8 tests
[INFO] [stdout] test a_window_slice_never_invents_a_grid ... ok
[INFO] [stdout] test a_window_slice_of_an_unclamped_monthly_series_always_works ... ok
[INFO] [stdout] test a_derived_forecast_over_a_clamped_source_is_refused ... ok
[INFO] [stdout] test a_range_wider_than_a_forecast_clips_instead_of_erroring ... ok
[INFO] [stdout] test every_reported_timestamp_is_readable_again ... ok
[INFO] [stdout] test a_range_slice_never_invents_a_grid ... ok
[INFO] [stdout] test a_derived_forecast_over_an_unclamped_source_labels_the_source_grid ... ok
[INFO] [stdout] test a_forecast_window_slice_never_invents_a_grid ... ok
[INFO] [stdout] 
[INFO] [stdout] test result: ok. 8 passed; 0 failed; 0 ignored; 0 measured; 0 filtered out; finished in 0.04s
[INFO] [stdout] 
[INFO] [stderr]      Running tests/catalog_mode.rs (/opt/rustwide/target/release/deps/catalog_mode-0b2600f4c06436d5)
[INFO] [stdout] 
[INFO] [stdout] running 27 tests
[INFO] [stdout] test an_in_memory_backend_rejects_an_attached_catalog ... ok
[INFO] [stdout] test a_store_on_read_only_media_still_opens ... ok
[INFO] [stdout] test a_dropped_bulk_add_writes_no_arrays ... ok
[INFO] [stdout] test an_attached_catalog_is_durable_without_persist ... ok
[INFO] [stdout] test an_in_memory_catalog_discards_changes_when_the_store_is_dropped ... ok
[INFO] [stdout] test a_read_only_store_can_still_save_its_arrays_elsewhere ... ok
[INFO] [stdout] test an_unstamped_artifact_still_opens ... ok
[INFO] [stdout] test a_catalog_from_a_different_save_is_rejected ... ok
[INFO] [stdout] test an_unstamped_artifact_that_lost_its_catalog_opens_empty ... ok
[INFO] [stdout] test compaction_preserves_the_stamp ... ok
[INFO] [stdout] test persist_is_rejected_while_a_transaction_is_open ... ok
[INFO] [stdout] test an_in_memory_catalog_writes_no_sqlite_file_until_persist ... ok
[INFO] [stdout] test a_read_only_in_memory_catalog_writes_nothing_back ... ok
[INFO] [stdout] test opening_with_an_in_memory_catalog_requires_the_catalog_file ... ok
[INFO] [stdout] test a_scratch_store_persists_and_reopens_with_its_data ... ok
[INFO] [stdout] test a_rollback_under_an_in_memory_catalog_takes_its_arrays_with_it ... ok
[INFO] [stdout] test persisting_an_attached_catalog_onto_its_own_path_is_a_no_op ... ok
[INFO] [stdout] test a_read_only_store_can_still_save_elsewhere ... ok
[INFO] [stdout] test compaction_still_pairs_with_an_in_memory_catalog ... ok
[INFO] [stdout] test a_saved_store_loads_into_memory_and_saves_again ... ok
[INFO] [stdout] test persist_leaves_no_temporary_files_behind ... ok
[INFO] [stdout] test persisting_an_in_memory_catalog_onto_its_own_path_writes_the_sidecar ... ok
[INFO] [stdout] test one_stamped_half_is_a_mismatch ... ok
[INFO] [stdout] test persist_clears_a_stale_wal_beside_the_destination ... ok
[INFO] [stdout] test each_save_mints_a_fresh_stamp ... ok
[INFO] [stdout] test persisting_twice_to_one_destination_replaces_the_pair ... ok
[INFO] [stderr]      Running tests/crash_durability.rs (/opt/rustwide/target/release/deps/crash_durability-0e7d90968f51c476)
[INFO] [stdout] test saving_writes_the_live_set_whichever_backend_holds_it ... ok
[INFO] [stdout] 
[INFO] [stdout] test result: ok. 27 passed; 0 failed; 0 ignored; 0 measured; 0 filtered out; finished in 0.56s
[INFO] [stdout] 
[INFO] [stdout] 
[INFO] [stdout] running 1 test
[INFO] [stdout] test writes_are_durable_before_they_return ... ok
[INFO] [stderr]      Running tests/cross_cutting.rs (/opt/rustwide/target/release/deps/cross_cutting-b82473640639a4f6)
[INFO] [stdout] 
[INFO] [stdout] test result: ok. 1 passed; 0 failed; 0 ignored; 0 measured; 0 filtered out; finished in 0.63s
[INFO] [stdout] 
[INFO] [stdout] 
[INFO] [stdout] running 19 tests
[INFO] [stdout] test store_is_send_but_not_sync ... ok
[INFO] [stdout] test a_forecast_the_store_cannot_read_back_is_refused_on_write ... ok
[INFO] [stdout] test sub_millisecond_resolutions_are_rejected_not_truncated ... ok
[INFO] [stdout] test a_resolution_the_store_cannot_represent_is_refused_on_write ... ok
[INFO] [stdout] test leap_second_instants_are_refused ... ok
[INFO] [stdout] test a_reader_built_before_a_removal_of_an_unshared_array_errors ... ok
[INFO] [stdout] test a_sub_millisecond_offset_from_a_forecast_window_boundary_is_rejected ... ok
[INFO] [stdout] test a_store_can_be_moved_to_another_thread ... ok
[INFO] [stdout] test sub_millisecond_non_sequential_timestamps_are_refused ... ok
[INFO] [stdout] test a_reader_built_before_an_add_does_not_see_the_new_series ... ok
[INFO] [stdout] test a_reader_built_before_a_removal_of_a_shared_array_reads_stale_values ... ok
[INFO] [stdout] test a_series_spanning_the_epoch_boundary_reads_correctly ... ok
[INFO] [stdout] test a_forecast_on_a_millisecond_offset_grid_reads_at_its_own_boundaries ... ok
[INFO] [stdout] test sub_second_resolutions_round_trip ... ok
[INFO] [stdout] test non_sequential_timestamps_keep_sub_second_precision ... ok
[INFO] [stdout] test a_century_spanning_non_sequential_series_round_trips ... ok
[INFO] [stdout] test millisecond_precision_timestamps_round_trip_and_finer_ones_are_refused ... ok
[INFO] [stdout] test pre_1970_initial_timestamps_round_trip ... ok
[INFO] [stdout] test a_second_handle_on_one_path_is_refused_whatever_its_mode ... ok
[INFO] [stdout] 
[INFO] [stdout] test result: ok. 19 passed; 0 failed; 0 ignored; 0 measured; 0 filtered out; finished in 0.22s
[INFO] [stdout] 
[INFO] [stderr]      Running tests/disk_roundtrip.rs (/opt/rustwide/target/release/deps/disk_roundtrip-3443224a799e9d44)
[INFO] [stdout] 
[INFO] [stdout] running 48 tests
[INFO] [stdout] test a_file_that_will_not_open_is_not_reported_as_a_foreign_file ... ok
[INFO] [stdout] test bulk_add_dropped_without_commit_writes_nothing ... ok
[INFO] [stdout] test clearing_the_store_reclaims_its_time_axes ... ok
[INFO] [stdout] test data_format_version_is_recorded ... ok
[INFO] [stdout] test compact_reports_the_shrink_a_caller_can_measure ... ok
[INFO] [stdout] test a_missing_time_axis_is_reported_and_refuses_the_read ... ok
[INFO] [stdout] test a_shared_time_axis_is_one_i64_dataset_in_the_array_file ... ok
[INFO] [stdout] test golden_hash_pin ... ok
[INFO] [stdout] test compact_stages_through_a_unique_temp_and_leaves_a_stale_one_alone ... ok
[INFO] [stdout] test invalid_compression_level_is_rejected ... ok
[INFO] [stdout] test bulk_read_matches_get_time_series_across_types ... ok
[INFO] [stdout] test deduplication_persists ... ok
[INFO] [stdout] test compact_rewrites_the_file_and_reports_reclaimed_slots ... ok
[INFO] [stdout] test opening_a_directory_as_a_store_is_rejected ... ok
[INFO] [stdout] test opening_a_nonexistent_path_is_rejected_as_a_missing_file ... ok
[INFO] [stdout] test compact_shrinks_the_file_after_a_removal ... ok
[INFO] [stdout] test bulk_add_session_writes_block_and_round_trips ... ok
[INFO] [stdout] test discriminant_columns_are_stored_as_integer_codes ... ok
[INFO] [stdout] test compact_drops_a_dataset_the_catalog_does_not_reference ... ok
[INFO] [stdout] test opening_a_store_with_no_format_attribute_is_rejected_as_unspecified ... ok
[INFO] [stdout] test compact_preserves_every_stored_time_series_type ... ok
[INFO] [stdout] test opening_a_zero_byte_file_is_rejected ... ok
[INFO] [stdout] test compact_is_idempotent_and_safe_with_no_dead_space ... ok
[INFO] [stdout] test compaction_unlinks_a_time_axis_nothing_references ... ok
[INFO] [stdout] test disk_roundtrips_multidim_element_tuples ... ok
[INFO] [stdout] test forecast_read_of_a_drifted_dtype_is_refused_even_when_empty ... ok
[INFO] [stdout] test non_sequential_persistent_round_trip ... ok
[INFO] [stdout] test opening_a_store_from_a_newer_format_is_rejected ... ok
[INFO] [stdout] test multiple_resolutions_separate_datasets ... ok
[INFO] [stdout] test in_memory_persist_round_trip ... ok
[INFO] [stdout] test opening_a_store_whose_sqlite_half_is_missing_read_only_errors ... ok
[INFO] [stdout] test opening_a_store_from_an_older_format_is_rejected ... ok
[INFO] [stdout] test opening_a_truncated_file_is_rejected ... ok
[INFO] [stdout] test persistent_round_trip ... ok
[INFO] [stdout] test in_memory_persist_preserves_forecast_window_reads ... ok
[INFO] [stdout] test read_only_open_works_on_write_protected_files ... ok
[INFO] [stdout] test the_format_check_runs_before_the_catalog_half_is_opened ... ok
[INFO] [stdout] test opening_an_older_format_store_for_writing_is_rejected_before_the_catalog_ddl_runs ... ok
[INFO] [stdout] test time_range_slicing_through_disk ... ok
[INFO] [stdout] test opening_a_store_whose_sqlite_half_is_missing_errors ... ok
[INFO] [stdout] test verify_integrity_reports_a_hash_mismatch_when_stored_bytes_are_corrupted ... ok
[INFO] [stdout] test verify_integrity_reports_a_catalog_hash_that_names_no_stored_array ... ok
[INFO] [stdout] test verify_integrity_reports_a_time_axis_perturbed_behind_its_hash ... ok
[INFO] [stdout] test rolling_back_a_transaction_removes_the_time_axis_it_wrote ... ok
[INFO] [stdout] test verify_integrity_keeps_going_past_a_catalog_row_it_cannot_use ... ok
[INFO] [stdout] test on_disk_persist_writes_afresh_and_leaves_the_source_usable ... ok
[INFO] [stdout] test compression_policies_round_trip ... ok
[INFO] [stdout] test spill_into_new_dataset_past_capacity ... ok
[INFO] [stdout] 
[INFO] [stdout] test result: ok. 48 passed; 0 failed; 0 ignored; 0 measured; 0 filtered out; finished in 1.16s
[INFO] [stdout] 
[INFO] [stderr]      Running tests/docs_guide_snippets.rs (/opt/rustwide/target/release/deps/docs_guide_snippets-dc920a72e9a41fa6)
[INFO] [stdout] 
[INFO] [stdout] running 2 tests
[INFO] [stdout] test the_reference_empty_tuple_escape_hatch_works ... ok
[INFO] [stdout] test the_rust_guide_element_value_snippets_work ... ok
[INFO] [stdout] 
[INFO] [stdout] test result: ok. 2 passed; 0 failed; 0 ignored; 0 measured; 0 filtered out; finished in 0.02s
[INFO] [stdout] 
[INFO] [stderr]      Running tests/edge_values.rs (/opt/rustwide/target/release/deps/edge_values-cfa5856d9fa4915e)
[INFO] [stdout] 
[INFO] [stdout] running 28 tests
[INFO] [stdout] test feature_value_equality_hashing_and_ordering_agree ... ok
[INFO] [stdout] test an_element_count_too_large_to_represent_is_an_error_not_a_panic ... ok
[INFO] [stdout] test application_data_is_stored_verbatim_even_when_not_valid_json ... ok
[INFO] [stdout] test empty_string_name_is_pinned ... ok
[INFO] [stdout] test hostile_names_round_trip_and_match_exactly ... ok
[INFO] [stdout] test name_glob_follows_sqlite_glob_semantics ... ok
[INFO] [stdout] test a_nan_feature_value_is_rejected_and_leaves_the_catalog_readable ... ok
[INFO] [stdout] test hostile_owner_type_units_and_ext_round_trip ... ok
[INFO] [stdout] test hostile_feature_keys_and_values_round_trip_and_disambiguate ... ok
[INFO] [stdout] test malformed_inputs_report_errors_rather_than_panicking ... ok
[INFO] [stdout] test hostile_names_survive_a_non_sequential_disk_round_trip ... ok
[INFO] [stdout] test zero_length_single_time_series_is_pinned ... ok
[INFO] [stdout] test differing_nan_bit_patterns_content_address_to_one_array ... ok
[INFO] [stdout] test extreme_u64_round_trips_through_disk ... ok
[INFO] [stdout] test deterministic_with_horizon_count_one_round_trips ... ok
[INFO] [stdout] test deterministic_with_count_one_round_trips_and_window_selects ... ok
[INFO] [stdout] test extreme_i64_round_trips_through_disk ... ok
[INFO] [stdout] test extreme_i32_round_trips_through_disk ... ok
[INFO] [stdout] test non_finite_deterministic_round_trips_bit_exact ... ok
[INFO] [stdout] test ten_kilobyte_name_is_pinned ... ok
[INFO] [stdout] test scenarios_with_one_scenario_round_trips ... ok
[INFO] [stdout] test probabilistic_with_one_percentile_round_trips ... ok
[INFO] [stdout] test non_finite_f64_static_round_trips_bit_exact ... ok
[INFO] [stdout] test extreme_integers_in_a_forecast_round_trip ... ok
[INFO] [stdout] test single_element_series_round_trips_on_both_backends ... ok
[INFO] [stdout] test one_megabyte_ext_round_trips_through_disk ... ok
[INFO] [stdout] test zero_length_single_time_series_on_disk_is_pinned ... ok
[INFO] [stdout] test non_finite_f32_static_round_trips_bit_exact ... ok
[INFO] [stdout] 
[INFO] [stdout] test result: ok. 28 passed; 0 failed; 0 ignored; 0 measured; 0 filtered out; finished in 0.21s
[INFO] [stdout] 
[INFO] [stderr]      Running tests/element_type_conformance.rs (/opt/rustwide/target/release/deps/element_type_conformance-ce4afe387839a5dc)
[INFO] [stdout] 
[INFO] [stdout] running 3 tests
[INFO] [stdout] test every_vector_round_trips ... ok
[INFO] [stdout] test vector_names_are_unique ... ok
[INFO] [stdout] test exported_vectors_file_is_current ... FAILED
[INFO] [stdout] 
[INFO] [stdout] failures:
[INFO] [stdout] 
[INFO] [stdout] ---- exported_vectors_file_is_current stdout ----
[INFO] [stdout] 
[INFO] [stdout] thread 'exported_vectors_file_is_current' (7731) panicked at tests/element_type_conformance.rs:390:9:
[INFO] [stdout] /opt/rustwide/workdir/../../conformance/element_type_vectors.json is missing (No such file or directory (os error 2)); regenerate with UPDATE_CONFORMANCE_VECTORS=1 cargo test -p infrastore-core --test element_type_conformance
[INFO] [stdout] stack backtrace:
[INFO] [stdout]    0:     0x610bb947e651 - <<std[70759c8f55707aa4]::sys::backtrace::BacktraceLock>::print::DisplayBacktrace as core[df12db4294e9bfd3]::fmt::Display>::fmt
[INFO] [stdout]    1:     0x610bb94933ea - core[df12db4294e9bfd3]::fmt::write
[INFO] [stdout]    2:     0x610bb9482b0c - <alloc[2182bb758b4b3781]::vec::Vec<u8> as core[df12db4294e9bfd3]::io::write::Write>::write_fmt
[INFO] [stdout]    3:     0x610bb9459c26 - std[70759c8f55707aa4]::panicking::default_hook::{closure#0}
[INFO] [stdout]    4:     0x610bb9476859 - std[70759c8f55707aa4]::panicking::default_hook
[INFO] [stdout]    5:     0x610bb9408630 - test[9d35eded1c95d3be]::test_main_inner::<test[9d35eded1c95d3be]::test_main_static::{closure#0}>::{closure#0}
[INFO] [stdout]    6:     0x610bb9476a12 - std[70759c8f55707aa4]::panicking::panic_with_hook
[INFO] [stdout]    7:     0x610bb9459cd2 - std[70759c8f55707aa4]::panicking::panic_handler::{closure#0}
[INFO] [stdout]    8:     0x610bb94527a9 - std[70759c8f55707aa4]::sys::backtrace::__rust_end_short_backtrace::<std[70759c8f55707aa4]::panicking::panic_handler::{closure#0}, !>
[INFO] [stdout]    9:     0x610bb945a8cd - __rustc[8fa7c3cbc660c2b3]::rust_begin_unwind
[INFO] [stdout]   10:     0x610bb9493b1c - core[df12db4294e9bfd3]::panicking::panic_fmt
[INFO] [stdout]   11:     0x610bb93eeb79 - element_type_conformance[efc998e5f4947e73]::exported_vectors_file_is_current::{closure#0}
[INFO] [stdout]   12:     0x610bb93f3515 - <element_type_conformance[efc998e5f4947e73]::exported_vectors_file_is_current::{closure#0} as core[df12db4294e9bfd3]::ops::function::FnOnce<()>>::call_once
[INFO] [stdout]   13:     0x610bb93fb91b - test[9d35eded1c95d3be]::__rust_begin_short_backtrace::<core[df12db4294e9bfd3]::result::Result<(), alloc[2182bb758b4b3781]::string::String>, fn() -> core[df12db4294e9bfd3]::result::Result<(), alloc[2182bb758b4b3781]::string::String>>
[INFO] [stdout]   14:     0x610bb9408f85 - test[9d35eded1c95d3be]::run_test::{closure#0}
[INFO] [stdout]   15:     0x610bb9402844 - std[70759c8f55707aa4]::sys::backtrace::__rust_begin_short_backtrace::<test[9d35eded1c95d3be]::run_test::{closure#1}, ()>
[INFO] [stdout]   16:     0x610bb940c0e2 - <std[70759c8f55707aa4]::thread::lifecycle::spawn_unchecked<test[9d35eded1c95d3be]::run_test::{closure#1}, ()>::{closure#1} as core[df12db4294e9bfd3]::ops::function::FnOnce<()>>::call_once::{shim:vtable#0}
[INFO] [stdout]   17:     0x610bb947d9c9 - <std[70759c8f55707aa4]::sys::thread::unix::Thread>::new::thread_start
[INFO] [stdout]   18:     0x748449f05dfa - <unknown>
[INFO] [stdout]   19:     0x748449f993d4 - clone
[INFO] [stdout]   20:                0x0 - <unknown>
[INFO] [stdout] 
[INFO] [stdout] 
[INFO] [stdout] failures:
[INFO] [stdout]     exported_vectors_file_is_current
[INFO] [stdout] 
[INFO] [stdout] test result: FAILED. 2 passed; 1 failed; 0 ignored; 0 measured; 0 filtered out; finished in 0.01s
[INFO] [stdout] 
[INFO] [stderr] error: test failed, to rerun pass `--test element_type_conformance`
[INFO] running `Command { std: "docker" "inspect" "38fe38de089e0a9ea85667bb5f34b3aee7a2dff49bcbd2581ee4ebbdd7ebea04", kill_on_drop: false }`
[INFO] running `Command { std: "docker" "rm" "-f" "38fe38de089e0a9ea85667bb5f34b3aee7a2dff49bcbd2581ee4ebbdd7ebea04", kill_on_drop: false }`
[INFO] [stdout] 38fe38de089e0a9ea85667bb5f34b3aee7a2dff49bcbd2581ee4ebbdd7ebea04
