[INFO] fetching crate informalsystems-ics23 0.9.0-alpha...
[INFO] testing informalsystems-ics23-0.9.0-alpha against 1.100.0-beta.1+cargoflags=--release for beta-release-1.100-2
[INFO] extracting crate informalsystems-ics23 0.9.0-alpha into /workspace/builds/worker-2-tc2/source
[INFO] removed /workspace/builds/worker-2-tc2/source/.cargo/config
[INFO] started tweaking crates.io crate informalsystems-ics23 0.9.0-alpha
[INFO] finished tweaking crates.io crate informalsystems-ics23 0.9.0-alpha
[INFO] tweaked toml for crates.io crate informalsystems-ics23 0.9.0-alpha written to /workspace/builds/worker-2-tc2/source/Cargo.toml
[INFO] validating manifest of crates.io crate informalsystems-ics23 0.9.0-alpha on toolchain 1.100.0-beta.1
[INFO] running `Command { std: CARGO_HOME="/workspace/cargo-home" RUSTUP_HOME="/workspace/rustup-home" "/workspace/cargo-home/bin/cargo" "+1.100.0-beta.1" "metadata" "--manifest-path" "Cargo.toml" "--no-deps", kill_on_drop: false }`
[INFO] running `Command { std: CARGO_HOME="/workspace/cargo-home" RUSTUP_HOME="/workspace/rustup-home" "/workspace/cargo-home/bin/cargo" "+1.100.0-beta.1" "generate-lockfile" "--manifest-path" "Cargo.toml", kill_on_drop: false }`
[INFO] [stderr]     Updating crates.io index
[INFO] [stderr]      Locking 34 packages to highest compatible versions
[INFO] [stderr]       Adding prost v0.11.9 (available: v0.14.4)
[INFO] [stderr]       Adding ripemd160 v0.9.1 (available: v0.10.0)
[INFO] [stderr]       Adding sha2 v0.9.9 (available: v0.11.1)
[INFO] [stderr]       Adding sha3 v0.9.1 (available: v0.12.0)
[INFO] [stderr]       Adding sp-std v3.0.0 (available: v14.0.0)
[INFO] running `Command { std: CARGO_HOME="/workspace/cargo-home" RUSTUP_HOME="/workspace/rustup-home" "/workspace/cargo-home/bin/cargo" "+1.100.0-beta.1" "fetch" "--manifest-path" "Cargo.toml", kill_on_drop: false }`
[INFO] running `Command { std: "docker" "create" "-v" "/var/lib/crater-agent-workspace/builds/worker-2-tc2/source:/opt/rustwide/workdir:ro,Z" "-v" "/var/lib/crater-agent-workspace/builds/worker-2-tc2/target:/opt/rustwide/target:rw,Z" "-v" "/var/lib/crater-agent-workspace/cargo-home:/opt/rustwide/cargo-home:ro,Z" "-v" "/var/lib/crater-agent-workspace/rustup-home:/opt/rustwide/rustup-home:ro,Z" "-m" "1610612736" "--network" "none" "ghcr.io/rust-lang/crates-build-env/linux@sha256:77db811e55d90add9212f6832c23229e3de5f1c1f9905e8cb07319ea15df73ac" "sleep" "infinity", kill_on_drop: false }`
[INFO] [stdout] c2020a7db3dcac4591c1cea5dee048e3481a9a0d0f69eb2baebe2533cf265d16
[INFO] running `Command { std: "docker" "start" "c2020a7db3dcac4591c1cea5dee048e3481a9a0d0f69eb2baebe2533cf265d16", kill_on_drop: false }`
[INFO] running `Command { std: "docker" "inspect" "c2020a7db3dcac4591c1cea5dee048e3481a9a0d0f69eb2baebe2533cf265d16", kill_on_drop: false }`
[INFO] running `Command { std: "docker" "exec" "-e" "SOURCE_DIR=/opt/rustwide/workdir" "-e" "CARGO_HOME=/opt/rustwide/cargo-home" "-e" "RUSTUP_HOME=/opt/rustwide/rustup-home" "-e" "CARGO_TARGET_DIR=/opt/rustwide/target" "-w" "/opt/rustwide/workdir" "--user" "0:0" "c2020a7db3dcac4591c1cea5dee048e3481a9a0d0f69eb2baebe2533cf265d16" "/opt/rustwide/cargo-home/bin/cargo" "+1.100.0-beta.1" "metadata" "--no-deps" "--format-version=1", kill_on_drop: false }`
[INFO] running `Command { std: "docker" "inspect" "c2020a7db3dcac4591c1cea5dee048e3481a9a0d0f69eb2baebe2533cf265d16", kill_on_drop: false }`
[INFO] running `Command { std: "docker" "exec" "-e" "SOURCE_DIR=/opt/rustwide/workdir" "-e" "CARGO_HOME=/opt/rustwide/cargo-home" "-e" "RUSTUP_HOME=/opt/rustwide/rustup-home" "-e" "CARGO_TARGET_DIR=/opt/rustwide/target" "-e" "CARGO_INCREMENTAL=0" "-e" "RUST_BACKTRACE=full" "-e" "RUSTFLAGS=--cap-lints=warn" "-e" "RUSTDOCFLAGS=--cap-lints=warn" "-w" "/opt/rustwide/workdir" "--user" "0:0" "c2020a7db3dcac4591c1cea5dee048e3481a9a0d0f69eb2baebe2533cf265d16" "/opt/rustwide/cargo-home/bin/cargo" "+1.100.0-beta.1" "build" "--frozen" "--message-format=json" "--release", kill_on_drop: false }`
[INFO] [stderr]    Compiling generic-array v0.14.9
[INFO] [stderr]    Compiling syn v1.0.109
[INFO] [stderr]    Compiling either v1.19.0
[INFO] [stderr]    Compiling bytes v1.12.1
[INFO] [stderr]    Compiling hex v0.4.3
[INFO] [stderr]    Compiling sp-std v3.0.0
[INFO] [stderr]    Compiling itertools v0.10.5
[INFO] [stderr]    Compiling block-buffer v0.9.0
[INFO] [stderr]    Compiling digest v0.9.0
[INFO] [stderr]    Compiling sha2 v0.9.9
[INFO] [stderr]    Compiling ripemd160 v0.9.1
[INFO] [stderr]    Compiling sha3 v0.9.1
[INFO] [stderr]    Compiling prost-derive v0.11.9
[INFO] [stderr]    Compiling prost v0.11.9
[INFO] [stderr]    Compiling informalsystems-ics23 v0.9.0-alpha (/opt/rustwide/workdir)
[INFO] [stdout] warning: use of deprecated method `ripemd160::digest::generic_array::GenericArray::<T, N>::as_slice`: please upgrade to generic-array 1.x
[INFO] [stdout]   --> src/ops.rs:37:59
[INFO] [stdout]    |
[INFO] [stdout] 37 |         HashOp::Sha256 => Hash::from(Sha256::digest(data).as_slice()),
[INFO] [stdout]    |                                                           ^^^^^^^^
[INFO] [stdout]    |
[INFO] [stdout]    = note: `#[warn(deprecated)]` on by default
[INFO] [stdout] 
[INFO] [stdout] 
[INFO] [stdout] warning: use of deprecated method `ripemd160::digest::generic_array::GenericArray::<T, N>::as_slice`: please upgrade to generic-array 1.x
[INFO] [stdout]   --> src/ops.rs:38:59
[INFO] [stdout]    |
[INFO] [stdout] 38 |         HashOp::Sha512 => Hash::from(Sha512::digest(data).as_slice()),
[INFO] [stdout]    |                                                           ^^^^^^^^
[INFO] [stdout] 
[INFO] [stdout] 
[INFO] [stdout] warning: use of deprecated method `ripemd160::digest::generic_array::GenericArray::<T, N>::as_slice`: please upgrade to generic-array 1.x
[INFO] [stdout]   --> src/ops.rs:39:61
[INFO] [stdout]    |
[INFO] [stdout] 39 |         HashOp::Keccak => Hash::from(Sha3_512::digest(data).as_slice()),
[INFO] [stdout]    |                                                             ^^^^^^^^
[INFO] [stdout] 
[INFO] [stdout] 
[INFO] [stdout] warning: use of deprecated method `ripemd160::digest::generic_array::GenericArray::<T, N>::as_slice`: please upgrade to generic-array 1.x
[INFO] [stdout]   --> src/ops.rs:40:65
[INFO] [stdout]    |
[INFO] [stdout] 40 |         HashOp::Ripemd160 => Hash::from(Ripemd160::digest(data).as_slice()),
[INFO] [stdout]    |                                                                 ^^^^^^^^
[INFO] [stdout] 
[INFO] [stdout] 
[INFO] [stdout] warning: use of deprecated method `ripemd160::digest::generic_array::GenericArray::<T, N>::as_slice`: please upgrade to generic-array 1.x
[INFO] [stdout]   --> src/ops.rs:42:63
[INFO] [stdout]    |
[INFO] [stdout] 42 |             Hash::from(Ripemd160::digest(Sha256::digest(data).as_slice()).as_slice())
[INFO] [stdout]    |                                                               ^^^^^^^^
[INFO] [stdout] 
[INFO] [stdout] 
[INFO] [stdout] warning: use of deprecated method `ripemd160::digest::generic_array::GenericArray::<T, N>::as_slice`: please upgrade to generic-array 1.x
[INFO] [stdout]   --> src/ops.rs:42:75
[INFO] [stdout]    |
[INFO] [stdout] 42 |             Hash::from(Ripemd160::digest(Sha256::digest(data).as_slice()).as_slice())
[INFO] [stdout]    |                                                                           ^^^^^^^^
[INFO] [stdout] 
[INFO] [stdout] 
[INFO] [stdout] warning: use of deprecated method `ripemd160::digest::generic_array::GenericArray::<T, N>::as_slice`: please upgrade to generic-array 1.x
[INFO] [stdout]   --> src/ops.rs:44:70
[INFO] [stdout]    |
[INFO] [stdout] 44 |         HashOp::Sha512256 => Hash::from(Sha512Trunc256::digest(data).as_slice()),
[INFO] [stdout]    |                                                                      ^^^^^^^^
[INFO] [stdout] 
[INFO] [stdout] 
[INFO] [stderr] warning: unused dependency `hex`
[INFO] [stderr]  --> Cargo.toml:9:15
[INFO] [stderr]   |
[INFO] [stderr] 9 | [dependencies.hex]
[INFO] [stderr]   |               ^^^^
[INFO] [stderr]   |
[INFO] [stderr]   = note: `cargo::unused_dependencies` is set to `warn` by default
[INFO] [stderr] help: consider removing the dependency on `hex`
[INFO] [stderr] warning: unused dependency `sp-std`
[INFO] [stderr]   --> Cargo.toml:31:15
[INFO] [stderr]    |
[INFO] [stderr] 31 | [dependencies.sp-std]
[INFO] [stderr]    |               ^^^^^^^
[INFO] [stderr]    |
[INFO] [stderr] help: consider removing the dependency on `sp-std`
[INFO] [stderr] warning: `informalsystems-ics23` (manifest) generated 2 warnings
[INFO] [stderr]     Finished `release` profile [optimized] target(s) in 9.22s
[INFO] running `Command { std: "docker" "inspect" "c2020a7db3dcac4591c1cea5dee048e3481a9a0d0f69eb2baebe2533cf265d16", kill_on_drop: false }`
[INFO] running `Command { std: "docker" "exec" "-e" "SOURCE_DIR=/opt/rustwide/workdir" "-e" "CARGO_HOME=/opt/rustwide/cargo-home" "-e" "RUSTUP_HOME=/opt/rustwide/rustup-home" "-e" "CARGO_TARGET_DIR=/opt/rustwide/target" "-e" "CARGO_INCREMENTAL=0" "-e" "RUST_BACKTRACE=full" "-e" "RUSTFLAGS=--cap-lints=warn" "-e" "RUSTDOCFLAGS=--cap-lints=warn" "-w" "/opt/rustwide/workdir" "--user" "0:0" "c2020a7db3dcac4591c1cea5dee048e3481a9a0d0f69eb2baebe2533cf265d16" "/opt/rustwide/cargo-home/bin/cargo" "+1.100.0-beta.1" "test" "--frozen" "--no-run" "--message-format=json" "--release", kill_on_drop: false }`
[INFO] [stderr]    Compiling informalsystems-ics23 v0.9.0-alpha (/opt/rustwide/workdir)
[INFO] [stdout] warning: use of deprecated method `ripemd160::digest::generic_array::GenericArray::<T, N>::as_slice`: please upgrade to generic-array 1.x
[INFO] [stdout]   --> src/ops.rs:37:59
[INFO] [stdout]    |
[INFO] [stdout] 37 |         HashOp::Sha256 => Hash::from(Sha256::digest(data).as_slice()),
[INFO] [stdout]    |                                                           ^^^^^^^^
[INFO] [stdout]    |
[INFO] [stdout]    = note: `#[warn(deprecated)]` on by default
[INFO] [stdout] 
[INFO] [stdout] 
[INFO] [stdout] warning: use of deprecated method `ripemd160::digest::generic_array::GenericArray::<T, N>::as_slice`: please upgrade to generic-array 1.x
[INFO] [stdout]   --> src/ops.rs:38:59
[INFO] [stdout]    |
[INFO] [stdout] 38 |         HashOp::Sha512 => Hash::from(Sha512::digest(data).as_slice()),
[INFO] [stdout]    |                                                           ^^^^^^^^
[INFO] [stdout] 
[INFO] [stdout] 
[INFO] [stdout] warning: use of deprecated method `ripemd160::digest::generic_array::GenericArray::<T, N>::as_slice`: please upgrade to generic-array 1.x
[INFO] [stdout]   --> src/ops.rs:39:61
[INFO] [stdout]    |
[INFO] [stdout] 39 |         HashOp::Keccak => Hash::from(Sha3_512::digest(data).as_slice()),
[INFO] [stdout]    |                                                             ^^^^^^^^
[INFO] [stdout] 
[INFO] [stdout] 
[INFO] [stdout] warning: use of deprecated method `ripemd160::digest::generic_array::GenericArray::<T, N>::as_slice`: please upgrade to generic-array 1.x
[INFO] [stdout]   --> src/ops.rs:40:65
[INFO] [stdout]    |
[INFO] [stdout] 40 |         HashOp::Ripemd160 => Hash::from(Ripemd160::digest(data).as_slice()),
[INFO] [stdout]    |                                                                 ^^^^^^^^
[INFO] [stdout] 
[INFO] [stdout] 
[INFO] [stdout] warning: use of deprecated method `ripemd160::digest::generic_array::GenericArray::<T, N>::as_slice`: please upgrade to generic-array 1.x
[INFO] [stdout]   --> src/ops.rs:42:63
[INFO] [stdout]    |
[INFO] [stdout] 42 |             Hash::from(Ripemd160::digest(Sha256::digest(data).as_slice()).as_slice())
[INFO] [stdout]    |                                                               ^^^^^^^^
[INFO] [stdout] 
[INFO] [stdout] 
[INFO] [stdout] warning: use of deprecated method `ripemd160::digest::generic_array::GenericArray::<T, N>::as_slice`: please upgrade to generic-array 1.x
[INFO] [stdout]   --> src/ops.rs:42:75
[INFO] [stdout]    |
[INFO] [stdout] 42 |             Hash::from(Ripemd160::digest(Sha256::digest(data).as_slice()).as_slice())
[INFO] [stdout]    |                                                                           ^^^^^^^^
[INFO] [stdout] 
[INFO] [stdout] 
[INFO] [stdout] warning: use of deprecated method `ripemd160::digest::generic_array::GenericArray::<T, N>::as_slice`: please upgrade to generic-array 1.x
[INFO] [stdout]   --> src/ops.rs:44:70
[INFO] [stdout]    |
[INFO] [stdout] 44 |         HashOp::Sha512256 => Hash::from(Sha512Trunc256::digest(data).as_slice()),
[INFO] [stdout]    |                                                                      ^^^^^^^^
[INFO] [stdout] 
[INFO] [stdout] 
[INFO] [stdout] warning: use of deprecated method `ripemd160::digest::generic_array::GenericArray::<T, N>::as_slice`: please upgrade to generic-array 1.x
[INFO] [stdout]   --> src/ops.rs:37:59
[INFO] [stdout]    |
[INFO] [stdout] 37 |         HashOp::Sha256 => Hash::from(Sha256::digest(data).as_slice()),
[INFO] [stdout]    |                                                           ^^^^^^^^
[INFO] [stdout]    |
[INFO] [stdout]    = note: `#[warn(deprecated)]` on by default
[INFO] [stdout] 
[INFO] [stdout] 
[INFO] [stdout] warning: use of deprecated method `ripemd160::digest::generic_array::GenericArray::<T, N>::as_slice`: please upgrade to generic-array 1.x
[INFO] [stdout]   --> src/ops.rs:38:59
[INFO] [stdout]    |
[INFO] [stdout] 38 |         HashOp::Sha512 => Hash::from(Sha512::digest(data).as_slice()),
[INFO] [stdout]    |                                                           ^^^^^^^^
[INFO] [stdout] 
[INFO] [stdout] 
[INFO] [stdout] warning: use of deprecated method `ripemd160::digest::generic_array::GenericArray::<T, N>::as_slice`: please upgrade to generic-array 1.x
[INFO] [stdout]   --> src/ops.rs:39:61
[INFO] [stdout]    |
[INFO] [stdout] 39 |         HashOp::Keccak => Hash::from(Sha3_512::digest(data).as_slice()),
[INFO] [stdout]    |                                                             ^^^^^^^^
[INFO] [stdout] 
[INFO] [stdout] 
[INFO] [stdout] warning: use of deprecated method `ripemd160::digest::generic_array::GenericArray::<T, N>::as_slice`: please upgrade to generic-array 1.x
[INFO] [stdout]   --> src/ops.rs:40:65
[INFO] [stdout]    |
[INFO] [stdout] 40 |         HashOp::Ripemd160 => Hash::from(Ripemd160::digest(data).as_slice()),
[INFO] [stdout]    |                                                                 ^^^^^^^^
[INFO] [stdout] 
[INFO] [stdout] 
[INFO] [stdout] warning: use of deprecated method `ripemd160::digest::generic_array::GenericArray::<T, N>::as_slice`: please upgrade to generic-array 1.x
[INFO] [stdout]   --> src/ops.rs:42:63
[INFO] [stdout]    |
[INFO] [stdout] 42 |             Hash::from(Ripemd160::digest(Sha256::digest(data).as_slice()).as_slice())
[INFO] [stdout]    |                                                               ^^^^^^^^
[INFO] [stdout] 
[INFO] [stdout] 
[INFO] [stdout] warning: use of deprecated method `ripemd160::digest::generic_array::GenericArray::<T, N>::as_slice`: please upgrade to generic-array 1.x
[INFO] [stdout]   --> src/ops.rs:42:75
[INFO] [stdout]    |
[INFO] [stdout] 42 |             Hash::from(Ripemd160::digest(Sha256::digest(data).as_slice()).as_slice())
[INFO] [stdout]    |                                                                           ^^^^^^^^
[INFO] [stdout] 
[INFO] [stdout] 
[INFO] [stdout] warning: use of deprecated method `ripemd160::digest::generic_array::GenericArray::<T, N>::as_slice`: please upgrade to generic-array 1.x
[INFO] [stdout]   --> src/ops.rs:44:70
[INFO] [stdout]    |
[INFO] [stdout] 44 |         HashOp::Sha512256 => Hash::from(Sha512Trunc256::digest(data).as_slice()),
[INFO] [stdout]    |                                                                      ^^^^^^^^
[INFO] [stdout] 
[INFO] [stdout] 
[INFO] [stderr] warning: unused dependency `hex`
[INFO] [stderr]  --> Cargo.toml:9:15
[INFO] [stderr]   |
[INFO] [stderr] 9 | [dependencies.hex]
[INFO] [stderr]   |               ^^^^
[INFO] [stderr]   |
[INFO] [stderr]   = note: `cargo::unused_dependencies` is set to `warn` by default
[INFO] [stderr] help: consider removing the dependency on `hex`
[INFO] [stderr] help: to still use for development builds, move to `dev-dependencies`
[INFO] [stderr] warning: unused dependency `sp-std`
[INFO] [stderr]   --> Cargo.toml:31:15
[INFO] [stderr]    |
[INFO] [stderr] 31 | [dependencies.sp-std]
[INFO] [stderr]    |               ^^^^^^^
[INFO] [stderr]    |
[INFO] [stderr] help: consider removing the dependency on `sp-std`
[INFO] [stderr] warning: `informalsystems-ics23` (manifest) generated 2 warnings
[INFO] [stderr]     Finished `release` profile [optimized] target(s) in 3.59s
[INFO] running `Command { std: "docker" "inspect" "c2020a7db3dcac4591c1cea5dee048e3481a9a0d0f69eb2baebe2533cf265d16", kill_on_drop: false }`
[INFO] running `Command { std: "docker" "exec" "-e" "SOURCE_DIR=/opt/rustwide/workdir" "-e" "CARGO_HOME=/opt/rustwide/cargo-home" "-e" "RUSTUP_HOME=/opt/rustwide/rustup-home" "-e" "CARGO_TARGET_DIR=/opt/rustwide/target" "-e" "CARGO_INCREMENTAL=0" "-e" "RUST_BACKTRACE=full" "-e" "RUSTFLAGS=--cap-lints=warn" "-e" "RUSTDOCFLAGS=--cap-lints=warn" "-w" "/opt/rustwide/workdir" "--user" "0:0" "c2020a7db3dcac4591c1cea5dee048e3481a9a0d0f69eb2baebe2533cf265d16" "/opt/rustwide/cargo-home/bin/cargo" "+1.100.0-beta.1" "test" "--frozen" "--release", kill_on_drop: false }`
[INFO] [stderr] warning: use of deprecated method `ripemd160::digest::generic_array::GenericArray::<T, N>::as_slice`: please upgrade to generic-array 1.x
[INFO] [stderr]   --> src/ops.rs:37:59
[INFO] [stderr]    |
[INFO] [stderr] 37 |         HashOp::Sha256 => Hash::from(Sha256::digest(data).as_slice()),
[INFO] [stderr]    |                                                           ^^^^^^^^
[INFO] [stderr]    |
[INFO] [stderr]    = note: `#[warn(deprecated)]` on by default
[INFO] [stderr] 
[INFO] [stderr] warning: use of deprecated method `ripemd160::digest::generic_array::GenericArray::<T, N>::as_slice`: please upgrade to generic-array 1.x
[INFO] [stderr]   --> src/ops.rs:38:59
[INFO] [stderr]    |
[INFO] [stderr] 38 |         HashOp::Sha512 => Hash::from(Sha512::digest(data).as_slice()),
[INFO] [stderr]    |                                                           ^^^^^^^^
[INFO] [stderr] 
[INFO] [stderr] warning: use of deprecated method `ripemd160::digest::generic_array::GenericArray::<T, N>::as_slice`: please upgrade to generic-array 1.x
[INFO] [stderr]   --> src/ops.rs:39:61
[INFO] [stderr]    |
[INFO] [stderr] 39 |         HashOp::Keccak => Hash::from(Sha3_512::digest(data).as_slice()),
[INFO] [stderr]    |                                                             ^^^^^^^^
[INFO] [stderr] 
[INFO] [stderr] warning: use of deprecated method `ripemd160::digest::generic_array::GenericArray::<T, N>::as_slice`: please upgrade to generic-array 1.x
[INFO] [stderr]   --> src/ops.rs:40:65
[INFO] [stderr]    |
[INFO] [stderr] 40 |         HashOp::Ripemd160 => Hash::from(Ripemd160::digest(data).as_slice()),
[INFO] [stderr]    |                                                                 ^^^^^^^^
[INFO] [stderr] 
[INFO] [stderr] warning: use of deprecated method `ripemd160::digest::generic_array::GenericArray::<T, N>::as_slice`: please upgrade to generic-array 1.x
[INFO] [stderr]   --> src/ops.rs:42:63
[INFO] [stderr]    |
[INFO] [stderr] 42 |             Hash::from(Ripemd160::digest(Sha256::digest(data).as_slice()).as_slice())
[INFO] [stderr]    |                                                               ^^^^^^^^
[INFO] [stderr] 
[INFO] [stderr] warning: use of deprecated method `ripemd160::digest::generic_array::GenericArray::<T, N>::as_slice`: please upgrade to generic-array 1.x
[INFO] [stderr]   --> src/ops.rs:42:75
[INFO] [stderr]    |
[INFO] [stderr] 42 |             Hash::from(Ripemd160::digest(Sha256::digest(data).as_slice()).as_slice())
[INFO] [stderr]    |                                                                           ^^^^^^^^
[INFO] [stderr] 
[INFO] [stderr] warning: use of deprecated method `ripemd160::digest::generic_array::GenericArray::<T, N>::as_slice`: please upgrade to generic-array 1.x
[INFO] [stderr]   --> src/ops.rs:44:70
[INFO] [stderr]    |
[INFO] [stderr] 44 |         HashOp::Sha512256 => Hash::from(Sha512Trunc256::digest(data).as_slice()),
[INFO] [stderr]    |                                                                      ^^^^^^^^
[INFO] [stderr] 
[INFO] [stderr] warning: `informalsystems-ics23` (lib) generated 7 warnings
[INFO] [stderr] warning: `informalsystems-ics23` (lib test) generated 7 warnings (7 duplicates)
[INFO] [stderr] warning: unused dependency `hex`
[INFO] [stderr]  --> Cargo.toml:9:15
[INFO] [stderr]   |
[INFO] [stderr] 9 | [dependencies.hex]
[INFO] [stderr]   |               ^^^^
[INFO] [stderr]   |
[INFO] [stderr]   = note: `cargo::unused_dependencies` is set to `warn` by default
[INFO] [stderr] help: consider removing the dependency on `hex`
[INFO] [stderr] help: to still use for development builds, move to `dev-dependencies`
[INFO] [stderr] warning: unused dependency `sp-std`
[INFO] [stderr]   --> Cargo.toml:31:15
[INFO] [stderr]    |
[INFO] [stderr] 31 | [dependencies.sp-std]
[INFO] [stderr]    |               ^^^^^^^
[INFO] [stderr]    |
[INFO] [stderr] help: consider removing the dependency on `sp-std`
[INFO] [stderr] warning: `informalsystems-ics23` (manifest) generated 2 warnings
[INFO] [stderr]     Finished `release` profile [optimized] target(s) in 0.09s
[INFO] [stderr]      Running unittests src/lib.rs (/opt/rustwide/target/release/build/informalsystems-ics23/adab36c6c7caeeb4/out/informalsystems_ics23-adab36c6c7caeeb4)
[INFO] [stdout] 
[INFO] [stdout] running 41 tests
[INFO] [stdout] test api::tests::compressed_iavl_batch_nonexist ... FAILED
[INFO] [stdout] test api::tests::test_vector_iavl_left_non ... FAILED
[INFO] [stdout] test api::tests::test_vector_iavl_right_non ... FAILED
[INFO] [stdout] test api::tests::test_vector_smt_left ... FAILED
[INFO] [stdout] test api::tests::test_vector_iavl_middle ... FAILED
[INFO] [stdout] test api::tests::test_vector_smt_batch_exist ... FAILED
[INFO] [stdout] test api::tests::test_vector_iavl_middle_non ... FAILED
[INFO] [stdout] test api::tests::test_vector_smt_batch_nonexist ... FAILED
[INFO] [stdout] test api::tests::compressed_iavl_batch_exist ... FAILED
[INFO] [stdout] test api::tests::test_vector_iavl_batch_exist ... FAILED
[INFO] [stdout] test api::tests::test_vector_smt_middle ... FAILED
[INFO] [stdout] test api::tests::test_vector_iavl_batch_nonexist ... FAILED
[INFO] [stdout] test api::tests::compressed_smt_batch_nonexist ... FAILED
[INFO] [stdout] test api::tests::test_vector_iavl_right ... FAILED
[INFO] [stdout] test api::tests::test_vector_smt_right_non ... FAILED
[INFO] [stdout] test api::tests::test_vector_smt_middle_non ... FAILED
[INFO] [stdout] test api::tests::compressed_smt_batch_exist ... FAILED
[INFO] [stdout] test api::tests::test_vector_smt_right ... FAILED
[INFO] [stdout] test api::tests::test_vector_iavl_left ... FAILED
[INFO] [stdout] test api::tests::test_vector_smt_left_non ... FAILED
[INFO] [stdout] test api::tests::test_vector_tendermint_batch_nonexist ... FAILED
[INFO] [stdout] test api::tests::test_vector_tendermint_batch_exist ... FAILED
[INFO] [stdout] test api::tests::test_vector_tendermint_left_non ... FAILED
[INFO] [stdout] test api::tests::test_vector_tendermint_middle ... FAILED
[INFO] [stdout] test api::tests::test_vector_tendermint_middle_non ... FAILED
[INFO] [stdout] test api::tests::test_vector_tendermint_left ... FAILED
[INFO] [stdout] test ops::tests::apply_inner_prefix_only ... ok
[INFO] [stdout] test api::tests::test_vector_tendermint_right_non ... FAILED
[INFO] [stdout] test api::tests::test_vector_tendermint_right ... FAILED
[INFO] [stdout] test ops::tests::apply_leaf_hash_length ... ok
[INFO] [stdout] test ops::tests::apply_leaf_prehash_length ... ok
[INFO] [stdout] test verify::tests::calculate_root_from_leaf ... ok
[INFO] [stdout] test ops::tests::hashing_food ... ok
[INFO] [stdout] test verify::tests::calculate_root_from_leaf_and_inner ... ok
[INFO] [stdout] test ops::tests::apply_inner_prefix_suffix ... ok
[INFO] [stdout] test ops::tests::length_prefix ... ok
[INFO] [stdout] test verify::tests::enforce_existence_spec ... ok
[INFO] [stdout] test verify::tests::check_empty_branch ... ok
[INFO] [stdout] test ops::tests::apply_inner_suffix_only ... ok
[INFO] [stdout] test ops::tests::apply_leaf_hash ... ok
[INFO] [stdout] test ops::tests::apply_leaf_hash_512 ... ok
[INFO] [stdout] 
[INFO] [stdout] failures:
[INFO] [stdout] 
[INFO] [stdout] ---- api::tests::compressed_iavl_batch_nonexist stdout ----
[INFO] [stdout] Error: No such file or directory (os error 2)
[INFO] [stdout] 
[INFO] [stdout] Stack backtrace:
[INFO] [stdout]    0: <anyhow::Error as core::convert::From<core::io::error::Error>>::from
[INFO] [stdout]    1: informalsystems_ics23::api::tests::load_file
[INFO] [stdout]    2: informalsystems_ics23::api::tests::load_batch
[INFO] [stdout]    3: <informalsystems_ics23::api::tests::compressed_iavl_batch_nonexist::{closure#0} as core::ops::function::FnOnce<()>>::call_once
[INFO] [stdout]    4: test::__rust_begin_short_backtrace::<core::result::Result<(), alloc::string::String>, fn() -> core::result::Result<(), alloc::string::String>>
[INFO] [stdout]    5: test::run_test::{closure#0}
[INFO] [stdout]    6: std::sys::backtrace::__rust_begin_short_backtrace::<test::run_test::{closure#1}, ()>
[INFO] [stdout]    7: <std::thread::lifecycle::spawn_unchecked<test::run_test::{closure#1}, ()>::{closure#1} as core::ops::function::FnOnce<()>>::call_once::{shim:vtable#0}
[INFO] [stdout]    8: <std::sys::thread::unix::Thread>::new::thread_start
[INFO] [stdout]    9: <unknown>
[INFO] [stdout]   10: clone
[INFO] [stdout] 
[INFO] [stdout] ---- api::tests::test_vector_iavl_left_non stdout ----
[INFO] [stdout] Error: No such file or directory (os error 2)
[INFO] [stdout] 
[INFO] [stdout] Stack backtrace:
[INFO] [stdout]    0: <anyhow::Error as core::convert::From<core::io::error::Error>>::from
[INFO] [stdout]    1: informalsystems_ics23::api::tests::load_file
[INFO] [stdout]    2: informalsystems_ics23::api::tests::verify_test_vector
[INFO] [stdout]    3: <informalsystems_ics23::api::tests::test_vector_iavl_left_non::{closure#0} as core::ops::function::FnOnce<()>>::call_once
[INFO] [stdout]    4: test::__rust_begin_short_backtrace::<core::result::Result<(), alloc::string::String>, fn() -> core::result::Result<(), alloc::string::String>>
[INFO] [stdout]    5: test::run_test::{closure#0}
[INFO] [stdout]    6: std::sys::backtrace::__rust_begin_short_backtrace::<test::run_test::{closure#1}, ()>
[INFO] [stdout]    7: <std::thread::lifecycle::spawn_unchecked<test::run_test::{closure#1}, ()>::{closure#1} as core::ops::function::FnOnce<()>>::call_once::{shim:vtable#0}
[INFO] [stdout]    8: <std::sys::thread::unix::Thread>::new::thread_start
[INFO] [stdout]    9: <unknown>
[INFO] [stdout]   10: clone
[INFO] [stdout] 
[INFO] [stdout] ---- api::tests::test_vector_iavl_right_non stdout ----
[INFO] [stdout] Error: No such file or directory (os error 2)
[INFO] [stdout] 
[INFO] [stdout] Stack backtrace:
[INFO] [stdout]    0: <anyhow::Error as core::convert::From<core::io::error::Error>>::from
[INFO] [stdout]    1: informalsystems_ics23::api::tests::load_file
[INFO] [stdout]    2: informalsystems_ics23::api::tests::verify_test_vector
[INFO] [stdout]    3: <informalsystems_ics23::api::tests::test_vector_iavl_right_non::{closure#0} as core::ops::function::FnOnce<()>>::call_once
[INFO] [stdout]    4: test::__rust_begin_short_backtrace::<core::result::Result<(), alloc::string::String>, fn() -> core::result::Result<(), alloc::string::String>>
[INFO] [stdout]    5: test::run_test::{closure#0}
[INFO] [stdout]    6: std::sys::backtrace::__rust_begin_short_backtrace::<test::run_test::{closure#1}, ()>
[INFO] [stdout]    7: <std::thread::lifecycle::spawn_unchecked<test::run_test::{closure#1}, ()>::{closure#1} as core::ops::function::FnOnce<()>>::call_once::{shim:vtable#0}
[INFO] [stdout]    8: <std::sys::thread::unix::Thread>::new::thread_start
[INFO] [stdout]    9: <unknown>
[INFO] [stdout]   10: clone
[INFO] [stdout] 
[INFO] [stdout] ---- api::tests::test_vector_smt_left stdout ----
[INFO] [stdout] Error: No such file or directory (os error 2)
[INFO] [stdout] 
[INFO] [stdout] Stack backtrace:
[INFO] [stdout]    0: <anyhow::Error as core::convert::From<core::io::error::Error>>::from
[INFO] [stdout]    1: informalsystems_ics23::api::tests::load_file
[INFO] [stdout]    2: informalsystems_ics23::api::tests::verify_test_vector
[INFO] [stdout]    3: <informalsystems_ics23::api::tests::test_vector_smt_left::{closure#0} as core::ops::function::FnOnce<()>>::call_once
[INFO] [stdout]    4: test::__rust_begin_short_backtrace::<core::result::Result<(), alloc::string::String>, fn() -> core::result::Result<(), alloc::string::String>>
[INFO] [stdout]    5: test::run_test::{closure#0}
[INFO] [stdout]    6: std::sys::backtrace::__rust_begin_short_backtrace::<test::run_test::{closure#1}, ()>
[INFO] [stdout]    7: <std::thread::lifecycle::spawn_unchecked<test::run_test::{closure#1}, ()>::{closure#1} as core::ops::function::FnOnce<()>>::call_once::{shim:vtable#0}
[INFO] [stdout]    8: <std::sys::thread::unix::Thread>::new::thread_start
[INFO] [stdout]    9: <unknown>
[INFO] [stdout]   10: clone
[INFO] [stdout] 
[INFO] [stdout] ---- api::tests::test_vector_iavl_middle stdout ----
[INFO] [stdout] Error: No such file or directory (os error 2)
[INFO] [stdout] 
[INFO] [stdout] Stack backtrace:
[INFO] [stdout]    0: <anyhow::Error as core::convert::From<core::io::error::Error>>::from
[INFO] [stdout]    1: informalsystems_ics23::api::tests::load_file
[INFO] [stdout]    2: informalsystems_ics23::api::tests::verify_test_vector
[INFO] [stdout]    3: <informalsystems_ics23::api::tests::test_vector_iavl_middle::{closure#0} as core::ops::function::FnOnce<()>>::call_once
[INFO] [stdout]    4: test::__rust_begin_short_backtrace::<core::result::Result<(), alloc::string::String>, fn() -> core::result::Result<(), alloc::string::String>>
[INFO] [stdout]    5: test::run_test::{closure#0}
[INFO] [stdout]    6: std::sys::backtrace::__rust_begin_short_backtrace::<test::run_test::{closure#1}, ()>
[INFO] [stdout]    7: <std::thread::lifecycle::spawn_unchecked<test::run_test::{closure#1}, ()>::{closure#1} as core::ops::function::FnOnce<()>>::call_once::{shim:vtable#0}
[INFO] [stdout]    8: <std::sys::thread::unix::Thread>::new::thread_start
[INFO] [stdout]    9: <unknown>
[INFO] [stdout]   10: clone
[INFO] [stdout] 
[INFO] [stdout] ---- api::tests::test_vector_smt_batch_exist stdout ----
[INFO] [stdout] Error: No such file or directory (os error 2)
[INFO] [stdout] 
[INFO] [stdout] Stack backtrace:
[INFO] [stdout]    0: <anyhow::Error as core::convert::From<core::io::error::Error>>::from
[INFO] [stdout]    1: informalsystems_ics23::api::tests::load_file
[INFO] [stdout]    2: informalsystems_ics23::api::tests::load_batch
[INFO] [stdout]    3: <informalsystems_ics23::api::tests::test_vector_smt_batch_exist::{closure#0} as core::ops::function::FnOnce<()>>::call_once
[INFO] [stdout]    4: test::__rust_begin_short_backtrace::<core::result::Result<(), alloc::string::String>, fn() -> core::result::Result<(), alloc::string::String>>
[INFO] [stdout]    5: test::run_test::{closure#0}
[INFO] [stdout]    6: std::sys::backtrace::__rust_begin_short_backtrace::<test::run_test::{closure#1}, ()>
[INFO] [stdout]    7: <std::thread::lifecycle::spawn_unchecked<test::run_test::{closure#1}, ()>::{closure#1} as core::ops::function::FnOnce<()>>::call_once::{shim:vtable#0}
[INFO] [stdout]    8: <std::sys::thread::unix::Thread>::new::thread_start
[INFO] [stdout]    9: <unknown>
[INFO] [stdout]   10: clone
[INFO] [stdout] 
[INFO] [stdout] ---- api::tests::test_vector_iavl_middle_non stdout ----
[INFO] [stdout] Error: No such file or directory (os error 2)
[INFO] [stdout] 
[INFO] [stdout] Stack backtrace:
[INFO] [stdout]    0: <anyhow::Error as core::convert::From<core::io::error::Error>>::from
[INFO] [stdout]    1: informalsystems_ics23::api::tests::load_file
[INFO] [stdout]    2: informalsystems_ics23::api::tests::verify_test_vector
[INFO] [stdout]    3: <informalsystems_ics23::api::tests::test_vector_iavl_middle_non::{closure#0} as core::ops::function::FnOnce<()>>::call_once
[INFO] [stdout]    4: test::__rust_begin_short_backtrace::<core::result::Result<(), alloc::string::String>, fn() -> core::result::Result<(), alloc::string::String>>
[INFO] [stdout]    5: test::run_test::{closure#0}
[INFO] [stdout]    6: std::sys::backtrace::__rust_begin_short_backtrace::<test::run_test::{closure#1}, ()>
[INFO] [stdout]    7: <std::thread::lifecycle::spawn_unchecked<test::run_test::{closure#1}, ()>::{closure#1} as core::ops::function::FnOnce<()>>::call_once::{shim:vtable#0}
[INFO] [stdout]    8: <std::sys::thread::unix::Thread>::new::thread_start
[INFO] [stdout]    9: <unknown>
[INFO] [stdout]   10: clone
[INFO] [stdout] 
[INFO] [stdout] ---- api::tests::test_vector_smt_batch_nonexist stdout ----
[INFO] [stdout] Error: No such file or directory (os error 2)
[INFO] [stdout] 
[INFO] [stdout] Stack backtrace:
[INFO] [stdout]    0: <anyhow::Error as core::convert::From<core::io::error::Error>>::from
[INFO] [stdout]    1: informalsystems_ics23::api::tests::load_file
[INFO] [stdout]    2: informalsystems_ics23::api::tests::load_batch
[INFO] [stdout]    3: <informalsystems_ics23::api::tests::test_vector_smt_batch_nonexist::{closure#0} as core::ops::function::FnOnce<()>>::call_once
[INFO] [stdout]    4: test::__rust_begin_short_backtrace::<core::result::Result<(), alloc::string::String>, fn() -> core::result::Result<(), alloc::string::String>>
[INFO] [stdout]    5: test::run_test::{closure#0}
[INFO] [stdout]    6: std::sys::backtrace::__rust_begin_short_backtrace::<test::run_test::{closure#1}, ()>
[INFO] [stdout]    7: <std::thread::lifecycle::spawn_unchecked<test::run_test::{closure#1}, ()>::{closure#1} as core::ops::function::FnOnce<()>>::call_once::{shim:vtable#0}
[INFO] [stdout]    8: <std::sys::thread::unix::Thread>::new::thread_start
[INFO] [stdout]    9: <unknown>
[INFO] [stdout]   10: clone
[INFO] [stdout] 
[INFO] [stdout] ---- api::tests::compressed_iavl_batch_exist stdout ----
[INFO] [stdout] Error: No such file or directory (os error 2)
[INFO] [stdout] 
[INFO] [stdout] Stack backtrace:
[INFO] [stdout]    0: <anyhow::Error as core::convert::From<core::io::error::Error>>::from
[INFO] [stdout]    1: informalsystems_ics23::api::tests::load_file
[INFO] [stdout]    2: informalsystems_ics23::api::tests::load_batch
[INFO] [stdout]    3: <informalsystems_ics23::api::tests::compressed_iavl_batch_exist::{closure#0} as core::ops::function::FnOnce<()>>::call_once
[INFO] [stdout]    4: test::__rust_begin_short_backtrace::<core::result::Result<(), alloc::string::String>, fn() -> core::result::Result<(), alloc::string::String>>
[INFO] [stdout]    5: test::run_test::{closure#0}
[INFO] [stdout]    6: std::sys::backtrace::__rust_begin_short_backtrace::<test::run_test::{closure#1}, ()>
[INFO] [stdout]    7: <std::thread::lifecycle::spawn_unchecked<test::run_test::{closure#1}, ()>::{closure#1} as core::ops::function::FnOnce<()>>::call_once::{shim:vtable#0}
[INFO] [stdout]    8: <std::sys::thread::unix::Thread>::new::thread_start
[INFO] [stdout]    9: <unknown>
[INFO] [stdout]   10: clone
[INFO] [stdout] 
[INFO] [stdout] ---- api::tests::test_vector_iavl_batch_exist stdout ----
[INFO] [stdout] Error: No such file or directory (os error 2)
[INFO] [stdout] 
[INFO] [stdout] Stack backtrace:
[INFO] [stdout]    0: <anyhow::Error as core::convert::From<core::io::error::Error>>::from
[INFO] [stdout]    1: informalsystems_ics23::api::tests::load_file
[INFO] [stdout]    2: informalsystems_ics23::api::tests::load_batch
[INFO] [stdout]    3: <informalsystems_ics23::api::tests::test_vector_iavl_batch_exist::{closure#0} as core::ops::function::FnOnce<()>>::call_once
[INFO] [stdout]    4: test::__rust_begin_short_backtrace::<core::result::Result<(), alloc::string::String>, fn() -> core::result::Result<(), alloc::string::String>>
[INFO] [stdout]    5: test::run_test::{closure#0}
[INFO] [stdout]    6: std::sys::backtrace::__rust_begin_short_backtrace::<test::run_test::{closure#1}, ()>
[INFO] [stdout]    7: <std::thread::lifecycle::spawn_unchecked<test::run_test::{closure#1}, ()>::{closure#1} as core::ops::function::FnOnce<()>>::call_once::{shim:vtable#0}
[INFO] [stdout]    8: <std::sys::thread::unix::Thread>::new::thread_start
[INFO] [stdout]    9: <unknown>
[INFO] [stdout]   10: clone
[INFO] [stdout] 
[INFO] [stdout] ---- api::tests::test_vector_smt_middle stdout ----
[INFO] [stdout] Error: No such file or directory (os error 2)
[INFO] [stdout] 
[INFO] [stdout] Stack backtrace:
[INFO] [stdout]    0: <anyhow::Error as core::convert::From<core::io::error::Error>>::from
[INFO] [stdout]    1: informalsystems_ics23::api::tests::load_file
[INFO] [stdout]    2: informalsystems_ics23::api::tests::verify_test_vector
[INFO] [stdout]    3: <informalsystems_ics23::api::tests::test_vector_smt_middle::{closure#0} as core::ops::function::FnOnce<()>>::call_once
[INFO] [stdout]    4: test::__rust_begin_short_backtrace::<core::result::Result<(), alloc::string::String>, fn() -> core::result::Result<(), alloc::string::String>>
[INFO] [stdout]    5: test::run_test::{closure#0}
[INFO] [stdout]    6: std::sys::backtrace::__rust_begin_short_backtrace::<test::run_test::{closure#1}, ()>
[INFO] [stdout]    7: <std::thread::lifecycle::spawn_unchecked<test::run_test::{closure#1}, ()>::{closure#1} as core::ops::function::FnOnce<()>>::call_once::{shim:vtable#0}
[INFO] [stdout]    8: <std::sys::thread::unix::Thread>::new::thread_start
[INFO] [stdout]    9: <unknown>
[INFO] [stdout]   10: clone
[INFO] [stdout] 
[INFO] [stdout] ---- api::tests::test_vector_iavl_batch_nonexist stdout ----
[INFO] [stdout] Error: No such file or directory (os error 2)
[INFO] [stdout] 
[INFO] [stdout] Stack backtrace:
[INFO] [stdout]    0: <anyhow::Error as core::convert::From<core::io::error::Error>>::from
[INFO] [stdout]    1: informalsystems_ics23::api::tests::load_file
[INFO] [stdout]    2: informalsystems_ics23::api::tests::load_batch
[INFO] [stdout]    3: <informalsystems_ics23::api::tests::test_vector_iavl_batch_nonexist::{closure#0} as core::ops::function::FnOnce<()>>::call_once
[INFO] [stdout]    4: test::__rust_begin_short_backtrace::<core::result::Result<(), alloc::string::String>, fn() -> core::result::Result<(), alloc::string::String>>
[INFO] [stdout]    5: test::run_test::{closure#0}
[INFO] [stdout]    6: std::sys::backtrace::__rust_begin_short_backtrace::<test::run_test::{closure#1}, ()>
[INFO] [stdout]    7: <std::thread::lifecycle::spawn_unchecked<test::run_test::{closure#1}, ()>::{closure#1} as core::ops::function::FnOnce<()>>::call_once::{shim:vtable#0}
[INFO] [stdout]    8: <std::sys::thread::unix::Thread>::new::thread_start
[INFO] [stdout]    9: <unknown>
[INFO] [stdout]   10: clone
[INFO] [stdout] 
[INFO] [stdout] ---- api::tests::compressed_smt_batch_nonexist stdout ----
[INFO] [stdout] Error: No such file or directory (os error 2)
[INFO] [stdout] 
[INFO] [stdout] Stack backtrace:
[INFO] [stdout]    0: <anyhow::Error as core::convert::From<core::io::error::Error>>::from
[INFO] [stdout]    1: informalsystems_ics23::api::tests::load_file
[INFO] [stdout]    2: informalsystems_ics23::api::tests::load_batch
[INFO] [stdout]    3: <informalsystems_ics23::api::tests::compressed_smt_batch_nonexist::{closure#0} as core::ops::function::FnOnce<()>>::call_once
[INFO] [stdout]    4: test::__rust_begin_short_backtrace::<core::result::Result<(), alloc::string::String>, fn() -> core::result::Result<(), alloc::string::String>>
[INFO] [stdout]    5: test::run_test::{closure#0}
[INFO] [stdout]    6: std::sys::backtrace::__rust_begin_short_backtrace::<test::run_test::{closure#1}, ()>
[INFO] [stdout]    7: <std::thread::lifecycle::spawn_unchecked<test::run_test::{closure#1}, ()>::{closure#1} as core::ops::function::FnOnce<()>>::call_once::{shim:vtable#0}
[INFO] [stdout]    8: <std::sys::thread::unix::Thread>::new::thread_start
[INFO] [stdout]    9: <unknown>
[INFO] [stdout]   10: clone
[INFO] [stdout] 
[INFO] [stdout] ---- api::tests::test_vector_iavl_right stdout ----
[INFO] [stdout] Error: No such file or directory (os error 2)
[INFO] [stdout] 
[INFO] [stdout] Stack backtrace:
[INFO] [stdout]    0: <anyhow::Error as core::convert::From<core::io::error::Error>>::from
[INFO] [stdout]    1: informalsystems_ics23::api::tests::load_file
[INFO] [stdout]    2: informalsystems_ics23::api::tests::verify_test_vector
[INFO] [stdout]    3: <informalsystems_ics23::api::tests::test_vector_iavl_right::{closure#0} as core::ops::function::FnOnce<()>>::call_once
[INFO] [stdout]    4: test::__rust_begin_short_backtrace::<core::result::Result<(), alloc::string::String>, fn() -> core::result::Result<(), alloc::string::String>>
[INFO] [stdout]    5: test::run_test::{closure#0}
[INFO] [stdout]    6: std::sys::backtrace::__rust_begin_short_backtrace::<test::run_test::{closure#1}, ()>
[INFO] [stdout]    7: <std::thread::lifecycle::spawn_unchecked<test::run_test::{closure#1}, ()>::{closure#1} as core::ops::function::FnOnce<()>>::call_once::{shim:vtable#0}
[INFO] [stdout]    8: <std::sys::thread::unix::Thread>::new::thread_start
[INFO] [stdout]    9: <unknown>
[INFO] [stdout]   10: clone
[INFO] [stdout] 
[INFO] [stdout] ---- api::tests::test_vector_smt_right_non stdout ----
[INFO] [stdout] Error: No such file or directory (os error 2)
[INFO] [stdout] 
[INFO] [stdout] Stack backtrace:
[INFO] [stdout]    0: <anyhow::Error as core::convert::From<core::io::error::Error>>::from
[INFO] [stdout]    1: informalsystems_ics23::api::tests::load_file
[INFO] [stdout]    2: informalsystems_ics23::api::tests::verify_test_vector
[INFO] [stdout]    3: <informalsystems_ics23::api::tests::test_vector_smt_right_non::{closure#0} as core::ops::function::FnOnce<()>>::call_once
[INFO] [stdout]    4: test::__rust_begin_short_backtrace::<core::result::Result<(), alloc::string::String>, fn() -> core::result::Result<(), alloc::string::String>>
[INFO] [stdout]    5: test::run_test::{closure#0}
[INFO] [stdout]    6: std::sys::backtrace::__rust_begin_short_backtrace::<test::run_test::{closure#1}, ()>
[INFO] [stdout]    7: <std::thread::lifecycle::spawn_unchecked<test::run_test::{closure#1}, ()>::{closure#1} as core::ops::function::FnOnce<()>>::call_once::{shim:vtable#0}
[INFO] [stdout]    8: <std::sys::thread::unix::Thread>::new::thread_start
[INFO] [stdout]    9: <unknown>
[INFO] [stdout]   10: clone
[INFO] [stdout] 
[INFO] [stdout] ---- api::tests::test_vector_smt_middle_non stdout ----
[INFO] [stdout] Error: No such file or directory (os error 2)
[INFO] [stdout] 
[INFO] [stdout] Stack backtrace:
[INFO] [stdout]    0: <anyhow::Error as core::convert::From<core::io::error::Error>>::from
[INFO] [stdout]    1: informalsystems_ics23::api::tests::load_file
[INFO] [stdout]    2: informalsystems_ics23::api::tests::verify_test_vector
[INFO] [stdout]    3: <informalsystems_ics23::api::tests::test_vector_smt_middle_non::{closure#0} as core::ops::function::FnOnce<()>>::call_once
[INFO] [stdout]    4: test::__rust_begin_short_backtrace::<core::result::Result<(), alloc::string::String>, fn() -> core::result::Result<(), alloc::string::String>>
[INFO] [stdout]    5: test::run_test::{closure#0}
[INFO] [stdout]    6: std::sys::backtrace::__rust_begin_short_backtrace::<test::run_test::{closure#1}, ()>
[INFO] [stdout]    7: <std::thread::lifecycle::spawn_unchecked<test::run_test::{closure#1}, ()>::{closure#1} as core::ops::function::FnOnce<()>>::call_once::{shim:vtable#0}
[INFO] [stdout]    8: <std::sys::thread::unix::Thread>::new::thread_start
[INFO] [stdout]    9: <unknown>
[INFO] [stdout]   10: clone
[INFO] [stdout] 
[INFO] [stdout] ---- api::tests::compressed_smt_batch_exist stdout ----
[INFO] [stdout] Error: No such file or directory (os error 2)
[INFO] [stdout] 
[INFO] [stdout] Stack backtrace:
[INFO] [stdout]    0: <anyhow::Error as core::convert::From<core::io::error::Error>>::from
[INFO] [stdout]    1: informalsystems_ics23::api::tests::load_file
[INFO] [stdout]    2: informalsystems_ics23::api::tests::load_batch
[INFO] [stdout]    3: <informalsystems_ics23::api::tests::compressed_smt_batch_exist::{closure#0} as core::ops::function::FnOnce<()>>::call_once
[INFO] [stdout]    4: test::__rust_begin_short_backtrace::<core::result::Result<(), alloc::string::String>, fn() -> core::result::Result<(), alloc::string::String>>
[INFO] [stdout]    5: test::run_test::{closure#0}
[INFO] [stdout]    6: std::sys::backtrace::__rust_begin_short_backtrace::<test::run_test::{closure#1}, ()>
[INFO] [stdout]    7: <std::thread::lifecycle::spawn_unchecked<test::run_test::{closure#1}, ()>::{closure#1} as core::ops::function::FnOnce<()>>::call_once::{shim:vtable#0}
[INFO] [stdout]    8: <std::sys::thread::unix::Thread>::new::thread_start
[INFO] [stdout]    9: <unknown>
[INFO] [stdout]   10: clone
[INFO] [stdout] 
[INFO] [stdout] ---- api::tests::test_vector_smt_right stdout ----
[INFO] [stdout] Error: No such file or directory (os error 2)
[INFO] [stdout] 
[INFO] [stdout] Stack backtrace:
[INFO] [stdout]    0: <anyhow::Error as core::convert::From<core::io::error::Error>>::from
[INFO] [stdout]    1: informalsystems_ics23::api::tests::load_file
[INFO] [stdout]    2: informalsystems_ics23::api::tests::verify_test_vector
[INFO] [stdout]    3: <informalsystems_ics23::api::tests::test_vector_smt_right::{closure#0} as core::ops::function::FnOnce<()>>::call_once
[INFO] [stdout]    4: test::__rust_begin_short_backtrace::<core::result::Result<(), alloc::string::String>, fn() -> core::result::Result<(), alloc::string::String>>
[INFO] [stdout]    5: test::run_test::{closure#0}
[INFO] [stdout]    6: std::sys::backtrace::__rust_begin_short_backtrace::<test::run_test::{closure#1}, ()>
[INFO] [stdout]    7: <std::thread::lifecycle::spawn_unchecked<test::run_test::{closure#1}, ()>::{closure#1} as core::ops::function::FnOnce<()>>::call_once::{shim:vtable#0}
[INFO] [stdout]    8: <std::sys::thread::unix::Thread>::new::thread_start
[INFO] [stdout]    9: <unknown>
[INFO] [stdout]   10: clone
[INFO] [stdout] 
[INFO] [stdout] ---- api::tests::test_vector_iavl_left stdout ----
[INFO] [stdout] Error: No such file or directory (os error 2)
[INFO] [stdout] 
[INFO] [stdout] Stack backtrace:
[INFO] [stdout]    0: <anyhow::Error as core::convert::From<core::io::error::Error>>::from
[INFO] [stdout]    1: informalsystems_ics23::api::tests::load_file
[INFO] [stdout]    2: informalsystems_ics23::api::tests::verify_test_vector
[INFO] [stdout]    3: <informalsystems_ics23::api::tests::test_vector_iavl_left::{closure#0} as core::ops::function::FnOnce<()>>::call_once
[INFO] [stdout]    4: test::__rust_begin_short_backtrace::<core::result::Result<(), alloc::string::String>, fn() -> core::result::Result<(), alloc::string::String>>
[INFO] [stdout]    5: test::run_test::{closure#0}
[INFO] [stdout]    6: std::sys::backtrace::__rust_begin_short_backtrace::<test::run_test::{closure#1}, ()>
[INFO] [stdout]    7: <std::thread::lifecycle::spawn_unchecked<test::run_test::{closure#1}, ()>::{closure#1} as core::ops::function::FnOnce<()>>::call_once::{shim:vtable#0}
[INFO] [stdout]    8: <std::sys::thread::unix::Thread>::new::thread_start
[INFO] [stdout]    9: <unknown>
[INFO] [stdout]   10: clone
[INFO] [stdout] 
[INFO] [stdout] ---- api::tests::test_vector_smt_left_non stdout ----
[INFO] [stdout] Error: No such file or directory (os error 2)
[INFO] [stdout] 
[INFO] [stdout] Stack backtrace:
[INFO] [stdout]    0: <anyhow::Error as core::convert::From<core::io::error::Error>>::from
[INFO] [stdout]    1: informalsystems_ics23::api::tests::load_file
[INFO] [stdout]    2: informalsystems_ics23::api::tests::verify_test_vector
[INFO] [stdout]    3: <informalsystems_ics23::api::tests::test_vector_smt_left_non::{closure#0} as core::ops::function::FnOnce<()>>::call_once
[INFO] [stdout]    4: test::__rust_begin_short_backtrace::<core::result::Result<(), alloc::string::String>, fn() -> core::result::Result<(), alloc::string::String>>
[INFO] [stdout]    5: test::run_test::{closure#0}
[INFO] [stdout]    6: std::sys::backtrace::__rust_begin_short_backtrace::<test::run_test::{closure#1}, ()>
[INFO] [stdout]    7: <std::thread::lifecycle::spawn_unchecked<test::run_test::{closure#1}, ()>::{closure#1} as core::ops::function::FnOnce<()>>::call_once::{shim:vtable#0}
[INFO] [stdout]    8: <std::sys::thread::unix::Thread>::new::thread_start
[INFO] [stdout]    9: <unknown>
[INFO] [stdout]   10: clone
[INFO] [stdout] 
[INFO] [stdout] ---- api::tests::test_vector_tendermint_batch_nonexist stdout ----
[INFO] [stdout] Error: No such file or directory (os error 2)
[INFO] [stdout] 
[INFO] [stdout] Stack backtrace:
[INFO] [stdout]    0: <anyhow::Error as core::convert::From<core::io::error::Error>>::from
[INFO] [stdout]    1: informalsystems_ics23::api::tests::load_file
[INFO] [stdout]    2: informalsystems_ics23::api::tests::load_batch
[INFO] [stdout]    3: <informalsystems_ics23::api::tests::test_vector_tendermint_batch_nonexist::{closure#0} as core::ops::function::FnOnce<()>>::call_once
[INFO] [stdout]    4: test::__rust_begin_short_backtrace::<core::result::Result<(), alloc::string::String>, fn() -> core::result::Result<(), alloc::string::String>>
[INFO] [stdout]    5: test::run_test::{closure#0}
[INFO] [stdout]    6: std::sys::backtrace::__rust_begin_short_backtrace::<test::run_test::{closure#1}, ()>
[INFO] [stdout]    7: <std::thread::lifecycle::spawn_unchecked<test::run_test::{closure#1}, ()>::{closure#1} as core::ops::function::FnOnce<()>>::call_once::{shim:vtable#0}
[INFO] [stdout]    8: <std::sys::thread::unix::Thread>::new::thread_start
[INFO] [stdout]    9: <unknown>
[INFO] [stdout]   10: clone
[INFO] [stdout] 
[INFO] [stdout] ---- api::tests::test_vector_tendermint_batch_exist stdout ----
[INFO] [stdout] Error: No such file or directory (os error 2)
[INFO] [stdout] 
[INFO] [stdout] Stack backtrace:
[INFO] [stdout]    0: <anyhow::Error as core::convert::From<core::io::error::Error>>::from
[INFO] [stdout]    1: informalsystems_ics23::api::tests::load_file
[INFO] [stdout]    2: informalsystems_ics23::api::tests::load_batch
[INFO] [stdout]    3: <informalsystems_ics23::api::tests::test_vector_tendermint_batch_exist::{closure#0} as core::ops::function::FnOnce<()>>::call_once
[INFO] [stdout]    4: test::__rust_begin_short_backtrace::<core::result::Result<(), alloc::string::String>, fn() -> core::result::Result<(), alloc::string::String>>
[INFO] [stdout]    5: test::run_test::{closure#0}
[INFO] [stdout]    6: std::sys::backtrace::__rust_begin_short_backtrace::<test::run_test::{closure#1}, ()>
[INFO] [stdout]    7: <std::thread::lifecycle::spawn_unchecked<test::run_test::{closure#1}, ()>::{closure#1} as core::ops::function::FnOnce<()>>::call_once::{shim:vtable#0}
[INFO] [stdout]    8: <std::sys::thread::unix::Thread>::new::thread_start
[INFO] [stdout]    9: <unknown>
[INFO] [stdout]   10: clone
[INFO] [stdout] 
[INFO] [stdout] ---- api::tests::test_vector_tendermint_left_non stdout ----
[INFO] [stdout] Error: No such file or directory (os error 2)
[INFO] [stdout] 
[INFO] [stdout] Stack backtrace:
[INFO] [stdout]    0: <anyhow::Error as core::convert::From<core::io::error::Error>>::from
[INFO] [stdout]    1: informalsystems_ics23::api::tests::load_file
[INFO] [stdout]    2: informalsystems_ics23::api::tests::verify_test_vector
[INFO] [stdout]    3: <informalsystems_ics23::api::tests::test_vector_tendermint_left_non::{closure#0} as core::ops::function::FnOnce<()>>::call_once
[INFO] [stdout]    4: test::__rust_begin_short_backtrace::<core::result::Result<(), alloc::string::String>, fn() -> core::result::Result<(), alloc::string::String>>
[INFO] [stdout]    5: test::run_test::{closure#0}
[INFO] [stdout]    6: std::sys::backtrace::__rust_begin_short_backtrace::<test::run_test::{closure#1}, ()>
[INFO] [stdout]    7: <std::thread::lifecycle::spawn_unchecked<test::run_test::{closure#1}, ()>::{closure#1} as core::ops::function::FnOnce<()>>::call_once::{shim:vtable#0}
[INFO] [stdout]    8: <std::sys::thread::unix::Thread>::new::thread_start
[INFO] [stdout]    9: <unknown>
[INFO] [stdout]   10: clone
[INFO] [stdout] 
[INFO] [stdout] ---- api::tests::test_vector_tendermint_middle stdout ----
[INFO] [stdout] Error: No such file or directory (os error 2)
[INFO] [stdout] 
[INFO] [stdout] Stack backtrace:
[INFO] [stdout]    0: <anyhow::Error as core::convert::From<core::io::error::Error>>::from
[INFO] [stdout]    1: informalsystems_ics23::api::tests::load_file
[INFO] [stdout]    2: informalsystems_ics23::api::tests::verify_test_vector
[INFO] [stdout]    3: <informalsystems_ics23::api::tests::test_vector_tendermint_middle::{closure#0} as core::ops::function::FnOnce<()>>::call_once
[INFO] [stdout]    4: test::__rust_begin_short_backtrace::<core::result::Result<(), alloc::string::String>, fn() -> core::result::Result<(), alloc::string::String>>
[INFO] [stdout]    5: test::run_test::{closure#0}
[INFO] [stdout]    6: std::sys::backtrace::__rust_begin_short_backtrace::<test::run_test::{closure#1}, ()>
[INFO] [stdout]    7: <std::thread::lifecycle::spawn_unchecked<test::run_test::{closure#1}, ()>::{closure#1} as core::ops::function::FnOnce<()>>::call_once::{shim:vtable#0}
[INFO] [stdout]    8: <std::sys::thread::unix::Thread>::new::thread_start
[INFO] [stdout]    9: <unknown>
[INFO] [stdout]   10: clone
[INFO] [stdout] 
[INFO] [stdout] ---- api::tests::test_vector_tendermint_middle_non stdout ----
[INFO] [stdout] Error: No such file or directory (os error 2)
[INFO] [stdout] 
[INFO] [stdout] Stack backtrace:
[INFO] [stdout]    0: <anyhow::Error as core::convert::From<core::io::error::Error>>::from
[INFO] [stdout]    1: informalsystems_ics23::api::tests::load_file
[INFO] [stdout]    2: informalsystems_ics23::api::tests::verify_test_vector
[INFO] [stdout]    3: <informalsystems_ics23::api::tests::test_vector_tendermint_middle_non::{closure#0} as core::ops::function::FnOnce<()>>::call_once
[INFO] [stdout]    4: test::__rust_begin_short_backtrace::<core::result::Result<(), alloc::string::String>, fn() -> core::result::Result<(), alloc::string::String>>
[INFO] [stdout]    5: test::run_test::{closure#0}
[INFO] [stdout]    6: std::sys::backtrace::__rust_begin_short_backtrace::<test::run_test::{closure#1}, ()>
[INFO] [stdout]    7: <std::thread::lifecycle::spawn_unchecked<test::run_test::{closure#1}, ()>::{closure#1} as core::ops::function::FnOnce<()>>::call_once::{shim:vtable#0}
[INFO] [stdout]    8: <std::sys::thread::unix::Thread>::new::thread_start
[INFO] [stdout]    9: <unknown>
[INFO] [stdout]   10: clone
[INFO] [stdout] 
[INFO] [stdout] ---- api::tests::test_vector_tendermint_left stdout ----
[INFO] [stdout] Error: No such file or directory (os error 2)
[INFO] [stdout] 
[INFO] [stdout] Stack backtrace:
[INFO] [stdout]    0: <anyhow::Error as core::convert::From<core::io::error::Error>>::from
[INFO] [stdout]    1: informalsystems_ics23::api::tests::load_file
[INFO] [stdout]    2: informalsystems_ics23::api::tests::verify_test_vector
[INFO] [stdout]    3: <informalsystems_ics23::api::tests::test_vector_tendermint_left::{closure#0} as core::ops::function::FnOnce<()>>::call_once
[INFO] [stdout]    4: test::__rust_begin_short_backtrace::<core::result::Result<(), alloc::string::String>, fn() -> core::result::Result<(), alloc::string::String>>
[INFO] [stdout]    5: test::run_test::{closure#0}
[INFO] [stdout]    6: std::sys::backtrace::__rust_begin_short_backtrace::<test::run_test::{closure#1}, ()>
[INFO] [stdout]    7: <std::thread::lifecycle::spawn_unchecked<test::run_test::{closure#1}, ()>::{closure#1} as core::ops::function::FnOnce<()>>::call_once::{shim:vtable#0}
[INFO] [stdout]    8: <std::sys::thread::unix::Thread>::new::thread_start
[INFO] [stdout]    9: <unknown>
[INFO] [stdout]   10: clone
[INFO] [stdout] 
[INFO] [stdout] ---- api::tests::test_vector_tendermint_right_non stdout ----
[INFO] [stdout] Error: No such file or directory (os error 2)
[INFO] [stdout] 
[INFO] [stdout] Stack backtrace:
[INFO] [stdout]    0: <anyhow::Error as core::convert::From<core::io::error::Error>>::from
[INFO] [stdout]    1: informalsystems_ics23::api::tests::load_file
[INFO] [stdout]    2: informalsystems_ics23::api::tests::verify_test_vector
[INFO] [stdout]    3: <informalsystems_ics23::api::tests::test_vector_tendermint_right_non::{closure#0} as core::ops::function::FnOnce<()>>::call_once
[INFO] [stdout]    4: test::__rust_begin_short_backtrace::<core::result::Result<(), alloc::string::String>, fn() -> core::result::Result<(), alloc::string::String>>
[INFO] [stdout]    5: test::run_test::{closure#0}
[INFO] [stdout]    6: std::sys::backtrace::__rust_begin_short_backtrace::<test::run_test::{closure#1}, ()>
[INFO] [stdout]    7: <std::thread::lifecycle::spawn_unchecked<test::run_test::{closure#1}, ()>::{closure#1} as core::ops::function::FnOnce<()>>::call_once::{shim:vtable#0}
[INFO] [stdout]    8: <std::sys::thread::unix::Thread>::new::thread_start
[INFO] [stdout]    9: <unknown>
[INFO] [stdout]   10: clone
[INFO] [stdout] 
[INFO] [stdout] ---- api::tests::test_vector_tendermint_right stdout ----
[INFO] [stdout] Error: No such file or directory (os error 2)
[INFO] [stdout] 
[INFO] [stdout] Stack backtrace:
[INFO] [stdout]    0: <anyhow::Error as core::convert::From<core::io::error::Error>>::from
[INFO] [stdout]    1: informalsystems_ics23::api::tests::load_file
[INFO] [stdout]    2: informalsystems_ics23::api::tests::verify_test_vector
[INFO] [stdout]    3: <informalsystems_ics23::api::tests::test_vector_tendermint_right::{closure#0} as core::ops::function::FnOnce<()>>::call_once
[INFO] [stdout]    4: test::__rust_begin_short_backtrace::<core::result::Result<(), alloc::string::String>, fn() -> core::result::Result<(), alloc::string::String>>
[INFO] [stdout]    5: test::run_test::{closure#0}
[INFO] [stdout]    6: std::sys::backtrace::__rust_begin_short_backtrace::<test::run_test::{closure#1}, ()>
[INFO] [stdout]    7: <std::thread::lifecycle::spawn_unchecked<test::run_test::{closure#1}, ()>::{closure#1} as core::ops::function::FnOnce<()>>::call_once::{shim:vtable#0}
[INFO] [stdout]    8: <std::sys::thread::unix::Thread>::new::thread_start
[INFO] [stdout]    9: <unknown>
[INFO] [stdout]   10: clone
[INFO] [stdout] 
[INFO] [stdout] 
[INFO] [stdout] failures:
[INFO] [stdout]     api::tests::compressed_iavl_batch_exist
[INFO] [stdout]     api::tests::compressed_iavl_batch_nonexist
[INFO] [stdout]     api::tests::compressed_smt_batch_exist
[INFO] [stdout]     api::tests::compressed_smt_batch_nonexist
[INFO] [stdout]     api::tests::test_vector_iavl_batch_exist
[INFO] [stdout]     api::tests::test_vector_iavl_batch_nonexist
[INFO] [stdout]     api::tests::test_vector_iavl_left
[INFO] [stdout]     api::tests::test_vector_iavl_left_non
[INFO] [stdout]     api::tests::test_vector_iavl_middle
[INFO] [stdout]     api::tests::test_vector_iavl_middle_non
[INFO] [stdout]     api::tests::test_vector_iavl_right
[INFO] [stdout]     api::tests::test_vector_iavl_right_non
[INFO] [stdout]     api::tests::test_vector_smt_batch_exist
[INFO] [stdout]     api::tests::test_vector_smt_batch_nonexist
[INFO] [stdout]     api::tests::test_vector_smt_left
[INFO] [stdout]     api::tests::test_vector_smt_left_non
[INFO] [stdout]     api::tests::test_vector_smt_middle
[INFO] [stdout]     api::tests::test_vector_smt_middle_non
[INFO] [stdout]     api::tests::test_vector_smt_right
[INFO] [stdout]     api::tests::test_vector_smt_right_non
[INFO] [stdout]     api::tests::test_vector_tendermint_batch_exist
[INFO] [stdout]     api::tests::test_vector_tendermint_batch_nonexist
[INFO] [stdout]     api::tests::test_vector_tendermint_left
[INFO] [stdout]     api::tests::test_vector_tendermint_left_non
[INFO] [stdout]     api::tests::test_vector_tendermint_middle
[INFO] [stdout]     api::tests::test_vector_tendermint_middle_non
[INFO] [stdout]     api::tests::test_vector_tendermint_right
[INFO] [stdout]     api::tests::test_vector_tendermint_right_non
[INFO] [stdout] 
[INFO] [stdout] test result: FAILED. 13 passed; 28 failed; 0 ignored; 0 measured; 0 filtered out; finished in 0.02s
[INFO] [stdout] 
[INFO] [stderr] error: test failed, to rerun pass `--lib`
[INFO] running `Command { std: "docker" "inspect" "c2020a7db3dcac4591c1cea5dee048e3481a9a0d0f69eb2baebe2533cf265d16", kill_on_drop: false }`
[INFO] running `Command { std: "docker" "rm" "-f" "c2020a7db3dcac4591c1cea5dee048e3481a9a0d0f69eb2baebe2533cf265d16", kill_on_drop: false }`
[INFO] [stdout] c2020a7db3dcac4591c1cea5dee048e3481a9a0d0f69eb2baebe2533cf265d16
