[INFO] fetching crate influxive-downloader 0.0.5...
[INFO] testing influxive-downloader-0.0.5 against 1.99.0-beta.8+cargoflags=--release for beta-release-1.100-2
[INFO] extracting crate influxive-downloader 0.0.5 into /workspace/builds/worker-4-tc1/source
[INFO] started tweaking crates.io crate influxive-downloader 0.0.5
[INFO] finished tweaking crates.io crate influxive-downloader 0.0.5
[INFO] tweaked toml for crates.io crate influxive-downloader 0.0.5 written to /workspace/builds/worker-4-tc1/source/Cargo.toml
[INFO] validating manifest of crates.io crate influxive-downloader 0.0.5 on toolchain 1.99.0-beta.8
[INFO] running `Command { std: CARGO_HOME="/workspace/cargo-home" RUSTUP_HOME="/workspace/rustup-home" "/workspace/cargo-home/bin/cargo" "+1.99.0-beta.8" "metadata" "--manifest-path" "Cargo.toml" "--no-deps", kill_on_drop: false }`
[INFO] crate crates.io crate influxive-downloader 0.0.5 already has a lockfile, it will not be regenerated
[INFO] running `Command { std: CARGO_HOME="/workspace/cargo-home" RUSTUP_HOME="/workspace/rustup-home" "/workspace/cargo-home/bin/cargo" "+1.99.0-beta.8" "fetch" "--manifest-path" "Cargo.toml", kill_on_drop: false }`
[INFO] [stderr]     Updating crates.io index
[INFO] [stderr]  Downloading crates ...
[INFO] [stderr]   Downloaded thiserror-impl v2.0.14
[INFO] [stderr]   Downloaded thiserror v2.0.14
[INFO] [stderr]   Downloaded influxive-core v0.0.5
[INFO] running `Command { std: "docker" "create" "-v" "/var/lib/crater-agent-workspace/builds/worker-4-tc1/source:/opt/rustwide/workdir:ro,Z" "-v" "/var/lib/crater-agent-workspace/builds/worker-4-tc1/target:/opt/rustwide/target:rw,Z" "-v" "/var/lib/crater-agent-workspace/cargo-home:/opt/rustwide/cargo-home:ro,Z" "-v" "/var/lib/crater-agent-workspace/rustup-home:/opt/rustwide/rustup-home:ro,Z" "-m" "1610612736" "--network" "none" "ghcr.io/rust-lang/crates-build-env/linux@sha256:77db811e55d90add9212f6832c23229e3de5f1c1f9905e8cb07319ea15df73ac" "sleep" "infinity", kill_on_drop: false }`
[INFO] [stdout] e0d3dda079c1689ec40a5209aafef4c6507f60bd65e8fe1ce86d865ff00f4a72
[INFO] running `Command { std: "docker" "start" "e0d3dda079c1689ec40a5209aafef4c6507f60bd65e8fe1ce86d865ff00f4a72", kill_on_drop: false }`
[INFO] running `Command { std: "docker" "inspect" "e0d3dda079c1689ec40a5209aafef4c6507f60bd65e8fe1ce86d865ff00f4a72", kill_on_drop: false }`
[INFO] running `Command { std: "docker" "exec" "-e" "SOURCE_DIR=/opt/rustwide/workdir" "-e" "CARGO_HOME=/opt/rustwide/cargo-home" "-e" "RUSTUP_HOME=/opt/rustwide/rustup-home" "-e" "CARGO_TARGET_DIR=/opt/rustwide/target" "-w" "/opt/rustwide/workdir" "--user" "0:0" "e0d3dda079c1689ec40a5209aafef4c6507f60bd65e8fe1ce86d865ff00f4a72" "/opt/rustwide/cargo-home/bin/cargo" "+1.99.0-beta.8" "metadata" "--no-deps" "--format-version=1", kill_on_drop: false }`
[INFO] running `Command { std: "docker" "inspect" "e0d3dda079c1689ec40a5209aafef4c6507f60bd65e8fe1ce86d865ff00f4a72", kill_on_drop: false }`
[INFO] running `Command { std: "docker" "exec" "-e" "SOURCE_DIR=/opt/rustwide/workdir" "-e" "CARGO_HOME=/opt/rustwide/cargo-home" "-e" "RUSTUP_HOME=/opt/rustwide/rustup-home" "-e" "CARGO_TARGET_DIR=/opt/rustwide/target" "-e" "CARGO_INCREMENTAL=0" "-e" "RUST_BACKTRACE=full" "-e" "RUSTFLAGS=--cap-lints=warn" "-e" "RUSTDOCFLAGS=--cap-lints=warn" "-w" "/opt/rustwide/workdir" "--user" "0:0" "e0d3dda079c1689ec40a5209aafef4c6507f60bd65e8fe1ce86d865ff00f4a72" "/opt/rustwide/cargo-home/bin/cargo" "+1.99.0-beta.8" "build" "--frozen" "--message-format=json" "--release", kill_on_drop: false }`
[INFO] [stderr]    Compiling proc-macro2 v1.0.97
[INFO] [stderr]    Compiling libc v0.2.175
[INFO] [stderr]    Compiling typenum v1.18.0
[INFO] [stderr]    Compiling parking_lot_core v0.9.11
[INFO] [stderr]    Compiling futures-channel v0.3.31
[INFO] [stderr]    Compiling getrandom v0.2.16
[INFO] [stderr]    Compiling http v1.3.1
[INFO] [stderr]    Compiling rustls v0.23.31
[INFO] [stderr]    Compiling zstd-safe v7.2.4
[INFO] [stderr]    Compiling getrandom v0.3.3
[INFO] [stderr]    Compiling serde v1.0.219
[INFO] [stderr]    Compiling crc32fast v1.5.0
[INFO] [stderr]    Compiling rustix v1.0.8
[INFO] [stderr]    Compiling tracing v0.1.41
[INFO] [stderr]    Compiling sync_wrapper v1.0.2
[INFO] [stderr]    Compiling thiserror v2.0.14
[INFO] [stderr]    Compiling ipnet v2.11.0
[INFO] [stderr]    Compiling log v0.4.27
[INFO] [stderr]    Compiling miniz_oxide v0.8.9
[INFO] [stderr]    Compiling deranged v0.4.0
[INFO] [stderr]    Compiling hashbrown v0.15.5
[INFO] [stderr]    Compiling bumpalo v3.19.0
[INFO] [stderr]    Compiling parking_lot v0.12.4
[INFO] [stderr]    Compiling num-conv v0.1.0
[INFO] [stderr]    Compiling simd-adler32 v0.3.7
[INFO] [stderr]    Compiling zip v2.4.2
[INFO] [stderr]    Compiling quote v1.0.40
[INFO] [stderr]    Compiling time-core v0.1.4
[INFO] [stderr]    Compiling lzma-rs v0.3.0
[INFO] [stderr]    Compiling dirs-sys v0.5.0
[INFO] [stderr]    Compiling filetime v0.2.25
[INFO] [stderr]    Compiling generic-array v0.14.7
[INFO] [stderr]    Compiling flate2 v1.1.2
[INFO] [stderr]    Compiling syn v2.0.104
[INFO] [stderr]    Compiling zopfli v0.8.2
[INFO] [stderr]    Compiling deflate64 v0.1.9
[INFO] [stderr]    Compiling jobserver v0.1.33
[INFO] [stderr]    Compiling http-body v1.0.1
[INFO] [stderr]    Compiling http-body-util v0.1.3
[INFO] [stderr]    Compiling time v0.3.41
[INFO] [stderr]    Compiling indexmap v2.10.0
[INFO] [stderr]    Compiling dirs v6.0.0
[INFO] [stderr]    Compiling cc v1.2.32
[INFO] [stderr]    Compiling crypto-common v0.1.6
[INFO] [stderr]    Compiling block-buffer v0.10.4
[INFO] [stderr]    Compiling inout v0.1.4
[INFO] [stderr]    Compiling influxive-core v0.0.5
[INFO] [stderr]    Compiling hex-literal v0.4.1
[INFO] [stderr]    Compiling cipher v0.4.4
[INFO] [stderr]    Compiling digest v0.10.7
[INFO] [stderr]    Compiling aes v0.8.4
[INFO] [stderr]    Compiling xattr v1.5.1
[INFO] [stderr]    Compiling tempfile v3.20.0
[INFO] [stderr]    Compiling hmac v0.12.1
[INFO] [stderr]    Compiling sha1 v0.10.6
[INFO] [stderr]    Compiling pbkdf2 v0.12.2
[INFO] [stderr]    Compiling sha2 v0.10.9
[INFO] [stderr]    Compiling tar v0.4.44
[INFO] [stderr]    Compiling ring v0.17.14
[INFO] [stderr]    Compiling zstd-sys v2.0.15+zstd.1.5.7
[INFO] [stderr]    Compiling lzma-sys v0.1.20
[INFO] [stderr]    Compiling bzip2-sys v0.1.13+1.0.8
[INFO] [stderr]    Compiling bzip2 v0.5.2
[INFO] [stderr]    Compiling xz2 v0.1.7
[INFO] [stderr]    Compiling serde_urlencoded v0.7.1
[INFO] [stderr]    Compiling synstructure v0.13.2
[INFO] [stderr]    Compiling zerofrom-derive v0.1.6
[INFO] [stderr]    Compiling yoke-derive v0.8.0
[INFO] [stderr]    Compiling zerovec-derive v0.11.1
[INFO] [stderr]    Compiling displaydoc v0.2.5
[INFO] [stderr]    Compiling zeroize_derive v1.4.2
[INFO] [stderr]    Compiling tokio-macros v2.5.0
[INFO] [stderr]    Compiling futures-macro v0.3.31
[INFO] [stderr]    Compiling thiserror-impl v2.0.14
[INFO] [stderr]    Compiling zeroize v1.8.1
[INFO] [stderr]    Compiling tokio v1.47.1
[INFO] [stderr]    Compiling futures-util v0.3.31
[INFO] [stderr]    Compiling rustls-pki-types v1.12.0
[INFO] [stderr]    Compiling zerofrom v0.1.6
[INFO] [stderr]    Compiling yoke v0.8.0
[INFO] [stderr]    Compiling zerovec v0.11.4
[INFO] [stderr]    Compiling zerotrie v0.2.2
[INFO] [stderr]    Compiling webpki-roots v1.0.2
[INFO] [stderr]    Compiling tinystr v0.8.1
[INFO] [stderr]    Compiling potential_utf v0.1.2
[INFO] [stderr]    Compiling icu_collections v2.0.0
[INFO] [stderr]    Compiling icu_locale_core v2.0.0
[INFO] [stderr]    Compiling icu_provider v2.0.0
[INFO] [stderr]    Compiling icu_normalizer v2.0.0
[INFO] [stderr]    Compiling icu_properties v2.0.1
[INFO] [stderr]    Compiling futures-executor v0.3.31
[INFO] [stderr]    Compiling futures v0.3.31
[INFO] [stderr]    Compiling rustls-webpki v0.103.4
[INFO] [stderr]    Compiling idna_adapter v1.2.1
[INFO] [stderr]    Compiling idna v1.0.3
[INFO] [stderr]    Compiling hyper v1.6.0
[INFO] [stderr]    Compiling tower v0.5.2
[INFO] [stderr]    Compiling tokio-util v0.7.16
[INFO] [stderr]    Compiling url v2.5.4
[INFO] [stderr]    Compiling tower-http v0.6.6
[INFO] [stderr]    Compiling hyper-util v0.1.16
[INFO] [stderr]    Compiling tokio-rustls v0.26.2
[INFO] [stderr]    Compiling hyper-rustls v0.27.7
[INFO] [stderr]    Compiling reqwest v0.12.22
[INFO] [stderr]    Compiling zstd v0.13.3
[INFO] [stderr]    Compiling influxive-downloader v0.0.5 (/opt/rustwide/workdir)
[INFO] [stderr]     Finished `release` profile [optimized] target(s) in 1m 26s
[INFO] running `Command { std: "docker" "inspect" "e0d3dda079c1689ec40a5209aafef4c6507f60bd65e8fe1ce86d865ff00f4a72", kill_on_drop: false }`
[INFO] running `Command { std: "docker" "exec" "-e" "SOURCE_DIR=/opt/rustwide/workdir" "-e" "CARGO_HOME=/opt/rustwide/cargo-home" "-e" "RUSTUP_HOME=/opt/rustwide/rustup-home" "-e" "CARGO_TARGET_DIR=/opt/rustwide/target" "-e" "CARGO_INCREMENTAL=0" "-e" "RUST_BACKTRACE=full" "-e" "RUSTFLAGS=--cap-lints=warn" "-e" "RUSTDOCFLAGS=--cap-lints=warn" "-w" "/opt/rustwide/workdir" "--user" "0:0" "e0d3dda079c1689ec40a5209aafef4c6507f60bd65e8fe1ce86d865ff00f4a72" "/opt/rustwide/cargo-home/bin/cargo" "+1.99.0-beta.8" "test" "--frozen" "--no-run" "--message-format=json" "--release", kill_on_drop: false }`
[INFO] [stderr]    Compiling influxive-downloader v0.0.5 (/opt/rustwide/workdir)
[INFO] [stderr]     Finished `release` profile [optimized] target(s) in 3.75s
[INFO] running `Command { std: "docker" "inspect" "e0d3dda079c1689ec40a5209aafef4c6507f60bd65e8fe1ce86d865ff00f4a72", kill_on_drop: false }`
[INFO] running `Command { std: "docker" "exec" "-e" "SOURCE_DIR=/opt/rustwide/workdir" "-e" "CARGO_HOME=/opt/rustwide/cargo-home" "-e" "RUSTUP_HOME=/opt/rustwide/rustup-home" "-e" "CARGO_TARGET_DIR=/opt/rustwide/target" "-e" "CARGO_INCREMENTAL=0" "-e" "RUST_BACKTRACE=full" "-e" "RUSTFLAGS=--cap-lints=warn" "-e" "RUSTDOCFLAGS=--cap-lints=warn" "-w" "/opt/rustwide/workdir" "--user" "0:0" "e0d3dda079c1689ec40a5209aafef4c6507f60bd65e8fe1ce86d865ff00f4a72" "/opt/rustwide/cargo-home/bin/cargo" "+1.99.0-beta.8" "test" "--frozen" "--release", kill_on_drop: false }`
[INFO] [stderr]     Finished `release` profile [optimized] target(s) in 0.19s
[INFO] [stderr]      Running unittests src/lib.rs (/opt/rustwide/target/release/deps/influxive_downloader-4f44aefd8c880787)
[INFO] [stdout] 
[INFO] [stdout] running 2 tests
[INFO] [stdout] test tests::zip_sanity ... FAILED
[INFO] [stdout] test tests::tar_gz_sanity ... FAILED
[INFO] [stdout] 
[INFO] [stdout] failures:
[INFO] [stdout] 
[INFO] [stdout] ---- tests::zip_sanity stdout ----
[INFO] [stdout] DownloadSpec { url: "https://dl.influxdata.com/influxdb/releases/influxdb2-client-2.7.3-windows-amd64.zip", archive: Zip { inner_path: "influx.exe" }, archive_hash: Sha2_256([169, 38, 87, 113, 162, 105, 50, 105, 229, 14, 234, 242, 172, 130, 172, 1, 212, 67, 5, 198, 198, 165, 180, 37, 207, 99, 232, 40, 155, 110, 137, 196]), file_hash: Sha2_256([130, 155, 178, 101, 113, 73, 67, 106, 136, 169, 89, 234, 34, 60, 159, 133, 187, 37, 67, 31, 207, 40, 145, 5, 101, 34, 217, 236, 6, 31, 9, 62]), file_prefix: "influx", file_extension: ".exe" }
[INFO] [stdout] 
[INFO] [stdout] thread 'tokio-runtime-worker' (2224) panicked at src/lib.rs:306:70:
[INFO] [stdout] called `Result::unwrap()` on an `Err` value: Custom { kind: Other, error: reqwest::Error { kind: Request, url: "https://dl.influxdata.com/influxdb/releases/influxdb2-client-2.7.3-windows-amd64.zip", source: hyper_util::client::legacy::Error(Connect, ConnectError("dns error", Custom { kind: Uncategorized, error: "failed to lookup address information: Temporary failure in name resolution" })) } }
[INFO] [stdout] stack backtrace:
[INFO] [stdout]    0:     0x5666a2cb6db1 - <<std[70759c8f55707aa4]::sys::backtrace::BacktraceLock>::print::DisplayBacktrace as core[df12db4294e9bfd3]::fmt::Display>::fmt
[INFO] [stdout]    1:     0x5666a2ccd4ba - core[df12db4294e9bfd3]::fmt::write
[INFO] [stdout]    2:     0x5666a2cbbc9c - <alloc[2182bb758b4b3781]::vec::Vec<u8> as core[df12db4294e9bfd3]::io::write::Write>::write_fmt
[INFO] [stdout]    3:     0x5666a2c8f576 - std[70759c8f55707aa4]::panicking::default_hook::{closure#0}
[INFO] [stdout]    4:     0x5666a2cad889 - std[70759c8f55707aa4]::panicking::default_hook
[INFO] [stdout]    5:     0x5666a2c14e50 - test[9d35eded1c95d3be]::test_main_inner::<test[9d35eded1c95d3be]::test_main_static::{closure#0}>::{closure#0}
[INFO] [stdout]    6:     0x5666a2cadbb2 - std[70759c8f55707aa4]::panicking::panic_with_hook
[INFO] [stdout]    7:     0x5666a2c8f622 - std[70759c8f55707aa4]::panicking::panic_handler::{closure#0}
[INFO] [stdout]    8:     0x5666a2c88079 - std[70759c8f55707aa4]::sys::backtrace::__rust_end_short_backtrace::<std[70759c8f55707aa4]::panicking::panic_handler::{closure#0}, !>
[INFO] [stdout]    9:     0x5666a2c9079d - __rustc[8fa7c3cbc660c2b3]::rust_begin_unwind
[INFO] [stdout]   10:     0x5666a2ccdc1c - core[df12db4294e9bfd3]::panicking::panic_fmt
[INFO] [stdout]   11:     0x5666a2ccd9f2 - core[df12db4294e9bfd3]::result::unwrap_failed
[INFO] [stdout]   12:     0x5666a29ebc1e - influxive_downloader[c1068629c5a524b6]::tests::zip_sanity::{closure#0}::{closure#0}
[INFO] [stdout]   13:     0x5666a29efff7 - <tokio[66f964dd3334a98a]::runtime::task::core::Core<influxive_downloader[c1068629c5a524b6]::tests::zip_sanity::{closure#0}::{closure#0}, alloc[2182bb758b4b3781]::sync::Arc<tokio[66f964dd3334a98a]::runtime::scheduler::current_thread::Handle>>>::poll
[INFO] [stdout]   14:     0x5666a29e793f - <tokio[66f964dd3334a98a]::runtime::task::harness::Harness<influxive_downloader[c1068629c5a524b6]::tests::zip_sanity::{closure#0}::{closure#0}, alloc[2182bb758b4b3781]::sync::Arc<tokio[66f964dd3334a98a]::runtime::scheduler::multi_thread::handle::Handle>>>::poll
[INFO] [stdout]   15:     0x5666a2c67a6f - <tokio[66f964dd3334a98a]::runtime::scheduler::multi_thread::worker::Context>::run_task
[INFO] [stdout]   16:     0x5666a2c66b0f - <tokio[66f964dd3334a98a]::runtime::scheduler::multi_thread::worker::Context>::run
[INFO] [stdout]   17:     0x5666a2c4f858 - <tokio[66f964dd3334a98a]::runtime::context::scoped::Scoped<tokio[66f964dd3334a98a]::runtime::scheduler::Context>>::set::<tokio[66f964dd3334a98a]::runtime::scheduler::multi_thread::worker::run::{closure#0}::{closure#0}, ()>
[INFO] [stdout]   18:     0x5666a2c54b70 - tokio[66f964dd3334a98a]::runtime::context::runtime::enter_runtime::<tokio[66f964dd3334a98a]::runtime::scheduler::multi_thread::worker::run::{closure#0}, ()>
[INFO] [stdout]   19:     0x5666a2c67edd - tokio[66f964dd3334a98a]::runtime::scheduler::multi_thread::worker::run
[INFO] [stdout]   20:     0x5666a2c5f73c - <tokio[66f964dd3334a98a]::runtime::blocking::task::BlockingTask<<tokio[66f964dd3334a98a]::runtime::scheduler::multi_thread::worker::Launch>::launch::{closure#0}> as core[df12db4294e9bfd3]::future::future::Future>::poll
[INFO] [stdout]   21:     0x5666a2c69ca5 - <tokio[66f964dd3334a98a]::runtime::task::core::Core<tokio[66f964dd3334a98a]::runtime::blocking::task::BlockingTask<<tokio[66f964dd3334a98a]::runtime::scheduler::multi_thread::worker::Launch>::launch::{closure#0}>, tokio[66f964dd3334a98a]::runtime::blocking::schedule::BlockingSchedule>>::poll
[INFO] [stdout]   22:     0x5666a2c499f1 - <tokio[66f964dd3334a98a]::runtime::task::harness::Harness<tokio[66f964dd3334a98a]::runtime::blocking::task::BlockingTask<<tokio[66f964dd3334a98a]::runtime::scheduler::multi_thread::worker::Launch>::launch::{closure#0}>, tokio[66f964dd3334a98a]::runtime::blocking::schedule::BlockingSchedule>>::poll
[INFO] [stdout]   23:     0x5666a2c63a1b - <tokio[66f964dd3334a98a]::runtime::blocking::pool::Inner>::run
[INFO] [stdout]   24:     0x5666a2c4efb1 - std[70759c8f55707aa4]::sys::backtrace::__rust_begin_short_backtrace::<<tokio[66f964dd3334a98a]::runtime::blocking::pool::Spawner>::spawn_thread::{closure#0}, ()>
[INFO] [stdout]   25:     0x5666a2c51403 - <std[70759c8f55707aa4]::thread::lifecycle::spawn_unchecked<<tokio[66f964dd3334a98a]::runtime::blocking::pool::Spawner>::spawn_thread::{closure#0}, ()>::{closure#1} as core[df12db4294e9bfd3]::ops::function::FnOnce<()>>::call_once::{shim:vtable#0}
[INFO] [stdout]   26:     0x5666a2cb62d9 - <std[70759c8f55707aa4]::sys::thread::unix::Thread>::new::thread_start
[INFO] [stdout]   27:     0x70156ebfddfa - <unknown>
[INFO] [stdout]   28:     0x70156ec913d4 - clone
[INFO] [stdout]   29:                0x0 - <unknown>
[INFO] [stdout] 
[INFO] [stdout] thread 'tests::zip_sanity' (2212) panicked at src/lib.rs:314:24:
[INFO] [stdout] called `Result::unwrap()` on an `Err` value: JoinError::Panic(Id(30), "called `Result::unwrap()` on an `Err` value: Custom { kind: Other, error: reqwest::Error { kind: Request, url: \"https://dl.influxdata.com/influxdb/releases/influxdb2-client-2.7.3-windows-amd64.zip\", source: hyper_util::client::legacy::Error(Connect, ConnectError(\"dns error\", Custom { kind: Uncategorized, error: \"failed to lookup address information: Temporary failure in name resolution\" })) } }", ...)
[INFO] [stdout] stack backtrace:
[INFO] [stdout]    0:     0x5666a2cb6db1 - <<std[70759c8f55707aa4]::sys::backtrace::BacktraceLock>::print::DisplayBacktrace as core[df12db4294e9bfd3]::fmt::Display>::fmt
[INFO] [stdout]    1:     0x5666a2ccd4ba - core[df12db4294e9bfd3]::fmt::write
[INFO] [stdout]    2:     0x5666a2cbbc9c - <alloc[2182bb758b4b3781]::vec::Vec<u8> as core[df12db4294e9bfd3]::io::write::Write>::write_fmt
[INFO] [stdout]    3:     0x5666a2c8f576 - std[70759c8f55707aa4]::panicking::default_hook::{closure#0}
[INFO] [stdout]    4:     0x5666a2cad889 - std[70759c8f55707aa4]::panicking::default_hook
[INFO] [stdout]    5:     0x5666a2c14e50 - test[9d35eded1c95d3be]::test_main_inner::<test[9d35eded1c95d3be]::test_main_static::{closure#0}>::{closure#0}
[INFO] [stdout]    6:     0x5666a2cadbb2 - std[70759c8f55707aa4]::panicking::panic_with_hook
[INFO] [stdout]    7:     0x5666a2c8f622 - std[70759c8f55707aa4]::panicking::panic_handler::{closure#0}
[INFO] [stdout]    8:     0x5666a2c88079 - std[70759c8f55707aa4]::sys::backtrace::__rust_end_short_backtrace::<std[70759c8f55707aa4]::panicking::panic_handler::{closure#0}, !>
[INFO] [stdout]    9:     0x5666a2c9079d - __rustc[8fa7c3cbc660c2b3]::rust_begin_unwind
[INFO] [stdout]   10:     0x5666a2ccdc1c - core[df12db4294e9bfd3]::panicking::panic_fmt
[INFO] [stdout]   11:     0x5666a2ccd9f2 - core[df12db4294e9bfd3]::result::unwrap_failed
[INFO] [stdout]   12:     0x5666a29faab3 - influxive_downloader[c1068629c5a524b6]::tests::zip_sanity::{closure#0}
[INFO] [stdout]   13:     0x5666a2a0781a - <tokio[66f964dd3334a98a]::runtime::park::CachedParkThread>::block_on::<core[df12db4294e9bfd3]::pin::Pin<&mut dyn core[df12db4294e9bfd3]::future::future::Future<Output = ()>>>
[INFO] [stdout]   14:     0x5666a29f8140 - tokio[66f964dd3334a98a]::runtime::context::runtime::enter_runtime::<<tokio[66f964dd3334a98a]::runtime::scheduler::multi_thread::MultiThread>::block_on<core[df12db4294e9bfd3]::pin::Pin<&mut dyn core[df12db4294e9bfd3]::future::future::Future<Output = ()>>>::{closure#0}, ()>
[INFO] [stdout]   15:     0x5666a2a076aa - <tokio[66f964dd3334a98a]::runtime::runtime::Runtime>::block_on::<core[df12db4294e9bfd3]::pin::Pin<&mut dyn core[df12db4294e9bfd3]::future::future::Future<Output = ()>>>
[INFO] [stdout]   16:     0x5666a29fae3b - influxive_downloader[c1068629c5a524b6]::tests::zip_sanity
[INFO] [stdout]   17:     0x5666a2a00ae9 - <influxive_downloader[c1068629c5a524b6]::tests::zip_sanity::{closure#0} as core[df12db4294e9bfd3]::ops::function::FnOnce<()>>::call_once
[INFO] [stdout]   18:     0x5666a2c0813b - test[9d35eded1c95d3be]::__rust_begin_short_backtrace::<core[df12db4294e9bfd3]::result::Result<(), alloc[2182bb758b4b3781]::string::String>, fn() -> core[df12db4294e9bfd3]::result::Result<(), alloc[2182bb758b4b3781]::string::String>>
[INFO] [stdout]   19:     0x5666a2c157a5 - test[9d35eded1c95d3be]::run_test::{closure#0}
[INFO] [stdout]   20:     0x5666a2c0f064 - std[70759c8f55707aa4]::sys::backtrace::__rust_begin_short_backtrace::<test[9d35eded1c95d3be]::run_test::{closure#1}, ()>
[INFO] [stdout]   21:     0x5666a2c18902 - <std[70759c8f55707aa4]::thread::lifecycle::spawn_unchecked<test[9d35eded1c95d3be]::run_test::{closure#1}, ()>::{closure#1} as core[df12db4294e9bfd3]::ops::function::FnOnce<()>>::call_once::{shim:vtable#0}
[INFO] [stdout]   22:     0x5666a2cb62d9 - <std[70759c8f55707aa4]::sys::thread::unix::Thread>::new::thread_start
[INFO] [stdout]   23:     0x70156ebfddfa - <unknown>
[INFO] [stdout]   24:     0x70156ec913d4 - clone
[INFO] [stdout]   25:                0x0 - <unknown>
[INFO] [stdout] 
[INFO] [stdout] thread 'tokio-runtime-worker' (2240) panicked at src/lib.rs:306:70:
[INFO] [stdout] called `Result::unwrap()` on an `Err` value: Custom { kind: Other, error: reqwest::Error { kind: Request, url: "https://dl.influxdata.com/influxdb/releases/influxdb2-client-2.7.3-windows-amd64.zip", source: hyper_util::client::legacy::Error(Connect, ConnectError("dns error", Custom { kind: Uncategorized, error: "failed to lookup address information: Temporary failure in name resolution" })) } }
[INFO] [stdout] stack backtrace:
[INFO] [stdout]    0:     0x5666a2cb6db1 - <<std[70759c8f55707aa4]::sys::backtrace::BacktraceLock>::print::DisplayBacktrace as core[df12db4294e9bfd3]::fmt::Display>::fmt
[INFO] [stdout]    1:     0x5666a2ccd4ba - core[df12db4294e9bfd3]::fmt::write
[INFO] [stdout]    2:     0x5666a2cbbc9c - <alloc[2182bb758b4b3781]::vec::Vec<u8> as core[df12db4294e9bfd3]::io::write::Write>::write_fmt
[INFO] [stdout]    3:     0x5666a2c8f576 - std[70759c8f55707aa4]::panicking::default_hook::{closure#0}
[INFO] [stdout]    4:     0x5666a2cad889 - std[70759c8f55707aa4]::panicking::default_hook
[INFO] [stdout]    5:     0x5666a2c14e50 - test[9d35eded1c95d3be]::test_main_inner::<test[9d35eded1c95d3be]::test_main_static::{closure#0}>::{closure#0}
[INFO] [stdout]    6:     0x5666a2cadbb2 - std[70759c8f55707aa4]::panicking::panic_with_hook
[INFO] [stdout]    7:     0x5666a2c8f622 - std[70759c8f55707aa4]::panicking::panic_handler::{closure#0}
[INFO] [stdout]    8:     0x5666a2c88079 - std[70759c8f55707aa4]::sys::backtrace::__rust_end_short_backtrace::<std[70759c8f55707aa4]::panicking::panic_handler::{closure#0}, !>
[INFO] [stdout]    9:     0x5666a2c9079d - __rustc[8fa7c3cbc660c2b3]::rust_begin_unwind
[INFO] [stdout]   10:     0x5666a2ccdc1c - core[df12db4294e9bfd3]::panicking::panic_fmt
[INFO] [stdout]   11:     0x5666a2ccd9f2 - core[df12db4294e9bfd3]::result::unwrap_failed
[INFO] [stdout]   12:     0x5666a29ebc1e - influxive_downloader[c1068629c5a524b6]::tests::zip_sanity::{closure#0}::{closure#0}
[INFO] [stdout]   13:     0x5666a29efff7 - <tokio[66f964dd3334a98a]::runtime::task::core::Core<influxive_downloader[c1068629c5a524b6]::tests::zip_sanity::{closure#0}::{closure#0}, alloc[2182bb758b4b3781]::sync::Arc<tokio[66f964dd3334a98a]::runtime::scheduler::current_thread::Handle>>>::poll
[INFO] [stdout]   14:     0x5666a29e793f - <tokio[66f964dd3334a98a]::runtime::task::harness::Harness<influxive_downloader[c1068629c5a524b6]::tests::zip_sanity::{closure#0}::{closure#0}, alloc[2182bb758b4b3781]::sync::Arc<tokio[66f964dd3334a98a]::runtime::scheduler::multi_thread::handle::Handle>>>::poll
[INFO] [stdout]   15:     0x5666a2c67a6f - <tokio[66f964dd3334a98a]::runtime::scheduler::multi_thread::worker::Context>::run_task
[INFO] [stdout]   16:     0x5666a2c66b0f - <tokio[66f964dd3334a98a]::runtime::scheduler::multi_thread::worker::Context>::run
[INFO] [stdout]   17:     0x5666a2c4f858 - <tokio[66f964dd3334a98a]::runtime::context::scoped::Scoped<tokio[66f964dd3334a98a]::runtime::scheduler::Context>>::set::<tokio[66f964dd3334a98a]::runtime::scheduler::multi_thread::worker::run::{closure#0}::{closure#0}, ()>
[INFO] [stdout]   18:     0x5666a2c54b70 - tokio[66f964dd3334a98a]::runtime::context::runtime::enter_runtime::<tokio[66f964dd3334a98a]::runtime::scheduler::multi_thread::worker::run::{closure#0}, ()>
[INFO] [stdout]   19:     0x5666a2c67edd - tokio[66f964dd3334a98a]::runtime::scheduler::multi_thread::worker::run
[INFO] [stdout]   20:     0x5666a2c5f73c - <tokio[66f964dd3334a98a]::runtime::blocking::task::BlockingTask<<tokio[66f964dd3334a98a]::runtime::scheduler::multi_thread::worker::Launch>::launch::{closure#0}> as core[df12db4294e9bfd3]::future::future::Future>::poll
[INFO] [stdout]   21:     0x5666a2c69ca5 - <tokio[66f964dd3334a98a]::runtime::task::core::Core<tokio[66f964dd3334a98a]::runtime::blocking::task::BlockingTask<<tokio[66f964dd3334a98a]::runtime::scheduler::multi_thread::worker::Launch>::launch::{closure#0}>, tokio[66f964dd3334a98a]::runtime::blocking::schedule::BlockingSchedule>>::poll
[INFO] [stdout]   22:     0x5666a2c499f1 - <tokio[66f964dd3334a98a]::runtime::task::harness::Harness<tokio[66f964dd3334a98a]::runtime::blocking::task::BlockingTask<<tokio[66f964dd3334a98a]::runtime::scheduler::multi_thread::worker::Launch>::launch::{closure#0}>, tokio[66f964dd3334a98a]::runtime::blocking::schedule::BlockingSchedule>>::poll
[INFO] [stdout]   23:     0x5666a2c63a1b - <tokio[66f964dd3334a98a]::runtime::blocking::pool::Inner>::run
[INFO] [stdout]   24:     0x5666a2c4efb1 - std[70759c8f55707aa4]::sys::backtrace::__rust_begin_short_backtrace::<<tokio[66f964dd3334a98a]::runtime::blocking::pool::Spawner>::spawn_thread::{closure#0}, ()>
[INFO] [stdout]   25:     0x5666a2c51403 - <std[70759c8f55707aa4]::thread::lifecycle::spawn_unchecked<<tokio[66f964dd3334a98a]::runtime::blocking::pool::Spawner>::spawn_thread::{closure#0}, ()>::{closure#1} as core[df12db4294e9bfd3]::ops::function::FnOnce<()>>::call_once::{shim:vtable#0}
[INFO] [stdout]   26:     0x5666a2cb62d9 - <std[70759c8f55707aa4]::sys::thread::unix::Thread>::new::thread_start
[INFO] [stdout]   27:     0x70156ebfddfa - <unknown>
[INFO] [stdout]   28:     0x70156ec913d4 - clone
[INFO] [stdout]   29:                0x0 - <unknown>
[INFO] [stdout] 
[INFO] [stdout] ---- tests::tar_gz_sanity stdout ----
[INFO] [stdout] DownloadSpec { url: "https://dl.influxdata.com/influxdb/releases/influxdb2-client-2.7.3-linux-amd64.tar.gz", archive: TarGz { inner_path: "influx" }, archive_hash: Sha2_256([162, 102, 243, 4, 84, 116, 99, 182, 188, 120, 134, 191, 69, 227, 125, 37, 43, 204, 12, 235, 49, 86, 171, 141, 120, 197, 37, 97, 85, 143, 191, 230]), file_hash: Sha2_256([99, 162, 170, 1, 18, 187, 168, 205, 53, 118, 86, 181, 57, 60, 94, 102, 85, 218, 108, 133, 89, 3, 116, 52, 43, 95, 14, 241, 76, 96, 250, 117]), file_prefix: "influx", file_extension: "" }
[INFO] [stdout] 
[INFO] [stdout] thread 'tokio-runtime-worker' (2244) panicked at src/lib.rs:285:70:
[INFO] [stdout] called `Result::unwrap()` on an `Err` value: Custom { kind: Other, error: reqwest::Error { kind: Request, url: "https://dl.influxdata.com/influxdb/releases/influxdb2-client-2.7.3-linux-amd64.tar.gz", source: hyper_util::client::legacy::Error(Connect, ConnectError("dns error", Custom { kind: Uncategorized, error: "failed to lookup address information: Temporary failure in name resolution" })) } }
[INFO] [stdout] stack backtrace:
[INFO] [stdout]    0:     0x5666a2cb6db1 - <<std[70759c8f55707aa4]::sys::backtrace::BacktraceLock>::print::DisplayBacktrace as core[df12db4294e9bfd3]::fmt::Display>::fmt
[INFO] [stdout]    1:     0x5666a2ccd4ba - core[df12db4294e9bfd3]::fmt::write
[INFO] [stdout]    2:     0x5666a2cbbc9c - <alloc[2182bb758b4b3781]::vec::Vec<u8> as core[df12db4294e9bfd3]::io::write::Write>::write_fmt
[INFO] [stdout]    3:     0x5666a2c8f576 - std[70759c8f55707aa4]::panicking::default_hook::{closure#0}
[INFO] [stdout]    4:     0x5666a2cad889 - std[70759c8f55707aa4]::panicking::default_hook
[INFO] [stdout]    5:     0x5666a2c14e50 - test[9d35eded1c95d3be]::test_main_inner::<test[9d35eded1c95d3be]::test_main_static::{closure#0}>::{closure#0}
[INFO] [stdout]    6:     0x5666a2cadbb2 - std[70759c8f55707aa4]::panicking::panic_with_hook
[INFO] [stdout]    7:     0x5666a2c8f622 - std[70759c8f55707aa4]::panicking::panic_handler::{closure#0}
[INFO] [stdout]    8:     0x5666a2c88079 - std[70759c8f55707aa4]::sys::backtrace::__rust_end_short_backtrace::<std[70759c8f55707aa4]::panicking::panic_handler::{closure#0}, !>
[INFO] [stdout]    9:     0x5666a2c9079d - __rustc[8fa7c3cbc660c2b3]::rust_begin_unwind
[INFO] [stdout]   10:     0x5666a2ccdc1c - core[df12db4294e9bfd3]::panicking::panic_fmt
[INFO] [stdout]   11:     0x5666a2ccd9f2 - core[df12db4294e9bfd3]::result::unwrap_failed
[INFO] [stdout]   12:     0x5666a29ebeae - influxive_downloader[c1068629c5a524b6]::tests::tar_gz_sanity::{closure#0}::{closure#0}
[INFO] [stdout]   13:     0x5666a29f01a7 - <tokio[66f964dd3334a98a]::runtime::task::core::Core<influxive_downloader[c1068629c5a524b6]::tests::tar_gz_sanity::{closure#0}::{closure#0}, alloc[2182bb758b4b3781]::sync::Arc<tokio[66f964dd3334a98a]::runtime::scheduler::multi_thread::handle::Handle>>>::poll
[INFO] [stdout]   14:     0x5666a29e829f - <tokio[66f964dd3334a98a]::runtime::task::harness::Harness<influxive_downloader[c1068629c5a524b6]::tests::tar_gz_sanity::{closure#0}::{closure#0}, alloc[2182bb758b4b3781]::sync::Arc<tokio[66f964dd3334a98a]::runtime::scheduler::multi_thread::handle::Handle>>>::poll
[INFO] [stdout]   15:     0x5666a2c67a6f - <tokio[66f964dd3334a98a]::runtime::scheduler::multi_thread::worker::Context>::run_task
[INFO] [stdout]   16:     0x5666a2c66b0f - <tokio[66f964dd3334a98a]::runtime::scheduler::multi_thread::worker::Context>::run
[INFO] [stdout]   17:     0x5666a2c4f858 - <tokio[66f964dd3334a98a]::runtime::context::scoped::Scoped<tokio[66f964dd3334a98a]::runtime::scheduler::Context>>::set::<tokio[66f964dd3334a98a]::runtime::scheduler::multi_thread::worker::run::{closure#0}::{closure#0}, ()>
[INFO] [stdout]   18:     0x5666a2c54b70 - tokio[66f964dd3334a98a]::runtime::context::runtime::enter_runtime::<tokio[66f964dd3334a98a]::runtime::scheduler::multi_thread::worker::run::{closure#0}, ()>
[INFO] [stdout]   19:     0x5666a2c67edd - tokio[66f964dd3334a98a]::runtime::scheduler::multi_thread::worker::run
[INFO] [stdout]   20:     0x5666a2c5f73c - <tokio[66f964dd3334a98a]::runtime::blocking::task::BlockingTask<<tokio[66f964dd3334a98a]::runtime::scheduler::multi_thread::worker::Launch>::launch::{closure#0}> as core[df12db4294e9bfd3]::future::future::Future>::poll
[INFO] [stdout]   21:     0x5666a2c69ca5 - <tokio[66f964dd3334a98a]::runtime::task::core::Core<tokio[66f964dd3334a98a]::runtime::blocking::task::BlockingTask<<tokio[66f964dd3334a98a]::runtime::scheduler::multi_thread::worker::Launch>::launch::{closure#0}>, tokio[66f964dd3334a98a]::runtime::blocking::schedule::BlockingSchedule>>::poll
[INFO] [stdout]   22:     0x5666a2c499f1 - <tokio[66f964dd3334a98a]::runtime::task::harness::Harness<tokio[66f964dd3334a98a]::runtime::blocking::task::BlockingTask<<tokio[66f964dd3334a98a]::runtime::scheduler::multi_thread::worker::Launch>::launch::{closure#0}>, tokio[66f964dd3334a98a]::runtime::blocking::schedule::BlockingSchedule>>::poll
[INFO] [stdout]   23:     0x5666a2c63a1b - <tokio[66f964dd3334a98a]::runtime::blocking::pool::Inner>::run
[INFO] [stdout]   24:     0x5666a2c4efb1 - std[70759c8f55707aa4]::sys::backtrace::__rust_begin_short_backtrace::<<tokio[66f964dd3334a98a]::runtime::blocking::pool::Spawner>::spawn_thread::{closure#0}, ()>
[INFO] [stdout]   25:     0x5666a2c51403 - <std[70759c8f55707aa4]::thread::lifecycle::spawn_unchecked<<tokio[66f964dd3334a98a]::runtime::blocking::pool::Spawner>::spawn_thread::{closure#0}, ()>::{closure#1} as core[df12db4294e9bfd3]::ops::function::FnOnce<()>>::call_once::{shim:vtable#0}
[INFO] [stdout]   26:     0x5666a2cb62d9 - <std[70759c8f55707aa4]::sys::thread::unix::Thread>::new::thread_start
[INFO] [stdout]   27:     0x70156ebfddfa - <unknown>
[INFO] [stdout]   28:     0x70156ec913d4 - clone
[INFO] [stdout]   29:                0x0 - <unknown>
[INFO] [stdout] 
[INFO] [stdout] thread 'tests::tar_gz_sanity' (2211) panicked at src/lib.rs:293:24:
[INFO] [stdout] called `Result::unwrap()` on an `Err` value: JoinError::Panic(Id(39), "called `Result::unwrap()` on an `Err` value: Custom { kind: Other, error: reqwest::Error { kind: Request, url: \"https://dl.influxdata.com/influxdb/releases/influxdb2-client-2.7.3-linux-amd64.tar.gz\", source: hyper_util::client::legacy::Error(Connect, ConnectError(\"dns error\", Custom { kind: Uncategorized, error: \"failed to lookup address information: Temporary failure in name resolution\" })) } }", ...)
[INFO] [stdout] stack backtrace:
[INFO] [stdout]    0:     0x5666a2cb6db1 - <<std[70759c8f55707aa4]::sys::backtrace::BacktraceLock>::print::DisplayBacktrace as core[df12db4294e9bfd3]::fmt::Display>::fmt
[INFO] [stdout]    1:     0x5666a2ccd4ba - core[df12db4294e9bfd3]::fmt::write
[INFO] [stdout]    2:     0x5666a2cbbc9c - <alloc[2182bb758b4b3781]::vec::Vec<u8> as core[df12db4294e9bfd3]::io::write::Write>::write_fmt
[INFO] [stdout]    3:     0x5666a2c8f576 - std[70759c8f55707aa4]::panicking::default_hook::{closure#0}
[INFO] [stdout]    4:     0x5666a2cad889 - std[70759c8f55707aa4]::panicking::default_hook
[INFO] [stdout]    5:     0x5666a2c14e50 - test[9d35eded1c95d3be]::test_main_inner::<test[9d35eded1c95d3be]::test_main_static::{closure#0}>::{closure#0}
[INFO] [stdout]    6:     0x5666a2cadbb2 - std[70759c8f55707aa4]::panicking::panic_with_hook
[INFO] [stdout]    7:     0x5666a2c8f622 - std[70759c8f55707aa4]::panicking::panic_handler::{closure#0}
[INFO] [stdout]    8:     0x5666a2c88079 - std[70759c8f55707aa4]::sys::backtrace::__rust_end_short_backtrace::<std[70759c8f55707aa4]::panicking::panic_handler::{closure#0}, !>
[INFO] [stdout]    9:     0x5666a2c9079d - __rustc[8fa7c3cbc660c2b3]::rust_begin_unwind
[INFO] [stdout]   10:     0x5666a2ccdc1c - core[df12db4294e9bfd3]::panicking::panic_fmt
[INFO] [stdout]   11:     0x5666a2ccd9f2 - core[df12db4294e9bfd3]::result::unwrap_failed
[INFO] [stdout]   12:     0x5666a29fad53 - influxive_downloader[c1068629c5a524b6]::tests::tar_gz_sanity::{closure#0}
[INFO] [stdout]   13:     0x5666a2a0781a - <tokio[66f964dd3334a98a]::runtime::park::CachedParkThread>::block_on::<core[df12db4294e9bfd3]::pin::Pin<&mut dyn core[df12db4294e9bfd3]::future::future::Future<Output = ()>>>
[INFO] [stdout]   14:     0x5666a29f8140 - tokio[66f964dd3334a98a]::runtime::context::runtime::enter_runtime::<<tokio[66f964dd3334a98a]::runtime::scheduler::multi_thread::MultiThread>::block_on<core[df12db4294e9bfd3]::pin::Pin<&mut dyn core[df12db4294e9bfd3]::future::future::Future<Output = ()>>>::{closure#0}, ()>
[INFO] [stdout]   15:     0x5666a2a076aa - <tokio[66f964dd3334a98a]::runtime::runtime::Runtime>::block_on::<core[df12db4294e9bfd3]::pin::Pin<&mut dyn core[df12db4294e9bfd3]::future::future::Future<Output = ()>>>
[INFO] [stdout]   16:     0x5666a29fafcb - influxive_downloader[c1068629c5a524b6]::tests::tar_gz_sanity
[INFO] [stdout]   17:     0x5666a2a00b09 - <influxive_downloader[c1068629c5a524b6]::tests::tar_gz_sanity::{closure#0} as core[df12db4294e9bfd3]::ops::function::FnOnce<()>>::call_once
[INFO] [stdout]   18:     0x5666a2c0813b - test[9d35eded1c95d3be]::__rust_begin_short_backtrace::<core[df12db4294e9bfd3]::result::Result<(), alloc[2182bb758b4b3781]::string::String>, fn() -> core[df12db4294e9bfd3]::result::Result<(), alloc[2182bb758b4b3781]::string::String>>
[INFO] [stdout]   19:     0x5666a2c157a5 - test[9d35eded1c95d3be]::run_test::{closure#0}
[INFO] [stdout]   20:     0x5666a2c0f064 - std[70759c8f55707aa4]::sys::backtrace::__rust_begin_short_backtrace::<test[9d35eded1c95d3be]::run_test::{closure#1}, ()>
[INFO] [stdout]   21:     0x5666a2c18902 - <std[70759c8f55707aa4]::thread::lifecycle::spawn_unchecked<test[9d35eded1c95d3be]::run_test::{closure#1}, ()>::{closure#1} as core[df12db4294e9bfd3]::ops::function::FnOnce<()>>::call_once::{shim:vtable#0}
[INFO] [stdout]   22:     0x5666a2cb62d9 - <std[70759c8f55707aa4]::sys::thread::unix::Thread>::new::thread_start
[INFO] [stdout]   23:     0x70156ebfddfa - <unknown>
[INFO] [stdout]   24:     0x70156ec913d4 - clone
[INFO] [stdout]   25:                0x0 - <unknown>
[INFO] [stdout] 
[INFO] [stdout] 
[INFO] [stdout] failures:
[INFO] [stdout]     tests::tar_gz_sanity
[INFO] [stdout]     tests::zip_sanity
[INFO] [stdout] 
[INFO] [stdout] test result: FAILED. 0 passed; 2 failed; 0 ignored; 0 measured; 0 filtered out; finished in 0.05s
[INFO] [stdout] 
[INFO] [stderr] error: test failed, to rerun pass `--lib`
[INFO] running `Command { std: "docker" "inspect" "e0d3dda079c1689ec40a5209aafef4c6507f60bd65e8fe1ce86d865ff00f4a72", kill_on_drop: false }`
[INFO] running `Command { std: "docker" "rm" "-f" "e0d3dda079c1689ec40a5209aafef4c6507f60bd65e8fe1ce86d865ff00f4a72", kill_on_drop: false }`
[INFO] [stdout] e0d3dda079c1689ec40a5209aafef4c6507f60bd65e8fe1ce86d865ff00f4a72
