[INFO] fetching crate influxdb3-plugin-sdk 0.6.0...
[INFO] testing influxdb3-plugin-sdk-0.6.0 against 1.100.0-beta.1+cargoflags=--release for beta-release-1.100-2
[INFO] extracting crate influxdb3-plugin-sdk 0.6.0 into /workspace/builds/worker-0-tc2/source
[INFO] started tweaking crates.io crate influxdb3-plugin-sdk 0.6.0
[INFO] removed 0 missing tests
[INFO] finished tweaking crates.io crate influxdb3-plugin-sdk 0.6.0
[INFO] tweaked toml for crates.io crate influxdb3-plugin-sdk 0.6.0 written to /workspace/builds/worker-0-tc2/source/Cargo.toml
[INFO] validating manifest of crates.io crate influxdb3-plugin-sdk 0.6.0 on toolchain 1.100.0-beta.1
[INFO] running `Command { std: CARGO_HOME="/workspace/cargo-home" RUSTUP_HOME="/workspace/rustup-home" "/workspace/cargo-home/bin/cargo" "+1.100.0-beta.1" "metadata" "--manifest-path" "Cargo.toml" "--no-deps", kill_on_drop: false }`
[INFO] crate crates.io crate influxdb3-plugin-sdk 0.6.0 already has a lockfile, it will not be regenerated
[INFO] running `Command { std: CARGO_HOME="/workspace/cargo-home" RUSTUP_HOME="/workspace/rustup-home" "/workspace/cargo-home/bin/cargo" "+1.100.0-beta.1" "fetch" "--manifest-path" "Cargo.toml", kill_on_drop: false }`
[INFO] running `Command { std: "docker" "create" "-v" "/var/lib/crater-agent-workspace/builds/worker-0-tc2/source:/opt/rustwide/workdir:ro,Z" "-v" "/var/lib/crater-agent-workspace/builds/worker-0-tc2/target:/opt/rustwide/target:rw,Z" "-v" "/var/lib/crater-agent-workspace/cargo-home:/opt/rustwide/cargo-home:ro,Z" "-v" "/var/lib/crater-agent-workspace/rustup-home:/opt/rustwide/rustup-home:ro,Z" "-m" "1610612736" "--network" "none" "ghcr.io/rust-lang/crates-build-env/linux@sha256:77db811e55d90add9212f6832c23229e3de5f1c1f9905e8cb07319ea15df73ac" "sleep" "infinity", kill_on_drop: false }`
[INFO] [stdout] d0debd5c67aa4a96c53dcd73b686844ecd028ffcac7d6521dac531ea67c3fa06
[INFO] running `Command { std: "docker" "start" "d0debd5c67aa4a96c53dcd73b686844ecd028ffcac7d6521dac531ea67c3fa06", kill_on_drop: false }`
[INFO] running `Command { std: "docker" "inspect" "d0debd5c67aa4a96c53dcd73b686844ecd028ffcac7d6521dac531ea67c3fa06", kill_on_drop: false }`
[INFO] running `Command { std: "docker" "exec" "-e" "SOURCE_DIR=/opt/rustwide/workdir" "-e" "CARGO_HOME=/opt/rustwide/cargo-home" "-e" "RUSTUP_HOME=/opt/rustwide/rustup-home" "-e" "CARGO_TARGET_DIR=/opt/rustwide/target" "-w" "/opt/rustwide/workdir" "--user" "0:0" "d0debd5c67aa4a96c53dcd73b686844ecd028ffcac7d6521dac531ea67c3fa06" "/opt/rustwide/cargo-home/bin/cargo" "+1.100.0-beta.1" "metadata" "--no-deps" "--format-version=1", kill_on_drop: false }`
[INFO] running `Command { std: "docker" "inspect" "d0debd5c67aa4a96c53dcd73b686844ecd028ffcac7d6521dac531ea67c3fa06", kill_on_drop: false }`
[INFO] running `Command { std: "docker" "exec" "-e" "SOURCE_DIR=/opt/rustwide/workdir" "-e" "CARGO_HOME=/opt/rustwide/cargo-home" "-e" "RUSTUP_HOME=/opt/rustwide/rustup-home" "-e" "CARGO_TARGET_DIR=/opt/rustwide/target" "-e" "CARGO_INCREMENTAL=0" "-e" "RUST_BACKTRACE=full" "-e" "RUSTFLAGS=--cap-lints=warn" "-e" "RUSTDOCFLAGS=--cap-lints=warn" "-w" "/opt/rustwide/workdir" "--user" "0:0" "d0debd5c67aa4a96c53dcd73b686844ecd028ffcac7d6521dac531ea67c3fa06" "/opt/rustwide/cargo-home/bin/cargo" "+1.100.0-beta.1" "build" "--frozen" "--message-format=json" "--release", kill_on_drop: false }`
[INFO] [stderr]    Compiling syn v2.0.117
[INFO] [stderr]    Compiling serde_core v1.0.228
[INFO] [stderr]    Compiling serde v1.0.228
[INFO] [stderr]    Compiling memchr v2.8.0
[INFO] [stderr]    Compiling smallvec v1.15.1
[INFO] [stderr]    Compiling regex-syntax v0.8.10
[INFO] [stderr]    Compiling cc v1.2.60
[INFO] [stderr]    Compiling tree-sitter-language v0.1.7
[INFO] [stderr]    Compiling zmij v1.0.21
[INFO] [stderr]    Compiling hashbrown v0.17.0
[INFO] [stderr]    Compiling serde_json v1.0.149
[INFO] [stderr]    Compiling generic-array v0.14.7
[INFO] [stderr]    Compiling typenum v1.20.0
[INFO] [stderr]    Compiling crossbeam-utils v0.8.21
[INFO] [stderr]    Compiling libc v0.2.185
[INFO] [stderr]    Compiling rustix v1.1.4
[INFO] [stderr]    Compiling toml_write v0.1.2
[INFO] [stderr]    Compiling winnow v0.7.15
[INFO] [stderr]    Compiling version-ranges v0.1.3
[INFO] [stderr]    Compiling tinyvec_macros v0.1.1
[INFO] [stderr]    Compiling bitflags v2.11.1
[INFO] [stderr]    Compiling indexmap v2.14.0
[INFO] [stderr]    Compiling unscanny v0.1.0
[INFO] [stderr]    Compiling itertools v0.13.0
[INFO] [stderr]    Compiling aho-corasick v1.1.4
[INFO] [stderr]    Compiling crossbeam-epoch v0.9.20
[INFO] [stderr]    Compiling bstr v1.12.1
[INFO] [stderr]    Compiling deranged v0.5.8
[INFO] [stderr]    Compiling tinyvec v1.11.0
[INFO] [stderr]    Compiling time-core v0.1.8
[INFO] [stderr]    Compiling boxcar v0.2.14
[INFO] [stderr]    Compiling num-conv v0.2.1
[INFO] [stderr]    Compiling tree-sitter-python v0.25.0
[INFO] [stderr]    Compiling simd-adler32 v0.3.9
[INFO] [stderr]    Compiling rustc-hash v2.1.2
[INFO] [stderr]    Compiling miniz_oxide v0.8.9
[INFO] [stderr]    Compiling crypto-common v0.1.7
[INFO] [stderr]    Compiling block-buffer v0.10.4
[INFO] [stderr]    Compiling unicode-normalization v0.1.25
[INFO] [stderr]    Compiling digest v0.10.7
[INFO] [stderr]    Compiling crossbeam-deque v0.8.6
[INFO] [stderr]    Compiling streaming-iterator v0.1.9
[INFO] [stderr]    Compiling sha2 v0.10.9
[INFO] [stderr]    Compiling flate2 v1.1.9
[INFO] [stderr]    Compiling semver v1.0.28
[INFO] [stderr]    Compiling filetime v0.2.27
[INFO] [stderr]    Compiling xattr v1.6.1
[INFO] [stderr]    Compiling influxdb3-plugin-sdk v0.6.0 (/opt/rustwide/workdir)
[INFO] [stderr]    Compiling time v0.3.47
[INFO] [stderr]    Compiling tar v0.4.46
[INFO] [stderr]    Compiling regex-automata v0.4.14
[INFO] [stderr]    Compiling synstructure v0.13.2
[INFO] [stderr]    Compiling tree-sitter v0.26.8
[INFO] [stderr]    Compiling zerofrom-derive v0.1.7
[INFO] [stderr]    Compiling yoke-derive v0.8.2
[INFO] [stderr]    Compiling zerovec-derive v0.11.3
[INFO] [stderr]    Compiling displaydoc v0.2.5
[INFO] [stderr]    Compiling serde_derive v1.0.228
[INFO] [stderr]    Compiling zerofrom v0.1.7
[INFO] [stderr]    Compiling thiserror-impl v1.0.69
[INFO] [stderr]    Compiling yoke v0.8.2
[INFO] [stderr]    Compiling thiserror-impl v2.0.18
[INFO] [stderr]    Compiling zerotrie v0.2.4
[INFO] [stderr]    Compiling zerovec v0.11.6
[INFO] [stderr]    Compiling thiserror v1.0.69
[INFO] [stderr]    Compiling thiserror v2.0.18
[INFO] [stderr]    Compiling tinystr v0.8.3
[INFO] [stderr]    Compiling potential_utf v0.1.5
[INFO] [stderr]    Compiling icu_locale_core v2.2.0
[INFO] [stderr]    Compiling icu_collections v2.2.0
[INFO] [stderr]    Compiling regex v1.12.3
[INFO] [stderr]    Compiling globset v0.4.18
[INFO] [stderr]    Compiling ignore v0.4.25
[INFO] [stderr]    Compiling icu_provider v2.2.0
[INFO] [stderr]    Compiling icu_normalizer v2.2.0
[INFO] [stderr]    Compiling icu_properties v2.2.0
[INFO] [stderr]    Compiling serde_spanned v0.6.9
[INFO] [stderr]    Compiling toml_datetime v0.6.11
[INFO] [stderr]    Compiling pep440_rs v0.7.3
[INFO] [stderr]    Compiling toml_edit v0.22.27
[INFO] [stderr]    Compiling idna_adapter v1.2.1
[INFO] [stderr]    Compiling idna v1.1.0
[INFO] [stderr]    Compiling url v2.5.8
[INFO] [stderr]    Compiling toml v0.8.23
[INFO] [stderr]    Compiling pep508_rs v0.9.2
[INFO] [stderr]    Compiling influxdb3-plugin-schemas v0.4.0
[INFO] [stderr] warning: influxdb3-plugin-sdk@0.6.0: INFLUXDB3_PLUGIN_SDK_KNOWN_LATEST_DB not set; scaffold default will be `>=3.0.0`. Release builds should supply a pinned version.
[INFO] [stderr]     Finished `release` profile [optimized] target(s) in 1m 25s
[INFO] running `Command { std: "docker" "inspect" "d0debd5c67aa4a96c53dcd73b686844ecd028ffcac7d6521dac531ea67c3fa06", kill_on_drop: false }`
[INFO] running `Command { std: "docker" "exec" "-e" "SOURCE_DIR=/opt/rustwide/workdir" "-e" "CARGO_HOME=/opt/rustwide/cargo-home" "-e" "RUSTUP_HOME=/opt/rustwide/rustup-home" "-e" "CARGO_TARGET_DIR=/opt/rustwide/target" "-e" "CARGO_INCREMENTAL=0" "-e" "RUST_BACKTRACE=full" "-e" "RUSTFLAGS=--cap-lints=warn" "-e" "RUSTDOCFLAGS=--cap-lints=warn" "-w" "/opt/rustwide/workdir" "--user" "0:0" "d0debd5c67aa4a96c53dcd73b686844ecd028ffcac7d6521dac531ea67c3fa06" "/opt/rustwide/cargo-home/bin/cargo" "+1.100.0-beta.1" "test" "--frozen" "--no-run" "--message-format=json" "--release", kill_on_drop: false }`
[INFO] [stderr]    Compiling syn v2.0.117
[INFO] [stderr]    Compiling serde_core v1.0.228
[INFO] [stderr]    Compiling zerocopy v0.8.48
[INFO] [stderr]    Compiling getrandom v0.3.4
[INFO] [stderr]    Compiling rustix v1.1.4
[INFO] [stderr]    Compiling winnow v1.0.2
[INFO] [stderr]    Compiling rustc_version v0.4.1
[INFO] [stderr]    Compiling aho-corasick v1.1.4
[INFO] [stderr]    Compiling regex-syntax v0.8.10
[INFO] [stderr]    Compiling num-traits v0.2.19
[INFO] [stderr]    Compiling getrandom v0.4.2
[INFO] [stderr]    Compiling toml_writer v1.1.1+spec-1.1.0
[INFO] [stderr]    Compiling glob v0.3.3
[INFO] [stderr]    Compiling fastrand v2.4.1
[INFO] [stderr]    Compiling futures-core v0.3.32
[INFO] [stderr]    Compiling rand_core v0.9.5
[INFO] [stderr]    Compiling rstest_macros v0.26.1
[INFO] [stderr]    Compiling futures-task v0.3.32
[INFO] [stderr] warning: influxdb3-plugin-sdk@0.6.0: INFLUXDB3_PLUGIN_SDK_KNOWN_LATEST_DB not set; scaffold default will be `>=3.0.0`. Release builds should supply a pinned version.
[INFO] [stderr]    Compiling console v0.16.3
[INFO] [stderr]    Compiling futures-timer v3.0.3
[INFO] [stderr]    Compiling similar v2.7.0
[INFO] [stderr]    Compiling rand v0.9.4
[INFO] [stderr]    Compiling rand_xorshift v0.4.0
[INFO] [stderr]    Compiling unarray v0.1.4
[INFO] [stderr]    Compiling yansi v1.0.1
[INFO] [stderr]    Compiling diff v0.1.13
[INFO] [stderr]    Compiling pretty_assertions v1.4.1
[INFO] [stderr]    Compiling toml_parser v1.1.2+spec-1.1.0
[INFO] [stderr]    Compiling toml_edit v0.25.11+spec-1.1.0
[INFO] [stderr]    Compiling proc-macro-crate v3.5.0
[INFO] [stderr]    Compiling regex-automata v0.4.14
[INFO] [stderr]    Compiling xattr v1.6.1
[INFO] [stderr]    Compiling tempfile v3.27.0
[INFO] [stderr]    Compiling tar v0.4.46
[INFO] [stderr]    Compiling toml_datetime v1.1.1+spec-1.1.0
[INFO] [stderr]    Compiling serde_spanned v1.1.1
[INFO] [stderr]    Compiling serde_json v1.0.149
[INFO] [stderr]    Compiling semver v1.0.28
[INFO] [stderr]    Compiling regex v1.12.3
[INFO] [stderr]    Compiling synstructure v0.13.2
[INFO] [stderr]    Compiling zerovec-derive v0.11.3
[INFO] [stderr]    Compiling displaydoc v0.2.5
[INFO] [stderr]    Compiling serde_derive v1.0.228
[INFO] [stderr]    Compiling thiserror-impl v1.0.69
[INFO] [stderr]    Compiling thiserror-impl v2.0.18
[INFO] [stderr]    Compiling futures-macro v0.3.32
[INFO] [stderr]    Compiling zerofrom-derive v0.1.7
[INFO] [stderr]    Compiling yoke-derive v0.8.2
[INFO] [stderr]    Compiling ppv-lite86 v0.2.21
[INFO] [stderr]    Compiling futures-util v0.3.32
[INFO] [stderr]    Compiling zerofrom v0.1.7
[INFO] [stderr]    Compiling rand_chacha v0.9.0
[INFO] [stderr]    Compiling thiserror v1.0.69
[INFO] [stderr]    Compiling yoke v0.8.2
[INFO] [stderr]    Compiling proptest v1.11.0
[INFO] [stderr]    Compiling zerovec v0.11.6
[INFO] [stderr]    Compiling zerotrie v0.2.4
[INFO] [stderr]    Compiling thiserror v2.0.18
[INFO] [stderr]    Compiling tinystr v0.8.3
[INFO] [stderr]    Compiling potential_utf v0.1.5
[INFO] [stderr]    Compiling icu_collections v2.2.0
[INFO] [stderr]    Compiling icu_locale_core v2.2.0
[INFO] [stderr]    Compiling rstest v0.26.1
[INFO] [stderr]    Compiling serde v1.0.228
[INFO] [stderr]    Compiling serde_spanned v0.6.9
[INFO] [stderr]    Compiling toml_datetime v0.6.11
[INFO] [stderr]    Compiling insta v1.47.2
[INFO] [stderr]    Compiling toml_edit v0.22.27
[INFO] [stderr]    Compiling pep440_rs v0.7.3
[INFO] [stderr]    Compiling icu_provider v2.2.0
[INFO] [stderr]    Compiling icu_properties v2.2.0
[INFO] [stderr]    Compiling icu_normalizer v2.2.0
[INFO] [stderr]    Compiling idna_adapter v1.2.1
[INFO] [stderr]    Compiling idna v1.1.0
[INFO] [stderr]    Compiling url v2.5.8
[INFO] [stderr]    Compiling toml v0.8.23
[INFO] [stderr]    Compiling pep508_rs v0.9.2
[INFO] [stderr]    Compiling influxdb3-plugin-schemas v0.4.0
[INFO] [stderr]    Compiling influxdb3-plugin-sdk v0.6.0 (/opt/rustwide/workdir)
[INFO] [stderr]     Finished `release` profile [optimized] target(s) in 1m 19s
[INFO] running `Command { std: "docker" "inspect" "d0debd5c67aa4a96c53dcd73b686844ecd028ffcac7d6521dac531ea67c3fa06", kill_on_drop: false }`
[INFO] running `Command { std: "docker" "exec" "-e" "SOURCE_DIR=/opt/rustwide/workdir" "-e" "CARGO_HOME=/opt/rustwide/cargo-home" "-e" "RUSTUP_HOME=/opt/rustwide/rustup-home" "-e" "CARGO_TARGET_DIR=/opt/rustwide/target" "-e" "CARGO_INCREMENTAL=0" "-e" "RUST_BACKTRACE=full" "-e" "RUSTFLAGS=--cap-lints=warn" "-e" "RUSTDOCFLAGS=--cap-lints=warn" "-w" "/opt/rustwide/workdir" "--user" "0:0" "d0debd5c67aa4a96c53dcd73b686844ecd028ffcac7d6521dac531ea67c3fa06" "/opt/rustwide/cargo-home/bin/cargo" "+1.100.0-beta.1" "test" "--frozen" "--release", kill_on_drop: false }`
[INFO] [stderr] warning: influxdb3-plugin-sdk@0.6.0: INFLUXDB3_PLUGIN_SDK_KNOWN_LATEST_DB not set; scaffold default will be `>=3.0.0`. Release builds should supply a pinned version.
[INFO] [stdout] 
[INFO] [stderr]     Finished `release` profile [optimized] target(s) in 0.31s
[INFO] [stdout] running 118 tests
[INFO] [stderr]      Running unittests src/lib.rs (/opt/rustwide/target/release/build/influxdb3-plugin-sdk/a0167a91ea9b5a9f/out/influxdb3_plugin_sdk-a0167a91ea9b5a9f)
[INFO] [stdout] test error::tests::schema_errors_convert_to_validation_failure ... ok
[INFO] [stdout] test error::tests::schema_error_auto_converts ... ok
[INFO] [stdout] test error::tests::schemas_error_structured_payload_preserved_via_sdk_schema ... ok
[INFO] [stdout] test archive::tests::round_trip_archive_contents ... ok
[INFO] [stdout] test error::tests::select_error_invalid_pattern_maps_to_sdk_invalid_exclude_pattern ... ok
[INFO] [stdout] test archive::tests::tar_format_is_ustar ... ok
[INFO] [stdout] test archive::tests::builds_deterministic_bytes_across_calls ... ok
[INFO] [stdout] test archive::tests::entries_sorted_by_archive_path ... ok
[INFO] [stdout] test archive::tests::gzip_mtime_is_zero ... ok
[INFO] [stdout] test archive::tests::gzip_fname_flag_is_not_set ... ok
[INFO] [stdout] test archive::tests::no_exclude_keeps_formerly_hardcoded_paths ... ok
[INFO] [stdout] test archive::tests::every_entry_mtime_is_zero ... ok
[INFO] [stdout] test error::tests::select_error_maps_to_validation_failure_invalid_exclude_pattern ... ok
[INFO] [stdout] test archive::tests::rejects_path_over_ustar_limit ... ok
[INFO] [stdout] test error::tests::validation_report_extend_collects ... ok
[INFO] [stdout] test hash::tests::empty_bytes_hash ... ok
[INFO] [stdout] test hash::tests::hello_bytes_hash ... ok
[INFO] [stdout] test archive::tests::exec_bit_preserved_as_0755 ... ok
[INFO] [stdout] test hash::tests::reader_matches_bytes_for_identical_input ... ok
[INFO] [stdout] test hash::tests::deterministic_across_calls ... ok
[INFO] [stdout] test hash::tests::reader_propagates_io_errors_as_hash_variant ... ok
[INFO] [stdout] test mutate_index::tests::add_entry_allows_same_name_different_version ... ok
[INFO] [stdout] test mutate_index::tests::add_entry_duplicate_error_lists_every_existing_version ... ok
[INFO] [stdout] test mutate_index::tests::add_entry_appends_to_empty ... ok
[INFO] [stdout] test mutate_index::tests::add_entry_rejects_case_canonical_collision ... ok
[INFO] [stdout] test error::tests::validation_report_non_empty_becomes_err ... ok
[INFO] [stdout] test mutate_index::tests::add_entry_rejects_duplicate_name_version_even_with_different_published_at ... ok
[INFO] [stdout] test mutate_index::tests::add_entry_returns_canonical_collision_when_spellings_differ::case_2_different_version ... ok
[INFO] [stdout] test mutate_index::tests::unyank_clears_flag ... ok
[INFO] [stdout] test archive::tests::file_modes_are_0644_for_non_exec ... ok
[INFO] [stdout] test mutate_index::tests::add_entry_rejects_duplicate_name_version ... ok
[INFO] [stdout] test mutate_index::tests::add_entry_rejects_hyphen_underscore_canonical_collision ... ok
[INFO] [stdout] test mutate_index::tests::unyank_signals_transitioned_vs_already_in_desired_state ... ok
[INFO] [stdout] test mutate_index::tests::unyank_preserves_published_at ... ok
[INFO] [stdout] test mutate_index::tests::add_entry_returns_canonical_collision_when_spellings_differ::case_1_same_version ... ok
[INFO] [stdout] test mutate_index::tests::yank_is_idempotent ... ok
[INFO] [stdout] test mutate_index::tests::yank_returns_entry_not_found_for_missing_name ... ok
[INFO] [stdout] test error::tests::validation_report_empty_is_ok ... ok
[INFO] [stdout] test error::tests::validation_failure_converts_to_sdk_error ... ok
[INFO] [stdout] test mutate_index::tests::yank_sets_flag ... ok
[INFO] [stdout] test mutate_index::tests::yank_signals_transitioned_vs_already_in_desired_state ... ok
[INFO] [stdout] test archive::tests::every_entry_uid_gid_and_names_canonical ... ok
[INFO] [stdout] test error::tests::validation_invalid_exclude_pattern_converts_to_sdk_invalid_exclude_pattern ... ok
[INFO] [stdout] test mutate_index::tests::unyank_returns_entry_not_found_on_missing ... ok
[INFO] [stdout] test mutate_index::tests::yank_preserves_published_at ... ok
[INFO] [stdout] test archive::tests::skips_paths_matched_by_manifest_exclude ... ok
[INFO] [stdout] test mutate_index::tests::yank_returns_entry_not_found_for_missing_version ... ok
[INFO] [stdout] test package::tests::validation_failure_short_circuits_pipeline ... ok
[INFO] [stdout] test package::tests::entry_hash_matches_archive_bytes ... ok
[INFO] [stdout] test plugin_source_files::tests::directory_pattern_excludes_nested_files_at_any_depth ... ok
[INFO] [stdout] test package::tests::duplicate_error_does_not_mutate_clone_before_return ... ok
[INFO] [stdout] test plugin_source_files::tests::symlinks_and_dirs_are_excluded_from_selection ... ok
[INFO] [stdout] test scaffold::tests::scaffold_database_version_default_and_override ... ok
[INFO] [stdout] test plugin_source_files::tests::reversed_order_whitelist_then_dir_exclude_is_characterized ... ok
[INFO] [stdout] test plugin_source_files::tests::anchored_pattern_is_relative_to_plugin_root_not_nested_dirs ... ok
[INFO] [stdout] test plugin_source_files::tests::backslash_byte_in_component_does_not_leak_into_normalized_path ... ok
[INFO] [stdout] test plugin_source_files::tests::negation_re_includes_a_file_beneath_an_excluded_dir ... ok
[INFO] [stdout] test package::tests::happy_path_assigns_injected_published_at ... ok
[INFO] [stdout] test package::tests::happy_path_populates_every_output_field ... ok
[INFO] [stdout] test plugin_source_files::tests::invalid_pattern_names_the_offender ... ok
[INFO] [stdout] test plugin_source_files::tests::empty_exclude_is_a_no_op_selecting_all_regular_files ... ok
[INFO] [stdout] test plugin_source_files::tests::output_is_normalized_forward_slash_and_sorted ... ok
[INFO] [stdout] test scaffold::tests::scaffold_entry_point_and_readme_follow_explicit_name ... ok
[INFO] [stdout] test scaffold::tests::scaffold_index_default_url_does_not_resolve_symlinks ... ok
[INFO] [stdout] test scaffold::tests::scaffold_index_rejects_malformed_url ... ok
[INFO] [stdout] test package::tests::duplicate_name_version_rejected_by_s2_2 ... ok
[INFO] [stdout] test scaffold::tests::scaffold_plugin_rejects_invalid_database_version ... ok
[INFO] [stdout] test scaffold::tests::scaffold_index_rejects_unsupported_url_scheme ... ok
[INFO] [stdout] test scaffold::tests::scaffold_index_rejects_existing_index ... ok
[INFO] [stdout] test scaffold::tests::scaffold_index_overwrite_replaces_existing_index ... ok
[INFO] [stdout] test scaffold::tests::scaffold_readme_is_cli_neutral ... ok
[INFO] [stdout] test scaffold::tests::scaffold_each_trigger_kind_produces_matching_entry_point ... ok
[INFO] [stdout] test scaffold::tests::scaffold_rejects_existing_files ... ok
[INFO] [stdout] test scaffold::tests::scaffold_process_writes_plugin_creates_three_files ... ok
[INFO] [stdout] test scaffold::tests::scaffold_plugin_overwrite_replaces_existing_files ... ok
[INFO] [stdout] test scaffold::tests::scaffold_rejects_another_top_level_python_file ... ok
[INFO] [stdout] test scaffold::tests::scaffold_index_artifacts_url_is_valid_file_url ... ok
[INFO] [stdout] test scaffold::tests::scaffold_rejects_bare_dot_py_even_with_overwrite ... ok
[INFO] [stdout] test scaffold::tests::scaffold_index_creates_parseable_index ... ok
[INFO] [stdout] test scaffold::tests::scaffolded_index_version_equals_current ... ok
[INFO] [stdout] test scaffold::tests::scaffold_index_uses_explicit_artifacts_url ... ok
[INFO] [stdout] test scaffold::tests::scaffold_rejects_legacy_init_even_with_overwrite ... ok
[INFO] [stdout] test scaffold::tests::scaffold_writes_valid_manifest ... ok
[INFO] [stdout] test scaffold::tests::scaffolded_manifest_includes_full_recommended_exclude ... ok
[INFO] [stdout] test validate::tests::def_inside_triple_quoted_string_is_not_a_function ... ok
[INFO] [stdout] test scaffold::tests::scaffolded_manifest_version_equals_current ... ok
[INFO] [stdout] test validate::tests::b4_directory_named_dot_py_excluded ... ok
[INFO] [stdout] test validate::tests::f11_guarded_defs_not_top_level ... ok
[INFO] [stdout] test validate::tests::f13_redefinition_appears_per_occurrence_in_order ... ok
[INFO] [stdout] test validate::tests::empty_dir_reports_only_missing_manifest ... ok
[INFO] [stdout] test validate::tests::excluding_all_python_yields_no_entry_point ... ok
[INFO] [stdout] test validate::tests::excluding_manifest_yields_missing_required_file ... ok
[INFO] [stdout] test validate::tests::f14_unparseable_source_is_parse_error ... ok
[INFO] [stdout] test validate::tests::f8_decorated_def_captured ... ok
[INFO] [stdout] test validate::tests::f12_reexport_and_assignment_not_captured ... ok
[INFO] [stdout] test validate::tests::first_parse_error_is_earliest_position ... ok
[INFO] [stdout] test validate::tests::f9_class_methods_not_captured ... ok
[INFO] [stdout] test validate::tests::f15_empty_source_is_empty ... ok
[INFO] [stdout] test validate::tests::f6_plain_def_captured_sync ... ok
[INFO] [stdout] test validate::tests::f7_async_def_captured_async ... ok
[INFO] [stdout] test validate::tests::plugin_dir_with_index_collides_on_case ... ok
[INFO] [stdout] test validate::tests::plugin_dir_with_index_collides_on_hyphen_underscore ... ok
[INFO] [stdout] test scaffold::tests::scaffold_rejects_invalid_name_up_front ... ok
[INFO] [stdout] test validate::tests::invalid_exclude_pattern_surfaces_named ... ok
[INFO] [stdout] test validate::tests::plugin_dir_with_index_no_collision_when_version_differs ... ok
[INFO] [stdout] test validate::tests::plugin_dir_with_index_collides_on_mixed_canonical ... ok
[INFO] [stdout] test validate::tests::malformed_manifest_reported_without_entry_point_detection ... ok
[INFO] [stdout] test validate::tests::f10_nested_defs_not_captured ... ok
[INFO] [stdout] test validate::tests::success_single_file_yields_entry_point_single ... ok
[INFO] [stdout] test validate::tests::nested_python_does_not_classify_entry_point ... ok
[INFO] [stdout] test validate::tests::c3_unreadable_entry_point_is_no_entry_point ... FAILED
[INFO] [stdout] test validate::tests::success_multi_file_yields_entry_point_multi ... ok
[INFO] [stdout] test validate::tests::plugin_dir_with_index_no_collision_when_canonical_differs ... ok
[INFO] [stdout] test validate::tests::c2_unreadable_manifest_is_io ... FAILED
[INFO] [stdout] test validate::tests::sdk_extractor_satisfies_top_level_def_corpus ... ok
[INFO] [stdout] test scaffold::tests::scaffold_plugin_overwrite_leaves_unrelated_files_alone ... ok
[INFO] [stdout] test error::tests::sdk_error_variant_tags_stable ... ok
[INFO] [stdout] test error::tests::sdk_error_display_stable ... ok
[INFO] [stdout] 
[INFO] [stdout] failures:
[INFO] [stdout] 
[INFO] [stdout] ---- validate::tests::c3_unreadable_entry_point_is_no_entry_point stdout ----
[INFO] [stdout] 
[INFO] [stdout] thread 'validate::tests::c3_unreadable_entry_point_is_no_entry_point' (3848) panicked at src/validate.rs:675:26:
[INFO] [stdout] unreadable entry point must fail: ValidatedPluginDefinition { manifest: Manifest { manifest_schema_version: ManifestSchemaVersion { major: 1, minor: 0 }, plugin: PluginMetadata { name: PluginName("test"), version: Version { major: 0, minor: 1, patch: 0 }, description: Description("x"), triggers: [ProcessWrites], homepage: None, repository: None, documentation: None, exclude: [] }, dependencies: Dependencies { database_version: VersionReq { comparators: [Comparator { op: GreaterEq, major: 3, minor: Some(0), patch: Some(0), pre: Prerelease("") }] }, python: [], plugins: [] } }, entry_point: Multi }
[INFO] [stdout] stack backtrace:
[INFO] [stdout]    0:     0x56e3ff3ed8c1 - <<std[617be2ca0a6fd877]::sys::backtrace::BacktraceLock>::print::DisplayBacktrace as core[a373ad73a504971]::fmt::Display>::fmt
[INFO] [stdout]    1:     0x56e3ff405cda - core[a373ad73a504971]::fmt::write
[INFO] [stdout]    2:     0x56e3ff3f206c - <alloc[2e1b2a31b91974c5]::vec::Vec<u8> as core[a373ad73a504971]::io::write::Write>::write_fmt
[INFO] [stdout]    3:     0x56e3ff3c5cd6 - std[617be2ca0a6fd877]::panicking::default_hook::{closure#0}
[INFO] [stdout]    4:     0x56e3ff3e41e9 - std[617be2ca0a6fd877]::panicking::default_hook
[INFO] [stdout]    5:     0x56e3ff1d1450 - test[aada8e7e76ba119b]::test_main_inner::{closure#0}
[INFO] [stdout]    6:     0x56e3ff3e43a2 - std[617be2ca0a6fd877]::panicking::panic_with_hook
[INFO] [stdout]    7:     0x56e3ff3c5d82 - std[617be2ca0a6fd877]::panicking::panic_handler::{closure#0}
[INFO] [stdout]    8:     0x56e3ff3be559 - std[617be2ca0a6fd877]::sys::backtrace::__rust_end_short_backtrace::<std[617be2ca0a6fd877]::panicking::panic_handler::{closure#0}, !>
[INFO] [stdout]    9:     0x56e3ff3c6bdd - __rustc[ea4f61d10b84890b]::rust_begin_unwind
[INFO] [stdout]   10:     0x56e3ff4064bc - core[a373ad73a504971]::panicking::panic_fmt
[INFO] [stdout]   11:     0x56e3ff406292 - core[a373ad73a504971]::result::unwrap_failed
[INFO] [stdout]   12:     0x56e3ff0cfb4e - <influxdb3_plugin_sdk[f5de2755f0efec89]::validate::tests::c3_unreadable_entry_point_is_no_entry_point::{closure#0} as core[a373ad73a504971]::ops::function::FnOnce<()>>::call_once
[INFO] [stdout]   13:     0x56e3ff1c489b - test[aada8e7e76ba119b]::__rust_begin_short_backtrace::<core[a373ad73a504971]::result::Result<(), alloc[2e1b2a31b91974c5]::string::String>, fn() -> core[a373ad73a504971]::result::Result<(), alloc[2e1b2a31b91974c5]::string::String>>
[INFO] [stdout]   14:     0x56e3ff1d1a75 - test[aada8e7e76ba119b]::run_test::{closure#0}
[INFO] [stdout]   15:     0x56e3ff1cb364 - std[617be2ca0a6fd877]::sys::backtrace::__rust_begin_short_backtrace::<test[aada8e7e76ba119b]::run_test::{closure#1}, ()>
[INFO] [stdout]   16:     0x56e3ff1d4b02 - <std[617be2ca0a6fd877]::thread::lifecycle::spawn_unchecked<test[aada8e7e76ba119b]::run_test::{closure#1}, ()>::{closure#1} as core[a373ad73a504971]::ops::function::FnOnce<()>>::call_once::{shim:vtable#0}
[INFO] [stdout]   17:     0x56e3ff3ec89f - <std[617be2ca0a6fd877]::sys::thread::unix::Thread>::new::thread_start
[INFO] [stdout]   18:     0x7403ec8b4dfa - <unknown>
[INFO] [stdout]   19:     0x7403ec9483d4 - clone
[INFO] [stdout]   20:                0x0 - <unknown>
[INFO] [stdout] 
[INFO] [stdout] ---- validate::tests::c2_unreadable_manifest_is_io stdout ----
[INFO] [stdout] 
[INFO] [stdout] thread 'validate::tests::c2_unreadable_manifest_is_io' (3847) panicked at src/validate.rs:702:26:
[INFO] [stdout] unreadable manifest must fail: ValidatedPluginDefinition { manifest: Manifest { manifest_schema_version: ManifestSchemaVersion { major: 1, minor: 0 }, plugin: PluginMetadata { name: PluginName("test"), version: Version { major: 0, minor: 1, patch: 0 }, description: Description("x"), triggers: [ProcessWrites], homepage: None, repository: None, documentation: None, exclude: [] }, dependencies: Dependencies { database_version: VersionReq { comparators: [Comparator { op: GreaterEq, major: 3, minor: Some(0), patch: Some(0), pre: Prerelease("") }] }, python: [], plugins: [] } }, entry_point: Multi }
[INFO] [stdout] stack backtrace:
[INFO] [stdout]    0:     0x56e3ff3ed8c1 - <<std[617be2ca0a6fd877]::sys::backtrace::BacktraceLock>::print::DisplayBacktrace as core[a373ad73a504971]::fmt::Display>::fmt
[INFO] [stdout]    1:     0x56e3ff405cda - core[a373ad73a504971]::fmt::write
[INFO] [stdout]    2:     0x56e3ff3f206c - <alloc[2e1b2a31b91974c5]::vec::Vec<u8> as core[a373ad73a504971]::io::write::Write>::write_fmt
[INFO] [stdout]    3:     0x56e3ff3c5cd6 - std[617be2ca0a6fd877]::panicking::default_hook::{closure#0}
[INFO] [stdout]    4:     0x56e3ff3e41e9 - std[617be2ca0a6fd877]::panicking::default_hook
[INFO] [stdout]    5:     0x56e3ff1d1450 - test[aada8e7e76ba119b]::test_main_inner::{closure#0}
[INFO] [stdout]    6:     0x56e3ff3e43a2 - std[617be2ca0a6fd877]::panicking::panic_with_hook
[INFO] [stdout]    7:     0x56e3ff3c5d82 - std[617be2ca0a6fd877]::panicking::panic_handler::{closure#0}
[INFO] [stdout]    8:     0x56e3ff3be559 - std[617be2ca0a6fd877]::sys::backtrace::__rust_end_short_backtrace::<std[617be2ca0a6fd877]::panicking::panic_handler::{closure#0}, !>
[INFO] [stdout]    9:     0x56e3ff3c6bdd - __rustc[ea4f61d10b84890b]::rust_begin_unwind
[INFO] [stdout]   10:     0x56e3ff4064bc - core[a373ad73a504971]::panicking::panic_fmt
[INFO] [stdout]   11:     0x56e3ff406292 - core[a373ad73a504971]::result::unwrap_failed
[INFO] [stdout]   12:     0x56e3ff0cdc07 - <influxdb3_plugin_sdk[f5de2755f0efec89]::validate::tests::c2_unreadable_manifest_is_io::{closure#0} as core[a373ad73a504971]::ops::function::FnOnce<()>>::call_once
[INFO] [stdout]   13:     0x56e3ff1c489b - test[aada8e7e76ba119b]::__rust_begin_short_backtrace::<core[a373ad73a504971]::result::Result<(), alloc[2e1b2a31b91974c5]::string::String>, fn() -> core[a373ad73a504971]::result::Result<(), alloc[2e1b2a31b91974c5]::string::String>>
[INFO] [stdout]   14:     0x56e3ff1d1a75 - test[aada8e7e76ba119b]::run_test::{closure#0}
[INFO] [stdout]   15:     0x56e3ff1cb364 - std[617be2ca0a6fd877]::sys::backtrace::__rust_begin_short_backtrace::<test[aada8e7e76ba119b]::run_test::{closure#1}, ()>
[INFO] [stdout]   16:     0x56e3ff1d4b02 - <std[617be2ca0a6fd877]::thread::lifecycle::spawn_unchecked<test[aada8e7e76ba119b]::run_test::{closure#1}, ()>::{closure#1} as core[a373ad73a504971]::ops::function::FnOnce<()>>::call_once::{shim:vtable#0}
[INFO] [stdout]   17:     0x56e3ff3ec89f - <std[617be2ca0a6fd877]::sys::thread::unix::Thread>::new::thread_start
[INFO] [stdout]   18:     0x7403ec8b4dfa - <unknown>
[INFO] [stdout]   19:     0x7403ec9483d4 - clone
[INFO] [stdout]   20:                0x0 - <unknown>
[INFO] [stdout] 
[INFO] [stdout] 
[INFO] [stdout] failures:
[INFO] [stdout]     validate::tests::c2_unreadable_manifest_is_io
[INFO] [stdout]     validate::tests::c3_unreadable_entry_point_is_no_entry_point
[INFO] [stdout] 
[INFO] [stdout] test result: FAILED. 116 passed; 2 failed; 0 ignored; 0 measured; 0 filtered out; finished in 0.12s
[INFO] [stdout] 
[INFO] [stderr] error: test failed, to rerun pass `--lib`
[INFO] running `Command { std: "docker" "inspect" "d0debd5c67aa4a96c53dcd73b686844ecd028ffcac7d6521dac531ea67c3fa06", kill_on_drop: false }`
[INFO] running `Command { std: "docker" "rm" "-f" "d0debd5c67aa4a96c53dcd73b686844ecd028ffcac7d6521dac531ea67c3fa06", kill_on_drop: false }`
[INFO] [stdout] d0debd5c67aa4a96c53dcd73b686844ecd028ffcac7d6521dac531ea67c3fa06
