[INFO] fetching crate infiltrait 0.1.0...
[INFO] testing infiltrait-0.1.0 against 1.99.0-beta.8+cargoflags=--release for beta-release-1.100-2
[INFO] extracting crate infiltrait 0.1.0 into /workspace/builds/worker-7-tc1/source
[INFO] started tweaking crates.io crate infiltrait 0.1.0
[INFO] finished tweaking crates.io crate infiltrait 0.1.0
[INFO] tweaked toml for crates.io crate infiltrait 0.1.0 written to /workspace/builds/worker-7-tc1/source/Cargo.toml
[INFO] validating manifest of crates.io crate infiltrait 0.1.0 on toolchain 1.99.0-beta.8
[INFO] running `Command { std: CARGO_HOME="/workspace/cargo-home" RUSTUP_HOME="/workspace/rustup-home" "/workspace/cargo-home/bin/cargo" "+1.99.0-beta.8" "metadata" "--manifest-path" "Cargo.toml" "--no-deps", kill_on_drop: false }`
[INFO] crate crates.io crate infiltrait 0.1.0 already has a lockfile, it will not be regenerated
[INFO] running `Command { std: CARGO_HOME="/workspace/cargo-home" RUSTUP_HOME="/workspace/rustup-home" "/workspace/cargo-home/bin/cargo" "+1.99.0-beta.8" "fetch" "--manifest-path" "Cargo.toml", kill_on_drop: false }`
[INFO] running `Command { std: "docker" "create" "-v" "/var/lib/crater-agent-workspace/builds/worker-7-tc1/source:/opt/rustwide/workdir:ro,Z" "-v" "/var/lib/crater-agent-workspace/builds/worker-7-tc1/target:/opt/rustwide/target:rw,Z" "-v" "/var/lib/crater-agent-workspace/cargo-home:/opt/rustwide/cargo-home:ro,Z" "-v" "/var/lib/crater-agent-workspace/rustup-home:/opt/rustwide/rustup-home:ro,Z" "-m" "1610612736" "--network" "none" "ghcr.io/rust-lang/crates-build-env/linux@sha256:77db811e55d90add9212f6832c23229e3de5f1c1f9905e8cb07319ea15df73ac" "sleep" "infinity", kill_on_drop: false }`
[INFO] [stdout] e59cbab43f4799ac7105d0d0854d6c80a5dabfe2c8484245e599e335bbbd4936
[INFO] running `Command { std: "docker" "start" "e59cbab43f4799ac7105d0d0854d6c80a5dabfe2c8484245e599e335bbbd4936", kill_on_drop: false }`
[INFO] running `Command { std: "docker" "inspect" "e59cbab43f4799ac7105d0d0854d6c80a5dabfe2c8484245e599e335bbbd4936", kill_on_drop: false }`
[INFO] running `Command { std: "docker" "exec" "-e" "SOURCE_DIR=/opt/rustwide/workdir" "-e" "CARGO_HOME=/opt/rustwide/cargo-home" "-e" "RUSTUP_HOME=/opt/rustwide/rustup-home" "-e" "CARGO_TARGET_DIR=/opt/rustwide/target" "-w" "/opt/rustwide/workdir" "--user" "0:0" "e59cbab43f4799ac7105d0d0854d6c80a5dabfe2c8484245e599e335bbbd4936" "/opt/rustwide/cargo-home/bin/cargo" "+1.99.0-beta.8" "metadata" "--no-deps" "--format-version=1", kill_on_drop: false }`
[INFO] running `Command { std: "docker" "inspect" "e59cbab43f4799ac7105d0d0854d6c80a5dabfe2c8484245e599e335bbbd4936", kill_on_drop: false }`
[INFO] running `Command { std: "docker" "exec" "-e" "SOURCE_DIR=/opt/rustwide/workdir" "-e" "CARGO_HOME=/opt/rustwide/cargo-home" "-e" "RUSTUP_HOME=/opt/rustwide/rustup-home" "-e" "CARGO_TARGET_DIR=/opt/rustwide/target" "-e" "CARGO_INCREMENTAL=0" "-e" "RUST_BACKTRACE=full" "-e" "RUSTFLAGS=--cap-lints=warn" "-e" "RUSTDOCFLAGS=--cap-lints=warn" "-w" "/opt/rustwide/workdir" "--user" "0:0" "e59cbab43f4799ac7105d0d0854d6c80a5dabfe2c8484245e599e335bbbd4936" "/opt/rustwide/cargo-home/bin/cargo" "+1.99.0-beta.8" "build" "--frozen" "--message-format=json" "--release", kill_on_drop: false }`
[INFO] [stderr]    Compiling proc-macro2 v1.0.101
[INFO] [stderr]    Compiling quote v1.0.40
[INFO] [stderr]    Compiling syn v2.0.106
[INFO] [stderr]    Compiling infiltrait v0.1.0 (/opt/rustwide/workdir)
[INFO] [stderr]     Finished `release` profile [optimized] target(s) in 7.41s
[INFO] running `Command { std: "docker" "inspect" "e59cbab43f4799ac7105d0d0854d6c80a5dabfe2c8484245e599e335bbbd4936", kill_on_drop: false }`
[INFO] running `Command { std: "docker" "exec" "-e" "SOURCE_DIR=/opt/rustwide/workdir" "-e" "CARGO_HOME=/opt/rustwide/cargo-home" "-e" "RUSTUP_HOME=/opt/rustwide/rustup-home" "-e" "CARGO_TARGET_DIR=/opt/rustwide/target" "-e" "CARGO_INCREMENTAL=0" "-e" "RUST_BACKTRACE=full" "-e" "RUSTFLAGS=--cap-lints=warn" "-e" "RUSTDOCFLAGS=--cap-lints=warn" "-w" "/opt/rustwide/workdir" "--user" "0:0" "e59cbab43f4799ac7105d0d0854d6c80a5dabfe2c8484245e599e335bbbd4936" "/opt/rustwide/cargo-home/bin/cargo" "+1.99.0-beta.8" "test" "--frozen" "--no-run" "--message-format=json" "--release", kill_on_drop: false }`
[INFO] [stderr]    Compiling infiltrait v0.1.0 (/opt/rustwide/workdir)
[INFO] [stderr]     Finished `release` profile [optimized] target(s) in 0.43s
[INFO] running `Command { std: "docker" "inspect" "e59cbab43f4799ac7105d0d0854d6c80a5dabfe2c8484245e599e335bbbd4936", kill_on_drop: false }`
[INFO] running `Command { std: "docker" "exec" "-e" "SOURCE_DIR=/opt/rustwide/workdir" "-e" "CARGO_HOME=/opt/rustwide/cargo-home" "-e" "RUSTUP_HOME=/opt/rustwide/rustup-home" "-e" "CARGO_TARGET_DIR=/opt/rustwide/target" "-e" "CARGO_INCREMENTAL=0" "-e" "RUST_BACKTRACE=full" "-e" "RUSTFLAGS=--cap-lints=warn" "-e" "RUSTDOCFLAGS=--cap-lints=warn" "-w" "/opt/rustwide/workdir" "--user" "0:0" "e59cbab43f4799ac7105d0d0854d6c80a5dabfe2c8484245e599e335bbbd4936" "/opt/rustwide/cargo-home/bin/cargo" "+1.99.0-beta.8" "test" "--frozen" "--release", kill_on_drop: false }`
[INFO] [stderr]     Finished `release` profile [optimized] target(s) in 0.03s
[INFO] [stderr]      Running unittests src/lib.rs (/opt/rustwide/target/release/deps/infiltrait-d0ec6beeb5fe2016)
[INFO] [stdout] 
[INFO] [stdout] running 0 tests
[INFO] [stdout] 
[INFO] [stdout] test result: ok. 0 passed; 0 failed; 0 ignored; 0 measured; 0 filtered out; finished in 0.00s
[INFO] [stdout] 
[INFO] [stderr]    Doc-tests infiltrait
[INFO] [stdout] 
[INFO] [stdout] running 5 tests
[INFO] [stdout] test src/lib.rs - (line 11) ... FAILED
[INFO] [stdout] test src/lib.rs - (line 78) ... ok
[INFO] [stdout] test src/lib.rs - (line 60) ... ok
[INFO] [stdout] test src/lib.rs - (line 95) ... ok
[INFO] [stdout] test src/lib.rs - infiltrait (line 135) ... ok
[INFO] [stdout] 
[INFO] [stdout] failures:
[INFO] [stdout] 
[INFO] [stdout] ---- src/lib.rs - (line 11) stdout ----
[INFO] [stdout] error[E0425]: cannot find type `Output` in this scope
[INFO] [stdout]   --> src/lib.rs:22:25
[INFO] [stdout]    |
[INFO] [stdout] 22 |      fn hello(&self) -> Output {
[INFO] [stdout]    |                         ^^^^^^
[INFO] [stdout]    |
[INFO] [stdout] help: you might have meant to use the associated type
[INFO] [stdout]    |
[INFO] [stdout] 22 |      fn hello(&self) -> Self::Output {
[INFO] [stdout]    |                         ++++++
[INFO] [stdout] help: consider importing this struct
[INFO] [stdout]    |
[INFO] [stdout] 10 + use std::process::Output;
[INFO] [stdout]    |
[INFO] [stdout] 
[INFO] [stdout] error[E0425]: cannot find value `MAGIC_NUMBER` in this scope
[INFO] [stdout]   --> src/lib.rs:23:46
[INFO] [stdout]    |
[INFO] [stdout] 23 |         format!("Constant magic number: {}", MAGIC_NUMBER)
[INFO] [stdout]    |                                              ^^^^^^^^^^^^
[INFO] [stdout]    |
[INFO] [stdout] help: you might have meant to use the associated `const`
[INFO] [stdout]    |
[INFO] [stdout] 23 |         format!("Constant magic number: {}", Self::MAGIC_NUMBER)
[INFO] [stdout]    |                                              ++++++
[INFO] [stdout] 
[INFO] [stdout] error: aborting due to 2 previous errors
[INFO] [stdout] 
[INFO] [stdout] For more information about this error, try `rustc --explain E0425`.
[INFO] [stdout] Couldn't compile the test.
[INFO] [stdout] 
[INFO] [stdout] failures:
[INFO] [stdout]     src/lib.rs - (line 11)
[INFO] [stdout] 
[INFO] [stdout] test result: FAILED. 4 passed; 1 failed; 0 ignored; 0 measured; 0 filtered out; finished in 0.36s
[INFO] [stdout] 
[INFO] [stdout] all doctests ran in 0.46s; merged doctests compilation took 0.10s
[INFO] [stderr] error: doctest failed, to rerun pass `--doc`
[INFO] running `Command { std: "docker" "inspect" "e59cbab43f4799ac7105d0d0854d6c80a5dabfe2c8484245e599e335bbbd4936", kill_on_drop: false }`
[INFO] running `Command { std: "docker" "rm" "-f" "e59cbab43f4799ac7105d0d0854d6c80a5dabfe2c8484245e599e335bbbd4936", kill_on_drop: false }`
[INFO] [stdout] e59cbab43f4799ac7105d0d0854d6c80a5dabfe2c8484245e599e335bbbd4936
