[INFO] fetching crate inferno 0.12.8...
[INFO] testing inferno-0.12.8 against 1.99.0-beta.8+cargoflags=--release for beta-release-1.100-2
[INFO] extracting crate inferno 0.12.8 into /workspace/builds/worker-2-tc1/source
[INFO] started tweaking crates.io crate inferno 0.12.8
[INFO] finished tweaking crates.io crate inferno 0.12.8
[INFO] tweaked toml for crates.io crate inferno 0.12.8 written to /workspace/builds/worker-2-tc1/source/Cargo.toml
[INFO] validating manifest of crates.io crate inferno 0.12.8 on toolchain 1.99.0-beta.8
[INFO] running `Command { std: CARGO_HOME="/workspace/cargo-home" RUSTUP_HOME="/workspace/rustup-home" "/workspace/cargo-home/bin/cargo" "+1.99.0-beta.8" "metadata" "--manifest-path" "Cargo.toml" "--no-deps", kill_on_drop: false }`
[INFO] crate crates.io crate inferno 0.12.8 already has a lockfile, it will not be regenerated
[INFO] running `Command { std: CARGO_HOME="/workspace/cargo-home" RUSTUP_HOME="/workspace/rustup-home" "/workspace/cargo-home/bin/cargo" "+1.99.0-beta.8" "fetch" "--manifest-path" "Cargo.toml", kill_on_drop: false }`
[INFO] [stderr]     Updating crates.io index
[INFO] [stderr]  Downloading crates ...
[INFO] [stderr]   Downloaded testing_logger v0.1.1
[INFO] running `Command { std: "docker" "create" "-v" "/var/lib/crater-agent-workspace/builds/worker-2-tc1/source:/opt/rustwide/workdir:ro,Z" "-v" "/var/lib/crater-agent-workspace/builds/worker-2-tc1/target:/opt/rustwide/target:rw,Z" "-v" "/var/lib/crater-agent-workspace/cargo-home:/opt/rustwide/cargo-home:ro,Z" "-v" "/var/lib/crater-agent-workspace/rustup-home:/opt/rustwide/rustup-home:ro,Z" "-m" "1610612736" "--network" "none" "ghcr.io/rust-lang/crates-build-env/linux@sha256:77db811e55d90add9212f6832c23229e3de5f1c1f9905e8cb07319ea15df73ac" "sleep" "infinity", kill_on_drop: false }`
[INFO] [stdout] 660df416e666714157eab0b6478a3354084a0d1ea97bcd6670f3c9510062fa6c
[INFO] running `Command { std: "docker" "start" "660df416e666714157eab0b6478a3354084a0d1ea97bcd6670f3c9510062fa6c", kill_on_drop: false }`
[INFO] running `Command { std: "docker" "inspect" "660df416e666714157eab0b6478a3354084a0d1ea97bcd6670f3c9510062fa6c", kill_on_drop: false }`
[INFO] running `Command { std: "docker" "exec" "-e" "SOURCE_DIR=/opt/rustwide/workdir" "-e" "CARGO_HOME=/opt/rustwide/cargo-home" "-e" "RUSTUP_HOME=/opt/rustwide/rustup-home" "-e" "CARGO_TARGET_DIR=/opt/rustwide/target" "-w" "/opt/rustwide/workdir" "--user" "0:0" "660df416e666714157eab0b6478a3354084a0d1ea97bcd6670f3c9510062fa6c" "/opt/rustwide/cargo-home/bin/cargo" "+1.99.0-beta.8" "metadata" "--no-deps" "--format-version=1", kill_on_drop: false }`
[INFO] running `Command { std: "docker" "inspect" "660df416e666714157eab0b6478a3354084a0d1ea97bcd6670f3c9510062fa6c", kill_on_drop: false }`
[INFO] running `Command { std: "docker" "exec" "-e" "SOURCE_DIR=/opt/rustwide/workdir" "-e" "CARGO_HOME=/opt/rustwide/cargo-home" "-e" "RUSTUP_HOME=/opt/rustwide/rustup-home" "-e" "CARGO_TARGET_DIR=/opt/rustwide/target" "-e" "CARGO_INCREMENTAL=0" "-e" "RUST_BACKTRACE=full" "-e" "RUSTFLAGS=--cap-lints=warn" "-e" "RUSTDOCFLAGS=--cap-lints=warn" "-w" "/opt/rustwide/workdir" "--user" "0:0" "660df416e666714157eab0b6478a3354084a0d1ea97bcd6670f3c9510062fa6c" "/opt/rustwide/cargo-home/bin/cargo" "+1.99.0-beta.8" "build" "--frozen" "--message-format=json" "--release", kill_on_drop: false }`
[INFO] [stderr]    Compiling proc-macro2 v1.0.106
[INFO] [stderr]    Compiling libc v0.2.186
[INFO] [stderr]    Compiling unicode-ident v1.0.24
[INFO] [stderr]    Compiling quote v1.0.46
[INFO] [stderr]    Compiling crossbeam-utils v0.8.22
[INFO] [stderr]    Compiling utf8parse v0.2.2
[INFO] [stderr]    Compiling cfg-if v1.0.4
[INFO] [stderr]    Compiling is_terminal_polyfill v1.70.2
[INFO] [stderr]    Compiling colorchoice v1.0.5
[INFO] [stderr]    Compiling anstyle-query v1.1.5
[INFO] [stderr]    Compiling anstyle v1.0.14
[INFO] [stderr]    Compiling parking_lot_core v0.9.12
[INFO] [stderr]    Compiling version_check v0.9.5
[INFO] [stderr]    Compiling zerocopy v0.8.54
[INFO] [stderr]    Compiling getrandom v0.3.4
[INFO] [stderr]    Compiling smallvec v1.15.2
[INFO] [stderr]    Compiling heck v0.5.0
[INFO] [stderr]    Compiling log v0.4.33
[INFO] [stderr]    Compiling scopeguard v1.2.0
[INFO] [stderr]    Compiling anstyle-parse v1.0.0
[INFO] [stderr]    Compiling strsim v0.11.1
[INFO] [stderr]    Compiling once_cell v1.21.4
[INFO] [stderr]    Compiling clap_lex v1.1.0
[INFO] [stderr]    Compiling lock_api v0.4.14
[INFO] [stderr]    Compiling ahash v0.8.12
[INFO] [stderr]    Compiling bytemuck v1.25.1
[INFO] [stderr]    Compiling hashbrown v0.17.1
[INFO] [stderr]    Compiling equivalent v1.0.2
[INFO] [stderr]    Compiling env_filter v2.0.0
[INFO] [stderr]    Compiling hashbrown v0.14.5
[INFO] [stderr]    Compiling anstream v1.0.0
[INFO] [stderr]    Compiling itoa v1.0.18
[INFO] [stderr]    Compiling memchr v2.8.3
[INFO] [stderr]    Compiling arrayvec v0.7.8
[INFO] [stderr]    Compiling rgb v0.8.53
[INFO] [stderr]    Compiling env_logger v0.11.11
[INFO] [stderr]    Compiling str_stack v0.1.1
[INFO] [stderr]    Compiling num-format v0.4.4
[INFO] [stderr]    Compiling quick-xml v0.41.0
[INFO] [stderr]    Compiling clap_builder v4.6.2
[INFO] [stderr]    Compiling crossbeam-channel v0.5.16
[INFO] [stderr]    Compiling syn v2.0.119
[INFO] [stderr]    Compiling indexmap v2.14.0
[INFO] [stderr]    Compiling dashmap v6.2.1
[INFO] [stderr]    Compiling clap_derive v4.6.1
[INFO] [stderr]    Compiling clap v4.6.2
[INFO] [stderr]    Compiling inferno v0.12.8 (/opt/rustwide/workdir)
[INFO] [stderr]     Finished `release` profile [optimized] target(s) in 35.51s
[INFO] running `Command { std: "docker" "inspect" "660df416e666714157eab0b6478a3354084a0d1ea97bcd6670f3c9510062fa6c", kill_on_drop: false }`
[INFO] running `Command { std: "docker" "exec" "-e" "SOURCE_DIR=/opt/rustwide/workdir" "-e" "CARGO_HOME=/opt/rustwide/cargo-home" "-e" "RUSTUP_HOME=/opt/rustwide/rustup-home" "-e" "CARGO_TARGET_DIR=/opt/rustwide/target" "-e" "CARGO_INCREMENTAL=0" "-e" "RUST_BACKTRACE=full" "-e" "RUSTFLAGS=--cap-lints=warn" "-e" "RUSTDOCFLAGS=--cap-lints=warn" "-w" "/opt/rustwide/workdir" "--user" "0:0" "660df416e666714157eab0b6478a3354084a0d1ea97bcd6670f3c9510062fa6c" "/opt/rustwide/cargo-home/bin/cargo" "+1.99.0-beta.8" "test" "--frozen" "--no-run" "--message-format=json" "--release", kill_on_drop: false }`
[INFO] [stderr]    Compiling zerocopy v0.8.54
[INFO] [stderr]    Compiling zerocopy-derive v0.8.54
[INFO] [stderr]    Compiling serde_core v1.0.228
[INFO] [stderr]    Compiling crossbeam-epoch v0.9.20
[INFO] [stderr]    Compiling serde v1.0.228
[INFO] [stderr]    Compiling autocfg v1.5.1
[INFO] [stderr]    Compiling shlex v2.0.1
[INFO] [stderr]    Compiling find-msvc-tools v0.1.9
[INFO] [stderr]    Compiling zmij v1.0.23
[INFO] [stderr]    Compiling crossbeam-deque v0.8.7
[INFO] [stderr]    Compiling regex-syntax v0.8.11
[INFO] [stderr]    Compiling serde_derive v1.0.228
[INFO] [stderr]    Compiling either v1.16.0
[INFO] [stderr]    Compiling serde_json v1.0.150
[INFO] [stderr]    Compiling rayon-core v1.13.0
[INFO] [stderr]    Compiling getrandom v0.4.3
[INFO] [stderr]    Compiling crc32fast v1.5.0
[INFO] [stderr]    Compiling cc v1.3.0
[INFO] [stderr]    Compiling plotters-backend v0.3.7
[INFO] [stderr]    Compiling rand_core v0.10.1
[INFO] [stderr]    Compiling ciborium-io v0.2.2
[INFO] [stderr]    Compiling predicates-core v1.0.10
[INFO] [stderr]    Compiling termtree v0.5.1
[INFO] [stderr]    Compiling cast v0.3.0
[INFO] [stderr]    Compiling difflib v0.4.0
[INFO] [stderr]    Compiling same-file v1.0.6
[INFO] [stderr]    Compiling simd-adler32 v0.3.10
[INFO] [stderr]    Compiling cpufeatures v0.3.0
[INFO] [stderr]    Compiling assert_cmd v2.2.2
[INFO] [stderr]    Compiling itertools v0.13.0
[INFO] [stderr]    Compiling adler2 v2.0.1
[INFO] [stderr]    Compiling walkdir v2.5.0
[INFO] [stderr]    Compiling chacha20 v0.10.1
[INFO] [stderr]    Compiling predicates-tree v1.0.13
[INFO] [stderr]    Compiling num-traits v0.2.19
[INFO] [stderr]    Compiling plotters-svg v0.3.7
[INFO] [stderr]    Compiling miniz_oxide v0.8.9
[INFO] [stderr]    Compiling wait-timeout v0.2.1
[INFO] [stderr]    Compiling predicates v3.1.4
[INFO] [stderr]    Compiling page_size v0.6.0
[INFO] [stderr]    Compiling anes v0.1.6
[INFO] [stderr]    Compiling oorandom v11.1.5
[INFO] [stderr]    Compiling yansi v1.0.1
[INFO] [stderr]    Compiling diff v0.1.13
[INFO] [stderr]    Compiling rayon v1.12.0
[INFO] [stderr]    Compiling flate2 v1.1.9
[INFO] [stderr]    Compiling rand v0.10.2
[INFO] [stderr]    Compiling regex-automata v0.4.16
[INFO] [stderr]    Compiling pretty_assertions v1.4.1
[INFO] [stderr]    Compiling testing_logger v0.1.1
[INFO] [stderr]    Compiling plotters v0.3.7
[INFO] [stderr]    Compiling criterion-plot v0.8.2
[INFO] [stderr]    Compiling maplit v1.0.2
[INFO] [stderr]    Compiling alloca v0.4.0
[INFO] [stderr]    Compiling tinytemplate v1.2.1
[INFO] [stderr]    Compiling bstr v1.13.0
[INFO] [stderr]    Compiling regex v1.13.1
[INFO] [stderr]    Compiling half v2.7.1
[INFO] [stderr]    Compiling ahash v0.8.12
[INFO] [stderr]    Compiling inferno v0.12.8 (/opt/rustwide/workdir)
[INFO] [stderr]    Compiling ciborium-ll v0.2.2
[INFO] [stderr]    Compiling ciborium v0.2.2
[INFO] [stderr]    Compiling criterion v0.8.2
[INFO] [stderr]     Finished `release` profile [optimized] target(s) in 46.74s
[INFO] running `Command { std: "docker" "inspect" "660df416e666714157eab0b6478a3354084a0d1ea97bcd6670f3c9510062fa6c", kill_on_drop: false }`
[INFO] running `Command { std: "docker" "exec" "-e" "SOURCE_DIR=/opt/rustwide/workdir" "-e" "CARGO_HOME=/opt/rustwide/cargo-home" "-e" "RUSTUP_HOME=/opt/rustwide/rustup-home" "-e" "CARGO_TARGET_DIR=/opt/rustwide/target" "-e" "CARGO_INCREMENTAL=0" "-e" "RUST_BACKTRACE=full" "-e" "RUSTFLAGS=--cap-lints=warn" "-e" "RUSTDOCFLAGS=--cap-lints=warn" "-w" "/opt/rustwide/workdir" "--user" "0:0" "660df416e666714157eab0b6478a3354084a0d1ea97bcd6670f3c9510062fa6c" "/opt/rustwide/cargo-home/bin/cargo" "+1.99.0-beta.8" "test" "--frozen" "--release", kill_on_drop: false }`
[INFO] [stderr]     Finished `release` profile [optimized] target(s) in 0.13s
[INFO] [stderr]      Running unittests src/lib.rs (/opt/rustwide/target/release/deps/inferno-209a9e33c72deb68)
[INFO] [stdout] 
[INFO] [stdout] running 45 tests
[INFO] [stdout] test collapse::dtrace::tests::bench_nstacks_dtrace ... ignored
[INFO] [stdout] test collapse::dtrace::tests::fuzz_collapse_dtrace ... ignored
[INFO] [stdout] test collapse::perf::tests::bench_nstacks_perf ... ignored
[INFO] [stdout] test collapse::perf::tests::fuzz_collapse_perf ... ignored
[INFO] [stdout] test collapse::common::tests::fix_partially_demangled_rust_symbols ... ok
[INFO] [stdout] test collapse::dtrace::tests::test_collapse_dtrace_would_end_stack ... ok
[INFO] [stdout] test collapse::matcher::tests::is_kernel_false ... ok
[INFO] [stdout] test collapse::matcher::tests::is_kernel_true ... ok
[INFO] [stdout] test collapse::matcher::tests::is_vmlinux_false ... ok
[INFO] [stdout] test collapse::matcher::tests::is_vmlinux_true ... ok
[INFO] [stdout] test collapse::dtrace::tests::test_collapse_multi_dtrace ... FAILED
[INFO] [stdout] test collapse::perf::tests::test_collapse_multi_perf ... FAILED
[INFO] [stdout] test collapse::common::tests::fix_partially_demangled_rust_symbol_on_fully_mangled_symbols ... ok
[INFO] [stdout] test collapse::vsprof::tests::get_next_number_with_leading_comma ... ok
[INFO] [stdout] test collapse::vsprof::tests::get_next_number_missing_thousands_seps ... ok
[INFO] [stdout] test collapse::vsprof::tests::get_next_number_missing_thousands_sep ... ok
[INFO] [stdout] test flamegraph::attrs::test::func_frame_attrs_map_from_reader ... ok
[INFO] [stdout] test collapse::vsprof::tests::get_next_number_default ... ok
[INFO] [stdout] test flamegraph::color::palette_map::tests::palette_map_test ... ok
[INFO] [stdout] test collapse::vsprof::tests::get_next_number_with_float ... ok
[INFO] [stdout] test collapse::vsprof::tests::get_next_number_with_text_input ... ok
[INFO] [stdout] test collapse::perf::tests::test_tidy_generic ... ok
[INFO] [stdout] test flamegraph::color::palette_map::tests::parse_line_test ... ok
[INFO] [stdout] test flamegraph::color::palettes::tests::java_mod_resolves ... ok
[INFO] [stdout] test collapse::common::tests::fix_partially_demangled_rust_symbol_on_fully_demangled_symbols ... ok
[INFO] [stdout] test flamegraph::color::palettes::tests::python_returns_correct ... ok
[INFO] [stdout] test collapse::dtrace::tests::cpp_test ... ok
[INFO] [stdout] test flamegraph::color::palettes::tests::perl_mod_resolves ... ok
[INFO] [stdout] test flamegraph::color::palette_map::tests::load_from_non_existing_file ... ok
[INFO] [stdout] test collapse::perf::tests::test_multiple_skip_after ... FAILED
[INFO] [stdout] test flamegraph::color::palettes::tests::rust_returns_correct ... ok
[INFO] [stdout] test flamegraph::color::tests::bgcolor_parse_test ... ok
[INFO] [stdout] test collapse::perf::tests::test_collapse_multi_perf_simple ... FAILED
[INFO] [stdout] test flamegraph::tests::top_ypadding_adjusts_for_subtitle ... ok
[INFO] [stdout] test collapse::recursive::test::test_line_parts ... ok
[INFO] [stdout] test flamegraph::tests::ypadding_adjust_for_inverted_mode ... ok
[INFO] [stdout] test flamegraph::color::tests::namehash_test ... ok
[INFO] [stdout] test collapse::vsprof::tests::get_next_number_with_thousands_sep ... ok
[INFO] [stdout] test flamegraph::merge::tests::delta_does_not_leak_across_non_differential_lines ... ok
[INFO] [stdout] test collapse::perf::tests::test_one_skip_after ... FAILED
[INFO] [stdout] test collapse::dtrace::tests::test_collapse_multi_dtrace_simple ... FAILED
[INFO] [stdout] test collapse::recursive::test::test_collapse_stack ... ok
[INFO] [stdout] test flamegraph::rand::test_rng ... ok
[INFO] [stdout] test collapse::dtrace::tests::test_collapse_multi_dtrace_non_utf8 ... ok
[INFO] [stdout] test flamegraph::color::palettes::tests::js_returns_correct ... ok
[INFO] [stdout] 
[INFO] [stdout] failures:
[INFO] [stdout] 
[INFO] [stdout] ---- collapse::dtrace::tests::test_collapse_multi_dtrace stdout ----
[INFO] [stdout] 
[INFO] [stdout] thread 'collapse::dtrace::tests::test_collapse_multi_dtrace' (3071) panicked at src/collapse/common.rs:790:13:
[INFO] [stdout] Some tests require the flamegraph git submodule to be initialised, but it is not.
[INFO] [stdout] Initialise it with `git submodule update --init flamegraph`.
[INFO] [stdout] stack backtrace:
[INFO] [stdout]    0:     0x5a030bffa351 - <unknown>
[INFO] [stdout]    1:     0x5a030c00ff3a - <unknown>
[INFO] [stdout]    2:     0x5a030bffe85c - <unknown>
[INFO] [stdout]    3:     0x5a030bfd6136 - <unknown>
[INFO] [stdout]    4:     0x5a030bff2469 - <unknown>
[INFO] [stdout]    5:     0x5a030bf7fe90 - <unknown>
[INFO] [stdout]    6:     0x5a030bff2792 - <unknown>
[INFO] [stdout]    7:     0x5a030bfd6214 - <unknown>
[INFO] [stdout]    8:     0x5a030bfcef69 - <unknown>
[INFO] [stdout]    9:     0x5a030bfd6ddd - <unknown>
[INFO] [stdout]   10:     0x5a030c01066c - <unknown>
[INFO] [stdout]   11:     0x5a030bf4950f - <unknown>
[INFO] [stdout]   12:     0x5a030bf64319 - <unknown>
[INFO] [stdout]   13:     0x5a030bfc257f - <unknown>
[INFO] [stdout]   14:     0x5a030bf63b92 - <unknown>
[INFO] [stdout]   15:     0x5a030bf482c7 - <unknown>
[INFO] [stdout]   16:     0x5a030bf53509 - <unknown>
[INFO] [stdout]   17:     0x5a030bf7317b - <unknown>
[INFO] [stdout]   18:     0x5a030bf807e5 - <unknown>
[INFO] [stdout]   19:     0x5a030bf7a0a4 - <unknown>
[INFO] [stdout]   20:     0x5a030bf83942 - <unknown>
[INFO] [stdout]   21:     0x5a030bff9be9 - <unknown>
[INFO] [stdout]   22:     0x7ce05e850dfa - <unknown>
[INFO] [stdout]   23:     0x7ce05e8e43d4 - clone
[INFO] [stdout]   24:                0x0 - <unknown>
[INFO] [stdout] 
[INFO] [stdout] ---- collapse::perf::tests::test_collapse_multi_perf stdout ----
[INFO] [stdout] 
[INFO] [stdout] thread 'collapse::perf::tests::test_collapse_multi_perf' (3090) panicked at src/collapse/common.rs:790:13:
[INFO] [stdout] Some tests require the flamegraph git submodule to be initialised, but it is not.
[INFO] [stdout] Initialise it with `git submodule update --init flamegraph`.
[INFO] [stdout] stack backtrace:
[INFO] [stdout]    0:     0x5a030bffa351 - <unknown>
[INFO] [stdout]    1:     0x5a030c00ff3a - <unknown>
[INFO] [stdout]    2:     0x5a030bffe85c - <unknown>
[INFO] [stdout]    3:     0x5a030bfd6136 - <unknown>
[INFO] [stdout]    4:     0x5a030bff2469 - <unknown>
[INFO] [stdout]    5:     0x5a030bf7fe90 - <unknown>
[INFO] [stdout]    6:     0x5a030bff2792 - <unknown>
[INFO] [stdout]    7:     0x5a030bfd6214 - <unknown>
[INFO] [stdout]    8:     0x5a030bfcef69 - <unknown>
[INFO] [stdout]    9:     0x5a030bfd6ddd - <unknown>
[INFO] [stdout]   10:     0x5a030c01066c - <unknown>
[INFO] [stdout]   11:     0x5a030bf68f7f - <unknown>
[INFO] [stdout]   12:     0x5a030bf64319 - <unknown>
[INFO] [stdout]   13:     0x5a030bfc257f - <unknown>
[INFO] [stdout]   14:     0x5a030bf63b92 - <unknown>
[INFO] [stdout]   15:     0x5a030bf6725c - <unknown>
[INFO] [stdout]   16:     0x5a030bf53409 - <unknown>
[INFO] [stdout]   17:     0x5a030bf7317b - <unknown>
[INFO] [stdout]   18:     0x5a030bf807e5 - <unknown>
[INFO] [stdout]   19:     0x5a030bf7a0a4 - <unknown>
[INFO] [stdout]   20:     0x5a030bf83942 - <unknown>
[INFO] [stdout]   21:     0x5a030bff9be9 - <unknown>
[INFO] [stdout]   22:     0x7ce05e850dfa - <unknown>
[INFO] [stdout]   23:     0x7ce05e8e43d4 - clone
[INFO] [stdout]   24:                0x0 - <unknown>
[INFO] [stdout] 
[INFO] [stdout] ---- collapse::perf::tests::test_multiple_skip_after stdout ----
[INFO] [stdout] Error: Os { code: 2, kind: NotFound, message: "No such file or directory" }
[INFO] [stdout] 
[INFO] [stdout] ---- collapse::perf::tests::test_collapse_multi_perf_simple stdout ----
[INFO] [stdout] 
[INFO] [stdout] thread 'collapse::perf::tests::test_collapse_multi_perf_simple' (3091) panicked at src/collapse/common.rs:790:13:
[INFO] [stdout] Some tests require the flamegraph git submodule to be initialised, but it is not.
[INFO] [stdout] Initialise it with `git submodule update --init flamegraph`.
[INFO] [stdout] stack backtrace:
[INFO] [stdout]    0:     0x5a030bffa351 - <unknown>
[INFO] [stdout]    1:     0x5a030c00ff3a - <unknown>
[INFO] [stdout]    2:     0x5a030bffe85c - <unknown>
[INFO] [stdout]    3:     0x5a030bfd6136 - <unknown>
[INFO] [stdout]    4:     0x5a030bff2469 - <unknown>
[INFO] [stdout]    5:     0x5a030bf7fe90 - <unknown>
[INFO] [stdout]    6:     0x5a030bff2792 - <unknown>
[INFO] [stdout]    7:     0x5a030bfd6214 - <unknown>
[INFO] [stdout]    8:     0x5a030bfcef69 - <unknown>
[INFO] [stdout]    9:     0x5a030bfd6ddd - <unknown>
[INFO] [stdout]   10:     0x5a030c01066c - <unknown>
[INFO] [stdout]   11:     0x5a030bf67b5e - <unknown>
[INFO] [stdout]   12:     0x5a030bf53449 - <unknown>
[INFO] [stdout]   13:     0x5a030bf7317b - <unknown>
[INFO] [stdout]   14:     0x5a030bf807e5 - <unknown>
[INFO] [stdout]   15:     0x5a030bf7a0a4 - <unknown>
[INFO] [stdout]   16:     0x5a030bf83942 - <unknown>
[INFO] [stdout]   17:     0x5a030bff9be9 - <unknown>
[INFO] [stdout]   18:     0x7ce05e850dfa - <unknown>
[INFO] [stdout]   19:     0x7ce05e8e43d4 - clone
[INFO] [stdout]   20:                0x0 - <unknown>
[INFO] [stdout] 
[INFO] [stdout] ---- collapse::perf::tests::test_one_skip_after stdout ----
[INFO] [stdout] Error: Os { code: 2, kind: NotFound, message: "No such file or directory" }
[INFO] [stdout] 
[INFO] [stdout] ---- collapse::dtrace::tests::test_collapse_multi_dtrace_simple stdout ----
[INFO] [stdout] 
[INFO] [stdout] thread 'collapse::dtrace::tests::test_collapse_multi_dtrace_simple' (3073) panicked at src/collapse/common.rs:790:13:
[INFO] [stdout] Some tests require the flamegraph git submodule to be initialised, but it is not.
[INFO] [stdout] Initialise it with `git submodule update --init flamegraph`.
[INFO] [stdout] stack backtrace:
[INFO] [stdout]    0:     0x5a030bffa351 - <unknown>
[INFO] [stdout]    1:     0x5a030c00ff3a - <unknown>
[INFO] [stdout]    2:     0x5a030bffe85c - <unknown>
[INFO] [stdout]    3:     0x5a030bfd6136 - <unknown>
[INFO] [stdout]    4:     0x5a030bff2469 - <unknown>
[INFO] [stdout]    5:     0x5a030bf7fe90 - <unknown>
[INFO] [stdout]    6:     0x5a030bff2792 - <unknown>
[INFO] [stdout]    7:     0x5a030bfd6214 - <unknown>
[INFO] [stdout]    8:     0x5a030bfcef69 - <unknown>
[INFO] [stdout]    9:     0x5a030bfd6ddd - <unknown>
[INFO] [stdout]   10:     0x5a030c01066c - <unknown>
[INFO] [stdout]   11:     0x5a030bf484b6 - <unknown>
[INFO] [stdout]   12:     0x5a030bf53529 - <unknown>
[INFO] [stdout]   13:     0x5a030bf7317b - <unknown>
[INFO] [stdout]   14:     0x5a030bf807e5 - <unknown>
[INFO] [stdout]   15:     0x5a030bf7a0a4 - <unknown>
[INFO] [stdout]   16:     0x5a030bf83942 - <unknown>
[INFO] [stdout]   17:     0x5a030bff9be9 - <unknown>
[INFO] [stdout]   18:     0x7ce05e850dfa - <unknown>
[INFO] [stdout]   19:     0x7ce05e8e43d4 - clone
[INFO] [stdout]   20:                0x0 - <unknown>
[INFO] [stdout] 
[INFO] [stdout] 
[INFO] [stdout] failures:
[INFO] [stdout]     collapse::dtrace::tests::test_collapse_multi_dtrace
[INFO] [stdout]     collapse::dtrace::tests::test_collapse_multi_dtrace_simple
[INFO] [stdout]     collapse::perf::tests::test_collapse_multi_perf
[INFO] [stdout]     collapse::perf::tests::test_collapse_multi_perf_simple
[INFO] [stdout]     collapse::perf::tests::test_multiple_skip_after
[INFO] [stdout]     collapse::perf::tests::test_one_skip_after
[INFO] [stdout] 
[INFO] [stdout] test result: FAILED. 35 passed; 6 failed; 4 ignored; 0 measured; 0 filtered out; finished in 0.04s
[INFO] [stdout] 
[INFO] [stderr] error: test failed, to rerun pass `--lib`
[INFO] running `Command { std: "docker" "inspect" "660df416e666714157eab0b6478a3354084a0d1ea97bcd6670f3c9510062fa6c", kill_on_drop: false }`
[INFO] running `Command { std: "docker" "rm" "-f" "660df416e666714157eab0b6478a3354084a0d1ea97bcd6670f3c9510062fa6c", kill_on_drop: false }`
[INFO] [stdout] 660df416e666714157eab0b6478a3354084a0d1ea97bcd6670f3c9510062fa6c
