[INFO] fetching crate inf 1.3.1...
[INFO] testing inf-1.3.1 against 1.100.0-beta.1+cargoflags=--release for beta-release-1.100-2
[INFO] extracting crate inf 1.3.1 into /workspace/builds/worker-4-tc2/source
[INFO] started tweaking crates.io crate inf 1.3.1
[INFO] removed 0 missing tests
[INFO] finished tweaking crates.io crate inf 1.3.1
[INFO] tweaked toml for crates.io crate inf 1.3.1 written to /workspace/builds/worker-4-tc2/source/Cargo.toml
[INFO] validating manifest of crates.io crate inf 1.3.1 on toolchain 1.100.0-beta.1
[INFO] running `Command { std: CARGO_HOME="/workspace/cargo-home" RUSTUP_HOME="/workspace/rustup-home" "/workspace/cargo-home/bin/cargo" "+1.100.0-beta.1" "metadata" "--manifest-path" "Cargo.toml" "--no-deps", kill_on_drop: false }`
[INFO] crate crates.io crate inf 1.3.1 already has a lockfile, it will not be regenerated
[INFO] running `Command { std: CARGO_HOME="/workspace/cargo-home" RUSTUP_HOME="/workspace/rustup-home" "/workspace/cargo-home/bin/cargo" "+1.100.0-beta.1" "fetch" "--manifest-path" "Cargo.toml", kill_on_drop: false }`
[INFO] running `Command { std: "docker" "create" "-v" "/var/lib/crater-agent-workspace/builds/worker-4-tc2/source:/opt/rustwide/workdir:ro,Z" "-v" "/var/lib/crater-agent-workspace/builds/worker-4-tc2/target:/opt/rustwide/target:rw,Z" "-v" "/var/lib/crater-agent-workspace/cargo-home:/opt/rustwide/cargo-home:ro,Z" "-v" "/var/lib/crater-agent-workspace/rustup-home:/opt/rustwide/rustup-home:ro,Z" "-m" "1610612736" "--network" "none" "ghcr.io/rust-lang/crates-build-env/linux@sha256:77db811e55d90add9212f6832c23229e3de5f1c1f9905e8cb07319ea15df73ac" "sleep" "infinity", kill_on_drop: false }`
[INFO] [stdout] ee38b2325c27726ec75ad9747a771531474166bca51d911d16d2bb9bc8372180
[INFO] running `Command { std: "docker" "start" "ee38b2325c27726ec75ad9747a771531474166bca51d911d16d2bb9bc8372180", kill_on_drop: false }`
[INFO] running `Command { std: "docker" "inspect" "ee38b2325c27726ec75ad9747a771531474166bca51d911d16d2bb9bc8372180", kill_on_drop: false }`
[INFO] running `Command { std: "docker" "exec" "-e" "SOURCE_DIR=/opt/rustwide/workdir" "-e" "CARGO_HOME=/opt/rustwide/cargo-home" "-e" "RUSTUP_HOME=/opt/rustwide/rustup-home" "-e" "CARGO_TARGET_DIR=/opt/rustwide/target" "-w" "/opt/rustwide/workdir" "--user" "0:0" "ee38b2325c27726ec75ad9747a771531474166bca51d911d16d2bb9bc8372180" "/opt/rustwide/cargo-home/bin/cargo" "+1.100.0-beta.1" "metadata" "--no-deps" "--format-version=1", kill_on_drop: false }`
[INFO] running `Command { std: "docker" "inspect" "ee38b2325c27726ec75ad9747a771531474166bca51d911d16d2bb9bc8372180", kill_on_drop: false }`
[INFO] running `Command { std: "docker" "exec" "-e" "SOURCE_DIR=/opt/rustwide/workdir" "-e" "CARGO_HOME=/opt/rustwide/cargo-home" "-e" "RUSTUP_HOME=/opt/rustwide/rustup-home" "-e" "CARGO_TARGET_DIR=/opt/rustwide/target" "-e" "CARGO_INCREMENTAL=0" "-e" "RUST_BACKTRACE=full" "-e" "RUSTFLAGS=--cap-lints=warn" "-e" "RUSTDOCFLAGS=--cap-lints=warn" "-w" "/opt/rustwide/workdir" "--user" "0:0" "ee38b2325c27726ec75ad9747a771531474166bca51d911d16d2bb9bc8372180" "/opt/rustwide/cargo-home/bin/cargo" "+1.100.0-beta.1" "build" "--frozen" "--message-format=json" "--release", kill_on_drop: false }`
[INFO] [stderr]    Compiling libc v0.2.186
[INFO] [stderr]    Compiling bitflags v2.11.1
[INFO] [stderr]    Compiling pin-project-lite v0.2.17
[INFO] [stderr]    Compiling cfg_aliases v0.2.1
[INFO] [stderr]    Compiling cfg-if v1.0.4
[INFO] [stderr]    Compiling log v0.4.29
[INFO] [stderr]    Compiling futures-sink v0.3.32
[INFO] [stderr]    Compiling syn v2.0.117
[INFO] [stderr]    Compiling futures-core v0.3.32
[INFO] [stderr]    Compiling crossbeam-utils v0.8.21
[INFO] [stderr]    Compiling nix v0.30.1
[INFO] [stderr]    Compiling futures-io v0.3.32
[INFO] [stderr]    Compiling futures-channel v0.3.32
[INFO] [stderr]    Compiling memchr v2.8.0
[INFO] [stderr]    Compiling futures-task v0.3.32
[INFO] [stderr]    Compiling slab v0.4.12
[INFO] [stderr]    Compiling thiserror v2.0.18
[INFO] [stderr]    Compiling nix v0.31.3
[INFO] [stderr]    Compiling unicode-width v0.1.14
[INFO] [stderr]    Compiling once_cell v1.21.4
[INFO] [stderr]    Compiling bytes v1.11.1
[INFO] [stderr]    Compiling tracing-core v0.1.36
[INFO] [stderr]    Compiling notify-types v2.1.0
[INFO] [stderr]    Compiling hashbrown v0.17.1
[INFO] [stderr]    Compiling equivalent v1.0.2
[INFO] [stderr]    Compiling concurrent-queue v2.5.0
[INFO] [stderr]    Compiling parking v2.2.1
[INFO] [stderr]    Compiling same-file v1.0.6
[INFO] [stderr]    Compiling event-listener v4.0.3
[INFO] [stderr]    Compiling clap_lex v1.1.0
[INFO] [stderr]    Compiling walkdir v2.5.0
[INFO] [stderr]    Compiling anstyle v1.0.14
[INFO] [stderr]    Compiling anyhow v1.0.102
[INFO] [stderr]    Compiling indexmap v2.14.0
[INFO] [stderr]    Compiling async-priority-channel v0.2.0
[INFO] [stderr]    Compiling normalize-path v0.2.1
[INFO] [stderr]    Compiling atomic-take v1.1.0
[INFO] [stderr]    Compiling clap_builder v4.6.0
[INFO] [stderr]    Compiling errno v0.3.14
[INFO] [stderr]    Compiling mio v1.2.0
[INFO] [stderr]    Compiling inotify-sys v0.1.5
[INFO] [stderr]    Compiling inotify v0.11.1
[INFO] [stderr]    Compiling nix v0.27.1
[INFO] [stderr]    Compiling signal-hook-registry v1.4.8
[INFO] [stderr]    Compiling notify v8.2.0
[INFO] [stderr]    Compiling futures-macro v0.3.32
[INFO] [stderr]    Compiling thiserror-impl v2.0.18
[INFO] [stderr]    Compiling miette-derive v7.6.0
[INFO] [stderr]    Compiling tokio-macros v2.7.0
[INFO] [stderr]    Compiling tracing-attributes v0.1.31
[INFO] [stderr]    Compiling async-trait v0.1.89
[INFO] [stderr]    Compiling clap_derive v4.6.1
[INFO] [stderr]    Compiling tokio v1.52.3
[INFO] [stderr]    Compiling futures-util v0.3.32
[INFO] [stderr]    Compiling miette v7.6.0
[INFO] [stderr]    Compiling tracing v0.1.44
[INFO] [stderr]    Compiling watchexec-signals v5.0.1
[INFO] [stderr]    Compiling watchexec-events v6.1.0
[INFO] [stderr]    Compiling clap v4.6.1
[INFO] [stderr]    Compiling futures-executor v0.3.32
[INFO] [stderr]    Compiling futures v0.3.32
[INFO] [stderr]    Compiling process-wrap v9.1.0
[INFO] [stderr]    Compiling command-group v5.0.1
[INFO] [stderr]    Compiling watchexec-supervisor v5.2.0
[INFO] [stderr]    Compiling watchexec v8.2.0
[INFO] [stderr]    Compiling inf v1.3.1 (/opt/rustwide/workdir)
[INFO] [stderr]     Finished `release` profile [optimized] target(s) in 1m 09s
[INFO] [stderr] warning: the following packages contain code that will be rejected by a future version of Rust: nix v0.30.1, nix v0.31.3
[INFO] [stderr] note: to see what the problems were, use the option `--future-incompat-report`, or run `cargo report future-incompatibilities --id 3`
[INFO] running `Command { std: "docker" "inspect" "ee38b2325c27726ec75ad9747a771531474166bca51d911d16d2bb9bc8372180", kill_on_drop: false }`
[INFO] running `Command { std: "docker" "exec" "-e" "SOURCE_DIR=/opt/rustwide/workdir" "-e" "CARGO_HOME=/opt/rustwide/cargo-home" "-e" "RUSTUP_HOME=/opt/rustwide/rustup-home" "-e" "CARGO_TARGET_DIR=/opt/rustwide/target" "-e" "CARGO_INCREMENTAL=0" "-e" "RUST_BACKTRACE=full" "-e" "RUSTFLAGS=--cap-lints=warn" "-e" "RUSTDOCFLAGS=--cap-lints=warn" "-w" "/opt/rustwide/workdir" "--user" "0:0" "ee38b2325c27726ec75ad9747a771531474166bca51d911d16d2bb9bc8372180" "/opt/rustwide/cargo-home/bin/cargo" "+1.100.0-beta.1" "test" "--frozen" "--no-run" "--message-format=json" "--release", kill_on_drop: false }`
[INFO] [stderr]    Compiling libc v0.2.186
[INFO] [stderr]    Compiling bitflags v2.11.1
[INFO] [stderr]    Compiling cfg-if v1.0.4
[INFO] [stderr]    Compiling memchr v2.8.0
[INFO] [stderr]    Compiling pin-project-lite v0.2.17
[INFO] [stderr]    Compiling log v0.4.29
[INFO] [stderr]    Compiling futures-sink v0.3.32
[INFO] [stderr]    Compiling futures-core v0.3.32
[INFO] [stderr]    Compiling futures-task v0.3.32
[INFO] [stderr]    Compiling autocfg v1.5.0
[INFO] [stderr]    Compiling futures-channel v0.3.32
[INFO] [stderr]    Compiling futures-io v0.3.32
[INFO] [stderr]    Compiling once_cell v1.21.4
[INFO] [stderr]    Compiling slab v0.4.12
[INFO] [stderr]    Compiling regex-syntax v0.8.10
[INFO] [stderr]    Compiling unicode-width v0.1.14
[INFO] [stderr]    Compiling bytes v1.11.1
[INFO] [stderr]    Compiling tracing-core v0.1.36
[INFO] [stderr]    Compiling nix v0.30.1
[INFO] [stderr]    Compiling num-traits v0.2.19
[INFO] [stderr]    Compiling miette v7.6.0
[INFO] [stderr]    Compiling aho-corasick v1.1.4
[INFO] [stderr]    Compiling futures-util v0.3.32
[INFO] [stderr]    Compiling notify-types v2.1.0
[INFO] [stderr]    Compiling crossbeam-utils v0.8.21
[INFO] [stderr]    Compiling thiserror v2.0.18
[INFO] [stderr]    Compiling equivalent v1.0.2
[INFO] [stderr]    Compiling anstyle v1.0.14
[INFO] [stderr]    Compiling hashbrown v0.17.1
[INFO] [stderr]    Compiling cfg_aliases v0.1.1
[INFO] [stderr]    Compiling thiserror v1.0.69
[INFO] [stderr]    Compiling nix v0.28.0
[INFO] [stderr]    Compiling watchexec-signals v5.0.1
[INFO] [stderr]    Compiling concurrent-queue v2.5.0
[INFO] [stderr]    Compiling tracing v0.1.44
[INFO] [stderr]    Compiling nix v0.31.3
[INFO] [stderr]    Compiling errno v0.3.14
[INFO] [stderr]    Compiling mio v1.2.0
[INFO] [stderr]    Compiling signal-hook-registry v1.4.8
[INFO] [stderr]    Compiling indexmap v2.14.0
[INFO] [stderr]    Compiling regex-automata v0.4.14
[INFO] [stderr]    Compiling tokio v1.52.3
[INFO] [stderr]    Compiling inotify-sys v0.1.5
[INFO] [stderr]    Compiling thiserror-impl v1.0.69
[INFO] [stderr]    Compiling same-file v1.0.6
[INFO] [stderr]    Compiling predicates-core v1.0.10
[INFO] [stderr]    Compiling parking v2.2.1
[INFO] [stderr]    Compiling getrandom v0.4.2
[INFO] [stderr]    Compiling event-listener v4.0.3
[INFO] [stderr]    Compiling process-wrap v9.1.0
[INFO] [stderr]    Compiling futures-executor v0.3.32
[INFO] [stderr]    Compiling futures v0.3.32
[INFO] [stderr]    Compiling rustix v1.1.4
[INFO] [stderr]    Compiling walkdir v2.5.0
[INFO] [stderr]    Compiling inotify v0.11.1
[INFO] [stderr]    Compiling watchexec-events v6.1.0
[INFO] [stderr]    Compiling float-cmp v0.10.0
[INFO] [stderr]    Compiling linux-raw-sys v0.12.1
[INFO] [stderr]    Compiling normalize-line-endings v0.3.0
[INFO] [stderr]    Compiling clap_lex v1.1.0
[INFO] [stderr]    Compiling assert_cmd v2.2.2
[INFO] [stderr]    Compiling difflib v0.4.0
[INFO] [stderr]    Compiling termtree v0.5.1
[INFO] [stderr]    Compiling predicates-tree v1.0.13
[INFO] [stderr]    Compiling notify v8.2.0
[INFO] [stderr]    Compiling clap_builder v4.6.0
[INFO] [stderr]    Compiling watchexec-supervisor v5.2.0
[INFO] [stderr]    Compiling regex v1.12.3
[INFO] [stderr]    Compiling predicates v3.1.4
[INFO] [stderr]    Compiling bstr v1.12.1
[INFO] [stderr]    Compiling filedescriptor v0.8.3
[INFO] [stderr]    Compiling async-priority-channel v0.2.0
[INFO] [stderr]    Compiling nix v0.27.1
[INFO] [stderr]    Compiling serial2 v0.2.37
[INFO] [stderr]    Compiling wait-timeout v0.2.1
[INFO] [stderr]    Compiling anyhow v1.0.102
[INFO] [stderr]    Compiling atomic-take v1.1.0
[INFO] [stderr]    Compiling downcast-rs v1.2.1
[INFO] [stderr]    Compiling shell-words v1.1.1
[INFO] [stderr]    Compiling fastrand v2.4.1
[INFO] [stderr]    Compiling normalize-path v0.2.1
[INFO] [stderr]    Compiling tempfile v3.27.0
[INFO] [stderr]    Compiling watchexec v8.2.0
[INFO] [stderr]    Compiling command-group v5.0.1
[INFO] [stderr]    Compiling portable-pty v0.9.0
[INFO] [stderr]    Compiling clap v4.6.1
[INFO] [stderr]    Compiling inf v1.3.1 (/opt/rustwide/workdir)
[INFO] [stderr]     Finished `release` profile [optimized] target(s) in 2m 21s
[INFO] [stderr] warning: the following packages contain code that will be rejected by a future version of Rust: nix v0.28.0, nix v0.30.1, nix v0.31.3
[INFO] [stderr] note: to see what the problems were, use the option `--future-incompat-report`, or run `cargo report future-incompatibilities --id 4`
[INFO] running `Command { std: "docker" "inspect" "ee38b2325c27726ec75ad9747a771531474166bca51d911d16d2bb9bc8372180", kill_on_drop: false }`
[INFO] running `Command { std: "docker" "exec" "-e" "SOURCE_DIR=/opt/rustwide/workdir" "-e" "CARGO_HOME=/opt/rustwide/cargo-home" "-e" "RUSTUP_HOME=/opt/rustwide/rustup-home" "-e" "CARGO_TARGET_DIR=/opt/rustwide/target" "-e" "CARGO_INCREMENTAL=0" "-e" "RUST_BACKTRACE=full" "-e" "RUSTFLAGS=--cap-lints=warn" "-e" "RUSTDOCFLAGS=--cap-lints=warn" "-w" "/opt/rustwide/workdir" "--user" "0:0" "ee38b2325c27726ec75ad9747a771531474166bca51d911d16d2bb9bc8372180" "/opt/rustwide/cargo-home/bin/cargo" "+1.100.0-beta.1" "test" "--frozen" "--release", kill_on_drop: false }`
[INFO] [stderr]     Finished `release` profile [optimized] target(s) in 0.25s
[INFO] [stderr] warning: the following packages contain code that will be rejected by a future version of Rust: nix v0.28.0, nix v0.30.1, nix v0.31.3
[INFO] [stderr] note: to see what the problems were, use the option `--future-incompat-report`, or run `cargo report future-incompatibilities --id 4`
[INFO] [stderr]      Running unittests src/main.rs (/opt/rustwide/target/release/build/inf/d18d1a8c4f1aab0e/out/inf-d18d1a8c4f1aab0e)
[INFO] [stdout] 
[INFO] [stderr]      Running tests/cli.rs (/opt/rustwide/target/release/build/inf/cb614ab6d6504614/out/cli-cb614ab6d6504614)
[INFO] [stdout] running 2 tests
[INFO] [stdout] test config::tests::splits_comma_monitor_values ... ok
[INFO] [stdout] test config::tests::detects_compile_file_args ... ok
[INFO] [stdout] 
[INFO] [stdout] test result: ok. 2 passed; 0 failed; 0 ignored; 0 measured; 0 filtered out; finished in 0.00s
[INFO] [stdout] 
[INFO] [stdout] 
[INFO] [stdout] running 15 tests
[INFO] [stdout] test error_if_incorrect_arguments ... ok
[INFO] [stdout] test debug_flag_exits_after_printing_parsed_arguments ... ok
[INFO] [stdout] test error_if_input_without_run ... ok
[INFO] [stdout] test help_flag_prints_usage ... ok
[INFO] [stdout] test error_if_no_files_to_monitor ... ok
[INFO] [stdout] test error_if_quiet_and_verbose ... ok
[INFO] [stdout] test error_if_some_explicitly_listed_files_are_missing ... ok
[INFO] [stdout] inf 1.3.1
[INFO] [stdout] test no_arguments_prints_help_message ... ok
[INFO] [stdout] test monitor_flag_adds_extra_files ... ok
[INFO] [stdout] test input_flag_adds_file_to_run_command ... ok
[INFO] [stdout] test monitor_flag_gets_comma_separated_args ... ok
[INFO] [stdout] test smoke_binary_can_be_spawned_without_assert_cmd ... ok
[INFO] [stdout] test noparse_flag_disables_compile_file_detection ... ok
[INFO] [stdout] test version_flag_prints_version ... ok
[INFO] [stdout] test boolean_flags_are_parsed ... ok
[INFO] [stderr]      Running tests/pty.rs (/opt/rustwide/target/release/build/inf/0a25e71d3538cfe6/out/pty-0a25e71d3538cfe6)
[INFO] [stdout] 
[INFO] [stdout] test result: ok. 15 passed; 0 failed; 0 ignored; 0 measured; 0 filtered out; finished in 0.05s
[INFO] [stdout] 
[INFO] [stdout] 
[INFO] [stdout] running 6 tests
[INFO] [stdout] test foreground_stdin_no_race ... ignored
[INFO] [stdout] test waitkey_accepts_input_and_ctrl_c_at_next_prompt ... ok
[INFO] [stdout] test refresh_restarts_shell_interactive_command ... ok
[INFO] [stdout] test refresh_kills_shell_descendants ... ok
[INFO] [stdout] test interactive_command_without_refresh_is_not_killed_on_change ... ok
[INFO] [stdout] test refresh_kills_descendant_that_ignores_sigterm ... FAILED
[INFO] [stdout] 
[INFO] [stdout] failures:
[INFO] [stdout] 
[INFO] [stdout] ---- refresh_kills_descendant_that_ignores_sigterm stdout ----
[INFO] [stdout] 
[INFO] [stdout] thread 'refresh_kills_descendant_that_ignores_sigterm' (1976) panicked at tests/pty.rs:139:5:
[INFO] [stdout] old descendant survived refresh
[INFO] [stdout] stack backtrace:
[INFO] [stdout]    0:     0x5559c75fb085 - <unknown>
[INFO] [stdout]    1:     0x5559c75dc9b4 - <unknown>
[INFO] [stdout]    2:     0x5559c75fa72b - <unknown>
[INFO] [stdout]    3:     0x5559c75fa329 - <unknown>
[INFO] [stdout]    4:     0x5559c75f9faa - <unknown>
[INFO] [stdout]    5:     0x5559c75f9adb - <unknown>
[INFO] [stdout]    6:     0x5559c761f9b2 - <unknown>
[INFO] [stdout]    7:     0x5559c761f939 - <unknown>
[INFO] [stdout]    8:     0x5559c761fe2c - <unknown>
[INFO] [stdout]    9:     0x5559c75dc84b - <unknown>
[INFO] [stdout]   10:     0x5559c75d8f18 - <unknown>
[INFO] [stdout]   11:     0x5559c76393ab - <unknown>
[INFO] [stdout]   12:     0x5559c76350e6 - <unknown>
[INFO] [stdout]   13:     0x5559c763484c - <unknown>
[INFO] [stdout]   14:     0x5559c7652bec - <unknown>
[INFO] [stdout]   15:     0x5559c76219f8 - <unknown>
[INFO] [stdout]   16:     0x730512d09dfa - <unknown>
[INFO] [stdout]   17:     0x730512d9d3d4 - clone
[INFO] [stdout]   18:                0x0 - <unknown>
[INFO] [stdout] 
[INFO] [stdout] 
[INFO] [stdout] failures:
[INFO] [stdout]     refresh_kills_descendant_that_ignores_sigterm
[INFO] [stdout] 
[INFO] [stdout] test result: FAILED. 4 passed; 1 failed; 1 ignored; 0 measured; 0 filtered out; finished in 3.65s
[INFO] [stdout] 
[INFO] [stderr] error: test failed, to rerun pass `--test pty`
[INFO] running `Command { std: "docker" "inspect" "ee38b2325c27726ec75ad9747a771531474166bca51d911d16d2bb9bc8372180", kill_on_drop: false }`
[INFO] running `Command { std: "docker" "rm" "-f" "ee38b2325c27726ec75ad9747a771531474166bca51d911d16d2bb9bc8372180", kill_on_drop: false }`
[INFO] [stdout] ee38b2325c27726ec75ad9747a771531474166bca51d911d16d2bb9bc8372180
