[INFO] fetching crate indusagi-core 0.1.0...
[INFO] testing indusagi-core-0.1.0 against 1.99.0-beta.8+cargoflags=--release for beta-release-1.100-2
[INFO] extracting crate indusagi-core 0.1.0 into /workspace/builds/worker-7-tc1/source
[INFO] started tweaking crates.io crate indusagi-core 0.1.0
[INFO] removed 0 missing tests
[INFO] finished tweaking crates.io crate indusagi-core 0.1.0
[INFO] tweaked toml for crates.io crate indusagi-core 0.1.0 written to /workspace/builds/worker-7-tc1/source/Cargo.toml
[INFO] validating manifest of crates.io crate indusagi-core 0.1.0 on toolchain 1.99.0-beta.8
[INFO] running `Command { std: CARGO_HOME="/workspace/cargo-home" RUSTUP_HOME="/workspace/rustup-home" "/workspace/cargo-home/bin/cargo" "+1.99.0-beta.8" "metadata" "--manifest-path" "Cargo.toml" "--no-deps", kill_on_drop: false }`
[INFO] crate crates.io crate indusagi-core 0.1.0 already has a lockfile, it will not be regenerated
[INFO] running `Command { std: CARGO_HOME="/workspace/cargo-home" RUSTUP_HOME="/workspace/rustup-home" "/workspace/cargo-home/bin/cargo" "+1.99.0-beta.8" "fetch" "--manifest-path" "Cargo.toml", kill_on_drop: false }`
[INFO] running `Command { std: "docker" "create" "-v" "/var/lib/crater-agent-workspace/builds/worker-7-tc1/source:/opt/rustwide/workdir:ro,Z" "-v" "/var/lib/crater-agent-workspace/builds/worker-7-tc1/target:/opt/rustwide/target:rw,Z" "-v" "/var/lib/crater-agent-workspace/cargo-home:/opt/rustwide/cargo-home:ro,Z" "-v" "/var/lib/crater-agent-workspace/rustup-home:/opt/rustwide/rustup-home:ro,Z" "-m" "1610612736" "--network" "none" "ghcr.io/rust-lang/crates-build-env/linux@sha256:77db811e55d90add9212f6832c23229e3de5f1c1f9905e8cb07319ea15df73ac" "sleep" "infinity", kill_on_drop: false }`
[INFO] [stdout] 3352d09487da0395cc47d404f1a4d57abb1ea6c6ea67b3ea0870395af873edbc
[INFO] running `Command { std: "docker" "start" "3352d09487da0395cc47d404f1a4d57abb1ea6c6ea67b3ea0870395af873edbc", kill_on_drop: false }`
[INFO] running `Command { std: "docker" "inspect" "3352d09487da0395cc47d404f1a4d57abb1ea6c6ea67b3ea0870395af873edbc", kill_on_drop: false }`
[INFO] running `Command { std: "docker" "exec" "-e" "SOURCE_DIR=/opt/rustwide/workdir" "-e" "CARGO_HOME=/opt/rustwide/cargo-home" "-e" "RUSTUP_HOME=/opt/rustwide/rustup-home" "-e" "CARGO_TARGET_DIR=/opt/rustwide/target" "-w" "/opt/rustwide/workdir" "--user" "0:0" "3352d09487da0395cc47d404f1a4d57abb1ea6c6ea67b3ea0870395af873edbc" "/opt/rustwide/cargo-home/bin/cargo" "+1.99.0-beta.8" "metadata" "--no-deps" "--format-version=1", kill_on_drop: false }`
[INFO] running `Command { std: "docker" "inspect" "3352d09487da0395cc47d404f1a4d57abb1ea6c6ea67b3ea0870395af873edbc", kill_on_drop: false }`
[INFO] running `Command { std: "docker" "exec" "-e" "SOURCE_DIR=/opt/rustwide/workdir" "-e" "CARGO_HOME=/opt/rustwide/cargo-home" "-e" "RUSTUP_HOME=/opt/rustwide/rustup-home" "-e" "CARGO_TARGET_DIR=/opt/rustwide/target" "-e" "CARGO_INCREMENTAL=0" "-e" "RUST_BACKTRACE=full" "-e" "RUSTFLAGS=--cap-lints=warn" "-e" "RUSTDOCFLAGS=--cap-lints=warn" "-w" "/opt/rustwide/workdir" "--user" "0:0" "3352d09487da0395cc47d404f1a4d57abb1ea6c6ea67b3ea0870395af873edbc" "/opt/rustwide/cargo-home/bin/cargo" "+1.99.0-beta.8" "build" "--frozen" "--message-format=json" "--release", kill_on_drop: false }`
[INFO] [stderr]    Compiling zerocopy v0.8.52
[INFO] [stderr]    Compiling futures-channel v0.3.32
[INFO] [stderr]    Compiling serde_json v1.0.150
[INFO] [stderr]    Compiling syn v2.0.118
[INFO] [stderr]    Compiling parking_lot_core v0.9.12
[INFO] [stderr]    Compiling socket2 v0.6.4
[INFO] [stderr]    Compiling parking_lot v0.12.5
[INFO] [stderr]    Compiling futures-macro v0.3.32
[INFO] [stderr]    Compiling tokio-macros v2.7.0
[INFO] [stderr]    Compiling async-stream-impl v0.3.6
[INFO] [stderr]    Compiling serde_derive v1.0.228
[INFO] [stderr]    Compiling thiserror-impl v2.0.18
[INFO] [stderr]    Compiling async-stream v0.3.6
[INFO] [stderr]    Compiling tokio v1.52.3
[INFO] [stderr]    Compiling futures-util v0.3.32
[INFO] [stderr]    Compiling thiserror v2.0.18
[INFO] [stderr]    Compiling ppv-lite86 v0.2.21
[INFO] [stderr]    Compiling rand_chacha v0.9.0
[INFO] [stderr]    Compiling rand v0.9.4
[INFO] [stderr]    Compiling ulid v1.2.1
[INFO] [stderr]    Compiling serde v1.0.228
[INFO] [stderr]    Compiling futures-executor v0.3.32
[INFO] [stderr]    Compiling futures v0.3.32
[INFO] [stderr]    Compiling tokio-stream v0.1.18
[INFO] [stderr]    Compiling tokio-util v0.7.18
[INFO] [stderr]    Compiling indusagi-core v0.1.0 (/opt/rustwide/workdir)
[INFO] [stderr]     Finished `release` profile [optimized] target(s) in 26.73s
[INFO] running `Command { std: "docker" "inspect" "3352d09487da0395cc47d404f1a4d57abb1ea6c6ea67b3ea0870395af873edbc", kill_on_drop: false }`
[INFO] running `Command { std: "docker" "exec" "-e" "SOURCE_DIR=/opt/rustwide/workdir" "-e" "CARGO_HOME=/opt/rustwide/cargo-home" "-e" "RUSTUP_HOME=/opt/rustwide/rustup-home" "-e" "CARGO_TARGET_DIR=/opt/rustwide/target" "-e" "CARGO_INCREMENTAL=0" "-e" "RUST_BACKTRACE=full" "-e" "RUSTFLAGS=--cap-lints=warn" "-e" "RUSTDOCFLAGS=--cap-lints=warn" "-w" "/opt/rustwide/workdir" "--user" "0:0" "3352d09487da0395cc47d404f1a4d57abb1ea6c6ea67b3ea0870395af873edbc" "/opt/rustwide/cargo-home/bin/cargo" "+1.99.0-beta.8" "test" "--frozen" "--no-run" "--message-format=json" "--release", kill_on_drop: false }`
[INFO] [stderr]    Compiling zerocopy v0.8.52
[INFO] [stderr]    Compiling zerocopy-derive v0.8.52
[INFO] [stderr]    Compiling serde v1.0.228
[INFO] [stderr]    Compiling serde_json v1.0.150
[INFO] [stderr]    Compiling tokio v1.52.3
[INFO] [stderr]    Compiling regex-automata v0.4.14
[INFO] [stderr]    Compiling tinytemplate v1.2.1
[INFO] [stderr]    Compiling regex v1.12.4
[INFO] [stderr]    Compiling ppv-lite86 v0.2.21
[INFO] [stderr]    Compiling half v2.7.1
[INFO] [stderr]    Compiling ciborium-ll v0.2.2
[INFO] [stderr]    Compiling rand_chacha v0.9.0
[INFO] [stderr]    Compiling ciborium v0.2.2
[INFO] [stderr]    Compiling rand v0.9.4
[INFO] [stderr]    Compiling tokio-util v0.7.18
[INFO] [stderr]    Compiling tokio-stream v0.1.18
[INFO] [stderr]    Compiling criterion v0.5.1
[INFO] [stderr]    Compiling ulid v1.2.1
[INFO] [stderr]    Compiling indusagi-core v0.1.0 (/opt/rustwide/workdir)
[INFO] [stderr]     Finished `release` profile [optimized] target(s) in 38.31s
[INFO] running `Command { std: "docker" "inspect" "3352d09487da0395cc47d404f1a4d57abb1ea6c6ea67b3ea0870395af873edbc", kill_on_drop: false }`
[INFO] running `Command { std: "docker" "exec" "-e" "SOURCE_DIR=/opt/rustwide/workdir" "-e" "CARGO_HOME=/opt/rustwide/cargo-home" "-e" "RUSTUP_HOME=/opt/rustwide/rustup-home" "-e" "CARGO_TARGET_DIR=/opt/rustwide/target" "-e" "CARGO_INCREMENTAL=0" "-e" "RUST_BACKTRACE=full" "-e" "RUSTFLAGS=--cap-lints=warn" "-e" "RUSTDOCFLAGS=--cap-lints=warn" "-w" "/opt/rustwide/workdir" "--user" "0:0" "3352d09487da0395cc47d404f1a4d57abb1ea6c6ea67b3ea0870395af873edbc" "/opt/rustwide/cargo-home/bin/cargo" "+1.99.0-beta.8" "test" "--frozen" "--release", kill_on_drop: false }`
[INFO] [stderr]     Finished `release` profile [optimized] target(s) in 0.14s
[INFO] [stdout] 
[INFO] [stderr]      Running unittests src/lib.rs (/opt/rustwide/target/release/deps/indusagi_core-83be837c5fbc7ace)
[INFO] [stdout] running 42 tests
[INFO] [stdout] test cancel::tests::cancel_down_the_chain_propagates_parent_to_child ... ok
[INFO] [stdout] test cancel::tests::error_if_cancelled_yields_typed_error_not_panic ... ok
[INFO] [stdout] test cancel::tests::root_starts_uncancelled ... ok
[INFO] [stdout] test canonical::tests::arrays_have_compact_separators ... ok
[INFO] [stdout] test cancel::tests::guard_returns_ok_when_future_wins ... ok
[INFO] [stdout] test canonical::tests::canonical_payload_matches_node_and_python_byte_for_byte ... ok
[INFO] [stdout] test canonical::tests::content_hash_matches_cross_language_golden ... ok
[INFO] [stdout] test canonical::tests::fractional_floats_use_plain_notation_in_range ... ok
[INFO] [stdout] test canonical::tests::integral_floats_drop_the_fraction ... ok
[INFO] [stdout] test canonical::tests::non_canonical_numeric_keys_keep_insertion_order ... ok
[INFO] [stdout] test canonical::tests::numeric_keys_sort_ascending_before_string_keys ... ok
[INFO] [stdout] test canonical::tests::primitives_match_json_stringify ... ok
[INFO] [stdout] test canonical::tests::small_and_large_magnitudes_use_exponent_forms ... ok
[INFO] [stdout] test canonical::tests::string_escaping_matches_json_stringify ... ok
[INFO] [stdout] test cancel::tests::cancel_does_not_propagate_up ... ok
[INFO] [stdout] test brand::tests::brand_constants_match_the_frozen_layout ... ok
[INFO] [stdout] test canonical::tests::zero_and_non_finite ... ok
[INFO] [stdout] test brand::tests::env_name_grammar_is_byte_exact ... ok
[INFO] [stdout] test channel::tests::channel_is_cloneable_and_clones_share_the_same_factory ... ok
[INFO] [stdout] test channel::tests::factory_closure_can_capture_per_iteration_state ... ok
[INFO] [stdout] test env::tests::env_name_is_re_exported_grammar ... ok
[INFO] [stdout] test env::tests::indusagi_home_honors_the_override_env ... ok
[INFO] [stdout] test env::tests::provider_table_has_the_15_locked_rows ... ok
[INFO] [stdout] test env::tests::read_raw_trims_and_treats_empty_as_absent ... ok
[INFO] [stdout] test env::tests::sdk_marker_is_the_locked_sentinel ... ok
[INFO] [stdout] test errors::tests::cancelled_default_message_is_byte_exact ... ok
[INFO] [stdout] test canonical::tests::objects_have_no_whitespace_and_keep_insertion_order ... ok
[INFO] [stdout] test errors::tests::cancelled_with_reason_uses_the_reason ... ok
[INFO] [stdout] test errors::tests::non_cancel_variants_are_not_cancelled ... ok
[INFO] [stdout] test ids::tests::ids_are_time_sortable ... ok
[INFO] [stdout] test ids::tests::ids_are_unique_across_a_burst ... ok
[INFO] [stdout] test locate::tests::override_home_drives_every_state_path ... ok
[INFO] [stdout] test ids::tests::new_id_has_canonical_ulid_length ... ok
[INFO] [stdout] test channel::tests::iterating_twice_reruns_the_factory_and_yields_full_sequence_each_time ... ok
[INFO] [stdout] test locate::tests::project_settings_resolve_relative_against_cwd ... ok
[INFO] [stdout] test ids::tests::prefixed_id_keeps_the_prefix_and_separator ... ok
[INFO] [stdout] test time::tests::now_ms_is_after_a_known_past_epoch ... ok
[INFO] [stdout] test time::tests::now_ms_is_monotonic_nondecreasing_in_practice ... ok
[INFO] [stdout] test version::tests::version_is_the_cargo_package_version ... ok
[INFO] [stdout] test locate::tests::home_env_var_is_branded ... ok
[INFO] [stdout] test cancel::tests::guard_returns_typed_cancel_when_token_wins ... ok
[INFO] [stderr]      Running tests/env_registry_freeze.rs (/opt/rustwide/target/release/deps/env_registry_freeze-c462eea5c8075781)
[INFO] [stdout] test locate::tests::ensure_dir_creates_nested_paths ... ok
[INFO] [stdout] 
[INFO] [stdout] test result: ok. 42 passed; 0 failed; 0 ignored; 0 measured; 0 filtered out; finished in 0.01s
[INFO] [stdout] 
[INFO] [stdout] 
[INFO] [stdout] running 1 test
[INFO] [stdout] test no_config_env_reads_outside_the_registry ... FAILED
[INFO] [stderr] error: test failed, to rerun pass `--test env_registry_freeze`
[INFO] [stdout] 
[INFO] [stdout] failures:
[INFO] [stdout] 
[INFO] [stdout] ---- no_config_env_reads_outside_the_registry stdout ----
[INFO] [stdout] 
[INFO] [stdout] thread 'no_config_env_reads_outside_the_registry' (1147) panicked at tests/env_registry_freeze.rs:137:5:
[INFO] [stdout] env-registry freeze violated — these reads must go through indusagi_core::env::read_raw / read_env (or be a documented exception):
[INFO] [stdout] workdir/src/env.rs:47: direct env read outside the registry: `match std::env::var(name) {`
[INFO] [stdout] stack backtrace:
[INFO] [stdout]    0:     0x5f491db5b571 - <<std[70759c8f55707aa4]::sys::backtrace::BacktraceLock>::print::DisplayBacktrace as core[df12db4294e9bfd3]::fmt::Display>::fmt
[INFO] [stdout]    1:     0x5f491db6faaa - core[df12db4294e9bfd3]::fmt::write
[INFO] [stdout]    2:     0x5f491db5fcfc - <alloc[2182bb758b4b3781]::vec::Vec<u8> as core[df12db4294e9bfd3]::io::write::Write>::write_fmt
[INFO] [stdout]    3:     0x5f491db36d06 - std[70759c8f55707aa4]::panicking::default_hook::{closure#0}
[INFO] [stdout]    4:     0x5f491db53759 - std[70759c8f55707aa4]::panicking::default_hook
[INFO] [stdout]    5:     0x5f491daeecb0 - test[9d35eded1c95d3be]::test_main_inner::<test[9d35eded1c95d3be]::test_main_static::{closure#0}>::{closure#0}
[INFO] [stdout]    6:     0x5f491db53912 - std[70759c8f55707aa4]::panicking::panic_with_hook
[INFO] [stdout]    7:     0x5f491db36db2 - std[70759c8f55707aa4]::panicking::panic_handler::{closure#0}
[INFO] [stdout]    8:     0x5f491db2f909 - std[70759c8f55707aa4]::sys::backtrace::__rust_end_short_backtrace::<std[70759c8f55707aa4]::panicking::panic_handler::{closure#0}, !>
[INFO] [stdout]    9:     0x5f491db379ad - __rustc[8fa7c3cbc660c2b3]::rust_begin_unwind
[INFO] [stdout]   10:     0x5f491db701dc - core[df12db4294e9bfd3]::panicking::panic_fmt
[INFO] [stdout]   11:     0x5f491dadd52c - <env_registry_freeze[1392ad8ad50b9021]::no_config_env_reads_outside_the_registry::{closure#0} as core[df12db4294e9bfd3]::ops::function::FnOnce<()>>::call_once
[INFO] [stdout]   12:     0x5f491dae1f9b - test[9d35eded1c95d3be]::__rust_begin_short_backtrace::<core[df12db4294e9bfd3]::result::Result<(), alloc[2182bb758b4b3781]::string::String>, fn() -> core[df12db4294e9bfd3]::result::Result<(), alloc[2182bb758b4b3781]::string::String>>
[INFO] [stdout]   13:     0x5f491daef605 - test[9d35eded1c95d3be]::run_test::{closure#0}
[INFO] [stdout]   14:     0x5f491dae8ec4 - std[70759c8f55707aa4]::sys::backtrace::__rust_begin_short_backtrace::<test[9d35eded1c95d3be]::run_test::{closure#1}, ()>
[INFO] [stdout]   15:     0x5f491daf2762 - <std[70759c8f55707aa4]::thread::lifecycle::spawn_unchecked<test[9d35eded1c95d3be]::run_test::{closure#1}, ()>::{closure#1} as core[df12db4294e9bfd3]::ops::function::FnOnce<()>>::call_once::{shim:vtable#0}
[INFO] [stdout]   16:     0x5f491db5aad9 - <std[70759c8f55707aa4]::sys::thread::unix::Thread>::new::thread_start
[INFO] [stdout]   17:     0x70f18cfd4dfa - <unknown>
[INFO] [stdout]   18:     0x70f18d0683d4 - clone
[INFO] [stdout]   19:                0x0 - <unknown>
[INFO] [stdout] 
[INFO] [stdout] 
[INFO] [stdout] failures:
[INFO] [stdout]     no_config_env_reads_outside_the_registry
[INFO] [stdout] 
[INFO] [stdout] test result: FAILED. 0 passed; 1 failed; 0 ignored; 0 measured; 0 filtered out; finished in 0.00s
[INFO] [stdout] 
[INFO] running `Command { std: "docker" "inspect" "3352d09487da0395cc47d404f1a4d57abb1ea6c6ea67b3ea0870395af873edbc", kill_on_drop: false }`
[INFO] running `Command { std: "docker" "rm" "-f" "3352d09487da0395cc47d404f1a4d57abb1ea6c6ea67b3ea0870395af873edbc", kill_on_drop: false }`
[INFO] [stdout] 3352d09487da0395cc47d404f1a4d57abb1ea6c6ea67b3ea0870395af873edbc
