[INFO] fetching crate include_optional 1.1.1...
[INFO] testing include_optional-1.1.1 against 1.100.0-beta.1+cargoflags=--release for beta-release-1.100-2
[INFO] extracting crate include_optional 1.1.1 into /workspace/builds/worker-1-tc2/source
[INFO] started tweaking crates.io crate include_optional 1.1.1
[INFO] removed 0 missing examples
[INFO] removed 0 missing tests
[INFO] finished tweaking crates.io crate include_optional 1.1.1
[INFO] tweaked toml for crates.io crate include_optional 1.1.1 written to /workspace/builds/worker-1-tc2/source/Cargo.toml
[INFO] validating manifest of crates.io crate include_optional 1.1.1 on toolchain 1.100.0-beta.1
[INFO] running `Command { std: CARGO_HOME="/workspace/cargo-home" RUSTUP_HOME="/workspace/rustup-home" "/workspace/cargo-home/bin/cargo" "+1.100.0-beta.1" "metadata" "--manifest-path" "Cargo.toml" "--no-deps", kill_on_drop: false }`
[INFO] crate crates.io crate include_optional 1.1.1 already has a lockfile, it will not be regenerated
[INFO] running `Command { std: CARGO_HOME="/workspace/cargo-home" RUSTUP_HOME="/workspace/rustup-home" "/workspace/cargo-home/bin/cargo" "+1.100.0-beta.1" "fetch" "--manifest-path" "Cargo.toml", kill_on_drop: false }`
[INFO] running `Command { std: "docker" "create" "-v" "/var/lib/crater-agent-workspace/builds/worker-1-tc2/source:/opt/rustwide/workdir:ro,Z" "-v" "/var/lib/crater-agent-workspace/builds/worker-1-tc2/target:/opt/rustwide/target:rw,Z" "-v" "/var/lib/crater-agent-workspace/cargo-home:/opt/rustwide/cargo-home:ro,Z" "-v" "/var/lib/crater-agent-workspace/rustup-home:/opt/rustwide/rustup-home:ro,Z" "-m" "1610612736" "--network" "none" "ghcr.io/rust-lang/crates-build-env/linux@sha256:77db811e55d90add9212f6832c23229e3de5f1c1f9905e8cb07319ea15df73ac" "sleep" "infinity", kill_on_drop: false }`
[INFO] [stdout] b84bae25665938d99da0a4a8eaa6336e594375c0886f3a7f8db75e6211b5c2cc
[INFO] running `Command { std: "docker" "start" "b84bae25665938d99da0a4a8eaa6336e594375c0886f3a7f8db75e6211b5c2cc", kill_on_drop: false }`
[INFO] running `Command { std: "docker" "inspect" "b84bae25665938d99da0a4a8eaa6336e594375c0886f3a7f8db75e6211b5c2cc", kill_on_drop: false }`
[INFO] running `Command { std: "docker" "exec" "-e" "SOURCE_DIR=/opt/rustwide/workdir" "-e" "CARGO_HOME=/opt/rustwide/cargo-home" "-e" "RUSTUP_HOME=/opt/rustwide/rustup-home" "-e" "CARGO_TARGET_DIR=/opt/rustwide/target" "-w" "/opt/rustwide/workdir" "--user" "0:0" "b84bae25665938d99da0a4a8eaa6336e594375c0886f3a7f8db75e6211b5c2cc" "/opt/rustwide/cargo-home/bin/cargo" "+1.100.0-beta.1" "metadata" "--no-deps" "--format-version=1", kill_on_drop: false }`
[INFO] running `Command { std: "docker" "inspect" "b84bae25665938d99da0a4a8eaa6336e594375c0886f3a7f8db75e6211b5c2cc", kill_on_drop: false }`
[INFO] running `Command { std: "docker" "exec" "-e" "SOURCE_DIR=/opt/rustwide/workdir" "-e" "CARGO_HOME=/opt/rustwide/cargo-home" "-e" "RUSTUP_HOME=/opt/rustwide/rustup-home" "-e" "CARGO_TARGET_DIR=/opt/rustwide/target" "-e" "CARGO_INCREMENTAL=0" "-e" "RUST_BACKTRACE=full" "-e" "RUSTFLAGS=--cap-lints=warn" "-e" "RUSTDOCFLAGS=--cap-lints=warn" "-w" "/opt/rustwide/workdir" "--user" "0:0" "b84bae25665938d99da0a4a8eaa6336e594375c0886f3a7f8db75e6211b5c2cc" "/opt/rustwide/cargo-home/bin/cargo" "+1.100.0-beta.1" "build" "--frozen" "--message-format=json" "--release", kill_on_drop: false }`
[INFO] [stderr]    Compiling proc-macro2 v1.0.103
[INFO] [stderr]    Compiling quote v1.0.42
[INFO] [stderr]    Compiling syn v2.0.111
[INFO] [stderr]    Compiling include_optional v1.1.1 (/opt/rustwide/workdir)
[INFO] [stderr]     Finished `release` profile [optimized] target(s) in 4.07s
[INFO] running `Command { std: "docker" "inspect" "b84bae25665938d99da0a4a8eaa6336e594375c0886f3a7f8db75e6211b5c2cc", kill_on_drop: false }`
[INFO] running `Command { std: "docker" "exec" "-e" "SOURCE_DIR=/opt/rustwide/workdir" "-e" "CARGO_HOME=/opt/rustwide/cargo-home" "-e" "RUSTUP_HOME=/opt/rustwide/rustup-home" "-e" "CARGO_TARGET_DIR=/opt/rustwide/target" "-e" "CARGO_INCREMENTAL=0" "-e" "RUST_BACKTRACE=full" "-e" "RUSTFLAGS=--cap-lints=warn" "-e" "RUSTDOCFLAGS=--cap-lints=warn" "-w" "/opt/rustwide/workdir" "--user" "0:0" "b84bae25665938d99da0a4a8eaa6336e594375c0886f3a7f8db75e6211b5c2cc" "/opt/rustwide/cargo-home/bin/cargo" "+1.100.0-beta.1" "test" "--frozen" "--no-run" "--message-format=json" "--release", kill_on_drop: false }`
[INFO] [stderr]    Compiling serde_json v1.0.145
[INFO] [stderr]    Compiling target-triple v1.0.0
[INFO] [stderr]    Compiling serde_core v1.0.228
[INFO] [stderr]    Compiling proc-macro2 v1.0.103
[INFO] [stderr]    Compiling unicode-ident v1.0.22
[INFO] [stderr]    Compiling winnow v0.7.14
[INFO] [stderr]    Compiling serde v1.0.228
[INFO] [stderr]    Compiling quote v1.0.42
[INFO] [stderr]    Compiling toml_writer v1.0.4
[INFO] [stderr]    Compiling glob v0.3.3
[INFO] [stderr]    Compiling serde_derive v1.0.228
[INFO] [stderr]    Compiling toml_datetime v0.7.3
[INFO] [stderr]    Compiling serde_spanned v1.0.3
[INFO] [stderr]    Compiling include_optional v1.1.1 (/opt/rustwide/workdir)
[INFO] [stderr]    Compiling memchr v2.7.6
[INFO] [stderr]    Compiling syn v2.0.111
[INFO] [stderr]    Compiling toml_parser v1.0.4
[INFO] [stderr]    Compiling toml v0.9.8
[INFO] [stderr]    Compiling trybuild v1.0.114
[INFO] [stderr]     Finished `release` profile [optimized] target(s) in 36.83s
[INFO] running `Command { std: "docker" "inspect" "b84bae25665938d99da0a4a8eaa6336e594375c0886f3a7f8db75e6211b5c2cc", kill_on_drop: false }`
[INFO] running `Command { std: "docker" "exec" "-e" "SOURCE_DIR=/opt/rustwide/workdir" "-e" "CARGO_HOME=/opt/rustwide/cargo-home" "-e" "RUSTUP_HOME=/opt/rustwide/rustup-home" "-e" "CARGO_TARGET_DIR=/opt/rustwide/target" "-e" "CARGO_INCREMENTAL=0" "-e" "RUST_BACKTRACE=full" "-e" "RUSTFLAGS=--cap-lints=warn" "-e" "RUSTDOCFLAGS=--cap-lints=warn" "-w" "/opt/rustwide/workdir" "--user" "0:0" "b84bae25665938d99da0a4a8eaa6336e594375c0886f3a7f8db75e6211b5c2cc" "/opt/rustwide/cargo-home/bin/cargo" "+1.100.0-beta.1" "test" "--frozen" "--release", kill_on_drop: false }`
[INFO] [stderr]     Finished `release` profile [optimized] target(s) in 0.06s
[INFO] [stderr]      Running unittests src/lib.rs (/opt/rustwide/target/release/build/include_optional/3b06ea094201f8b5/out/include_optional-3b06ea094201f8b5)
[INFO] [stderr]      Running tests/integration/main.rs (/opt/rustwide/target/release/build/include_optional/c8398d3397e410e4/out/integration-c8398d3397e410e4)
[INFO] [stdout] 
[INFO] [stdout] running 0 tests
[INFO] [stdout] 
[INFO] [stdout] test result: ok. 0 passed; 0 failed; 0 ignored; 0 measured; 0 filtered out; finished in 0.00s
[INFO] [stdout] 
[INFO] [stdout] 
[INFO] [stdout] running 8 tests
[INFO] [stdout] test absolute_path::file_does_not_exist ... ok
[INFO] [stdout] test relative_path::file_does_not_exist ... ok
[INFO] [stdout] test relative_path::directory_does_not_exist ... ok
[INFO] [stdout] test absolute_path::directory_does_not_exist ... ok
[INFO] [stdout] test macro_caching ... FAILED
[INFO] [stdout] test relative_path::file_exists ... ok
[INFO] [stdout] test absolute_path::file_exists ... ok
[INFO] [stderr]    Compiling proc-macro2 v1.0.103
[INFO] [stderr]    Compiling quote v1.0.42
[INFO] [stderr]    Compiling unicode-ident v1.0.22
[INFO] [stderr]     Checking syn v2.0.111
[INFO] [stderr]    Compiling include_optional v1.1.1 (/opt/rustwide/workdir)
[INFO] [stderr]     Checking include_optional-tests v0.0.0 (/opt/rustwide/target/tests/trybuild/include_optional)
[INFO] [stderr]     Finished `dev` profile [unoptimized + debuginfo] target(s) in 3.35s
[INFO] [stderr] 
[INFO] [stderr] 
[INFO] [stderr] test tests/trybuild/include_str_missing_permissions.rs ... mismatch
[INFO] [stdout] test trybuild ... FAILED
[INFO] [stderr] 
[INFO] [stdout] 
[INFO] [stderr] EXPECTED:
[INFO] [stdout] failures:
[INFO] [stderr] ┈┈┈┈┈┈┈┈┈┈┈┈┈┈┈┈┈┈┈┈┈┈┈┈┈┈┈┈┈┈┈┈┈┈┈┈┈┈┈┈┈┈┈┈┈┈┈┈┈┈┈┈┈┈┈┈┈┈┈┈
[INFO] [stdout] 
[INFO] [stderr] error: couldn't read `/dev/mem`: Permission denied (os error 13)
[INFO] [stdout] ---- macro_caching stdout ----
[INFO] [stderr]  --> tests/trybuild/include_str_missing_permissions.rs:2:5
[INFO] [stdout] 
[INFO] [stderr]   |
[INFO] [stdout] thread 'macro_caching' (890) panicked at tests/integration/main.rs:35:63:
[INFO] [stderr] 2 |     include_optional::include_str_optional!("/dev/mem");
[INFO] [stdout] called `Result::unwrap()` on an `Err` value: Os { code: 2, kind: NotFound, message: "No such file or directory" }
[INFO] [stderr]   |     ^^^^^^^^^^^^^^^^^^^^^^^^^^^^^^^^^^^^^^^^^^^^^^^^^^^
[INFO] [stdout] stack backtrace:
[INFO] [stderr] ┈┈┈┈┈┈┈┈┈┈┈┈┈┈┈┈┈┈┈┈┈┈┈┈┈┈┈┈┈┈┈┈┈┈┈┈┈┈┈┈┈┈┈┈┈┈┈┈┈┈┈┈┈┈┈┈┈┈┈┈
[INFO] [stdout]    0:     0x5b9937492981 - <<std[617be2ca0a6fd877]::sys::backtrace::BacktraceLock>::print::DisplayBacktrace as core[a373ad73a504971]::fmt::Display>::fmt
[INFO] [stderr] 
[INFO] [stdout]    1:     0x5b99374a8c6a - core[a373ad73a504971]::fmt::write
[INFO] [stderr] ACTUAL OUTPUT:
[INFO] [stdout]    2:     0x5b99374971cc - <alloc[2e1b2a31b91974c5]::vec::Vec<u8> as core[a373ad73a504971]::io::write::Write>::write_fmt
[INFO] [stderr] ┈┈┈┈┈┈┈┈┈┈┈┈┈┈┈┈┈┈┈┈┈┈┈┈┈┈┈┈┈┈┈┈┈┈┈┈┈┈┈┈┈┈┈┈┈┈┈┈┈┈┈┈┈┈┈┈┈┈┈┈
[INFO] [stdout]    3:     0x5b993746bde6 - std[617be2ca0a6fd877]::panicking::default_hook::{closure#0}
[INFO] [stderr] error[E0282]: type annotations needed
[INFO] [stdout]    4:     0x5b9937489f29 - std[617be2ca0a6fd877]::panicking::default_hook
[INFO] [stderr]  --> tests/trybuild/include_str_missing_permissions.rs:2:5
[INFO] [stdout]    5:     0x5b9937423530 - test[aada8e7e76ba119b]::test_main_inner::{closure#0}
[INFO] [stderr]   |
[INFO] [stdout]    6:     0x5b993748a0e2 - std[617be2ca0a6fd877]::panicking::panic_with_hook
[INFO] [stderr] 2 |     include_optional::include_str_optional!("/dev/mem");
[INFO] [stdout]    7:     0x5b993746be92 - std[617be2ca0a6fd877]::panicking::panic_handler::{closure#0}
[INFO] [stderr]   |     ^^^^^^^^^^^^^^^^^^^^^^^^^^^^^^^^^^^^^^^^^^^^^^^^^^^ cannot infer type
[INFO] [stdout]    8:     0x5b99374646e9 - std[617be2ca0a6fd877]::sys::backtrace::__rust_end_short_backtrace::<std[617be2ca0a6fd877]::panicking::panic_handler::{closure#0}, !>
[INFO] [stderr]   |
[INFO] [stdout]    9:     0x5b993746ca9d - __rustc[ea4f61d10b84890b]::rust_begin_unwind
[INFO] [stderr]   = note: this error originates in the macro `include_optional::include_str_optional` (in Nightly builds, run with -Z macro-backtrace for more info)
[INFO] [stdout]   10:     0x5b99374a93dc - core[a373ad73a504971]::panicking::panic_fmt
[INFO] [stderr] ┈┈┈┈┈┈┈┈┈┈┈┈┈┈┈┈┈┈┈┈┈┈┈┈┈┈┈┈┈┈┈┈┈┈┈┈┈┈┈┈┈┈┈┈┈┈┈┈┈┈┈┈┈┈┈┈┈┈┈┈
[INFO] [stdout]   11:     0x5b99374a91b2 - core[a373ad73a504971]::result::unwrap_failed
[INFO] [stderr] note: If the actual output is the correct output you can bless it by rerunning
[INFO] [stdout]   12:     0x5b993736d122 - <integration[ed7411747b45f082]::macro_caching::{closure#0} as core[a373ad73a504971]::ops::function::FnOnce<()>>::call_once
[INFO] [stderr]       your test with the environment variable TRYBUILD=overwrite
[INFO] [stdout]   13:     0x5b993741697b - test[aada8e7e76ba119b]::__rust_begin_short_backtrace::<core[a373ad73a504971]::result::Result<(), alloc[2e1b2a31b91974c5]::string::String>, fn() -> core[a373ad73a504971]::result::Result<(), alloc[2e1b2a31b91974c5]::string::String>>
[INFO] [stderr] 
[INFO] [stdout]   14:     0x5b9937423b55 - test[aada8e7e76ba119b]::run_test::{closure#0}
[INFO] [stderr] test tests/trybuild/include_str_missing_permissions_for_subdirectory.rs ... mismatch
[INFO] [stdout]   15:     0x5b993741d444 - std[617be2ca0a6fd877]::sys::backtrace::__rust_begin_short_backtrace::<test[aada8e7e76ba119b]::run_test::{closure#1}, ()>
[INFO] [stderr] 
[INFO] [stdout]   16:     0x5b9937426be2 - <std[617be2ca0a6fd877]::thread::lifecycle::spawn_unchecked<test[aada8e7e76ba119b]::run_test::{closure#1}, ()>::{closure#1} as core[a373ad73a504971]::ops::function::FnOnce<()>>::call_once::{shim:vtable#0}
[INFO] [stderr] EXPECTED:
[INFO] [stdout]   17:     0x5b9937491bdf - <std[617be2ca0a6fd877]::sys::thread::unix::Thread>::new::thread_start
[INFO] [stderr] ┈┈┈┈┈┈┈┈┈┈┈┈┈┈┈┈┈┈┈┈┈┈┈┈┈┈┈┈┈┈┈┈┈┈┈┈┈┈┈┈┈┈┈┈┈┈┈┈┈┈┈┈┈┈┈┈┈┈┈┈
[INFO] [stdout]   18:     0x7632fb9a9dfa - <unknown>
[INFO] [stderr] error: Couldn't access /proc/1/fd/doesnt_exist: Permission denied (os error 13)
[INFO] [stdout]   19:     0x7632fba3d3d4 - clone
[INFO] [stderr]  --> $DIR/include_str_missing_permissions_for_subdirectory.rs:6:45
[INFO] [stdout]   20:                0x0 - <unknown>
[INFO] [stderr]   |
[INFO] [stdout] 
[INFO] [stderr] 6 |     include_optional::include_str_optional!("/proc/1/fd/doesnt_exist");
[INFO] [stdout] ---- trybuild stdout ----
[INFO] [stderr]   |                                             ^^^^^^^^^^^^^^^^^^^^^^^^^
[INFO] [stdout] 
[INFO] [stderr] ┈┈┈┈┈┈┈┈┈┈┈┈┈┈┈┈┈┈┈┈┈┈┈┈┈┈┈┈┈┈┈┈┈┈┈┈┈┈┈┈┈┈┈┈┈┈┈┈┈┈┈┈┈┈┈┈┈┈┈┈
[INFO] [stdout] thread 'trybuild' (894) panicked at /opt/rustwide/cargo-home/registry/src/index.crates.io-1949cf8c6b5b557f/trybuild-1.0.114/src/run.rs:102:13:
[INFO] [stderr] 
[INFO] [stdout] 2 of 2 tests failed
[INFO] [stderr] ACTUAL OUTPUT:
[INFO] [stdout] stack backtrace:
[INFO] [stderr] ┈┈┈┈┈┈┈┈┈┈┈┈┈┈┈┈┈┈┈┈┈┈┈┈┈┈┈┈┈┈┈┈┈┈┈┈┈┈┈┈┈┈┈┈┈┈┈┈┈┈┈┈┈┈┈┈┈┈┈┈
[INFO] [stdout]    0:     0x5b9937492981 - <<std[617be2ca0a6fd877]::sys::backtrace::BacktraceLock>::print::DisplayBacktrace as core[a373ad73a504971]::fmt::Display>::fmt
[INFO] [stderr] error[E0282]: type annotations needed
[INFO] [stdout]    1:     0x5b99374a8c6a - core[a373ad73a504971]::fmt::write
[INFO] [stderr]  --> tests/trybuild/include_str_missing_permissions_for_subdirectory.rs:6:5
[INFO] [stdout]    2:     0x5b99374971cc - <alloc[2e1b2a31b91974c5]::vec::Vec<u8> as core[a373ad73a504971]::io::write::Write>::write_fmt
[INFO] [stderr]   |
[INFO] [stdout]    3:     0x5b993746bde6 - std[617be2ca0a6fd877]::panicking::default_hook::{closure#0}
[INFO] [stderr] 6 |     include_optional::include_str_optional!("/proc/1/fd/doesnt_exist");
[INFO] [stdout]    4:     0x5b9937489f29 - std[617be2ca0a6fd877]::panicking::default_hook
[INFO] [stderr]   |     ^^^^^^^^^^^^^^^^^^^^^^^^^^^^^^^^^^^^^^^^^^^^^^^^^^^^^^^^^^^^^^^^^^ cannot infer type
[INFO] [stdout]    5:     0x5b9937423530 - test[aada8e7e76ba119b]::test_main_inner::{closure#0}
[INFO] [stderr]   |
[INFO] [stdout]    6:     0x5b993748a0e2 - std[617be2ca0a6fd877]::panicking::panic_with_hook
[INFO] [stderr]   = note: this error originates in the macro `include_optional::include_str_optional` (in Nightly builds, run with -Z macro-backtrace for more info)
[INFO] [stdout]    7:     0x5b993746be92 - std[617be2ca0a6fd877]::panicking::panic_handler::{closure#0}
[INFO] [stderr] ┈┈┈┈┈┈┈┈┈┈┈┈┈┈┈┈┈┈┈┈┈┈┈┈┈┈┈┈┈┈┈┈┈┈┈┈┈┈┈┈┈┈┈┈┈┈┈┈┈┈┈┈┈┈┈┈┈┈┈┈
[INFO] [stdout]    8:     0x5b99374646e9 - std[617be2ca0a6fd877]::sys::backtrace::__rust_end_short_backtrace::<std[617be2ca0a6fd877]::panicking::panic_handler::{closure#0}, !>
[INFO] [stderr] note: If the actual output is the correct output you can bless it by rerunning
[INFO] [stdout]    9:     0x5b993746ca9d - __rustc[ea4f61d10b84890b]::rust_begin_unwind
[INFO] [stderr]       your test with the environment variable TRYBUILD=overwrite
[INFO] [stdout]   10:     0x5b99374a93dc - core[a373ad73a504971]::panicking::panic_fmt
[INFO] [stderr] 
[INFO] [stdout]   11:     0x5b9937372957 - <trybuild[7e2783f97f5e4e2]::Runner>::run
[INFO] [stderr] 
[INFO] [stdout]   12:     0x5b9937375ab0 - <trybuild[7e2783f97f5e4e2]::TestCases as core[a373ad73a504971]::ops::drop::Drop>::drop
[INFO] [stderr] 
[INFO] [stdout]   13:     0x5b993736c938 - integration[ed7411747b45f082]::trybuild
[INFO] [stderr] error: test failed, to rerun pass `--test integration`
[INFO] [stdout]   14:     0x5b993736d399 - <integration[ed7411747b45f082]::trybuild::{closure#0} as core[a373ad73a504971]::ops::function::FnOnce<()>>::call_once
[INFO] [stdout]   15:     0x5b993741697b - test[aada8e7e76ba119b]::__rust_begin_short_backtrace::<core[a373ad73a504971]::result::Result<(), alloc[2e1b2a31b91974c5]::string::String>, fn() -> core[a373ad73a504971]::result::Result<(), alloc[2e1b2a31b91974c5]::string::String>>
[INFO] [stdout]   16:     0x5b9937423b55 - test[aada8e7e76ba119b]::run_test::{closure#0}
[INFO] [stdout]   17:     0x5b993741d444 - std[617be2ca0a6fd877]::sys::backtrace::__rust_begin_short_backtrace::<test[aada8e7e76ba119b]::run_test::{closure#1}, ()>
[INFO] [stdout]   18:     0x5b9937426be2 - <std[617be2ca0a6fd877]::thread::lifecycle::spawn_unchecked<test[aada8e7e76ba119b]::run_test::{closure#1}, ()>::{closure#1} as core[a373ad73a504971]::ops::function::FnOnce<()>>::call_once::{shim:vtable#0}
[INFO] [stdout]   19:     0x5b9937491bdf - <std[617be2ca0a6fd877]::sys::thread::unix::Thread>::new::thread_start
[INFO] [stdout]   20:     0x7632fb9a9dfa - <unknown>
[INFO] [stdout]   21:     0x7632fba3d3d4 - clone
[INFO] [stdout]   22:                0x0 - <unknown>
[INFO] [stdout] 
[INFO] [stdout] 
[INFO] [stdout] failures:
[INFO] [stdout]     macro_caching
[INFO] [stdout]     trybuild
[INFO] [stdout] 
[INFO] [stdout] test result: FAILED. 6 passed; 2 failed; 0 ignored; 0 measured; 0 filtered out; finished in 3.60s
[INFO] [stdout] 
[INFO] running `Command { std: "docker" "inspect" "b84bae25665938d99da0a4a8eaa6336e594375c0886f3a7f8db75e6211b5c2cc", kill_on_drop: false }`
[INFO] running `Command { std: "docker" "rm" "-f" "b84bae25665938d99da0a4a8eaa6336e594375c0886f3a7f8db75e6211b5c2cc", kill_on_drop: false }`
[INFO] [stdout] b84bae25665938d99da0a4a8eaa6336e594375c0886f3a7f8db75e6211b5c2cc
