[INFO] fetching crate include_data 1.0.1...
[INFO] testing include_data-1.0.1 against 1.99.0-beta.8+cargoflags=--release for beta-release-1.100-2
[INFO] extracting crate include_data 1.0.1 into /workspace/builds/worker-0-tc1/source
[INFO] removed /workspace/builds/worker-0-tc1/source/rust-toolchain.toml
[INFO] started tweaking crates.io crate include_data 1.0.1
[INFO] finished tweaking crates.io crate include_data 1.0.1
[INFO] tweaked toml for crates.io crate include_data 1.0.1 written to /workspace/builds/worker-0-tc1/source/Cargo.toml
[INFO] validating manifest of crates.io crate include_data 1.0.1 on toolchain 1.99.0-beta.8
[INFO] running `Command { std: CARGO_HOME="/workspace/cargo-home" RUSTUP_HOME="/workspace/rustup-home" "/workspace/cargo-home/bin/cargo" "+1.99.0-beta.8" "metadata" "--manifest-path" "Cargo.toml" "--no-deps", kill_on_drop: false }`
[INFO] running `Command { std: CARGO_HOME="/workspace/cargo-home" RUSTUP_HOME="/workspace/rustup-home" "/workspace/cargo-home/bin/cargo" "+1.99.0-beta.8" "generate-lockfile" "--manifest-path" "Cargo.toml", kill_on_drop: false }`
[INFO] [stderr]     Updating crates.io index
[INFO] [stderr]      Locking 28 packages to highest compatible versions
[INFO] running `Command { std: CARGO_HOME="/workspace/cargo-home" RUSTUP_HOME="/workspace/rustup-home" "/workspace/cargo-home/bin/cargo" "+1.99.0-beta.8" "fetch" "--manifest-path" "Cargo.toml", kill_on_drop: false }`
[INFO] running `Command { std: "docker" "create" "-v" "/var/lib/crater-agent-workspace/builds/worker-0-tc1/source:/opt/rustwide/workdir:ro,Z" "-v" "/var/lib/crater-agent-workspace/builds/worker-0-tc1/target:/opt/rustwide/target:rw,Z" "-v" "/var/lib/crater-agent-workspace/cargo-home:/opt/rustwide/cargo-home:ro,Z" "-v" "/var/lib/crater-agent-workspace/rustup-home:/opt/rustwide/rustup-home:ro,Z" "-m" "1610612736" "--network" "none" "ghcr.io/rust-lang/crates-build-env/linux@sha256:77db811e55d90add9212f6832c23229e3de5f1c1f9905e8cb07319ea15df73ac" "sleep" "infinity", kill_on_drop: false }`
[INFO] [stdout] 621f13fb2ebc675c6325916f1233b3bd28601851890c94e4610a85603784ecea
[INFO] running `Command { std: "docker" "start" "621f13fb2ebc675c6325916f1233b3bd28601851890c94e4610a85603784ecea", kill_on_drop: false }`
[INFO] running `Command { std: "docker" "inspect" "621f13fb2ebc675c6325916f1233b3bd28601851890c94e4610a85603784ecea", kill_on_drop: false }`
[INFO] running `Command { std: "docker" "exec" "-e" "SOURCE_DIR=/opt/rustwide/workdir" "-e" "CARGO_HOME=/opt/rustwide/cargo-home" "-e" "RUSTUP_HOME=/opt/rustwide/rustup-home" "-e" "CARGO_TARGET_DIR=/opt/rustwide/target" "-w" "/opt/rustwide/workdir" "--user" "0:0" "621f13fb2ebc675c6325916f1233b3bd28601851890c94e4610a85603784ecea" "/opt/rustwide/cargo-home/bin/cargo" "+1.99.0-beta.8" "metadata" "--no-deps" "--format-version=1", kill_on_drop: false }`
[INFO] running `Command { std: "docker" "inspect" "621f13fb2ebc675c6325916f1233b3bd28601851890c94e4610a85603784ecea", kill_on_drop: false }`
[INFO] running `Command { std: "docker" "exec" "-e" "SOURCE_DIR=/opt/rustwide/workdir" "-e" "CARGO_HOME=/opt/rustwide/cargo-home" "-e" "RUSTUP_HOME=/opt/rustwide/rustup-home" "-e" "CARGO_TARGET_DIR=/opt/rustwide/target" "-e" "CARGO_INCREMENTAL=0" "-e" "RUST_BACKTRACE=full" "-e" "RUSTFLAGS=--cap-lints=warn" "-e" "RUSTDOCFLAGS=--cap-lints=warn" "-w" "/opt/rustwide/workdir" "--user" "0:0" "621f13fb2ebc675c6325916f1233b3bd28601851890c94e4610a85603784ecea" "/opt/rustwide/cargo-home/bin/cargo" "+1.99.0-beta.8" "build" "--frozen" "--message-format=json" "--release", kill_on_drop: false }`
[INFO] [stderr]    Compiling bytemuck v1.25.2
[INFO] [stderr]    Compiling include_data v1.0.1 (/opt/rustwide/workdir)
[INFO] [stderr]     Finished `release` profile [optimized] target(s) in 0.32s
[INFO] running `Command { std: "docker" "inspect" "621f13fb2ebc675c6325916f1233b3bd28601851890c94e4610a85603784ecea", kill_on_drop: false }`
[INFO] running `Command { std: "docker" "exec" "-e" "SOURCE_DIR=/opt/rustwide/workdir" "-e" "CARGO_HOME=/opt/rustwide/cargo-home" "-e" "RUSTUP_HOME=/opt/rustwide/rustup-home" "-e" "CARGO_TARGET_DIR=/opt/rustwide/target" "-e" "CARGO_INCREMENTAL=0" "-e" "RUST_BACKTRACE=full" "-e" "RUSTFLAGS=--cap-lints=warn" "-e" "RUSTDOCFLAGS=--cap-lints=warn" "-w" "/opt/rustwide/workdir" "--user" "0:0" "621f13fb2ebc675c6325916f1233b3bd28601851890c94e4610a85603784ecea" "/opt/rustwide/cargo-home/bin/cargo" "+1.99.0-beta.8" "test" "--frozen" "--no-run" "--message-format=json" "--release", kill_on_drop: false }`
[INFO] [stderr]    Compiling serde v1.0.229
[INFO] [stderr]    Compiling serde_json v1.0.154
[INFO] [stderr]    Compiling trybuild v1.0.122
[INFO] [stderr]    Compiling include_data v1.0.1 (/opt/rustwide/workdir)
[INFO] [stderr]     Finished `release` profile [optimized] target(s) in 12.96s
[INFO] running `Command { std: "docker" "inspect" "621f13fb2ebc675c6325916f1233b3bd28601851890c94e4610a85603784ecea", kill_on_drop: false }`
[INFO] running `Command { std: "docker" "exec" "-e" "SOURCE_DIR=/opt/rustwide/workdir" "-e" "CARGO_HOME=/opt/rustwide/cargo-home" "-e" "RUSTUP_HOME=/opt/rustwide/rustup-home" "-e" "CARGO_TARGET_DIR=/opt/rustwide/target" "-e" "CARGO_INCREMENTAL=0" "-e" "RUST_BACKTRACE=full" "-e" "RUSTFLAGS=--cap-lints=warn" "-e" "RUSTDOCFLAGS=--cap-lints=warn" "-w" "/opt/rustwide/workdir" "--user" "0:0" "621f13fb2ebc675c6325916f1233b3bd28601851890c94e4610a85603784ecea" "/opt/rustwide/cargo-home/bin/cargo" "+1.99.0-beta.8" "test" "--frozen" "--release", kill_on_drop: false }`
[INFO] [stderr]     Finished `release` profile [optimized] target(s) in 0.06s
[INFO] [stderr]      Running unittests src/lib.rs (/opt/rustwide/target/release/deps/include_data-651dfb7d73fe5208)
[INFO] [stdout] 
[INFO] [stdout] running 0 tests
[INFO] [stdout] 
[INFO] [stdout] test result: ok. 0 passed; 0 failed; 0 ignored; 0 measured; 0 filtered out; finished in 0.00s
[INFO] [stdout] 
[INFO] [stderr]      Running tests/include_data.rs (/opt/rustwide/target/release/deps/include_data-2e40e1ceed947836)
[INFO] [stdout] 
[INFO] [stdout] running 6 tests
[INFO] [stdout] test include_u32 ... ok
[INFO] [stdout] test include_as_const ... ok
[INFO] [stdout] test include_custom ... ok
[INFO] [stdout] test const_custom ... ok
[INFO] [stdout] test include_utf32 ... ok
[INFO] [stderr]     Checking bytemuck v1.25.2
[INFO] [stderr]     Checking include_data v1.0.1 (/opt/rustwide/workdir)
[INFO] [stderr]     Checking include_data-tests v0.0.0 (/opt/rustwide/target/tests/trybuild/include_data)
[INFO] [stderr]     Finished `dev` profile [unoptimized + debuginfo] target(s) in 0.42s
[INFO] [stderr] 
[INFO] [stderr] 
[INFO] [stderr] test tests/bad/include_data/missing_file.rs ... mismatch
[INFO] [stdout] test bad_use ... FAILED
[INFO] [stderr] 
[INFO] [stdout] 
[INFO] [stderr] EXPECTED:
[INFO] [stdout] failures:
[INFO] [stderr] ┈┈┈┈┈┈┈┈┈┈┈┈┈┈┈┈┈┈┈┈┈┈┈┈┈┈┈┈┈┈┈┈┈┈┈┈┈┈┈┈┈┈┈┈┈┈┈┈┈┈┈┈┈┈┈┈┈┈┈┈
[INFO] [stdout] 
[INFO] [stderr] error: couldn't read $DIR/tests/bad/include_data/../../test_data/non-existent: No such file or directory (os error 2)
[INFO] [stdout] ---- bad_use stdout ----
[INFO] [stderr]  --> tests/bad/include_data/missing_file.rs:4:25
[INFO] [stdout] 
[INFO] [stderr]   |
[INFO] [stdout] thread 'bad_use' (311) panicked at /opt/rustwide/cargo-home/registry/src/index.crates.io-1949cf8c6b5b557f/trybuild-1.0.122/src/run.rs:103:13:
[INFO] [stderr] 4 | static BYTES_31: u128 = include_data::include_data!("../../test_data/non-existent");
[INFO] [stdout] 2 of 3 tests failed
[INFO] [stderr]   |                         ^^^^^^^^^^^^^^^^^^^^^^^^^^^^^^^^^^^^^^^^^^^^^^^^^^^^^^^^^^^
[INFO] [stdout] stack backtrace:
[INFO] [stderr]   |
[INFO] [stdout]    0:     0x5b7ae053be41 - <<std[70759c8f55707aa4]::sys::backtrace::BacktraceLock>::print::DisplayBacktrace as core[df12db4294e9bfd3]::fmt::Display>::fmt
[INFO] [stderr]   = note: this error originates in the macro `::core::include_bytes` which comes from the expansion of the macro `include_data::include_data` (in Nightly builds, run with -Z macro-backtrace for more info)
[INFO] [stdout]    1:     0x5b7ae05524ca - core[df12db4294e9bfd3]::fmt::write
[INFO] [stderr] ┈┈┈┈┈┈┈┈┈┈┈┈┈┈┈┈┈┈┈┈┈┈┈┈┈┈┈┈┈┈┈┈┈┈┈┈┈┈┈┈┈┈┈┈┈┈┈┈┈┈┈┈┈┈┈┈┈┈┈┈
[INFO] [stdout]    2:     0x5b7ae054090c - <alloc[2182bb758b4b3781]::vec::Vec<u8> as core[df12db4294e9bfd3]::io::write::Write>::write_fmt
[INFO] [stderr] 
[INFO] [stdout]    3:     0x5b7ae0515326 - std[70759c8f55707aa4]::panicking::default_hook::{closure#0}
[INFO] [stderr] ACTUAL OUTPUT:
[INFO] [stdout]    4:     0x5b7ae05334b9 - std[70759c8f55707aa4]::panicking::default_hook
[INFO] [stderr] ┈┈┈┈┈┈┈┈┈┈┈┈┈┈┈┈┈┈┈┈┈┈┈┈┈┈┈┈┈┈┈┈┈┈┈┈┈┈┈┈┈┈┈┈┈┈┈┈┈┈┈┈┈┈┈┈┈┈┈┈
[INFO] [stdout]    5:     0x5b7ae04cc790 - test[9d35eded1c95d3be]::test_main_inner::<test[9d35eded1c95d3be]::test_main_static::{closure#0}>::{closure#0}
[INFO] [stderr] error: couldn't read `$DIR/tests/bad/include_data/../../test_data/non-existent`: No such file or directory (os error 2)
[INFO] [stdout]    6:     0x5b7ae0533672 - std[70759c8f55707aa4]::panicking::panic_with_hook
[INFO] [stderr]  --> tests/bad/include_data/missing_file.rs:4:25
[INFO] [stdout]    7:     0x5b7ae05153d2 - std[70759c8f55707aa4]::panicking::panic_handler::{closure#0}
[INFO] [stderr]   |
[INFO] [stdout]    8:     0x5b7ae050dc99 - std[70759c8f55707aa4]::sys::backtrace::__rust_end_short_backtrace::<std[70759c8f55707aa4]::panicking::panic_handler::{closure#0}, !>
[INFO] [stderr] 4 | static BYTES_31: u128 = include_data::include_data!("../../test_data/non-existent");
[INFO] [stdout]    9:     0x5b7ae0515fcd - __rustc[8fa7c3cbc660c2b3]::rust_begin_unwind
[INFO] [stderr]   |                         ^^^^^^^^^^^^^^^^^^^^^^^^^^^^^^^^^^^^^^^^^^^^^^^^^^^^^^^^^^^
[INFO] [stdout]   10:     0x5b7ae0552c3c - core[df12db4294e9bfd3]::panicking::panic_fmt
[INFO] [stderr]   |
[INFO] [stdout]   11:     0x5b7ae041febb - <trybuild[78babc4e2e9626a7]::Runner>::run
[INFO] [stderr]   = note: this error originates in the macro `::core::include_bytes` which comes from the expansion of the macro `include_data::include_data` (in Nightly builds, run with -Z macro-backtrace for more info)
[INFO] [stdout]   12:     0x5b7ae04232b0 - <trybuild[78babc4e2e9626a7]::TestCases as core[df12db4294e9bfd3]::ops::drop::Drop>::drop
[INFO] [stderr] ┈┈┈┈┈┈┈┈┈┈┈┈┈┈┈┈┈┈┈┈┈┈┈┈┈┈┈┈┈┈┈┈┈┈┈┈┈┈┈┈┈┈┈┈┈┈┈┈┈┈┈┈┈┈┈┈┈┈┈┈
[INFO] [stdout]   13:     0x5b7ae0419e08 - include_data[4b007ba74fddcb30]::bad_use
[INFO] [stderr] note: If the actual output is the correct output you can bless it by rerunning
[INFO] [stdout]   14:     0x5b7ae041a019 - <include_data[4b007ba74fddcb30]::bad_use::{closure#0} as core[df12db4294e9bfd3]::ops::function::FnOnce<()>>::call_once
[INFO] [stderr]       your test with the environment variable TRYBUILD=overwrite
[INFO] [stdout]   15:     0x5b7ae04bfa7b - test[9d35eded1c95d3be]::__rust_begin_short_backtrace::<core[df12db4294e9bfd3]::result::Result<(), alloc[2182bb758b4b3781]::string::String>, fn() -> core[df12db4294e9bfd3]::result::Result<(), alloc[2182bb758b4b3781]::string::String>>
[INFO] [stderr] 
[INFO] [stdout]   16:     0x5b7ae04cd0e5 - test[9d35eded1c95d3be]::run_test::{closure#0}
[INFO] [stderr] test tests/bad/include_data/not_anybitpattern.rs ... mismatch
[INFO] [stdout]   17:     0x5b7ae04c69a4 - std[70759c8f55707aa4]::sys::backtrace::__rust_begin_short_backtrace::<test[9d35eded1c95d3be]::run_test::{closure#1}, ()>
[INFO] [stderr] 
[INFO] [stdout]   18:     0x5b7ae04d0242 - <std[70759c8f55707aa4]::thread::lifecycle::spawn_unchecked<test[9d35eded1c95d3be]::run_test::{closure#1}, ()>::{closure#1} as core[df12db4294e9bfd3]::ops::function::FnOnce<()>>::call_once::{shim:vtable#0}
[INFO] [stderr] EXPECTED:
[INFO] [stdout]   19:     0x5b7ae053b0f9 - <std[70759c8f55707aa4]::sys::thread::unix::Thread>::new::thread_start
[INFO] [stderr] ┈┈┈┈┈┈┈┈┈┈┈┈┈┈┈┈┈┈┈┈┈┈┈┈┈┈┈┈┈┈┈┈┈┈┈┈┈┈┈┈┈┈┈┈┈┈┈┈┈┈┈┈┈┈┈┈┈┈┈┈
[INFO] [stdout]   20:     0x7a55375f9dfa - <unknown>
[INFO] [stderr] error[E0277]: the trait bound `char: Pod` is not satisfied
[INFO] [stdout]   21:     0x7a553768d3d4 - clone
[INFO] [stderr]  --> tests/bad/include_data/not_anybitpattern.rs:3:24
[INFO] [stdout]   22:                0x0 - <unknown>
[INFO] [stderr]   |
[INFO] [stdout] 
[INFO] [stderr] 3 | static NOT_ABP: char = include_data::include_data!("../../test_data/binary_4");
[INFO] [stdout] 
[INFO] [stderr]   |                        ^^^^^^^^^^^^^^^^^^^^^^^^^^^^^^^^^^^^^^^^^^^^^^^^^^^^^^^
[INFO] [stdout] failures:
[INFO] [stderr]   |                        |
[INFO] [stdout]     bad_use
[INFO] [stderr]   |                        the trait `Pod` is not implemented for `char`
[INFO] [stdout] 
[INFO] [stderr]   |                        this tail expression is of type `char`
[INFO] [stdout] test result: FAILED. 5 passed; 1 failed; 0 ignored; 0 measured; 0 filtered out; finished in 0.89s
[INFO] [stderr]   |                        required by a bound introduced by this call
[INFO] [stdout] 
[INFO] [stderr]   |
[INFO] [stderr]   = help: the following other types implement trait `Pod`:
[INFO] [stderr]             ()
[INFO] [stderr]             ManuallyDrop<T>
[INFO] [stderr]             Option<T>
[INFO] [stderr]             PhantomData<T>
[INFO] [stderr]             PhantomPinned
[INFO] [stderr]             Wrapping<T>
[INFO] [stderr]             [T; N]
[INFO] [stderr]             __m128
[INFO] [stderr]           and $N others
[INFO] [stderr]   = note: required for `char` to implement `AnyBitPattern`
[INFO] [stderr] note: required by a bound in `NOT_ABP::typecheck`
[INFO] [stderr]  --> tests/bad/include_data/not_anybitpattern.rs:3:24
[INFO] [stderr]   |
[INFO] [stderr] 3 | static NOT_ABP: char = include_data::include_data!("../../test_data/binary_4");
[INFO] [stderr]   |                        ^^^^^^^^^^^^^^^^^^^^^^^^^^^^^^^^^^^^^^^^^^^^^^^^^^^^^^^ required by this bound in `typecheck`
[INFO] [stderr]   = note: this error originates in the macro `include_data::include_data` (in Nightly builds, run with -Z macro-backtrace for more info)
[INFO] [stderr] 
[INFO] [stderr] error[E0277]: the trait bound `Foo: Pod` is not satisfied
[INFO] [stderr]  --> tests/bad/include_data/not_anybitpattern.rs:9:30
[INFO] [stderr]   |
[INFO] [stderr] 9 | static NOT_ABP_CUSTOM: Foo = include_data::include_data!("../../test_data/binary_2");
[INFO] [stderr]   |                              ^^^^^^^^^^^^^^^^^^^^^^^^^^^^^^^^^^^^^^^^^^^^^^^^^^^^^^^
[INFO] [stderr]   |                              |
[INFO] [stderr]   |                              the trait `Pod` is not implemented for `Foo`
[INFO] [stderr]   |                              this tail expression is of type `Foo`
[INFO] [stderr]   |                              required by a bound introduced by this call
[INFO] [stderr]   |
[INFO] [stderr]   = help: the following other types implement trait `Pod`:
[INFO] [stderr]             ()
[INFO] [stderr]             ManuallyDrop<T>
[INFO] [stderr]             Option<T>
[INFO] [stderr]             PhantomData<T>
[INFO] [stderr]             PhantomPinned
[INFO] [stderr]             Wrapping<T>
[INFO] [stderr]             [T; N]
[INFO] [stderr]             __m128
[INFO] [stderr]           and $N others
[INFO] [stderr]   = note: required for `Foo` to implement `AnyBitPattern`
[INFO] [stderr] note: required by a bound in `NOT_ABP_CUSTOM::typecheck`
[INFO] [stderr]  --> tests/bad/include_data/not_anybitpattern.rs:9:30
[INFO] [stderr]   |
[INFO] [stderr] 9 | static NOT_ABP_CUSTOM: Foo = include_data::include_data!("../../test_data/binary_2");
[INFO] [stderr]   |                              ^^^^^^^^^^^^^^^^^^^^^^^^^^^^^^^^^^^^^^^^^^^^^^^^^^^^^^^ required by this bound in `typecheck`
[INFO] [stderr]   = note: this error originates in the macro `include_data::include_data` (in Nightly builds, run with -Z macro-backtrace for more info)
[INFO] [stderr] ┈┈┈┈┈┈┈┈┈┈┈┈┈┈┈┈┈┈┈┈┈┈┈┈┈┈┈┈┈┈┈┈┈┈┈┈┈┈┈┈┈┈┈┈┈┈┈┈┈┈┈┈┈┈┈┈┈┈┈┈
[INFO] [stderr] 
[INFO] [stderr] ACTUAL OUTPUT:
[INFO] [stderr] ┈┈┈┈┈┈┈┈┈┈┈┈┈┈┈┈┈┈┈┈┈┈┈┈┈┈┈┈┈┈┈┈┈┈┈┈┈┈┈┈┈┈┈┈┈┈┈┈┈┈┈┈┈┈┈┈┈┈┈┈
[INFO] [stderr] error[E0277]: the trait bound `char: AnyBitPattern` is not satisfied
[INFO] [stderr]  --> tests/bad/include_data/not_anybitpattern.rs:3:24
[INFO] [stderr]   |
[INFO] [stderr] 3 | static NOT_ABP: char = include_data::include_data!("../../test_data/binary_4");
[INFO] [stderr]   |                        ^^^^^^^^^^^^^^^^^^^^^^^^^^^^^^^^^^^^^^^^^^^^^^^^^^^^^^^
[INFO] [stderr]   |                        |
[INFO] [stderr]   |                        the trait `Pod` is not implemented for `char`
[INFO] [stderr]   |                        required by a bound introduced by this call
[INFO] [stderr]   |
[INFO] [stderr]   = help: the following other types implement trait `Pod`:
[INFO] [stderr]             ()
[INFO] [stderr]             ManuallyDrop<T>
[INFO] [stderr]             Option<T>
[INFO] [stderr]             PhantomData<T>
[INFO] [stderr]             PhantomPinned
[INFO] [stderr]             Wrapping<T>
[INFO] [stderr]             [T; N]
[INFO] [stderr]             __m128
[INFO] [stderr]           and $N others
[INFO] [stderr]   = note: required for `char` to implement `AnyBitPattern`
[INFO] [stderr] note: required by a bound in `NOT_ABP::typecheck`
[INFO] [stderr]  --> tests/bad/include_data/not_anybitpattern.rs:3:24
[INFO] [stderr]   |
[INFO] [stderr] 3 | static NOT_ABP: char = include_data::include_data!("../../test_data/binary_4");
[INFO] [stderr]   |                        ^^^^^^^^^^^^^^^^^^^^^^^^^^^^^^^^^^^^^^^^^^^^^^^^^^^^^^^ required by this bound in `typecheck`
[INFO] [stderr]   = note: this error originates in the macro `include_data::include_data` (in Nightly builds, run with -Z macro-backtrace for more info)
[INFO] [stderr] 
[INFO] [stderr] error[E0277]: the trait bound `Foo: AnyBitPattern` is not satisfied
[INFO] [stderr]  --> tests/bad/include_data/not_anybitpattern.rs:9:30
[INFO] [stderr]   |
[INFO] [stderr] 9 | static NOT_ABP_CUSTOM: Foo = include_data::include_data!("../../test_data/binary_2");
[INFO] [stderr]   |                              ^^^^^^^^^^^^^^^^^^^^^^^^^^^^^^^^^^^^^^^^^^^^^^^^^^^^^^^
[INFO] [stderr]   |                              |
[INFO] [stderr]   |                              unsatisfied trait bound
[INFO] [stderr]   |                              required by a bound introduced by this call
[INFO] [stderr]   |
[INFO] [stderr] help: the trait `Pod` is not implemented for `Foo`
[INFO] [stderr]  --> tests/bad/include_data/not_anybitpattern.rs:7:1
[INFO] [stderr]   |
[INFO] [stderr] 7 | struct Foo(u16);
[INFO] [stderr]   | ^^^^^^^^^^
[INFO] [stderr]   = help: the following other types implement trait `Pod`:
[INFO] [stderr]             ()
[INFO] [stderr]             ManuallyDrop<T>
[INFO] [stderr]             Option<T>
[INFO] [stderr]             PhantomData<T>
[INFO] [stderr]             PhantomPinned
[INFO] [stderr]             Wrapping<T>
[INFO] [stderr]             [T; N]
[INFO] [stderr]             __m128
[INFO] [stderr]           and $N others
[INFO] [stderr]   = note: required for `Foo` to implement `AnyBitPattern`
[INFO] [stderr] note: required by a bound in `NOT_ABP_CUSTOM::typecheck`
[INFO] [stderr]  --> tests/bad/include_data/not_anybitpattern.rs:9:30
[INFO] [stderr]   |
[INFO] [stderr] 9 | static NOT_ABP_CUSTOM: Foo = include_data::include_data!("../../test_data/binary_2");
[INFO] [stderr]   |                              ^^^^^^^^^^^^^^^^^^^^^^^^^^^^^^^^^^^^^^^^^^^^^^^^^^^^^^^ required by this bound in `typecheck`
[INFO] [stderr]   = note: this error originates in the macro `include_data::include_data` (in Nightly builds, run with -Z macro-backtrace for more info)
[INFO] [stderr] ┈┈┈┈┈┈┈┈┈┈┈┈┈┈┈┈┈┈┈┈┈┈┈┈┈┈┈┈┈┈┈┈┈┈┈┈┈┈┈┈┈┈┈┈┈┈┈┈┈┈┈┈┈┈┈┈┈┈┈┈
[INFO] [stderr] note: If the actual output is the correct output you can bless it by rerunning
[INFO] [stderr]       your test with the environment variable TRYBUILD=overwrite
[INFO] [stderr] 
[INFO] [stderr] test tests/bad/include_data/wrong_size.rs ... ok
[INFO] [stderr] 
[INFO] [stderr] 
[INFO] [stderr] error: test failed, to rerun pass `--test include_data`
[INFO] running `Command { std: "docker" "inspect" "621f13fb2ebc675c6325916f1233b3bd28601851890c94e4610a85603784ecea", kill_on_drop: false }`
[INFO] running `Command { std: "docker" "rm" "-f" "621f13fb2ebc675c6325916f1233b3bd28601851890c94e4610a85603784ecea", kill_on_drop: false }`
[INFO] [stdout] 621f13fb2ebc675c6325916f1233b3bd28601851890c94e4610a85603784ecea
