[INFO] fetching crate include-file 1.0.0...
[INFO] testing include-file-1.0.0 against 1.100.0-beta.1+cargoflags=--release for beta-release-1.100-2
[INFO] extracting crate include-file 1.0.0 into /workspace/builds/worker-1-tc2/source
[INFO] removed /workspace/builds/worker-1-tc2/source/rust-toolchain.toml
[INFO] started tweaking crates.io crate include-file 1.0.0
[INFO] removed 0 missing tests
[INFO] finished tweaking crates.io crate include-file 1.0.0
[INFO] tweaked toml for crates.io crate include-file 1.0.0 written to /workspace/builds/worker-1-tc2/source/Cargo.toml
[INFO] validating manifest of crates.io crate include-file 1.0.0 on toolchain 1.100.0-beta.1
[INFO] running `Command { std: CARGO_HOME="/workspace/cargo-home" RUSTUP_HOME="/workspace/rustup-home" "/workspace/cargo-home/bin/cargo" "+1.100.0-beta.1" "metadata" "--manifest-path" "Cargo.toml" "--no-deps", kill_on_drop: false }`
[INFO] crate crates.io crate include-file 1.0.0 already has a lockfile, it will not be regenerated
[INFO] running `Command { std: CARGO_HOME="/workspace/cargo-home" RUSTUP_HOME="/workspace/rustup-home" "/workspace/cargo-home/bin/cargo" "+1.100.0-beta.1" "fetch" "--manifest-path" "Cargo.toml", kill_on_drop: false }`
[INFO] running `Command { std: "docker" "create" "-v" "/var/lib/crater-agent-workspace/builds/worker-1-tc2/source:/opt/rustwide/workdir:ro,Z" "-v" "/var/lib/crater-agent-workspace/builds/worker-1-tc2/target:/opt/rustwide/target:rw,Z" "-v" "/var/lib/crater-agent-workspace/cargo-home:/opt/rustwide/cargo-home:ro,Z" "-v" "/var/lib/crater-agent-workspace/rustup-home:/opt/rustwide/rustup-home:ro,Z" "-m" "1610612736" "--network" "none" "ghcr.io/rust-lang/crates-build-env/linux@sha256:77db811e55d90add9212f6832c23229e3de5f1c1f9905e8cb07319ea15df73ac" "sleep" "infinity", kill_on_drop: false }`
[INFO] [stdout] a7b60e8726db3771ce31c65ba7744690d6f3879d27f168973e2761d10d875ccd
[INFO] running `Command { std: "docker" "start" "a7b60e8726db3771ce31c65ba7744690d6f3879d27f168973e2761d10d875ccd", kill_on_drop: false }`
[INFO] running `Command { std: "docker" "inspect" "a7b60e8726db3771ce31c65ba7744690d6f3879d27f168973e2761d10d875ccd", kill_on_drop: false }`
[INFO] running `Command { std: "docker" "exec" "-e" "SOURCE_DIR=/opt/rustwide/workdir" "-e" "CARGO_HOME=/opt/rustwide/cargo-home" "-e" "RUSTUP_HOME=/opt/rustwide/rustup-home" "-e" "CARGO_TARGET_DIR=/opt/rustwide/target" "-w" "/opt/rustwide/workdir" "--user" "0:0" "a7b60e8726db3771ce31c65ba7744690d6f3879d27f168973e2761d10d875ccd" "/opt/rustwide/cargo-home/bin/cargo" "+1.100.0-beta.1" "metadata" "--no-deps" "--format-version=1", kill_on_drop: false }`
[INFO] running `Command { std: "docker" "inspect" "a7b60e8726db3771ce31c65ba7744690d6f3879d27f168973e2761d10d875ccd", kill_on_drop: false }`
[INFO] running `Command { std: "docker" "exec" "-e" "SOURCE_DIR=/opt/rustwide/workdir" "-e" "CARGO_HOME=/opt/rustwide/cargo-home" "-e" "RUSTUP_HOME=/opt/rustwide/rustup-home" "-e" "CARGO_TARGET_DIR=/opt/rustwide/target" "-e" "CARGO_INCREMENTAL=0" "-e" "RUST_BACKTRACE=full" "-e" "RUSTFLAGS=--cap-lints=warn" "-e" "RUSTDOCFLAGS=--cap-lints=warn" "-w" "/opt/rustwide/workdir" "--user" "0:0" "a7b60e8726db3771ce31c65ba7744690d6f3879d27f168973e2761d10d875ccd" "/opt/rustwide/cargo-home/bin/cargo" "+1.100.0-beta.1" "build" "--frozen" "--message-format=json" "--release", kill_on_drop: false }`
[INFO] [stderr]    Compiling proc-macro2 v1.0.103
[INFO] [stderr]    Compiling include-file v1.0.0 (/opt/rustwide/workdir)
[INFO] [stderr]    Compiling quote v1.0.42
[INFO] [stderr]    Compiling syn v2.0.109
[INFO] [stderr]     Finished `release` profile [optimized] target(s) in 8.34s
[INFO] running `Command { std: "docker" "inspect" "a7b60e8726db3771ce31c65ba7744690d6f3879d27f168973e2761d10d875ccd", kill_on_drop: false }`
[INFO] running `Command { std: "docker" "exec" "-e" "SOURCE_DIR=/opt/rustwide/workdir" "-e" "CARGO_HOME=/opt/rustwide/cargo-home" "-e" "RUSTUP_HOME=/opt/rustwide/rustup-home" "-e" "CARGO_TARGET_DIR=/opt/rustwide/target" "-e" "CARGO_INCREMENTAL=0" "-e" "RUST_BACKTRACE=full" "-e" "RUSTFLAGS=--cap-lints=warn" "-e" "RUSTDOCFLAGS=--cap-lints=warn" "-w" "/opt/rustwide/workdir" "--user" "0:0" "a7b60e8726db3771ce31c65ba7744690d6f3879d27f168973e2761d10d875ccd" "/opt/rustwide/cargo-home/bin/cargo" "+1.100.0-beta.1" "test" "--frozen" "--no-run" "--message-format=json" "--release", kill_on_drop: false }`
[INFO] [stderr]    Compiling proc-macro2 v1.0.103
[INFO] [stderr]    Compiling unicode-ident v1.0.22
[INFO] [stderr]    Compiling include-file v1.0.0 (/opt/rustwide/workdir)
[INFO] [stderr]    Compiling quote v1.0.42
[INFO] [stderr]    Compiling syn v2.0.109
[INFO] [stderr]     Finished `release` profile [optimized] target(s) in 24.08s
[INFO] running `Command { std: "docker" "inspect" "a7b60e8726db3771ce31c65ba7744690d6f3879d27f168973e2761d10d875ccd", kill_on_drop: false }`
[INFO] running `Command { std: "docker" "exec" "-e" "SOURCE_DIR=/opt/rustwide/workdir" "-e" "CARGO_HOME=/opt/rustwide/cargo-home" "-e" "RUSTUP_HOME=/opt/rustwide/rustup-home" "-e" "CARGO_TARGET_DIR=/opt/rustwide/target" "-e" "CARGO_INCREMENTAL=0" "-e" "RUST_BACKTRACE=full" "-e" "RUSTFLAGS=--cap-lints=warn" "-e" "RUSTDOCFLAGS=--cap-lints=warn" "-w" "/opt/rustwide/workdir" "--user" "0:0" "a7b60e8726db3771ce31c65ba7744690d6f3879d27f168973e2761d10d875ccd" "/opt/rustwide/cargo-home/bin/cargo" "+1.100.0-beta.1" "test" "--frozen" "--release", kill_on_drop: false }`
[INFO] [stderr]     Finished `release` profile [optimized] target(s) in 0.06s
[INFO] [stderr]      Running unittests src/lib.rs (/opt/rustwide/target/release/build/include-file/f5267bd592b60270/out/include_file-f5267bd592b60270)
[INFO] [stdout] 
[INFO] [stdout] running 84 tests
[INFO] [stdout] test asciidoc::tests::extract_id_in_middle ... ok
[INFO] [stdout] test asciidoc::tests::extract_no_matching_id ... ok
[INFO] [stdout] test asciidoc::tests::extract_shorthand_rust_with_delimiters ... ok
[INFO] [stdout] test asciidoc::tests::extract_no_source_blocks ... ok
[INFO] [stdout] test asciidoc::tests::extract_nested_delimiters ... ok
[INFO] [stdout] test asciidoc::tests::extract_multiple_blocks_one_match ... ok
[INFO] [stdout] test asciidoc::tests::extract_empty_lines_within_delimiters ... ok
[INFO] [stdout] test asciidoc::tests::extract_within_outer_code_block ... ok
[INFO] [stdout] test asciidoc::tests::extract_source_rust_with_delimiters ... ok
[INFO] [stdout] test asciidoc::tests::extract_start_line_without_delimiters ... ok
[INFO] [stdout] test markdown::tests::extract_no_code_fences ... ok
[INFO] [stdout] test markdown::tests::extract_no_matching_name ... ok
[INFO] [stdout] test markdown::tests::extract_more_closing_chars ... ok
[INFO] [stdout] test markdown::tests::extract_multiple_fences_one_match ... ok
[INFO] [stdout] test asciidoc::tests::extract_shorthand_rust_without_delimiters ... ok
[INFO] [stdout] test markdown::tests::extract_nested_code_fence ... ok
[INFO] [stdout] test markdown::tests::extract_rust_with_whitespace ... ok
[INFO] [stdout] test markdown::tests::extract_start_line ... ok
[INFO] [stdout] test markdown::tests::extract_tildes_with_name ... ok
[INFO] [stdout] test asciidoc::tests::extract_source_rust_without_delimiters ... ok
[INFO] [stdout] test asciidoc::tests::extract_start_line_with_delimiters ... ok
[INFO] [stdout] test org::tests::extract_basic_block ... ok
[INFO] [stdout] test markdown::tests::extract_backticks_with_name ... ok
[INFO] [stdout] test markdown::tests::extract_with_indentation ... ok
[INFO] [stdout] test org::tests::extract_different_language ... ok
[INFO] [stdout] test org::tests::extract_multiple_blocks_one_match ... ok
[INFO] [stdout] test org::tests::extract_name_not_immediately_before ... ok
[INFO] [stdout] test markdown::tests::extract_no_rust_language ... ok
[INFO] [stdout] test markdown::tests::extract_start_line_with_preceding_fences ... ok
[INFO] [stdout] test org::tests::extract_name_without_begin_src ... ok
[INFO] [stdout] test org::tests::extract_mixed_case_directives ... ok
[INFO] [stdout] test org::tests::extract_no_code_blocks ... ok
[INFO] [stdout] test org::tests::extract_multiline_block ... ok
[INFO] [stdout] test org::tests::extract_start_line ... ok
[INFO] [stdout] test org::tests::extract_until_eof ... ok
[INFO] [stdout] test org::tests::extract_with_indentation ... ok
[INFO] [stdout] test tests::display_path_without_relative ... ok
[INFO] [stdout] test org::tests::extract_no_matching_name ... ok
[INFO] [stdout] test tests::open_file ... ok
[INFO] [stdout] test tests::open_err ... ok
[INFO] [stdout] test tests::include_file_scope ... ok
[INFO] [stdout] test tests::open_relative_file ... ok
[INFO] [stdout] test org::tests::extract_empty_lines_within_block ... ok
[INFO] [stdout] test org::tests::extract_lowercase_directives ... ok
[INFO] [stdout] test tests::parse_both_params ... ok
[INFO] [stdout] test tests::parse_both_params_reverse_order ... ok
[INFO] [stdout] test tests::parse_no_args_err ... ok
[INFO] [stdout] test tests::parse_no_sep_err ... ok
[INFO] [stdout] test tests::parse_relative_param ... ok
[INFO] [stdout] test tests::parse_semicolon_after_second_arg_err ... ok
[INFO] [stdout] test tests::parse_string_as_third_param_err ... ok
[INFO] [stdout] test tests::parse_three_args_err ... ok
[INFO] [stdout] test tests::parse_non_comma_separator_err ... ok
[INFO] [stdout] test tests::parse_token_without_comma_err ... ok
[INFO] [stdout] test tests::parse_scope_param ... ok
[INFO] [stdout] test tests::parse_two_args ... ok
[INFO] [stdout] test textile::tests::extract_bc_with_bracket_syntax ... ok
[INFO] [stdout] test textile::tests::extract_content_on_next_line ... ok
[INFO] [stdout] test textile::tests::extract_different_language ... ok
[INFO] [stdout] test tests::parse_one_args_err ... ok
[INFO] [stdout] test tests::display_path_with_relative ... ok
[INFO] [stdout] test tests::parse_semicolon_sep_err ... ok
[INFO] [stdout] test textile::tests::extract_double_period_multiline ... ok
[INFO] [stdout] test textile::tests::extract_empty_lines_within_block ... ok
[INFO] [stdout] test tests::include_file_no_scope ... ok
[INFO] [stdout] test textile::tests::extract_ends_at_indented_paragraph ... ok
[INFO] [stdout] test tests::parse_pipe_after_second_arg_err ... ok
[INFO] [stdout] test textile::tests::extract_ends_at_justified_paragraph ... ok
[INFO] [stdout] test textile::tests::extract_ends_at_notextile_block ... ok
[INFO] [stdout] test textile::tests::extract_ends_at_table_with_class ... ok
[INFO] [stdout] test textile::tests::extract_ends_at_right_aligned_header ... ok
[INFO] [stdout] test textile::tests::extract_no_code_blocks ... ok
[INFO] [stdout] test textile::tests::extract_no_matching_id ... ok
[INFO] [stdout] test textile::tests::extract_single_period_with_content ... ok
[INFO] [stdout] test textile::tests::extract_start_line ... ok
[INFO] [stdout] test textile::tests::extract_until_eof ... ok
[INFO] [stdout] test textile::tests::extract_multiline_until_next_block ... ok
[INFO] [stdout] test textile::tests::extract_multiple_blocks_one_match ... ok
[INFO] [stdout] test textile::tests::extract_ends_at_right_padded_paragraph ... ok
[INFO] [stdout] test textile::tests::extract_with_class_before_id ... ok
[INFO] [stdout] test tests::parse_unsupported_param_err ... ok
[INFO] [stderr]      Running tests/non_member.rs (/opt/rustwide/target/release/build/include-file/027a264e81225d80/out/non_member-027a264e81225d80)
[INFO] [stdout] test tests::parse_unsupported_param_with_valid_err ... ok
[INFO] [stdout] test textile::tests::extract_ends_at_combined_padding_paragraph ... ok
[INFO] [stdout] test textile::tests::extract_ends_at_centered_header ... ok
[INFO] [stdout] 
[INFO] [stdout] test result: ok. 84 passed; 0 failed; 0 ignored; 0 measured; 0 filtered out; finished in 0.01s
[INFO] [stdout] 
[INFO] [stdout] 
[INFO] [stdout] running 1 test
[INFO] [stdout] test non_member_crate ... FAILED
[INFO] [stdout] 
[INFO] [stdout] failures:
[INFO] [stdout] 
[INFO] [stdout] ---- non_member_crate stdout ----
[INFO] [stdout] 
[INFO] [stdout] thread 'non_member_crate' (520) panicked at tests/non_member.rs:21:10:
[INFO] [stdout] failed to run cargo test: Os { code: 2, kind: NotFound, message: "No such file or directory" }
[INFO] [stdout] stack backtrace:
[INFO] [stdout]    0:     0x5d6014630d61 - <<std[617be2ca0a6fd877]::sys::backtrace::BacktraceLock>::print::DisplayBacktrace as core[a373ad73a504971]::fmt::Display>::fmt
[INFO] [stdout]    1:     0x5d6014644c7a - core[a373ad73a504971]::fmt::write
[INFO] [stdout]    2:     0x5d6014634f9c - <alloc[2e1b2a31b91974c5]::vec::Vec<u8> as core[a373ad73a504971]::io::write::Write>::write_fmt
[INFO] [stdout]    3:     0x5d601460ce56 - std[617be2ca0a6fd877]::panicking::default_hook::{closure#0}
[INFO] [stdout]    4:     0x5d60146293f9 - std[617be2ca0a6fd877]::panicking::default_hook
[INFO] [stdout]    5:     0x5d60145c5730 - test[aada8e7e76ba119b]::test_main_inner::{closure#0}
[INFO] [stdout]    6:     0x5d60146295b2 - std[617be2ca0a6fd877]::panicking::panic_with_hook
[INFO] [stdout]    7:     0x5d601460cf02 - std[617be2ca0a6fd877]::panicking::panic_handler::{closure#0}
[INFO] [stdout]    8:     0x5d6014605c19 - std[617be2ca0a6fd877]::sys::backtrace::__rust_end_short_backtrace::<std[617be2ca0a6fd877]::panicking::panic_handler::{closure#0}, !>
[INFO] [stdout]    9:     0x5d601460db0d - __rustc[ea4f61d10b84890b]::rust_begin_unwind
[INFO] [stdout]   10:     0x5d60146453ac - core[a373ad73a504971]::panicking::panic_fmt
[INFO] [stdout]   11:     0x5d6014645182 - core[a373ad73a504971]::result::unwrap_failed
[INFO] [stdout]   12:     0x5d60145b89db - <non_member[7a33d7741e4c73b8]::non_member_crate::{closure#0} as core[a373ad73a504971]::ops::function::FnOnce<()>>::call_once
[INFO] [stdout]   13:     0x5d60145b8b7b - test[aada8e7e76ba119b]::__rust_begin_short_backtrace::<core[a373ad73a504971]::result::Result<(), alloc[2e1b2a31b91974c5]::string::String>, fn() -> core[a373ad73a504971]::result::Result<(), alloc[2e1b2a31b91974c5]::string::String>>
[INFO] [stdout]   14:     0x5d60145c5d55 - test[aada8e7e76ba119b]::run_test::{closure#0}
[INFO] [stdout]   15:     0x5d60145bf644 - std[617be2ca0a6fd877]::sys::backtrace::__rust_begin_short_backtrace::<test[aada8e7e76ba119b]::run_test::{closure#1}, ()>
[INFO] [stdout]   16:     0x5d60145c8de2 - <std[617be2ca0a6fd877]::thread::lifecycle::spawn_unchecked<test[aada8e7e76ba119b]::run_test::{closure#1}, ()>::{closure#1} as core[a373ad73a504971]::ops::function::FnOnce<()>>::call_once::{shim:vtable#0}
[INFO] [stdout]   17:     0x5d60146305bf - <std[617be2ca0a6fd877]::sys::thread::unix::Thread>::new::thread_start
[INFO] [stdout]   18:     0x7629251bedfa - <unknown>
[INFO] [stdout]   19:     0x7629252523d4 - clone
[INFO] [stdout]   20:                0x0 - <unknown>
[INFO] [stdout] 
[INFO] [stdout] 
[INFO] [stdout] failures:
[INFO] [stdout]     non_member_crate
[INFO] [stdout] 
[INFO] [stdout] test result: FAILED. 0 passed; 1 failed; 0 ignored; 0 measured; 0 filtered out; finished in 0.00s
[INFO] [stdout] 
[INFO] [stderr] error: test failed, to rerun pass `--test non_member`
[INFO] running `Command { std: "docker" "inspect" "a7b60e8726db3771ce31c65ba7744690d6f3879d27f168973e2761d10d875ccd", kill_on_drop: false }`
[INFO] running `Command { std: "docker" "rm" "-f" "a7b60e8726db3771ce31c65ba7744690d6f3879d27f168973e2761d10d875ccd", kill_on_drop: false }`
[INFO] [stdout] a7b60e8726db3771ce31c65ba7744690d6f3879d27f168973e2761d10d875ccd
