[INFO] fetching crate inclean 0.4.1...
[INFO] testing inclean-0.4.1 against 1.99.0-beta.8+cargoflags=--release for beta-release-1.100-2
[INFO] extracting crate inclean 0.4.1 into /workspace/builds/worker-1-tc1/source
[INFO] removed /workspace/builds/worker-1-tc1/source/.cargo/config.toml
[INFO] started tweaking crates.io crate inclean 0.4.1
[INFO] finished tweaking crates.io crate inclean 0.4.1
[INFO] tweaked toml for crates.io crate inclean 0.4.1 written to /workspace/builds/worker-1-tc1/source/Cargo.toml
[INFO] validating manifest of crates.io crate inclean 0.4.1 on toolchain 1.99.0-beta.8
[INFO] running `Command { std: CARGO_HOME="/workspace/cargo-home" RUSTUP_HOME="/workspace/rustup-home" "/workspace/cargo-home/bin/cargo" "+1.99.0-beta.8" "metadata" "--manifest-path" "Cargo.toml" "--no-deps", kill_on_drop: false }`
[INFO] crate crates.io crate inclean 0.4.1 already has a lockfile, it will not be regenerated
[INFO] running `Command { std: CARGO_HOME="/workspace/cargo-home" RUSTUP_HOME="/workspace/rustup-home" "/workspace/cargo-home/bin/cargo" "+1.99.0-beta.8" "fetch" "--manifest-path" "Cargo.toml", kill_on_drop: false }`
[INFO] [stderr]     Updating crates.io index
[INFO] [stderr]  Downloading crates ...
[INFO] [stderr]   Downloaded ignore v0.4.31
[INFO] [stderr]   Downloaded libtest-mimic v0.8.2
[INFO] [stderr]   Downloaded similar v3.1.1
[INFO] running `Command { std: "docker" "create" "-v" "/var/lib/crater-agent-workspace/builds/worker-1-tc1/source:/opt/rustwide/workdir:ro,Z" "-v" "/var/lib/crater-agent-workspace/builds/worker-1-tc1/target:/opt/rustwide/target:rw,Z" "-v" "/var/lib/crater-agent-workspace/cargo-home:/opt/rustwide/cargo-home:ro,Z" "-v" "/var/lib/crater-agent-workspace/rustup-home:/opt/rustwide/rustup-home:ro,Z" "-m" "1610612736" "--network" "none" "ghcr.io/rust-lang/crates-build-env/linux@sha256:77db811e55d90add9212f6832c23229e3de5f1c1f9905e8cb07319ea15df73ac" "sleep" "infinity", kill_on_drop: false }`
[INFO] [stdout] 394f68bbc58c7411b9ed02031470af86902a4f714b58c0240724cdcff5657c95
[INFO] running `Command { std: "docker" "start" "394f68bbc58c7411b9ed02031470af86902a4f714b58c0240724cdcff5657c95", kill_on_drop: false }`
[INFO] running `Command { std: "docker" "inspect" "394f68bbc58c7411b9ed02031470af86902a4f714b58c0240724cdcff5657c95", kill_on_drop: false }`
[INFO] running `Command { std: "docker" "exec" "-e" "SOURCE_DIR=/opt/rustwide/workdir" "-e" "CARGO_HOME=/opt/rustwide/cargo-home" "-e" "RUSTUP_HOME=/opt/rustwide/rustup-home" "-e" "CARGO_TARGET_DIR=/opt/rustwide/target" "-w" "/opt/rustwide/workdir" "--user" "0:0" "394f68bbc58c7411b9ed02031470af86902a4f714b58c0240724cdcff5657c95" "/opt/rustwide/cargo-home/bin/cargo" "+1.99.0-beta.8" "metadata" "--no-deps" "--format-version=1", kill_on_drop: false }`
[INFO] running `Command { std: "docker" "inspect" "394f68bbc58c7411b9ed02031470af86902a4f714b58c0240724cdcff5657c95", kill_on_drop: false }`
[INFO] running `Command { std: "docker" "exec" "-e" "SOURCE_DIR=/opt/rustwide/workdir" "-e" "CARGO_HOME=/opt/rustwide/cargo-home" "-e" "RUSTUP_HOME=/opt/rustwide/rustup-home" "-e" "CARGO_TARGET_DIR=/opt/rustwide/target" "-e" "CARGO_INCREMENTAL=0" "-e" "RUST_BACKTRACE=full" "-e" "RUSTFLAGS=--cap-lints=warn" "-e" "RUSTDOCFLAGS=--cap-lints=warn" "-w" "/opt/rustwide/workdir" "--user" "0:0" "394f68bbc58c7411b9ed02031470af86902a4f714b58c0240724cdcff5657c95" "/opt/rustwide/cargo-home/bin/cargo" "+1.99.0-beta.8" "build" "--frozen" "--message-format=json" "--release", kill_on_drop: false }`
[INFO] [stderr]    Compiling quote v1.0.46
[INFO] [stderr]    Compiling serde_core v1.0.229
[INFO] [stderr]    Compiling memchr v2.8.3
[INFO] [stderr]    Compiling crossbeam-utils v0.8.22
[INFO] [stderr]    Compiling crossbeam-epoch v0.9.20
[INFO] [stderr]    Compiling crossbeam-deque v0.8.7
[INFO] [stderr]    Compiling zmij v1.0.22
[INFO] [stderr]    Compiling regex-syntax v0.8.11
[INFO] [stderr]    Compiling serde_json v1.0.151
[INFO] [stderr]    Compiling serde v1.0.229
[INFO] [stderr]    Compiling rayon-core v1.13.0
[INFO] [stderr]    Compiling ref-cast v1.0.25
[INFO] [stderr]    Compiling same-file v1.0.6
[INFO] [stderr]    Compiling either v1.16.0
[INFO] [stderr]    Compiling anyhow v1.0.103
[INFO] [stderr]    Compiling thiserror v2.0.20
[INFO] [stderr]    Compiling winnow v1.0.3
[INFO] [stderr]    Compiling log v0.4.33
[INFO] [stderr]    Compiling walkdir v2.5.0
[INFO] [stderr]    Compiling clap_builder v4.6.6
[INFO] [stderr]    Compiling dyn-clone v1.0.20
[INFO] [stderr]    Compiling toml_writer v1.1.2+spec-1.1.0
[INFO] [stderr]    Compiling console v0.16.4
[INFO] [stderr]    Compiling itertools v0.14.0
[INFO] [stderr]    Compiling similar v3.1.1
[INFO] [stderr]    Compiling semver v1.0.28
[INFO] [stderr]    Compiling syn v3.0.3
[INFO] [stderr]    Compiling syn v2.0.118
[INFO] [stderr]    Compiling toml_parser v1.1.2+spec-1.1.0
[INFO] [stderr]    Compiling aho-corasick v1.1.4
[INFO] [stderr]    Compiling bstr v1.12.3
[INFO] [stderr]    Compiling rayon v1.12.0
[INFO] [stderr]    Compiling serde_derive_internals v0.29.1
[INFO] [stderr]    Compiling regex-automata v0.4.16
[INFO] [stderr]    Compiling ref-cast-impl v1.0.25
[INFO] [stderr]    Compiling schemars_derive v1.2.1
[INFO] [stderr]    Compiling serde_spanned v1.1.1
[INFO] [stderr]    Compiling toml_datetime v1.1.1+spec-1.1.0
[INFO] [stderr]    Compiling toml v1.1.3+spec-1.1.0
[INFO] [stderr]    Compiling serde_derive v1.0.229
[INFO] [stderr]    Compiling clap_derive v4.6.4
[INFO] [stderr]    Compiling thiserror-impl v2.0.20
[INFO] [stderr]    Compiling clap v4.6.6
[INFO] [stderr]    Compiling globset v0.4.19
[INFO] [stderr]    Compiling regex v1.13.1
[INFO] [stderr]    Compiling ignore v0.4.31
[INFO] [stderr]    Compiling schemars v1.2.1
[INFO] [stderr]    Compiling inclean v0.4.1 (/opt/rustwide/workdir)
[INFO] [stderr]     Finished `release` profile [optimized] target(s) in 1m 10s
[INFO] running `Command { std: "docker" "inspect" "394f68bbc58c7411b9ed02031470af86902a4f714b58c0240724cdcff5657c95", kill_on_drop: false }`
[INFO] running `Command { std: "docker" "exec" "-e" "SOURCE_DIR=/opt/rustwide/workdir" "-e" "CARGO_HOME=/opt/rustwide/cargo-home" "-e" "RUSTUP_HOME=/opt/rustwide/rustup-home" "-e" "CARGO_TARGET_DIR=/opt/rustwide/target" "-e" "CARGO_INCREMENTAL=0" "-e" "RUST_BACKTRACE=full" "-e" "RUSTFLAGS=--cap-lints=warn" "-e" "RUSTDOCFLAGS=--cap-lints=warn" "-w" "/opt/rustwide/workdir" "--user" "0:0" "394f68bbc58c7411b9ed02031470af86902a4f714b58c0240724cdcff5657c95" "/opt/rustwide/cargo-home/bin/cargo" "+1.99.0-beta.8" "test" "--frozen" "--no-run" "--message-format=json" "--release", kill_on_drop: false }`
[INFO] [stderr]    Compiling escape8259 v0.5.3
[INFO] [stderr]    Compiling libtest-mimic v0.8.2
[INFO] [stderr]    Compiling inclean v0.4.1 (/opt/rustwide/workdir)
[INFO] [stderr]     Finished `release` profile [optimized] target(s) in 15.86s
[INFO] running `Command { std: "docker" "inspect" "394f68bbc58c7411b9ed02031470af86902a4f714b58c0240724cdcff5657c95", kill_on_drop: false }`
[INFO] running `Command { std: "docker" "exec" "-e" "SOURCE_DIR=/opt/rustwide/workdir" "-e" "CARGO_HOME=/opt/rustwide/cargo-home" "-e" "RUSTUP_HOME=/opt/rustwide/rustup-home" "-e" "CARGO_TARGET_DIR=/opt/rustwide/target" "-e" "CARGO_INCREMENTAL=0" "-e" "RUST_BACKTRACE=full" "-e" "RUSTFLAGS=--cap-lints=warn" "-e" "RUSTDOCFLAGS=--cap-lints=warn" "-w" "/opt/rustwide/workdir" "--user" "0:0" "394f68bbc58c7411b9ed02031470af86902a4f714b58c0240724cdcff5657c95" "/opt/rustwide/cargo-home/bin/cargo" "+1.99.0-beta.8" "test" "--frozen" "--release", kill_on_drop: false }`
[INFO] [stderr]     Finished `release` profile [optimized] target(s) in 0.08s
[INFO] [stderr]      Running unittests src/lib.rs (/opt/rustwide/target/release/deps/inclean-678f9f756b204465)
[INFO] [stdout] 
[INFO] [stdout] running 206 tests
[INFO] [stdout] test config::constants::tests::c_and_cpp_extensions_are_disjoint_pairs_with_h_in_c ... ok
[INFO] [stdout] test config::constants::tests::list_constant_lookup_returns_list ... ok
[INFO] [stdout] test cli::init::tests::refuses_to_overwrite_existing_file ... FAILED
[INFO] [stdout] test config::constants::tests::expand_list_spreads_known_constant_and_keeps_literals ... ok
[INFO] [stdout] test config::constants::tests::substitute_passes_through_text_without_constants ... ok
[INFO] [stdout] test config::constants::tests::substitute_replaces_list_constant_as_alternation ... ok
[INFO] [stdout] test config::constants::tests::substitute_double_at_escapes_literal ... ok
[INFO] [stdout] test config::constants::tests::substitute_replaces_string_constant_in_regex ... ok
[INFO] [stdout] test config::constants::tests::or_suffix_produces_regex_alternation ... ok
[INFO] [stdout] test config::constants::tests::substitute_stray_at_is_an_error ... ok
[INFO] [stdout] test config::constants::tests::unknown_constant_is_an_error ... ok
[INFO] [stdout] test config::copy::tests::child_inherits_unspecified_fields ... ok
[INFO] [stdout] test config::copy::tests::append_if_absent_with_newline_is_rejected ... ok
[INFO] [stdout] test config::copy::tests::asymmetric_reset_for_nested_object ... ok
[INFO] [stdout] test config::copy::tests::allow_unresolved_with_resolve_action_is_rejected ... ok
[INFO] [stdout] test cli::init::tests::nonexistent_directory_like_path_creates_dir_and_file ... FAILED
[INFO] [stdout] test config::constants::tests::expand_list_rejects_string_constant ... ok
[INFO] [stdout] test config::constants::tests::expand_list_rejects_unknown_constant ... ok
[INFO] [stdout] test cli::init::tests::nonexistent_file_like_path_creates_file_at_path ... FAILED
[INFO] [stdout] test config::constants::tests::separate_header_and_source_lists_exist ... ok
[INFO] [stdout] test config::constants::tests::old_underscore_names_no_longer_exist ... ok
[INFO] [stdout] test config::copy::tests::constant_expansion_in_file_suffixes ... ok
[INFO] [stdout] test config::copy::tests::action_message_inherits_via_copied_token ... ok
[INFO] [stdout] test config::copy::tests::copied_from_pointing_at_later_rule_is_rejected ... ok
[INFO] [stdout] test config::copy::tests::copied_token_in_scalar_inherits_parent_value ... ok
[INFO] [stdout] test config::copy::tests::copied_token_splats_parent_list ... ok
[INFO] [stdout] test config::constants::tests::cpp_version_inheritance_is_cumulative ... ok
[INFO] [stdout] test config::copy::tests::copied_token_without_parent_errors ... ok
[INFO] [stdout] test config::copy::tests::duplicate_rule_names_are_rejected ... ok
[INFO] [stdout] test config::copy::tests::child_overrides_parent_at_top_level ... ok
[INFO] [stdout] test config::discover::tests::config_project_block_missing_fields ... FAILED
[INFO] [stdout] test config::copy::tests::object_context_copied_action ... ok
[INFO] [stdout] test config::copy::tests::object_context_copied_trailing_inherits_whole_object ... ok
[INFO] [stdout] test config::copy::tests::trailing_comment_writes_reset_transform_to_none ... ok
[INFO] [stdout] test config::discover::tests::find_root_config_accepts_file_path_as_start ... FAILED
[INFO] [stdout] test config::copy::tests::resolve_preserves_declaration_order ... ok
[INFO] [stdout] test config::discover::tests::find_root_config_errors_when_no_config ... FAILED
[INFO] [stdout] test config::copy::tests::skip_sentinel_resolves_for_action_and_trailing_comment ... ok
[INFO] [stdout] test config::copy::tests::standalone_rule_gets_defaults ... ok
[INFO] [stdout] test config::copy::tests::trailing_comment_transform_inherits_when_omitted ... ok
[INFO] [stdout] test config::copy::tests::transitive_copy_through_intermediate ... ok
[INFO] [stdout] test config::copy::tests::unknown_copied_from_target_is_rejected ... ok
[INFO] [stdout] test config::copy::tests::unset_top_level_object_inherits_parent_wholesale ... ok
[INFO] [stdout] test config::copy::tests::self_copy_is_rejected ... ok
[INFO] [stdout] test config::copy::tests::object_context_copied_without_parent_is_rejected ... ok
[INFO] [stdout] test config::discover::tests::resolve_project_root_errors_when_target_missing ... FAILED
[INFO] [stdout] test config::schema::tests::copied_from_field_parses ... ok
[INFO] [stdout] test config::schema::tests::full_rule_with_resolve_action ... ok
[INFO] [stdout] test config::schema::tests::non_copied_or_skip_string_for_object_field_is_rejected ... ok
[INFO] [stdout] test config::schema::tests::object_context_copied_sentinel_for_action ... ok
[INFO] [stdout] test config::schema::tests::old_match_forms_field_is_rejected ... ok
[INFO] [stdout] test cli::init::tests::writes_into_existing_dir ... FAILED
[INFO] [stdout] test config::discover::tests::find_root_config_walks_up_from_nested_dir ... FAILED
[INFO] [stdout] test config::discover::tests::config_project_block_incompatible_versions ... FAILED
[INFO] [stdout] test config::discover::tests::resolve_project_root_joins_relative_subdir ... FAILED
[INFO] [stdout] test config::discover::tests::config_project_block_default_root ... FAILED
[INFO] [stdout] test config::discover::tests::resolve_project_root_rejects_empty_string ... FAILED
[INFO] [stdout] test config::schema::tests::all_six_action_variants_parse ... ok
[INFO] [stdout] test config::schema::tests::base_rule_minimal ... ok
[INFO] [stdout] test config::schema::tests::comment_out_style_renders_as_slashes ... ok
[INFO] [stdout] test config::schema::tests::object_context_copied_sentinel_for_suppression_and_trailing ... ok
[INFO] [stdout] test lex::include_line::tests::allows_leading_whitespace_before_hash ... ok
[INFO] [stdout] test lex::include_line::tests::allows_whitespace_between_hash_and_include_keyword ... ok
[INFO] [stdout] test lex::include_line::tests::handles_multiple_includes_and_tracks_lines ... ok
[INFO] [stdout] test lex::include_line::tests::cross_line_block_between_include_and_argument_is_not_joined ... ok
[INFO] [stdout] test config::schema::tests::trailing_comment_transform_parses ... ok
[INFO] [stdout] test lex::include_line::tests::char_literals_dont_swallow_subsequent_includes ... ok
[INFO] [stdout] test config::schema::tests::skip_sentinel_for_action_and_trailing_comment ... ok
[INFO] [stdout] test lex::include_line::tests::first_block_comment_with_later_open_block_sets_cross_line_flag ... ok
[INFO] [stdout] test config::schema::tests::unknown_action_field_is_rejected ... ok
[INFO] [stdout] test lex::include_line::tests::allows_block_comments_between_directive_tokens ... ok
[INFO] [stdout] test lex::include_line::tests::argument_range_covers_delimiters ... ok
[INFO] [stdout] test lex::include_line::tests::closed_block_comment_after_code_does_not_restore_line_start ... ok
[INFO] [stdout] test lex::include_line::tests::empty_source_yields_no_includes ... ok
[INFO] [stdout] test config::schema::tests::suppression_block_round_trips ... ok
[INFO] [stdout] test lex::include_line::tests::cross_line_block_comment_is_not_a_trailing_comment ... ok
[INFO] [stdout] test lex::include_line::tests::cross_line_block_trailing_flag_is_set ... ok
[INFO] [stdout] test config::schema::tests::trailing_transform_missing_action_is_rejected ... ok
[INFO] [stdout] test lex::include_line::tests::allows_block_comment_before_hash_at_line_start ... ok
[INFO] [stdout] test lex::include_line::tests::ignores_includes_in_line_comments ... ok
[INFO] [stdout] test lex::include_line::tests::ignores_includes_in_string_literals ... ok
[INFO] [stdout] test lex::include_line::tests::ignores_includes_when_not_at_line_start ... ok
[INFO] [stdout] test lex::include_line::tests::ignores_other_preprocessor_directives ... ok
[INFO] [stdout] test lex::include_line::tests::includefoo_token_emits_skip_warning ... ok
[INFO] [stdout] test lex::include_line::tests::line_count_is_correct_after_block_comment ... ok
[INFO] [stdout] test lex::include_line::tests::line_table_includes_trailing_line_without_newline ... ok
[INFO] [stdout] test lex::include_line::tests::line_table_strips_crlf ... ok
[INFO] [stdout] test lex::include_line::tests::macro_form_argument_excludes_trailing_gap_before_comment ... ok
[INFO] [stdout] test lex::include_line::tests::ignores_hash_includefoo_token ... ok
[INFO] [stdout] test lex::include_line::tests::line_table_basic_lf ... ok
[INFO] [stdout] test lex::include_line::tests::trailing_range_excludes_carriage_return ... ok
[INFO] [stdout] test lex::include_line::tests::macro_form_is_recognized ... ok
[INFO] [stdout] test lex::include_line::tests::other_directive_cross_line_block_hides_include_inside_and_recovers ... ok
[INFO] [stdout] test lex::include_line::tests::same_line_block_does_not_set_cross_line_flag ... ok
[INFO] [stdout] test lex::include_line::tests::single_angle_include ... ok
[INFO] [stdout] test lex::include_line::tests::single_quote_include ... ok
[INFO] [stdout] test lex::include_line::tests::trailing_comment_after_include_is_not_part_of_argument ... ok
[INFO] [stdout] test lex::include_line::tests::trailing_cross_line_block_hides_includes_until_close ... ok
[INFO] [stdout] test lex::include_line::tests::trailing_line_comment_classified_as_line_style ... ok
[INFO] [stdout] test lex::include_line::tests::trailing_no_comment_has_none_style ... ok
[INFO] [stdout] test lex::include_line::tests::trailing_range_covers_to_eol ... ok
[INFO] [stdout] test lex::include_line::tests::trailing_range_empty_when_no_trailing ... ok
[INFO] [stdout] test lex::include_line::tests::trailing_range_handles_block_comment ... ok
[INFO] [stdout] test lex::include_line::tests::trailing_range_preserves_suffix_after_first_block_comment ... ok
[INFO] [stdout] test lex::include_line::tests::unterminated_angle_is_skipped ... ok
[INFO] [stdout] test lex::macro_define::tests::ignores_defines_inside_cross_line_block_comments ... ok
[INFO] [stdout] test lex::macro_define::tests::keeps_multiple_definitions_for_indexing_policy ... ok
[INFO] [stdout] test pipeline::run::tests::action_and_trailing_comment_skip_compose_without_conflict ... FAILED
[INFO] [stdout] test lex::macro_define::tests::scans_angle_header_macro_with_comments ... ok
[INFO] [stdout] test pipeline::run::tests::agreeing_rules_collapse_to_a_single_rewrite ... FAILED
[INFO] [stdout] test pipeline::run::tests::ambiguous_include_can_use_first_directory_for_resolve ... FAILED
[INFO] [stdout] test pipeline::run::tests::ambiguous_include_defaults_to_error_when_directories_are_configured ... FAILED
[INFO] [stdout] test lex::include_line::tests::line_table_empty_source ... ok
[INFO] [stdout] test lex::include_line::tests::ignores_includes_in_block_comments_across_lines ... ok
[INFO] [stdout] test lex::include_line::tests::trailing_unterminated_block_hides_includes_to_eof ... ok
[INFO] [stdout] test lex::include_line::tests::unterminated_angle_emits_skip_warning ... ok
[INFO] [stdout] test lex::include_line::tests::unterminated_quote_emits_skip_warning ... ok
[INFO] [stdout] test lex::include_line::tests::unterminated_quote_is_skipped ... ok
[INFO] [stdout] test lex::macro_define::tests::scans_quote_header_macro ... ok
[INFO] [stdout] test pipeline::run::tests::ambiguous_include_can_skip_rule ... FAILED
[INFO] [stdout] test lex::include_line::tests::trailing_range_excludes_carriage_return_after_comment ... ok
[INFO] [stdout] test lex::include_line::tests::trailing_range_for_last_line_without_newline ... ok
[INFO] [stdout] test lex::include_line::tests::whitespace_only_trailing_has_empty_range_and_no_style ... ok
[INFO] [stdout] test lex::include_line::tests::unterminated_block_before_include_hides_to_eof ... ok
[INFO] [stdout] test pipeline::run::tests::bom_is_preserved_across_apply ... FAILED
[INFO] [stdout] test pipeline::run::tests::config_mode_compiles_include_match_globs ... FAILED
[INFO] [stdout] test pipeline::run::tests::config_mode_compiles_include_resolved_match_globs ... FAILED
[INFO] [stdout] test pipeline::run::tests::config_mode_compiles_file_path_globs ... FAILED
[INFO] [stdout] test pipeline::run::tests::config_mode_compiles_suppression_regexes ... FAILED
[INFO] [stdout] test pipeline::run::tests::config_mode_compiles_trailing_comment_regexes ... FAILED
[INFO] [stdout] test pipeline::run::tests::config_mode_skips_source_scan ... FAILED
[INFO] [stdout] test pipeline::run::tests::include_forms_replaces_match_forms_for_form_matching ... FAILED
[INFO] [stdout] test pipeline::run::tests::macro_include_definition_edit_conflict_is_unfixable ... FAILED
[INFO] [stdout] test pipeline::run::tests::keep_action_produces_no_edits ... FAILED
[INFO] [stdout] test pipeline::run::tests::error_action_produces_error_outcome_and_exit_2 ... FAILED
[INFO] [stdout] test pipeline::run::tests::conflicting_rules_produce_conflict_and_exit_3 ... FAILED
[INFO] [stdout] test pipeline::run::tests::macro_definition_edit_outside_path_filter_is_unfixable ... FAILED
[INFO] [stdout] test pipeline::run::tests::macro_include_reuses_identical_definition_edit ... FAILED
[INFO] [stdout] test pipeline::run::tests::omitted_action_and_trailing_comment_default_to_skip ... FAILED
[INFO] [stdout] test pipeline::run::tests::trailing_comment_can_run_without_explicit_action ... FAILED
[INFO] [stdout] test pipeline::run::tests::parent_segments_in_include_path_are_normalized_before_resolve ... FAILED
[INFO] [stdout] test pipeline::run::tests::replace_action_writes_back ... FAILED
[INFO] [stdout] test pipeline::run::tests::macro_include_resolve_rewrites_definition_not_use_site ... FAILED
[INFO] [stdout] test pipeline::run::tests::same_header_reached_through_multiple_directories_is_not_ambiguous ... FAILED
[INFO] [stdout] test pipeline::run::tests::include_resolved_match_filters_candidates_before_ambiguity ... FAILED
[INFO] [stdout] test pipeline::run::tests::open_block_trailing_prevents_line_comment_append_after_action_rewrite ... FAILED
[INFO] [stdout] test pipeline::run::tests::parse_failure_is_skipped_not_a_hard_error ... FAILED
[INFO] [stdout] test pipeline::run::tests::unresolved_include_can_allow_non_resolve_action ... FAILED
[INFO] [stdout] test pipeline::run::tests::include_resolved_match_can_skip_when_no_candidate_matches ... FAILED
[INFO] [stdout] test pipeline::run::tests::trailing_comment_conflict_is_checked_separately ... FAILED
[INFO] [stdout] test rule::action::tests::comment_out_line_style_wraps_with_slashes ... ok
[INFO] [stdout] test rule::action::tests::error_action_produces_error_outcome ... ok
[INFO] [stdout] test rule::action::tests::cross_line_block_trailing_skips_append_if_absent ... ok
[INFO] [stdout] test rule::action::tests::keep_with_default_output_form_is_a_noop ... ok
[INFO] [stdout] test rule::action::tests::resolve_without_matcher_path_emits_failure ... ok
[INFO] [stdout] test rule::action::tests::trailing_comment_append_if_absent_adds_for_uncommented ... ok
[INFO] [stdout] test pipeline::run::tests::unresolved_include_can_skip_rule ... FAILED
[INFO] [stdout] test rule::action::tests::trailing_comment_append_if_absent_skips_when_comment_present ... ok
[INFO] [stdout] test pipeline::run::tests::unresolved_include_defaults_to_error_when_directories_are_configured ... FAILED
[INFO] [stdout] test profile::tests::version_constants_have_consistent_order ... ok
[INFO] [stdout] test rule::action::tests::comment_out_block_style_wraps_with_slash_star ... ok
[INFO] [stdout] test rule::action::tests::keep_with_output_form_angle_rewrites_to_angle ... ok
[INFO] [stdout] test rule::action::tests::replace_substitutes_original_placeholder ... ok
[INFO] [stdout] test rule::action::tests::later_cross_line_block_skips_transform_and_append ... ok
[INFO] [stdout] test rule::action::tests::macro_form_always_errors ... ok
[INFO] [stdout] test rule::action::tests::relative_path_same_dir_is_just_filename ... ok
[INFO] [stdout] test rule::action::tests::relative_path_walks_up_for_diverging_paths ... ok
[INFO] [stdout] test rule::engine::tests::include_match_glob_filters ... ok
[INFO] [stdout] test rule::action::tests::trailing_comment_remove_drops_comment ... ok
[INFO] [stdout] test rule::action::tests::trailing_comment_replace_only_touches_first_block_comment ... ok
[INFO] [stdout] test rule::engine::tests::include_match_negated_glob_excludes_previous_match ... ok
[INFO] [stdout] test rule::action::tests::trailing_comment_replace_overrides_existing ... ok
[INFO] [stdout] test rule::action::tests::trailing_comment_replace_preserves_line_comment_suffix_after_block ... ok
[INFO] [stdout] test rule::glob::tests::double_star_crosses_separators ... ok
[INFO] [stdout] test rule::engine::tests::suppressed_line_skips_rule ... ok
[INFO] [stdout] test rule::glob::tests::bare_bang_pattern_is_rejected ... ok
[INFO] [stdout] test rule::glob::tests::empty_extension_list_blocks_all_wildcard_globs ... ok
[INFO] [stdout] test rule::engine::tests::include_match_escaped_bang_matches_literal_bang ... ok
[INFO] [stdout] test rule::action::tests::remove_default_drops_line_entirely ... ok
[INFO] [stdout] test rule::glob::tests::invalid_glob_pattern_is_rejected_at_build_time ... ok
[INFO] [stdout] test rule::action::tests::remove_keep_blank_line_emits_terminator_only ... ok
[INFO] [stdout] test rule::action::tests::trailing_comment_error_produces_error_outcome ... ok
[INFO] [stdout] test rule::glob::tests::empty_rule_matches_nothing ... ok
[INFO] [stdout] test rule::glob::tests::escaped_leading_bang_matches_literal_bang_path ... ok
[INFO] [stdout] test rule::glob::tests::later_positive_pattern_reincludes_after_negation ... ok
[INFO] [stdout] test rule::engine::tests::block_suppression_covers_inner_lines ... ok
[INFO] [stdout] test rule::glob::tests::negated_pattern_excludes_previous_match ... ok
[INFO] [stdout] test rule::glob::tests::negated_pattern_without_positive_match_does_not_include ... ok
[INFO] [stdout] test rule::glob::tests::paths_with_no_extension_dont_satisfy_wildcard_glob_with_extensions ... ok
[INFO] [stdout] test rule::glob::tests::exact_path_match_skips_extension_check ... ok
[INFO] [stdout] test rule::glob::tests::pattern_with_question_mark_treated_as_wildcard ... ok
[INFO] [stdout] test rule::glob::tests::star_does_not_cross_separator ... ok
[INFO] [stdout] test rule::glob::tests::first_matching_glob_decides_behavior ... ok
[INFO] [stdout] test rule::engine::tests::file_paths_glob_filters ... ok
[INFO] [stdout] test rule::engine::tests::file_suffixes_filters_when_glob_has_wildcards ... ok
[INFO] [stdout] test rule::engine::tests::include_match_later_positive_reincludes_after_negation ... ok
[INFO] [stdout] test rule::action::tests::trailing_comment_remove_first_block_preserves_suffix_without_append ... ok
[INFO] [stdout] test rule::engine::tests::quote_form_matches_default_rule ... ok
[INFO] [stdout] test rule::glob::tests::wildcard_glob_requires_matching_extension ... ok
[INFO] [stdout] test utils::tests::test_looks_like_directory ... ok
[INFO] [stdout] test rule::engine::tests::angle_form_does_not_match_default_quote_only_rule ... ok
[INFO] [stdout] test utils::testing::tests::test_tmpproject_lifecycle ... FAILED
[INFO] [stdout] test utils::tests::test_to_slash ... ok
[INFO] [stdout] test rule::engine::tests::multiple_rules_all_match_return ... ok
[INFO] [stdout] test utils::testing::tests::create_with_duplicate_files ... FAILED
[INFO] [stdout] test lex::macro_define::tests::skips_function_like_and_complex_replacements ... ok
[INFO] [stdout] 
[INFO] [stdout] failures:
[INFO] [stdout] 
[INFO] [stdout] ---- cli::init::tests::refuses_to_overwrite_existing_file stdout ----
[INFO] [stdout] 
[INFO] [stdout] thread 'cli::init::tests::refuses_to_overwrite_existing_file' (1557) panicked at src/utils/testing.rs:86:44:
[INFO] [stdout] create tempdir: Os { code: 30, kind: ReadOnlyFilesystem, message: "Read-only file system" }
[INFO] [stdout] stack backtrace:
[INFO] [stdout]    0:     0x602521db4061 - <unknown>
[INFO] [stdout]    1:     0x602521dcbb8a - <unknown>
[INFO] [stdout]    2:     0x602521db8d3c - <unknown>
[INFO] [stdout]    3:     0x602521d8d576 - <unknown>
[INFO] [stdout]    4:     0x602521dab2a9 - <unknown>
[INFO] [stdout]    5:     0x602521c31600 - <unknown>
[INFO] [stdout]    6:     0x602521dab5d2 - <unknown>
[INFO] [stdout]    7:     0x602521d8d622 - <unknown>
[INFO] [stdout]    8:     0x602521d85ac9 - <unknown>
[INFO] [stdout]    9:     0x602521d8e32d - <unknown>
[INFO] [stdout]   10:     0x602521dcc3ac - <unknown>
[INFO] [stdout]   11:     0x602521dcc182 - <unknown>
[INFO] [stdout]   12:     0x602521be79e4 - <unknown>
[INFO] [stdout]   13:     0x602521be69f9 - <unknown>
[INFO] [stdout]   14:     0x602521bb9833 - <unknown>
[INFO] [stdout]   15:     0x602521bb4749 - <unknown>
[INFO] [stdout]   16:     0x602521c248eb - <unknown>
[INFO] [stdout]   17:     0x602521c31f55 - <unknown>
[INFO] [stdout]   18:     0x602521c2b814 - <unknown>
[INFO] [stdout]   19:     0x602521c350b2 - <unknown>
[INFO] [stdout]   20:     0x602521db30a9 - <unknown>
[INFO] [stdout]   21:     0x779b2b3f7dfa - <unknown>
[INFO] [stdout]   22:     0x779b2b48b3d4 - clone
[INFO] [stdout]   23:                0x0 - <unknown>
[INFO] [stdout] 
[INFO] [stdout] ---- cli::init::tests::nonexistent_directory_like_path_creates_dir_and_file stdout ----
[INFO] [stdout] 
[INFO] [stdout] thread 'cli::init::tests::nonexistent_directory_like_path_creates_dir_and_file' (1555) panicked at src/utils/testing.rs:86:44:
[INFO] [stdout] create tempdir: Os { code: 30, kind: ReadOnlyFilesystem, message: "Read-only file system" }
[INFO] [stdout] stack backtrace:
[INFO] [stdout]    0:     0x602521db4061 - <unknown>
[INFO] [stdout]    1:     0x602521dcbb8a - <unknown>
[INFO] [stdout]    2:     0x602521db8d3c - <unknown>
[INFO] [stdout]    3:     0x602521d8d576 - <unknown>
[INFO] [stdout]    4:     0x602521dab2a9 - <unknown>
[INFO] [stdout]    5:     0x602521c31600 - <unknown>
[INFO] [stdout]    6:     0x602521dab5d2 - <unknown>
[INFO] [stdout]    7:     0x602521d8d622 - <unknown>
[INFO] [stdout]    8:     0x602521d85ac9 - <unknown>
[INFO] [stdout]    9:     0x602521d8e32d - <unknown>
[INFO] [stdout]   10:     0x602521dcc3ac - <unknown>
[INFO] [stdout]   11:     0x602521dcc182 - <unknown>
[INFO] [stdout]   12:     0x602521be79e4 - <unknown>
[INFO] [stdout]   13:     0x602521bb9ba8 - <unknown>
[INFO] [stdout]   14:     0x602521bb4789 - <unknown>
[INFO] [stdout]   15:     0x602521c248eb - <unknown>
[INFO] [stdout]   16:     0x602521c31f55 - <unknown>
[INFO] [stdout]   17:     0x602521c2b814 - <unknown>
[INFO] [stdout]   18:     0x602521c350b2 - <unknown>
[INFO] [stdout]   19:     0x602521db30a9 - <unknown>
[INFO] [stdout]   20:     0x779b2b3f7dfa - <unknown>
[INFO] [stdout]   21:     0x779b2b48b3d4 - clone
[INFO] [stdout]   22:                0x0 - <unknown>
[INFO] [stdout] 
[INFO] [stdout] ---- cli::init::tests::nonexistent_file_like_path_creates_file_at_path stdout ----
[INFO] [stdout] 
[INFO] [stdout] thread 'cli::init::tests::nonexistent_file_like_path_creates_file_at_path' (1556) panicked at src/utils/testing.rs:86:44:
[INFO] [stdout] create tempdir: Os { code: 30, kind: ReadOnlyFilesystem, message: "Read-only file system" }
[INFO] [stdout] stack backtrace:
[INFO] [stdout]    0:     0x602521db4061 - <unknown>
[INFO] [stdout]    1:     0x602521dcbb8a - <unknown>
[INFO] [stdout]    2:     0x602521db8d3c - <unknown>
[INFO] [stdout]    3:     0x602521d8d576 - <unknown>
[INFO] [stdout]    4:     0x602521dab2a9 - <unknown>
[INFO] [stdout]    5:     0x602521c31600 - <unknown>
[INFO] [stdout]    6:     0x602521dab5d2 - <unknown>
[INFO] [stdout]    7:     0x602521d8d622 - <unknown>
[INFO] [stdout]    8:     0x602521d85ac9 - <unknown>
[INFO] [stdout]    9:     0x602521d8e32d - <unknown>
[INFO] [stdout]   10:     0x602521dcc3ac - <unknown>
[INFO] [stdout]   11:     0x602521dcc182 - <unknown>
[INFO] [stdout]   12:     0x602521be79e4 - <unknown>
[INFO] [stdout]   13:     0x602521bb99a8 - <unknown>
[INFO] [stdout]   14:     0x602521bb4769 - <unknown>
[INFO] [stdout]   15:     0x602521c248eb - <unknown>
[INFO] [stdout]   16:     0x602521c31f55 - <unknown>
[INFO] [stdout]   17:     0x602521c2b814 - <unknown>
[INFO] [stdout]   18:     0x602521c350b2 - <unknown>
[INFO] [stdout]   19:     0x602521db30a9 - <unknown>
[INFO] [stdout]   20:     0x779b2b3f7dfa - <unknown>
[INFO] [stdout]   21:     0x779b2b48b3d4 - clone
[INFO] [stdout]   22:                0x0 - <unknown>
[INFO] [stdout] 
[INFO] [stdout] ---- config::discover::tests::config_project_block_missing_fields stdout ----
[INFO] [stdout] 
[INFO] [stdout] thread 'config::discover::tests::config_project_block_missing_fields' (1600) panicked at src/utils/testing.rs:86:44:
[INFO] [stdout] create tempdir: Os { code: 30, kind: ReadOnlyFilesystem, message: "Read-only file system" }
[INFO] [stdout] stack backtrace:
[INFO] [stdout]    0:     0x602521db4061 - <unknown>
[INFO] [stdout]    1:     0x602521dcbb8a - <unknown>
[INFO] [stdout]    2:     0x602521db8d3c - <unknown>
[INFO] [stdout]    3:     0x602521d8d576 - <unknown>
[INFO] [stdout]    4:     0x602521dab2a9 - <unknown>
[INFO] [stdout]    5:     0x602521c31600 - <unknown>
[INFO] [stdout]    6:     0x602521dab5d2 - <unknown>
[INFO] [stdout]    7:     0x602521d8d622 - <unknown>
[INFO] [stdout]    8:     0x602521d85ac9 - <unknown>
[INFO] [stdout]    9:     0x602521d8e32d - <unknown>
[INFO] [stdout]   10:     0x602521dcc3ac - <unknown>
[INFO] [stdout]   11:     0x602521dcc182 - <unknown>
[INFO] [stdout]   12:     0x602521be79e4 - <unknown>
[INFO] [stdout]   13:     0x602521be376e - <unknown>
[INFO] [stdout]   14:     0x602521bca1e3 - <unknown>
[INFO] [stdout]   15:     0x602521bb59d9 - <unknown>
[INFO] [stdout]   16:     0x602521c248eb - <unknown>
[INFO] [stdout]   17:     0x602521c31f55 - <unknown>
[INFO] [stdout]   18:     0x602521c2b814 - <unknown>
[INFO] [stdout]   19:     0x602521c350b2 - <unknown>
[INFO] [stdout]   20:     0x602521db30a9 - <unknown>
[INFO] [stdout]   21:     0x779b2b3f7dfa - <unknown>
[INFO] [stdout]   22:     0x779b2b48b3d4 - clone
[INFO] [stdout]   23:                0x0 - <unknown>
[INFO] [stdout] 
[INFO] [stdout] ---- config::discover::tests::find_root_config_accepts_file_path_as_start stdout ----
[INFO] [stdout] 
[INFO] [stdout] thread 'config::discover::tests::find_root_config_accepts_file_path_as_start' (1601) panicked at src/utils/testing.rs:86:44:
[INFO] [stdout] create tempdir: Os { code: 30, kind: ReadOnlyFilesystem, message: "Read-only file system" }
[INFO] [stdout] stack backtrace:
[INFO] [stdout]    0:     0x602521db4061 - <unknown>
[INFO] [stdout]    1:     0x602521dcbb8a - <unknown>
[INFO] [stdout]    2:     0x602521db8d3c - <unknown>
[INFO] [stdout]    3:     0x602521d8d576 - <unknown>
[INFO] [stdout]    4:     0x602521dab2a9 - <unknown>
[INFO] [stdout]    5:     0x602521c31600 - <unknown>
[INFO] [stdout]    6:     0x602521dab5d2 - <unknown>
[INFO] [stdout]    7:     0x602521d8d622 - <unknown>
[INFO] [stdout]    8:     0x602521d85ac9 - <unknown>
[INFO] [stdout]    9:     0x602521d8e32d - <unknown>
[INFO] [stdout]   10:     0x602521dcc3ac - <unknown>
[INFO] [stdout]   11:     0x602521dcc182 - <unknown>
[INFO] [stdout]   12:     0x602521be79e4 - <unknown>
[INFO] [stdout]   13:     0x602521be69f9 - <unknown>
[INFO] [stdout]   14:     0x602521bcb564 - <unknown>
[INFO] [stdout]   15:     0x602521bb5a99 - <unknown>
[INFO] [stdout]   16:     0x602521c248eb - <unknown>
[INFO] [stdout]   17:     0x602521c31f55 - <unknown>
[INFO] [stdout]   18:     0x602521c2b814 - <unknown>
[INFO] [stdout]   19:     0x602521c350b2 - <unknown>
[INFO] [stdout]   20:     0x602521db30a9 - <unknown>
[INFO] [stdout]   21:     0x779b2b3f7dfa - <unknown>
[INFO] [stdout]   22:     0x779b2b48b3d4 - clone
[INFO] [stdout]   23:                0x0 - <unknown>
[INFO] [stdout] 
[INFO] [stdout] ---- config::discover::tests::find_root_config_errors_when_no_config stdout ----
[INFO] [stdout] 
[INFO] [stdout] thread 'config::discover::tests::find_root_config_errors_when_no_config' (1602) panicked at src/utils/testing.rs:86:44:
[INFO] [stdout] create tempdir: Os { code: 30, kind: ReadOnlyFilesystem, message: "Read-only file system" }
[INFO] [stdout] stack backtrace:
[INFO] [stdout]    0:     0x602521db4061 - <unknown>
[INFO] [stdout]    1:     0x602521dcbb8a - <unknown>
[INFO] [stdout]    2:     0x602521db8d3c - <unknown>
[INFO] [stdout]    3:     0x602521d8d576 - <unknown>
[INFO] [stdout]    4:     0x602521dab2a9 - <unknown>
[INFO] [stdout]    5:     0x602521c31600 - <unknown>
[INFO] [stdout]    6:     0x602521dab5d2 - <unknown>
[INFO] [stdout]    7:     0x602521d8d622 - <unknown>
[INFO] [stdout]    8:     0x602521d85ac9 - <unknown>
[INFO] [stdout]    9:     0x602521d8e32d - <unknown>
[INFO] [stdout]   10:     0x602521dcc3ac - <unknown>
[INFO] [stdout]   11:     0x602521dcc182 - <unknown>
[INFO] [stdout]   12:     0x602521be79e4 - <unknown>
[INFO] [stdout]   13:     0x602521bca603 - <unknown>
[INFO] [stdout]   14:     0x602521bb59f9 - <unknown>
[INFO] [stdout]   15:     0x602521c248eb - <unknown>
[INFO] [stdout]   16:     0x602521c31f55 - <unknown>
[INFO] [stdout]   17:     0x602521c2b814 - <unknown>
[INFO] [stdout]   18:     0x602521c350b2 - <unknown>
[INFO] [stdout]   19:     0x602521db30a9 - <unknown>
[INFO] [stdout]   20:     0x779b2b3f7dfa - <unknown>
[INFO] [stdout]   21:     0x779b2b48b3d4 - clone
[INFO] [stdout]   22:                0x0 - <unknown>
[INFO] [stdout] 
[INFO] [stdout] ---- config::discover::tests::resolve_project_root_errors_when_target_missing stdout ----
[INFO] [stdout] 
[INFO] [stdout] thread 'config::discover::tests::resolve_project_root_errors_when_target_missing' (1604) panicked at src/utils/testing.rs:86:44:
[INFO] [stdout] create tempdir: Os { code: 30, kind: ReadOnlyFilesystem, message: "Read-only file system" }
[INFO] [stdout] stack backtrace:
[INFO] [stdout]    0:     0x602521db4061 - <unknown>
[INFO] [stdout]    1:     0x602521dcbb8a - <unknown>
[INFO] [stdout]    2:     0x602521db8d3c - <unknown>
[INFO] [stdout]    3:     0x602521d8d576 - <unknown>
[INFO] [stdout]    4:     0x602521dab2a9 - <unknown>
[INFO] [stdout]    5:     0x602521c31600 - <unknown>
[INFO] [stdout]    6:     0x602521dab5d2 - <unknown>
[INFO] [stdout]    7:     0x602521d8d622 - <unknown>
[INFO] [stdout]    8:     0x602521d85ac9 - <unknown>
[INFO] [stdout]    9:     0x602521d8e32d - <unknown>
[INFO] [stdout]   10:     0x602521dcc3ac - <unknown>
[INFO] [stdout]   11:     0x602521dcc182 - <unknown>
[INFO] [stdout]   12:     0x602521be79e4 - <unknown>
[INFO] [stdout]   13:     0x602521be376e - <unknown>
[INFO] [stdout]   14:     0x602521bcb755 - <unknown>
[INFO] [stdout]   15:     0x602521bb5ab9 - <unknown>
[INFO] [stdout]   16:     0x602521c248eb - <unknown>
[INFO] [stdout]   17:     0x602521c31f55 - <unknown>
[INFO] [stdout]   18:     0x602521c2b814 - <unknown>
[INFO] [stdout]   19:     0x602521c350b2 - <unknown>
[INFO] [stdout]   20:     0x602521db30a9 - <unknown>
[INFO] [stdout]   21:     0x779b2b3f7dfa - <unknown>
[INFO] [stdout]   22:     0x779b2b48b3d4 - clone
[INFO] [stdout]   23:                0x0 - <unknown>
[INFO] [stdout] 
[INFO] [stdout] ---- cli::init::tests::writes_into_existing_dir stdout ----
[INFO] [stdout] 
[INFO] [stdout] thread 'cli::init::tests::writes_into_existing_dir' (1558) panicked at src/utils/testing.rs:86:44:
[INFO] [stdout] create tempdir: Os { code: 30, kind: ReadOnlyFilesystem, message: "Read-only file system" }
[INFO] [stdout] stack backtrace:
[INFO] [stdout]    0:     0x602521db4061 - <unknown>
[INFO] [stdout]    1:     0x602521dcbb8a - <unknown>
[INFO] [stdout]    2:     0x602521db8d3c - <unknown>
[INFO] [stdout]    3:     0x602521d8d576 - <unknown>
[INFO] [stdout]    4:     0x602521dab2a9 - <unknown>
[INFO] [stdout]    5:     0x602521c31600 - <unknown>
[INFO] [stdout]    6:     0x602521dab5d2 - <unknown>
[INFO] [stdout]    7:     0x602521d8d622 - <unknown>
[INFO] [stdout]    8:     0x602521d85ac9 - <unknown>
[INFO] [stdout]    9:     0x602521d8e32d - <unknown>
[INFO] [stdout]   10:     0x602521dcc3ac - <unknown>
[INFO] [stdout]   11:     0x602521dcc182 - <unknown>
[INFO] [stdout]   12:     0x602521be79e4 - <unknown>
[INFO] [stdout]   13:     0x602521bb9646 - <unknown>
[INFO] [stdout]   14:     0x602521bb4729 - <unknown>
[INFO] [stdout]   15:     0x602521c248eb - <unknown>
[INFO] [stdout]   16:     0x602521c31f55 - <unknown>
[INFO] [stdout]   17:     0x602521c2b814 - <unknown>
[INFO] [stdout]   18:     0x602521c350b2 - <unknown>
[INFO] [stdout]   19:     0x602521db30a9 - <unknown>
[INFO] [stdout]   20:     0x779b2b3f7dfa - <unknown>
[INFO] [stdout]   21:     0x779b2b48b3d4 - clone
[INFO] [stdout]   22:                0x0 - <unknown>
[INFO] [stdout] 
[INFO] [stdout] ---- config::discover::tests::find_root_config_walks_up_from_nested_dir stdout ----
[INFO] [stdout] 
[INFO] [stdout] thread 'config::discover::tests::find_root_config_walks_up_from_nested_dir' (1603) panicked at src/utils/testing.rs:86:44:
[INFO] [stdout] create tempdir: Os { code: 30, kind: ReadOnlyFilesystem, message: "Read-only file system" }
[INFO] [stdout] stack backtrace:
[INFO] [stdout]    0:     0x602521db4061 - <unknown>
[INFO] [stdout]    1:     0x602521dcbb8a - <unknown>
[INFO] [stdout]    2:     0x602521db8d3c - <unknown>
[INFO] [stdout]    3:     0x602521d8d576 - <unknown>
[INFO] [stdout]    4:     0x602521dab2a9 - <unknown>
[INFO] [stdout]    5:     0x602521c31600 - <unknown>
[INFO] [stdout]    6:     0x602521dab5d2 - <unknown>
[INFO] [stdout]    7:     0x602521d8d622 - <unknown>
[INFO] [stdout]    8:     0x602521d85ac9 - <unknown>
[INFO] [stdout]    9:     0x602521d8e32d - <unknown>
[INFO] [stdout]   10:     0x602521dcc3ac - <unknown>
[INFO] [stdout]   11:     0x602521dcc182 - <unknown>
[INFO] [stdout]   12:     0x602521be79e4 - <unknown>
[INFO] [stdout]   13:     0x602521be69f9 - <unknown>
[INFO] [stdout]   14:     0x602521bca8c4 - <unknown>
[INFO] [stdout]   15:     0x602521bb5a19 - <unknown>
[INFO] [stdout]   16:     0x602521c248eb - <unknown>
[INFO] [stdout]   17:     0x602521c31f55 - <unknown>
[INFO] [stdout]   18:     0x602521c2b814 - <unknown>
[INFO] [stdout]   19:     0x602521c350b2 - <unknown>
[INFO] [stdout]   20:     0x602521db30a9 - <unknown>
[INFO] [stdout]   21:     0x779b2b3f7dfa - <unknown>
[INFO] [stdout]   22:     0x779b2b48b3d4 - clone
[INFO] [stdout]   23:                0x0 - <unknown>
[INFO] [stdout] 
[INFO] [stdout] ---- config::discover::tests::config_project_block_incompatible_versions stdout ----
[INFO] [stdout] 
[INFO] [stdout] thread 'config::discover::tests::config_project_block_incompatible_versions' (1599) panicked at src/utils/testing.rs:86:44:
[INFO] [stdout] create tempdir: Os { code: 30, kind: ReadOnlyFilesystem, message: "Read-only file system" }
[INFO] [stdout] stack backtrace:
[INFO] [stdout]    0:     0x602521db4061 - <unknown>
[INFO] [stdout]    1:     0x602521dcbb8a - <unknown>
[INFO] [stdout]    2:     0x602521db8d3c - <unknown>
[INFO] [stdout]    3:     0x602521d8d576 - <unknown>
[INFO] [stdout]    4:     0x602521dab2a9 - <unknown>
[INFO] [stdout]    5:     0x602521c31600 - <unknown>
[INFO] [stdout]    6:     0x602521dab5d2 - <unknown>
[INFO] [stdout]    7:     0x602521d8d622 - <unknown>
[INFO] [stdout]    8:     0x602521d85ac9 - <unknown>
[INFO] [stdout]    9:     0x602521d8e32d - <unknown>
[INFO] [stdout]   10:     0x602521dcc3ac - <unknown>
[INFO] [stdout]   11:     0x602521dcc182 - <unknown>
[INFO] [stdout]   12:     0x602521be79e4 - <unknown>
[INFO] [stdout]   13:     0x602521be3583 - <unknown>
[INFO] [stdout]   14:     0x602521bcad91 - <unknown>
[INFO] [stdout]   15:     0x602521bb5a59 - <unknown>
[INFO] [stdout]   16:     0x602521c248eb - <unknown>
[INFO] [stdout]   17:     0x602521c31f55 - <unknown>
[INFO] [stdout]   18:     0x602521c2b814 - <unknown>
[INFO] [stdout]   19:     0x602521c350b2 - <unknown>
[INFO] [stdout]   20:     0x602521db30a9 - <unknown>
[INFO] [stdout]   21:     0x779b2b3f7dfa - <unknown>
[INFO] [stdout]   22:     0x779b2b48b3d4 - clone
[INFO] [stdout]   23:                0x0 - <unknown>
[INFO] [stdout] 
[INFO] [stdout] ---- config::discover::tests::resolve_project_root_joins_relative_subdir stdout ----
[INFO] [stdout] 
[INFO] [stdout] thread 'config::discover::tests::resolve_project_root_joins_relative_subdir' (1605) panicked at src/utils/testing.rs:86:44:
[INFO] [stdout] create tempdir: Os { code: 30, kind: ReadOnlyFilesystem, message: "Read-only file system" }
[INFO] [stdout] stack backtrace:
[INFO] [stdout]    0:     0x602521db4061 - <unknown>
[INFO] [stdout]    1:     0x602521dcbb8a - <unknown>
[INFO] [stdout]    2:     0x602521db8d3c - <unknown>
[INFO] [stdout]    3:     0x602521d8d576 - <unknown>
[INFO] [stdout]    4:     0x602521dab2a9 - <unknown>
[INFO] [stdout]    5:     0x602521c31600 - <unknown>
[INFO] [stdout]    6:     0x602521dab5d2 - <unknown>
[INFO] [stdout]    7:     0x602521d8d622 - <unknown>
[INFO] [stdout]    8:     0x602521d85ac9 - <unknown>
[INFO] [stdout]    9:     0x602521d8e32d - <unknown>
[INFO] [stdout]   10:     0x602521dcc3ac - <unknown>
[INFO] [stdout]   11:     0x602521dcc182 - <unknown>
[INFO] [stdout]   12:     0x602521be79e4 - <unknown>
[INFO] [stdout]   13:     0x602521be69f9 - <unknown>
[INFO] [stdout]   14:     0x602521bcb144 - <unknown>
[INFO] [stdout]   15:     0x602521bb5a79 - <unknown>
[INFO] [stdout]   16:     0x602521c248eb - <unknown>
[INFO] [stdout]   17:     0x602521c31f55 - <unknown>
[INFO] [stdout]   18:     0x602521c2b814 - <unknown>
[INFO] [stdout]   19:     0x602521c350b2 - <unknown>
[INFO] [stdout]   20:     0x602521db30a9 - <unknown>
[INFO] [stdout]   21:     0x779b2b3f7dfa - <unknown>
[INFO] [stdout]   22:     0x779b2b48b3d4 - clone
[INFO] [stdout]   23:                0x0 - <unknown>
[INFO] [stdout] 
[INFO] [stdout] ---- config::discover::tests::config_project_block_default_root stdout ----
[INFO] [stdout] 
[INFO] [stdout] thread 'config::discover::tests::config_project_block_default_root' (1598) panicked at src/utils/testing.rs:86:44:
[INFO] [stdout] create tempdir: Os { code: 30, kind: ReadOnlyFilesystem, message: "Read-only file system" }
[INFO] [stdout] stack backtrace:
[INFO] [stdout]    0:     0x602521db4061 - <unknown>
[INFO] [stdout]    1:     0x602521dcbb8a - <unknown>
[INFO] [stdout]    2:     0x602521db8d3c - <unknown>
[INFO] [stdout]    3:     0x602521d8d576 - <unknown>
[INFO] [stdout]    4:     0x602521dab2a9 - <unknown>
[INFO] [stdout]    5:     0x602521c31600 - <unknown>
[INFO] [stdout]    6:     0x602521dab5d2 - <unknown>
[INFO] [stdout]    7:     0x602521d8d622 - <unknown>
[INFO] [stdout]    8:     0x602521d85ac9 - <unknown>
[INFO] [stdout]    9:     0x602521d8e32d - <unknown>
[INFO] [stdout]   10:     0x602521dcc3ac - <unknown>
[INFO] [stdout]   11:     0x602521dcc182 - <unknown>
[INFO] [stdout]   12:     0x602521be79e4 - <unknown>
[INFO] [stdout]   13:     0x602521be69f9 - <unknown>
[INFO] [stdout]   14:     0x602521bc9afd - <unknown>
[INFO] [stdout]   15:     0x602521bb59b9 - <unknown>
[INFO] [stdout]   16:     0x602521c248eb - <unknown>
[INFO] [stdout]   17:     0x602521c31f55 - <unknown>
[INFO] [stdout]   18:     0x602521c2b814 - <unknown>
[INFO] [stdout]   19:     0x602521c350b2 - <unknown>
[INFO] [stdout]   20:     0x602521db30a9 - <unknown>
[INFO] [stdout]   21:     0x779b2b3f7dfa - <unknown>
[INFO] [stdout]   22:     0x779b2b48b3d4 - clone
[INFO] [stdout]   23:                0x0 - <unknown>
[INFO] [stdout] 
[INFO] [stdout] ---- config::discover::tests::resolve_project_root_rejects_empty_string stdout ----
[INFO] [stdout] 
[INFO] [stdout] thread 'config::discover::tests::resolve_project_root_rejects_empty_string' (1606) panicked at src/utils/testing.rs:86:44:
[INFO] [stdout] create tempdir: Os { code: 30, kind: ReadOnlyFilesystem, message: "Read-only file system" }
[INFO] [stdout] stack backtrace:
[INFO] [stdout]    0:     0x602521db4061 - <unknown>
[INFO] [stdout]    1:     0x602521dcbb8a - <unknown>
[INFO] [stdout]    2:     0x602521db8d3c - <unknown>
[INFO] [stdout]    3:     0x602521d8d576 - <unknown>
[INFO] [stdout]    4:     0x602521dab2a9 - <unknown>
[INFO] [stdout]    5:     0x602521c31600 - <unknown>
[INFO] [stdout]    6:     0x602521dab5d2 - <unknown>
[INFO] [stdout]    7:     0x602521d8d622 - <unknown>
[INFO] [stdout]    8:     0x602521d85ac9 - <unknown>
[INFO] [stdout]    9:     0x602521d8e32d - <unknown>
[INFO] [stdout]   10:     0x602521dcc3ac - <unknown>
[INFO] [stdout]   11:     0x602521dcc182 - <unknown>
[INFO] [stdout]   12:     0x602521be79e4 - <unknown>
[INFO] [stdout]   13:     0x602521be376e - <unknown>
[INFO] [stdout]   14:     0x602521bcaab0 - <unknown>
[INFO] [stdout]   15:     0x602521bb5a39 - <unknown>
[INFO] [stdout]   16:     0x602521c248eb - <unknown>
[INFO] [stdout]   17:     0x602521c31f55 - <unknown>
[INFO] [stdout]   18:     0x602521c2b814 - <unknown>
[INFO] [stdout]   19:     0x602521c350b2 - <unknown>
[INFO] [stdout]   20:     0x602521db30a9 - <unknown>
[INFO] [stdout]   21:     0x779b2b3f7dfa - <unknown>
[INFO] [stdout]   22:     0x779b2b48b3d4 - clone
[INFO] [stdout]   23:                0x0 - <unknown>
[INFO] [stdout] 
[INFO] [stdout] ---- pipeline::run::tests::action_and_trailing_comment_skip_compose_without_conflict stdout ----
[INFO] [stdout] 
[INFO] [stdout] thread 'pipeline::run::tests::action_and_trailing_comment_skip_compose_without_conflict' (1675) panicked at src/utils/testing.rs:86:44:
[INFO] [stdout] create tempdir: Os { code: 30, kind: ReadOnlyFilesystem, message: "Read-only file system" }
[INFO] [stdout] stack backtrace:
[INFO] [stdout]    0:     0x602521db4061 - <unknown>
[INFO] [stdout]    1:     0x602521dcbb8a - <unknown>
[INFO] [stdout]    2:     0x602521db8d3c - <unknown>
[INFO] [stdout]    3:     0x602521d8d576 - <unknown>
[INFO] [stdout]    4:     0x602521dab2a9 - <unknown>
[INFO] [stdout]    5:     0x602521c31600 - <unknown>
[INFO] [stdout]    6:     0x602521dab5d2 - <unknown>
[INFO] [stdout]    7:     0x602521d8d622 - <unknown>
[INFO] [stdout]    8:     0x602521d85ac9 - <unknown>
[INFO] [stdout]    9:     0x602521d8e32d - <unknown>
[INFO] [stdout]   10:     0x602521dcc3ac - <unknown>
[INFO] [stdout]   11:     0x602521dcc182 - <unknown>
[INFO] [stdout]   12:     0x602521be79e4 - <unknown>
[INFO] [stdout]   13:     0x602521be376e - <unknown>
[INFO] [stdout]   14:     0x602521bed942 - <unknown>
[INFO] [stdout]   15:     0x602521bb6019 - <unknown>
[INFO] [stdout]   16:     0x602521c248eb - <unknown>
[INFO] [stdout]   17:     0x602521c31f55 - <unknown>
[INFO] [stdout]   18:     0x602521c2b814 - <unknown>
[INFO] [stdout]   19:     0x602521c350b2 - <unknown>
[INFO] [stdout]   20:     0x602521db30a9 - <unknown>
[INFO] [stdout]   21:     0x779b2b3f7dfa - <unknown>
[INFO] [stdout]   22:     0x779b2b48b3d4 - clone
[INFO] [stdout]   23:                0x0 - <unknown>
[INFO] [stdout] 
[INFO] [stdout] ---- pipeline::run::tests::agreeing_rules_collapse_to_a_single_rewrite stdout ----
[INFO] [stdout] 
[INFO] [stdout] thread 'pipeline::run::tests::agreeing_rules_collapse_to_a_single_rewrite' (1676) panicked at src/utils/testing.rs:86:44:
[INFO] [stdout] create tempdir: Os { code: 30, kind: ReadOnlyFilesystem, message: "Read-only file system" }
[INFO] [stdout] stack backtrace:
[INFO] [stdout]    0:     0x602521db4061 - <unknown>
[INFO] [stdout]    1:     0x602521dcbb8a - <unknown>
[INFO] [stdout]    2:     0x602521db8d3c - <unknown>
[INFO] [stdout]    3:     0x602521d8d576 - <unknown>
[INFO] [stdout]    4:     0x602521dab2a9 - <unknown>
[INFO] [stdout]    5:     0x602521c31600 - <unknown>
[INFO] [stdout]    6:     0x602521dab5d2 - <unknown>
[INFO] [stdout]    7:     0x602521d8d622 - <unknown>
[INFO] [stdout]    8:     0x602521d85ac9 - <unknown>
[INFO] [stdout]    9:     0x602521d8e32d - <unknown>
[INFO] [stdout]   10:     0x602521dcc3ac - <unknown>
[INFO] [stdout]   11:     0x602521dcc182 - <unknown>
[INFO] [stdout]   12:     0x602521be79e4 - <unknown>
[INFO] [stdout]   13:     0x602521be376e - <unknown>
[INFO] [stdout]   14:     0x602521be9fa7 - <unknown>
[INFO] [stdout]   15:     0x602521bb5e39 - <unknown>
[INFO] [stdout]   16:     0x602521c248eb - <unknown>
[INFO] [stdout]   17:     0x602521c31f55 - <unknown>
[INFO] [stdout]   18:     0x602521c2b814 - <unknown>
[INFO] [stdout]   19:     0x602521c350b2 - <unknown>
[INFO] [stdout]   20:     0x602521db30a9 - <unknown>
[INFO] [stdout]   21:     0x779b2b3f7dfa - <unknown>
[INFO] [stdout]   22:     0x779b2b48b3d4 - clone
[INFO] [stdout]   23:                0x0 - <unknown>
[INFO] [stdout] 
[INFO] [stdout] ---- pipeline::run::tests::ambiguous_include_can_use_first_directory_for_resolve stdout ----
[INFO] [stdout] 
[INFO] [stdout] thread 'pipeline::run::tests::ambiguous_include_can_use_first_directory_for_resolve' (1678) panicked at src/utils/testing.rs:86:44:
[INFO] [stdout] create tempdir: Os { code: 30, kind: ReadOnlyFilesystem, message: "Read-only file system" }
[INFO] [stdout] stack backtrace:
[INFO] [stdout]    0:     0x602521db4061 - <unknown>
[INFO] [stdout]    1:     0x602521dcbb8a - <unknown>
[INFO] [stdout]    2:     0x602521db8d3c - <unknown>
[INFO] [stdout]    3:     0x602521d8d576 - <unknown>
[INFO] [stdout]    4:     0x602521dab2a9 - <unknown>
[INFO] [stdout]    5:     0x602521c31600 - <unknown>
[INFO] [stdout]    6:     0x602521dab5d2 - <unknown>
[INFO] [stdout]    7:     0x602521d8d622 - <unknown>
[INFO] [stdout]    8:     0x602521d85ac9 - <unknown>
[INFO] [stdout]    9:     0x602521d8e32d - <unknown>
[INFO] [stdout]   10:     0x602521dcc3ac - <unknown>
[INFO] [stdout]   11:     0x602521dcc182 - <unknown>
[INFO] [stdout]   12:     0x602521be79e4 - <unknown>
[INFO] [stdout]   13:     0x602521be376e - <unknown>
[INFO] [stdout]   14:     0x602521bec807 - <unknown>
[INFO] [stdout]   15:     0x602521bb5fb9 - <unknown>
[INFO] [stdout]   16:     0x602521c248eb - <unknown>
[INFO] [stdout]   17:     0x602521c31f55 - <unknown>
[INFO] [stdout]   18:     0x602521c2b814 - <unknown>
[INFO] [stdout]   19:     0x602521c350b2 - <unknown>
[INFO] [stdout]   20:     0x602521db30a9 - <unknown>
[INFO] [stdout]   21:     0x779b2b3f7dfa - <unknown>
[INFO] [stdout]   22:     0x779b2b48b3d4 - clone
[INFO] [stdout]   23:                0x0 - <unknown>
[INFO] [stdout] 
[INFO] [stdout] ---- pipeline::run::tests::ambiguous_include_defaults_to_error_when_directories_are_configured stdout ----
[INFO] [stdout] 
[INFO] [stdout] thread 'pipeline::run::tests::ambiguous_include_defaults_to_error_when_directories_are_configured' (1679) panicked at src/utils/testing.rs:86:44:
[INFO] [stdout] create tempdir: Os { code: 30, kind: ReadOnlyFilesystem, message: "Read-only file system" }
[INFO] [stdout] stack backtrace:
[INFO] [stdout]    0:     0x602521db4061 - <unknown>
[INFO] [stdout]    1:     0x602521dcbb8a - <unknown>
[INFO] [stdout]    2:     0x602521db8d3c - <unknown>
[INFO] [stdout]    3:     0x602521d8d576 - <unknown>
[INFO] [stdout]    4:     0x602521dab2a9 - <unknown>
[INFO] [stdout]    5:     0x602521c31600 - <unknown>
[INFO] [stdout]    6:     0x602521dab5d2 - <unknown>
[INFO] [stdout]    7:     0x602521d8d622 - <unknown>
[INFO] [stdout]    8:     0x602521d85ac9 - <unknown>
[INFO] [stdout]    9:     0x602521d8e32d - <unknown>
[INFO] [stdout]   10:     0x602521dcc3ac - <unknown>
[INFO] [stdout]   11:     0x602521dcc182 - <unknown>
[INFO] [stdout]   12:     0x602521be79e4 - <unknown>
[INFO] [stdout]   13:     0x602521be376e - <unknown>
[INFO] [stdout]   14:     0x602521beeb07 - <unknown>
[INFO] [stdout]   15:     0x602521bb60b9 - <unknown>
[INFO] [stdout]   16:     0x602521c248eb - <unknown>
[INFO] [stdout]   17:     0x602521c31f55 - <unknown>
[INFO] [stdout]   18:     0x602521c2b814 - <unknown>
[INFO] [stdout]   19:     0x602521c350b2 - <unknown>
[INFO] [stdout]   20:     0x602521db30a9 - <unknown>
[INFO] [stdout]   21:     0x779b2b3f7dfa - <unknown>
[INFO] [stdout]   22:     0x779b2b48b3d4 - clone
[INFO] [stdout]   23:                0x0 - <unknown>
[INFO] [stdout] 
[INFO] [stdout] ---- pipeline::run::tests::ambiguous_include_can_skip_rule stdout ----
[INFO] [stdout] 
[INFO] [stdout] thread 'pipeline::run::tests::ambiguous_include_can_skip_rule' (1677) panicked at src/utils/testing.rs:86:44:
[INFO] [stdout] create tempdir: Os { code: 30, kind: ReadOnlyFilesystem, message: "Read-only file system" }
[INFO] [stdout] stack backtrace:
[INFO] [stdout]    0:     0x602521db4061 - <unknown>
[INFO] [stdout]    1:     0x602521dcbb8a - <unknown>
[INFO] [stdout]    2:     0x602521db8d3c - <unknown>
[INFO] [stdout]    3:     0x602521d8d576 - <unknown>
[INFO] [stdout]    4:     0x602521dab2a9 - <unknown>
[INFO] [stdout]    5:     0x602521c31600 - <unknown>
[INFO] [stdout]    6:     0x602521dab5d2 - <unknown>
[INFO] [stdout]    7:     0x602521d8d622 - <unknown>
[INFO] [stdout]    8:     0x602521d85ac9 - <unknown>
[INFO] [stdout]    9:     0x602521d8e32d - <unknown>
[INFO] [stdout]   10:     0x602521dcc3ac - <unknown>
[INFO] [stdout]   11:     0x602521dcc182 - <unknown>
[INFO] [stdout]   12:     0x602521be79e4 - <unknown>
[INFO] [stdout]   13:     0x602521be376e - <unknown>
[INFO] [stdout]   14:     0x602521be9141 - <unknown>
[INFO] [stdout]   15:     0x602521bb5d79 - <unknown>
[INFO] [stdout]   16:     0x602521c248eb - <unknown>
[INFO] [stdout]   17:     0x602521c31f55 - <unknown>
[INFO] [stdout]   18:     0x602521c2b814 - <unknown>
[INFO] [stdout]   19:     0x602521c350b2 - <unknown>
[INFO] [stdout]   20:     0x602521db30a9 - <unknown>
[INFO] [stdout]   21:     0x779b2b3f7dfa - <unknown>
[INFO] [stdout]   22:     0x779b2b48b3d4 - clone
[INFO] [stdout]   23:                0x0 - <unknown>
[INFO] [stdout] 
[INFO] [stdout] ---- pipeline::run::tests::bom_is_preserved_across_apply stdout ----
[INFO] [stdout] 
[INFO] [stdout] thread 'pipeline::run::tests::bom_is_preserved_across_apply' (1680) panicked at src/utils/testing.rs:86:44:
[INFO] [stdout] create tempdir: Os { code: 30, kind: ReadOnlyFilesystem, message: "Read-only file system" }
[INFO] [stdout] stack backtrace:
[INFO] [stdout]    0:     0x602521db4061 - <unknown>
[INFO] [stdout]    1:     0x602521dcbb8a - <unknown>
[INFO] [stdout]    2:     0x602521db8d3c - <unknown>
[INFO] [stdout]    3:     0x602521d8d576 - <unknown>
[INFO] [stdout]    4:     0x602521dab2a9 - <unknown>
[INFO] [stdout]    5:     0x602521c31600 - <unknown>
[INFO] [stdout]    6:     0x602521dab5d2 - <unknown>
[INFO] [stdout]    7:     0x602521d8d622 - <unknown>
[INFO] [stdout]    8:     0x602521d85ac9 - <unknown>
[INFO] [stdout]    9:     0x602521d8e32d - <unknown>
[INFO] [stdout]   10:     0x602521dcc3ac - <unknown>
[INFO] [stdout]   11:     0x602521dcc182 - <unknown>
[INFO] [stdout]   12:     0x602521be79e4 - <unknown>
[INFO] [stdout]   13:     0x602521be376e - <unknown>
[INFO] [stdout]   14:     0x602521be83bb - <unknown>
[INFO] [stdout]   15:     0x602521bb5d19 - <unknown>
[INFO] [stdout]   16:     0x602521c248eb - <unknown>
[INFO] [stdout]   17:     0x602521c31f55 - <unknown>
[INFO] [stdout]   18:     0x602521c2b814 - <unknown>
[INFO] [stdout]   19:     0x602521c350b2 - <unknown>
[INFO] [stdout]   20:     0x602521db30a9 - <unknown>
[INFO] [stdout]   21:     0x779b2b3f7dfa - <unknown>
[INFO] [stdout]   22:     0x779b2b48b3d4 - clone
[INFO] [stdout]   23:                0x0 - <unknown>
[INFO] [stdout] 
[INFO] [stdout] ---- pipeline::run::tests::config_mode_compiles_include_match_globs stdout ----
[INFO] [stdout] 
[INFO] [stdout] thread 'pipeline::run::tests::config_mode_compiles_include_match_globs' (1682) panicked at src/utils/testing.rs:86:44:
[INFO] [stdout] create tempdir: Os { code: 30, kind: ReadOnlyFilesystem, message: "Read-only file system" }
[INFO] [stdout] stack backtrace:
[INFO] [stdout]    0:     0x602521db4061 - <unknown>
[INFO] [stdout]    1:     0x602521dcbb8a - <unknown>
[INFO] [stdout]    2:     0x602521db8d3c - <unknown>
[INFO] [stdout]    3:     0x602521d8d576 - <unknown>
[INFO] [stdout]    4:     0x602521dab2a9 - <unknown>
[INFO] [stdout]    5:     0x602521c31600 - <unknown>
[INFO] [stdout]    6:     0x602521dab5d2 - <unknown>
[INFO] [stdout]    7:     0x602521d8d622 - <unknown>
[INFO] [stdout]    8:     0x602521d85ac9 - <unknown>
[INFO] [stdout]    9:     0x602521d8e32d - <unknown>
[INFO] [stdout]   10:     0x602521dcc3ac - <unknown>
[INFO] [stdout]   11:     0x602521dcc182 - <unknown>
[INFO] [stdout]   12:     0x602521be79e4 - <unknown>
[INFO] [stdout]   13:     0x602521be376e - <unknown>
[INFO] [stdout]   14:     0x602521be7d1f - <unknown>
[INFO] [stdout]   15:     0x602521be974e - <unknown>
[INFO] [stdout]   16:     0x602521bb5dd9 - <unknown>
[INFO] [stdout]   17:     0x602521c248eb - <unknown>
[INFO] [stdout]   18:     0x602521c31f55 - <unknown>
[INFO] [stdout]   19:     0x602521c2b814 - <unknown>
[INFO] [stdout]   20:     0x602521c350b2 - <unknown>
[INFO] [stdout]   21:     0x602521db30a9 - <unknown>
[INFO] [stdout]   22:     0x779b2b3f7dfa - <unknown>
[INFO] [stdout]   23:     0x779b2b48b3d4 - clone
[INFO] [stdout]   24:                0x0 - <unknown>
[INFO] [stdout] 
[INFO] [stdout] ---- pipeline::run::tests::config_mode_compiles_include_resolved_match_globs stdout ----
[INFO] [stdout] 
[INFO] [stdout] thread 'pipeline::run::tests::config_mode_compiles_include_resolved_match_globs' (1683) panicked at src/utils/testing.rs:86:44:
[INFO] [stdout] create tempdir: Os { code: 30, kind: ReadOnlyFilesystem, message: "Read-only file system" }
[INFO] [stdout] stack backtrace:
[INFO] [stdout]    0:     0x602521db4061 - <unknown>
[INFO] [stdout]    1:     0x602521dcbb8a - <unknown>
[INFO] [stdout]    2:     0x602521db8d3c - <unknown>
[INFO] [stdout]    3:     0x602521d8d576 - <unknown>
[INFO] [stdout]    4:     0x602521dab2a9 - <unknown>
[INFO] [stdout]    5:     0x602521c31600 - <unknown>
[INFO] [stdout]    6:     0x602521dab5d2 - <unknown>
[INFO] [stdout]    7:     0x602521d8d622 - <unknown>
[INFO] [stdout]    8:     0x602521d85ac9 - <unknown>
[INFO] [stdout]    9:     0x602521d8e32d - <unknown>
[INFO] [stdout]   10:     0x602521dcc3ac - <unknown>
[INFO] [stdout]   11:     0x602521dcc182 - <unknown>
[INFO] [stdout]   12:     0x602521be79e4 - <unknown>
[INFO] [stdout]   13:     0x602521be376e - <unknown>
[INFO] [stdout]   14:     0x602521be7d1f - <unknown>
[INFO] [stdout]   15:     0x602521beba0e - <unknown>
[INFO] [stdout]   16:     0x602521bb5f39 - <unknown>
[INFO] [stdout]   17:     0x602521c248eb - <unknown>
[INFO] [stdout]   18:     0x602521c31f55 - <unknown>
[INFO] [stdout]   19:     0x602521c2b814 - <unknown>
[INFO] [stdout]   20:     0x602521c350b2 - <unknown>
[INFO] [stdout]   21:     0x602521db30a9 - <unknown>
[INFO] [stdout]   22:     0x779b2b3f7dfa - <unknown>
[INFO] [stdout]   23:     0x779b2b48b3d4 - clone
[INFO] [stdout]   24:                0x0 - <unknown>
[INFO] [stdout] 
[INFO] [stdout] ---- pipeline::run::tests::config_mode_compiles_file_path_globs stdout ----
[INFO] [stdout] 
[INFO] [stdout] thread 'pipeline::run::tests::config_mode_compiles_file_path_globs' (1681) panicked at src/utils/testing.rs:86:44:
[INFO] [stdout] create tempdir: Os { code: 30, kind: ReadOnlyFilesystem, message: "Read-only file system" }
[INFO] [stdout] stack backtrace:
[INFO] [stdout]    0:     0x602521db4061 - <unknown>
[INFO] [stdout]    1:     0x602521dcbb8a - <unknown>
[INFO] [stdout]    2:     0x602521db8d3c - <unknown>
[INFO] [stdout]    3:     0x602521d8d576 - <unknown>
[INFO] [stdout]    4:     0x602521dab2a9 - <unknown>
[INFO] [stdout]    5:     0x602521c31600 - <unknown>
[INFO] [stdout]    6:     0x602521dab5d2 - <unknown>
[INFO] [stdout]    7:     0x602521d8d622 - <unknown>
[INFO] [stdout]    8:     0x602521d85ac9 - <unknown>
[INFO] [stdout]    9:     0x602521d8e32d - <unknown>
[INFO] [stdout]   10:     0x602521dcc3ac - <unknown>
[INFO] [stdout]   11:     0x602521dcc182 - <unknown>
[INFO] [stdout]   12:     0x602521be79e4 - <unknown>
[INFO] [stdout]   13:     0x602521be376e - <unknown>
[INFO] [stdout]   14:     0x602521be7d1f - <unknown>
[INFO] [stdout]   15:     0x602521be968e - <unknown>
[INFO] [stdout]   16:     0x602521bb5db9 - <unknown>
[INFO] [stdout]   17:     0x602521c248eb - <unknown>
[INFO] [stdout]   18:     0x602521c31f55 - <unknown>
[INFO] [stdout]   19:     0x602521c2b814 - <unknown>
[INFO] [stdout]   20:     0x602521c350b2 - <unknown>
[INFO] [stdout]   21:     0x602521db30a9 - <unknown>
[INFO] [stdout]   22:     0x779b2b3f7dfa - <unknown>
[INFO] [stdout]   23:     0x779b2b48b3d4 - clone
[INFO] [stdout]   24:                0x0 - <unknown>
[INFO] [stdout] 
[INFO] [stdout] ---- pipeline::run::tests::config_mode_compiles_suppression_regexes stdout ----
[INFO] [stdout] 
[INFO] [stdout] thread 'pipeline::run::tests::config_mode_compiles_suppression_regexes' (1684) panicked at src/utils/testing.rs:86:44:
[INFO] [stdout] create tempdir: Os { code: 30, kind: ReadOnlyFilesystem, message: "Read-only file system" }
[INFO] [stdout] stack backtrace:
[INFO] [stdout]    0:     0x602521db4061 - <unknown>
[INFO] [stdout]    1:     0x602521dcbb8a - <unknown>
[INFO] [stdout]    2:     0x602521db8d3c - <unknown>
[INFO] [stdout]    3:     0x602521d8d576 - <unknown>
[INFO] [stdout]    4:     0x602521dab2a9 - <unknown>
[INFO] [stdout]    5:     0x602521c31600 - <unknown>
[INFO] [stdout]    6:     0x602521dab5d2 - <unknown>
[INFO] [stdout]    7:     0x602521d8d622 - <unknown>
[INFO] [stdout]    8:     0x602521d85ac9 - <unknown>
[INFO] [stdout]    9:     0x602521d8e32d - <unknown>
[INFO] [stdout]   10:     0x602521dcc3ac - <unknown>
[INFO] [stdout]   11:     0x602521dcc182 - <unknown>
[INFO] [stdout]   12:     0x602521be79e4 - <unknown>
[INFO] [stdout]   13:     0x602521be376e - <unknown>
[INFO] [stdout]   14:     0x602521be7d1f - <unknown>
[INFO] [stdout]   15:     0x602521be980e - <unknown>
[INFO] [stdout]   16:     0x602521bb5df9 - <unknown>
[INFO] [stdout]   17:     0x602521c248eb - <unknown>
[INFO] [stdout]   18:     0x602521c31f55 - <unknown>
[INFO] [stdout]   19:     0x602521c2b814 - <unknown>
[INFO] [stdout]   20:     0x602521c350b2 - <unknown>
[INFO] [stdout]   21:     0x602521db30a9 - <unknown>
[INFO] [stdout]   22:     0x779b2b3f7dfa - <unknown>
[INFO] [stdout]   23:     0x779b2b48b3d4 - clone
[INFO] [stdout]   24:                0x0 - <unknown>
[INFO] [stdout] 
[INFO] [stdout] ---- pipeline::run::tests::config_mode_compiles_trailing_comment_regexes stdout ----
[INFO] [stdout] 
[INFO] [stdout] thread 'pipeline::run::tests::config_mode_compiles_trailing_comment_regexes' (1685) panicked at src/utils/testing.rs:86:44:
[INFO] [stdout] create tempdir: Os { code: 30, kind: ReadOnlyFilesystem, message: "Read-only file system" }
[INFO] [stdout] stack backtrace:
[INFO] [stdout]    0:     0x602521db4061 - <unknown>
[INFO] [stdout]    1:     0x602521dcbb8a - <unknown>
[INFO] [stdout]    2:     0x602521db8d3c - <unknown>
[INFO] [stdout]    3:     0x602521d8d576 - <unknown>
[INFO] [stdout]    4:     0x602521dab2a9 - <unknown>
[INFO] [stdout]    5:     0x602521c31600 - <unknown>
[INFO] [stdout]    6:     0x602521dab5d2 - <unknown>
[INFO] [stdout]    7:     0x602521d8d622 - <unknown>
[INFO] [stdout]    8:     0x602521d85ac9 - <unknown>
[INFO] [stdout]    9:     0x602521d8e32d - <unknown>
[INFO] [stdout]   10:     0x602521dcc3ac - <unknown>
[INFO] [stdout]   11:     0x602521dcc182 - <unknown>
[INFO] [stdout]   12:     0x602521be79e4 - <unknown>
[INFO] [stdout]   13:     0x602521be376e - <unknown>
[INFO] [stdout]   14:     0x602521be7d1f - <unknown>
[INFO] [stdout]   15:     0x602521bea29e - <unknown>
[INFO] [stdout]   16:     0x602521bb5e59 - <unknown>
[INFO] [stdout]   17:     0x602521c248eb - <unknown>
[INFO] [stdout]   18:     0x602521c31f55 - <unknown>
[INFO] [stdout]   19:     0x602521c2b814 - <unknown>
[INFO] [stdout]   20:     0x602521c350b2 - <unknown>
[INFO] [stdout]   21:     0x602521db30a9 - <unknown>
[INFO] [stdout]   22:     0x779b2b3f7dfa - <unknown>
[INFO] [stdout]   23:     0x779b2b48b3d4 - clone
[INFO] [stdout]   24:                0x0 - <unknown>
[INFO] [stdout] 
[INFO] [stdout] ---- pipeline::run::tests::config_mode_skips_source_scan stdout ----
[INFO] [stdout] 
[INFO] [stdout] thread 'pipeline::run::tests::config_mode_skips_source_scan' (1686) panicked at src/utils/testing.rs:86:44:
[INFO] [stdout] create tempdir: Os { code: 30, kind: ReadOnlyFilesystem, message: "Read-only file system" }
[INFO] [stdout] stack backtrace:
[INFO] [stdout]    0:     0x602521db4061 - <unknown>
[INFO] [stdout]    1:     0x602521dcbb8a - <unknown>
[INFO] [stdout]    2:     0x602521db8d3c - <unknown>
[INFO] [stdout]    3:     0x602521d8d576 - <unknown>
[INFO] [stdout]    4:     0x602521dab2a9 - <unknown>
[INFO] [stdout]    5:     0x602521c31600 - <unknown>
[INFO] [stdout]    6:     0x602521dab5d2 - <unknown>
[INFO] [stdout]    7:     0x602521d8d622 - <unknown>
[INFO] [stdout]    8:     0x602521d85ac9 - <unknown>
[INFO] [stdout]    9:     0x602521d8e32d - <unknown>
[INFO] [stdout]   10:     0x602521dcc3ac - <unknown>
[INFO] [stdout]   11:     0x602521dcc182 - <unknown>
[INFO] [stdout]   12:     0x602521be79e4 - <unknown>
[INFO] [stdout]   13:     0x602521be376e - <unknown>
[INFO] [stdout]   14:     0x602521be8a97 - <unknown>
[INFO] [stdout]   15:     0x602521bb5d39 - <unknown>
[INFO] [stdout]   16:     0x602521c248eb - <unknown>
[INFO] [stdout]   17:     0x602521c31f55 - <unknown>
[INFO] [stdout]   18:     0x602521c2b814 - <unknown>
[INFO] [stdout]   19:     0x602521c350b2 - <unknown>
[INFO] [stdout]   20:     0x602521db30a9 - <unknown>
[INFO] [stdout]   21:     0x779b2b3f7dfa - <unknown>
[INFO] [stdout]   22:     0x779b2b48b3d4 - clone
[INFO] [stdout]   23:                0x0 - <unknown>
[INFO] [stdout] 
[INFO] [stdout] ---- pipeline::run::tests::include_forms_replaces_match_forms_for_form_matching stdout ----
[INFO] [stdout] 
[INFO] [stdout] thread 'pipeline::run::tests::include_forms_replaces_match_forms_for_form_matching' (1689) panicked at src/utils/testing.rs:86:44:
[INFO] [stdout] create tempdir: Os { code: 30, kind: ReadOnlyFilesystem, message: "Read-only file system" }
[INFO] [stdout] stack backtrace:
[INFO] [stdout]    0:     0x602521db4061 - <unknown>
[INFO] [stdout]    1:     0x602521dcbb8a - <unknown>
[INFO] [stdout]    2:     0x602521db8d3c - <unknown>
[INFO] [stdout]    3:     0x602521d8d576 - <unknown>
[INFO] [stdout]    4:     0x602521dab2a9 - <unknown>
[INFO] [stdout]    5:     0x602521c31600 - <unknown>
[INFO] [stdout]    6:     0x602521dab5d2 - <unknown>
[INFO] [stdout]    7:     0x602521d8d622 - <unknown>
[INFO] [stdout]    8:     0x602521d85ac9 - <unknown>
[INFO] [stdout]    9:     0x602521d8e32d - <unknown>
[INFO] [stdout]   10:     0x602521dcc3ac - <unknown>
[INFO] [stdout]   11:     0x602521dcc182 - <unknown>
[INFO] [stdout]   12:     0x602521be79e4 - <unknown>
[INFO] [stdout]   13:     0x602521be376e - <unknown>
[INFO] [stdout]   14:     0x602521bec531 - <unknown>
[INFO] [stdout]   15:     0x602521bb5f99 - <unknown>
[INFO] [stdout]   16:     0x602521c248eb - <unknown>
[INFO] [stdout]   17:     0x602521c31f55 - <unknown>
[INFO] [stdout]   18:     0x602521c2b814 - <unknown>
[INFO] [stdout]   19:     0x602521c350b2 - <unknown>
[INFO] [stdout]   20:     0x602521db30a9 - <unknown>
[INFO] [stdout]   21:     0x779b2b3f7dfa - <unknown>
[INFO] [stdout]   22:     0x779b2b48b3d4 - clone
[INFO] [stdout]   23:                0x0 - <unknown>
[INFO] [stdout] 
[INFO] [stdout] ---- pipeline::run::tests::macro_include_definition_edit_conflict_is_unfixable stdout ----
[INFO] [stdout] 
[INFO] [stdout] thread 'pipeline::run::tests::macro_include_definition_edit_conflict_is_unfixable' (1694) panicked at src/utils/testing.rs:86:44:
[INFO] [stdout] create tempdir: Os { code: 30, kind: ReadOnlyFilesystem, message: "Read-only file system" }
[INFO] [stdout] stack backtrace:
[INFO] [stdout]    0:     0x602521db4061 - <unknown>
[INFO] [stdout]    1:     0x602521dcbb8a - <unknown>
[INFO] [stdout]    2:     0x602521db8d3c - <unknown>
[INFO] [stdout]    3:     0x602521d8d576 - <unknown>
[INFO] [stdout]    4:     0x602521dab2a9 - <unknown>
[INFO] [stdout]    5:     0x602521c31600 - <unknown>
[INFO] [stdout]    6:     0x602521dab5d2 - <unknown>
[INFO] [stdout]    7:     0x602521d8d622 - <unknown>
[INFO] [stdout]    8:     0x602521d85ac9 - <unknown>
[INFO] [stdout]    9:     0x602521d8e32d - <unknown>
[INFO] [stdout]   10:     0x602521dcc3ac - <unknown>
[INFO] [stdout]   11:     0x602521dcc182 - <unknown>
[INFO] [stdout]   12:     0x602521be79e4 - <unknown>
[INFO] [stdout]   13:     0x602521be376e - <unknown>
[INFO] [stdout]   14:     0x602521bebb3f - <unknown>
[INFO] [stdout]   15:     0x602521bb5f59 - <unknown>
[INFO] [stdout]   16:     0x602521c248eb - <unknown>
[INFO] [stdout]   17:     0x602521c31f55 - <unknown>
[INFO] [stdout]   18:     0x602521c2b814 - <unknown>
[INFO] [stdout]   19:     0x602521c350b2 - <unknown>
[INFO] [stdout]   20:     0x602521db30a9 - <unknown>
[INFO] [stdout]   21:     0x779b2b3f7dfa - <unknown>
[INFO] [stdout]   22:     0x779b2b48b3d4 - clone
[INFO] [stdout]   23:                0x0 - <unknown>
[INFO] [stdout] 
[INFO] [stdout] ---- pipeline::run::tests::keep_action_produces_no_edits stdout ----
[INFO] [stdout] 
[INFO] [stdout] thread 'pipeline::run::tests::keep_action_produces_no_edits' (1692) panicked at src/utils/testing.rs:86:44:
[INFO] [stdout] create tempdir: Os { code: 30, kind: ReadOnlyFilesystem, message: "Read-only file system" }
[INFO] [stdout] stack backtrace:
[INFO] [stdout]    0:     0x602521db4061 - <unknown>
[INFO] [stdout]    1:     0x602521dcbb8a - <unknown>
[INFO] [stdout]    2:     0x602521db8d3c - <unknown>
[INFO] [stdout]    3:     0x602521d8d576 - <unknown>
[INFO] [stdout]    4:     0x602521dab2a9 - <unknown>
[INFO] [stdout]    5:     0x602521c31600 - <unknown>
[INFO] [stdout]    6:     0x602521dab5d2 - <unknown>
[INFO] [stdout]    7:     0x602521d8d622 - <unknown>
[INFO] [stdout]    8:     0x602521d85ac9 - <unknown>
[INFO] [stdout]    9:     0x602521d8e32d - <unknown>
[INFO] [stdout]   10:     0x602521dcc3ac - <unknown>
[INFO] [stdout]   11:     0x602521dcc182 - <unknown>
[INFO] [stdout]   12:     0x602521be79e4 - <unknown>
[INFO] [stdout]   13:     0x602521be376e - <unknown>
[INFO] [stdout]   14:     0x602521be8e81 - <unknown>
[INFO] [stdout]   15:     0x602521bb5d59 - <unknown>
[INFO] [stdout]   16:     0x602521c248eb - <unknown>
[INFO] [stdout]   17:     0x602521c31f55 - <unknown>
[INFO] [stdout]   18:     0x602521c2b814 - <unknown>
[INFO] [stdout]   19:     0x602521c350b2 - <unknown>
[INFO] [stdout]   20:     0x602521db30a9 - <unknown>
[INFO] [stdout]   21:     0x779b2b3f7dfa - <unknown>
[INFO] [stdout]   22:     0x779b2b48b3d4 - clone
[INFO] [stdout]   23:                0x0 - <unknown>
[INFO] [stdout] 
[INFO] [stdout] ---- pipeline::run::tests::error_action_produces_error_outcome_and_exit_2 stdout ----
[INFO] [stdout] 
[INFO] [stdout] thread 'pipeline::run::tests::error_action_produces_error_outcome_and_exit_2' (1688) panicked at src/utils/testing.rs:86:44:
[INFO] [stdout] create tempdir: Os { code: 30, kind: ReadOnlyFilesystem, message: "Read-only file system" }
[INFO] [stdout] stack backtrace:
[INFO] [stdout]    0:     0x602521db4061 - <unknown>
[INFO] [stdout]    1:     0x602521dcbb8a - <unknown>
[INFO] [stdout]    2:     0x602521db8d3c - <unknown>
[INFO] [stdout]    3:     0x602521d8d576 - <unknown>
[INFO] [stdout]    4:     0x602521dab2a9 - <unknown>
[INFO] [stdout]    5:     0x602521c31600 - <unknown>
[INFO] [stdout]    6:     0x602521dab5d2 - <unknown>
[INFO] [stdout]    7:     0x602521d8d622 - <unknown>
[INFO] [stdout]    8:     0x602521d85ac9 - <unknown>
[INFO] [stdout]    9:     0x602521d8e32d - <unknown>
[INFO] [stdout]   10:     0x602521dcc3ac - <unknown>
[INFO] [stdout]   11:     0x602521dcc182 - <unknown>
[INFO] [stdout]   12:     0x602521be79e4 - <unknown>
[INFO] [stdout]   13:     0x602521be376e - <unknown>
[INFO] [stdout]   14:     0x602521bea84c - <unknown>
[INFO] [stdout]   15:     0x602521bb5e99 - <unknown>
[INFO] [stdout]   16:     0x602521c248eb - <unknown>
[INFO] [stdout]   17:     0x602521c31f55 - <unknown>
[INFO] [stdout]   18:     0x602521c2b814 - <unknown>
[INFO] [stdout]   19:     0x602521c350b2 - <unknown>
[INFO] [stdout]   20:     0x602521db30a9 - <unknown>
[INFO] [stdout]   21:     0x779b2b3f7dfa - <unknown>
[INFO] [stdout]   22:     0x779b2b48b3d4 - clone
[INFO] [stdout]   23:                0x0 - <unknown>
[INFO] [stdout] 
[INFO] [stdout] ---- pipeline::run::tests::conflicting_rules_produce_conflict_and_exit_3 stdout ----
[INFO] [stdout] 
[INFO] [stdout] thread 'pipeline::run::tests::conflicting_rules_produce_conflict_and_exit_3' (1687) panicked at src/utils/testing.rs:86:44:
[INFO] [stdout] create tempdir: Os { code: 30, kind: ReadOnlyFilesystem, message: "Read-only file system" }
[INFO] [stdout] stack backtrace:
[INFO] [stdout]    0:     0x602521db4061 - <unknown>
[INFO] [stdout]    1:     0x602521dcbb8a - <unknown>
[INFO] [stdout]    2:     0x602521db8d3c - <unknown>
[INFO] [stdout]    3:     0x602521d8d576 - <unknown>
[INFO] [stdout]    4:     0x602521dab2a9 - <unknown>
[INFO] [stdout]    5:     0x602521c31600 - <unknown>
[INFO] [stdout]    6:     0x602521dab5d2 - <unknown>
[INFO] [stdout]    7:     0x602521d8d622 - <unknown>
[INFO] [stdout]    8:     0x602521d85ac9 - <unknown>
[INFO] [stdout]    9:     0x602521d8e32d - <unknown>
[INFO] [stdout]   10:     0x602521dcc3ac - <unknown>
[INFO] [stdout]   11:     0x602521dcc182 - <unknown>
[INFO] [stdout]   12:     0x602521be79e4 - <unknown>
[INFO] [stdout]   13:     0x602521be376e - <unknown>
[INFO] [stdout]   14:     0x602521bea3ca - <unknown>
[INFO] [stdout]   15:     0x602521bb5e79 - <unknown>
[INFO] [stdout]   16:     0x602521c248eb - <unknown>
[INFO] [stdout]   17:     0x602521c31f55 - <unknown>
[INFO] [stdout]   18:     0x602521c2b814 - <unknown>
[INFO] [stdout]   19:     0x602521c350b2 - <unknown>
[INFO] [stdout]   20:     0x602521db30a9 - <unknown>
[INFO] [stdout]   21:     0x779b2b3f7dfa - <unknown>
[INFO] [stdout]   22:     0x779b2b48b3d4 - clone
[INFO] [stdout]   23:                0x0 - <unknown>
[INFO] [stdout] 
[INFO] [stdout] ---- pipeline::run::tests::macro_definition_edit_outside_path_filter_is_unfixable stdout ----
[INFO] [stdout] 
[INFO] [stdout] thread 'pipeline::run::tests::macro_definition_edit_outside_path_filter_is_unfixable' (1693) panicked at src/utils/testing.rs:86:44:
[INFO] [stdout] create tempdir: Os { code: 30, kind: ReadOnlyFilesystem, message: "Read-only file system" }
[INFO] [stdout] stack backtrace:
[INFO] [stdout]    0:     0x602521db4061 - <unknown>
[INFO] [stdout]    1:     0x602521dcbb8a - <unknown>
[INFO] [stdout]    2:     0x602521db8d3c - <unknown>
[INFO] [stdout]    3:     0x602521d8d576 - <unknown>
[INFO] [stdout]    4:     0x602521dab2a9 - <unknown>
[INFO] [stdout]    5:     0x602521c31600 - <unknown>
[INFO] [stdout]    6:     0x602521dab5d2 - <unknown>
[INFO] [stdout]    7:     0x602521d8d622 - <unknown>
[INFO] [stdout]    8:     0x602521d85ac9 - <unknown>
[INFO] [stdout]    9:     0x602521d8e32d - <unknown>
[INFO] [stdout]   10:     0x602521dcc3ac - <unknown>
[INFO] [stdout]   11:     0x602521dcc182 - <unknown>
[INFO] [stdout]   12:     0x602521be79e4 - <unknown>
[INFO] [stdout]   13:     0x602521be376e - <unknown>
[INFO] [stdout]   14:     0x602521becb52 - <unknown>
[INFO] [stdout]   15:     0x602521bb5fd9 - <unknown>
[INFO] [stdout]   16:     0x602521c248eb - <unknown>
[INFO] [stdout]   17:     0x602521c31f55 - <unknown>
[INFO] [stdout]   18:     0x602521c2b814 - <unknown>
[INFO] [stdout]   19:     0x602521c350b2 - <unknown>
[INFO] [stdout]   20:     0x602521db30a9 - <unknown>
[INFO] [stdout]   21:     0x779b2b3f7dfa - <unknown>
[INFO] [stdout]   22:     0x779b2b48b3d4 - clone
[INFO] [stdout]   23:                0x0 - <unknown>
[INFO] [stdout] 
[INFO] [stdout] ---- pipeline::run::tests::macro_include_reuses_identical_definition_edit stdout ----
[INFO] [stdout] 
[INFO] [stdout] thread 'pipeline::run::tests::macro_include_reuses_identical_definition_edit' (1696) panicked at src/utils/testing.rs:86:44:
[INFO] [stdout] create tempdir: Os { code: 30, kind: ReadOnlyFilesystem, message: "Read-only file system" }
[INFO] [stdout] stack backtrace:
[INFO] [stdout]    0:     0x602521db4061 - <unknown>
[INFO] [stdout]    1:     0x602521dcbb8a - <unknown>
[INFO] [stdout]    2:     0x602521db8d3c - <unknown>
[INFO] [stdout]    3:     0x602521d8d576 - <unknown>
[INFO] [stdout]    4:     0x602521dab2a9 - <unknown>
[INFO] [stdout]    5:     0x602521c31600 - <unknown>
[INFO] [stdout]    6:     0x602521dab5d2 - <unknown>
[INFO] [stdout]    7:     0x602521d8d622 - <unknown>
[INFO] [stdout]    8:     0x602521d85ac9 - <unknown>
[INFO] [stdout]    9:     0x602521d8e32d - <unknown>
[INFO] [stdout]   10:     0x602521dcc3ac - <unknown>
[INFO] [stdout]   11:     0x602521dcc182 - <unknown>
[INFO] [stdout]   12:     0x602521be79e4 - <unknown>
[INFO] [stdout]   13:     0x602521be376e - <unknown>
[INFO] [stdout]   14:     0x602521beaca8 - <unknown>
[INFO] [stdout]   15:     0x602521bb5eb9 - <unknown>
[INFO] [stdout]   16:     0x602521c248eb - <unknown>
[INFO] [stdout]   17:     0x602521c31f55 - <unknown>
[INFO] [stdout]   18:     0x602521c2b814 - <unknown>
[INFO] [stdout]   19:     0x602521c350b2 - <unknown>
[INFO] [stdout]   20:     0x602521db30a9 - <unknown>
[INFO] [stdout]   21:     0x779b2b3f7dfa - <unknown>
[INFO] [stdout]   22:     0x779b2b48b3d4 - clone
[INFO] [stdout]   23:                0x0 - <unknown>
[INFO] [stdout] 
[INFO] [stdout] ---- pipeline::run::tests::omitted_action_and_trailing_comment_default_to_skip stdout ----
[INFO] [stdout] 
[INFO] [stdout] thread 'pipeline::run::tests::omitted_action_and_trailing_comment_default_to_skip' (1697) panicked at src/utils/testing.rs:86:44:
[INFO] [stdout] create tempdir: Os { code: 30, kind: ReadOnlyFilesystem, message: "Read-only file system" }
[INFO] [stdout] stack backtrace:
[INFO] [stdout]    0:     0x602521db4061 - <unknown>
[INFO] [stdout]    1:     0x602521dcbb8a - <unknown>
[INFO] [stdout]    2:     0x602521db8d3c - <unknown>
[INFO] [stdout]    3:     0x602521d8d576 - <unknown>
[INFO] [stdout]    4:     0x602521dab2a9 - <unknown>
[INFO] [stdout]    5:     0x602521c31600 - <unknown>
[INFO] [stdout]    6:     0x602521dab5d2 - <unknown>
[INFO] [stdout]    7:     0x602521d8d622 - <unknown>
[INFO] [stdout]    8:     0x602521d85ac9 - <unknown>
[INFO] [stdout]    9:     0x602521d8e32d - <unknown>
[INFO] [stdout]   10:     0x602521dcc3ac - <unknown>
[INFO] [stdout]   11:     0x602521dcc182 - <unknown>
[INFO] [stdout]   12:     0x602521be79e4 - <unknown>
[INFO] [stdout]   13:     0x602521be376e - <unknown>
[INFO] [stdout]   14:     0x602521bec1d7 - <unknown>
[INFO] [stdout]   15:     0x602521bb5f79 - <unknown>
[INFO] [stdout]   16:     0x602521c248eb - <unknown>
[INFO] [stdout]   17:     0x602521c31f55 - <unknown>
[INFO] [stdout]   18:     0x602521c2b814 - <unknown>
[INFO] [stdout]   19:     0x602521c350b2 - <unknown>
[INFO] [stdout]   20:     0x602521db30a9 - <unknown>
[INFO] [stdout]   21:     0x779b2b3f7dfa - <unknown>
[INFO] [stdout]   22:     0x779b2b48b3d4 - clone
[INFO] [stdout]   23:                0x0 - <unknown>
[INFO] [stdout] 
[INFO] [stdout] ---- pipeline::run::tests::trailing_comment_can_run_without_explicit_action stdout ----
[INFO] [stdout] 
[INFO] [stdout] thread 'pipeline::run::tests::trailing_comment_can_run_without_explicit_action' (1703) panicked at src/utils/testing.rs:86:44:
[INFO] [stdout] create tempdir: Os { code: 30, kind: ReadOnlyFilesystem, message: "Read-only file system" }
[INFO] [stdout] stack backtrace:
[INFO] [stdout]    0:     0x602521db4061 - <unknown>
[INFO] [stdout]    1:     0x602521dcbb8a - <unknown>
[INFO] [stdout]    2:     0x602521db8d3c - <unknown>
[INFO] [stdout]    3:     0x602521d8d576 - <unknown>
[INFO] [stdout]    4:     0x602521dab2a9 - <unknown>
[INFO] [stdout]    5:     0x602521c31600 - <unknown>
[INFO] [stdout]    6:     0x602521dab5d2 - <unknown>
[INFO] [stdout]    7:     0x602521d8d622 - <unknown>
[INFO] [stdout]    8:     0x602521d85ac9 - <unknown>
[INFO] [stdout]    9:     0x602521d8e32d - <unknown>
[INFO] [stdout]   10:     0x602521dcc3ac - <unknown>
[INFO] [stdout]   11:     0x602521dcc182 - <unknown>
[INFO] [stdout]   12:     0x602521be79e4 - <unknown>
[INFO] [stdout]   13:     0x602521be376e - <unknown>
[INFO] [stdout]   14:     0x602521beb767 - <unknown>
[INFO] [stdout]   15:     0x602521bb5f19 - <unknown>
[INFO] [stdout]   16:     0x602521c248eb - <unknown>
[INFO] [stdout]   17:     0x602521c31f55 - <unknown>
[INFO] [stdout]   18:     0x602521c2b814 - <unknown>
[INFO] [stdout]   19:     0x602521c350b2 - <unknown>
[INFO] [stdout]   20:     0x602521db30a9 - <unknown>
[INFO] [stdout]   21:     0x779b2b3f7dfa - <unknown>
[INFO] [stdout]   22:     0x779b2b48b3d4 - clone
[INFO] [stdout]   23:                0x0 - <unknown>
[INFO] [stdout] 
[INFO] [stdout] ---- pipeline::run::tests::parent_segments_in_include_path_are_normalized_before_resolve stdout ----
[INFO] [stdout] 
[INFO] [stdout] thread 'pipeline::run::tests::parent_segments_in_include_path_are_normalized_before_resolve' (1699) panicked at src/utils/testing.rs:86:44:
[INFO] [stdout] create tempdir: Os { code: 30, kind: ReadOnlyFilesystem, message: "Read-only file system" }
[INFO] [stdout] stack backtrace:
[INFO] [stdout]    0:     0x602521db4061 - <unknown>
[INFO] [stdout]    1:     0x602521dcbb8a - <unknown>
[INFO] [stdout]    2:     0x602521db8d3c - <unknown>
[INFO] [stdout]    3:     0x602521d8d576 - <unknown>
[INFO] [stdout]    4:     0x602521dab2a9 - <unknown>
[INFO] [stdout]    5:     0x602521c31600 - <unknown>
[INFO] [stdout]    6:     0x602521dab5d2 - <unknown>
[INFO] [stdout]    7:     0x602521d8d622 - <unknown>
[INFO] [stdout]    8:     0x602521d85ac9 - <unknown>
[INFO] [stdout]    9:     0x602521d8e32d - <unknown>
[INFO] [stdout]   10:     0x602521dcc3ac - <unknown>
[INFO] [stdout]   11:     0x602521dcc182 - <unknown>
[INFO] [stdout]   12:     0x602521be79e4 - <unknown>
[INFO] [stdout]   13:     0x602521be376e - <unknown>
[INFO] [stdout]   14:     0x602521bee4b7 - <unknown>
[INFO] [stdout]   15:     0x602521bb6079 - <unknown>
[INFO] [stdout]   16:     0x602521c248eb - <unknown>
[INFO] [stdout]   17:     0x602521c31f55 - <unknown>
[INFO] [stdout]   18:     0x602521c2b814 - <unknown>
[INFO] [stdout]   19:     0x602521c350b2 - <unknown>
[INFO] [stdout]   20:     0x602521db30a9 - <unknown>
[INFO] [stdout]   21:     0x779b2b3f7dfa - <unknown>
[INFO] [stdout]   22:     0x779b2b48b3d4 - clone
[INFO] [stdout]   23:                0x0 - <unknown>
[INFO] [stdout] 
[INFO] [stdout] ---- pipeline::run::tests::replace_action_writes_back stdout ----
[INFO] [stdout] 
[INFO] [stdout] thread 'pipeline::run::tests::replace_action_writes_back' (1701) panicked at src/utils/testing.rs:86:44:
[INFO] [stdout] create tempdir: Os { code: 30, kind: ReadOnlyFilesystem, message: "Read-only file system" }
[INFO] [stdout] stack backtrace:
[INFO] [stdout]    0:     0x602521db4061 - <unknown>
[INFO] [stdout]    1:     0x602521dcbb8a - <unknown>
[INFO] [stdout]    2:     0x602521db8d3c - <unknown>
[INFO] [stdout]    3:     0x602521d8d576 - <unknown>
[INFO] [stdout]    4:     0x602521dab2a9 - <unknown>
[INFO] [stdout]    5:     0x602521c31600 - <unknown>
[INFO] [stdout]    6:     0x602521dab5d2 - <unknown>
[INFO] [stdout]    7:     0x602521d8d622 - <unknown>
[INFO] [stdout]    8:     0x602521d85ac9 - <unknown>
[INFO] [stdout]    9:     0x602521d8e32d - <unknown>
[INFO] [stdout]   10:     0x602521dcc3ac - <unknown>
[INFO] [stdout]   11:     0x602521dcc182 - <unknown>
[INFO] [stdout]   12:     0x602521be79e4 - <unknown>
[INFO] [stdout]   13:     0x602521be376e - <unknown>
[INFO] [stdout]   14:     0x602521be7f4d - <unknown>
[INFO] [stdout]   15:     0x602521bb5cf9 - <unknown>
[INFO] [stdout]   16:     0x602521c248eb - <unknown>
[INFO] [stdout]   17:     0x602521c31f55 - <unknown>
[INFO] [stdout]   18:     0x602521c2b814 - <unknown>
[INFO] [stdout]   19:     0x602521c350b2 - <unknown>
[INFO] [stdout]   20:     0x602521db30a9 - <unknown>
[INFO] [stdout]   21:     0x779b2b3f7dfa - <unknown>
[INFO] [stdout]   22:     0x779b2b48b3d4 - clone
[INFO] [stdout]   23:                0x0 - <unknown>
[INFO] [stdout] 
[INFO] [stdout] ---- pipeline::run::tests::macro_include_resolve_rewrites_definition_not_use_site stdout ----
[INFO] [stdout] 
[INFO] [stdout] thread 'pipeline::run::tests::macro_include_resolve_rewrites_definition_not_use_site' (1695) panicked at src/utils/testing.rs:86:44:
[INFO] [stdout] create tempdir: Os { code: 30, kind: ReadOnlyFilesystem, message: "Read-only file system" }
[INFO] [stdout] stack backtrace:
[INFO] [stdout]    0:     0x602521db4061 - <unknown>
[INFO] [stdout]    1:     0x602521dcbb8a - <unknown>
[INFO] [stdout]    2:     0x602521db8d3c - <unknown>
[INFO] [stdout]    3:     0x602521d8d576 - <unknown>
[INFO] [stdout]    4:     0x602521dab2a9 - <unknown>
[INFO] [stdout]    5:     0x602521c31600 - <unknown>
[INFO] [stdout]    6:     0x602521dab5d2 - <unknown>
[INFO] [stdout]    7:     0x602521d8d622 - <unknown>
[INFO] [stdout]    8:     0x602521d85ac9 - <unknown>
[INFO] [stdout]    9:     0x602521d8e32d - <unknown>
[INFO] [stdout]   10:     0x602521dcc3ac - <unknown>
[INFO] [stdout]   11:     0x602521dcc182 - <unknown>
[INFO] [stdout]   12:     0x602521be79e4 - <unknown>
[INFO] [stdout]   13:     0x602521be376e - <unknown>
[INFO] [stdout]   14:     0x602521bed16e - <unknown>
[INFO] [stdout]   15:     0x602521bb5ff9 - <unknown>
[INFO] [stdout]   16:     0x602521c248eb - <unknown>
[INFO] [stdout]   17:     0x602521c31f55 - <unknown>
[INFO] [stdout]   18:     0x602521c2b814 - <unknown>
[INFO] [stdout]   19:     0x602521c350b2 - <unknown>
[INFO] [stdout]   20:     0x602521db30a9 - <unknown>
[INFO] [stdout]   21:     0x779b2b3f7dfa - <unknown>
[INFO] [stdout]   22:     0x779b2b48b3d4 - clone
[INFO] [stdout]   23:                0x0 - <unknown>
[INFO] [stdout] 
[INFO] [stdout] ---- pipeline::run::tests::same_header_reached_through_multiple_directories_is_not_ambiguous stdout ----
[INFO] [stdout] 
[INFO] [stdout] thread 'pipeline::run::tests::same_header_reached_through_multiple_directories_is_not_ambiguous' (1702) panicked at src/utils/testing.rs:86:44:
[INFO] [stdout] create tempdir: Os { code: 30, kind: ReadOnlyFilesystem, message: "Read-only file system" }
[INFO] [stdout] stack backtrace:
[INFO] [stdout]    0:     0x602521db4061 - <unknown>
[INFO] [stdout]    1:     0x602521dcbb8a - <unknown>
[INFO] [stdout]    2:     0x602521db8d3c - <unknown>
[INFO] [stdout]    3:     0x602521d8d576 - <unknown>
[INFO] [stdout]    4:     0x602521dab2a9 - <unknown>
[INFO] [stdout]    5:     0x602521c31600 - <unknown>
[INFO] [stdout]    6:     0x602521dab5d2 - <unknown>
[INFO] [stdout]    7:     0x602521d8d622 - <unknown>
[INFO] [stdout]    8:     0x602521d85ac9 - <unknown>
[INFO] [stdout]    9:     0x602521d8e32d - <unknown>
[INFO] [stdout]   10:     0x602521dcc3ac - <unknown>
[INFO] [stdout]   11:     0x602521dcc182 - <unknown>
[INFO] [stdout]   12:     0x602521be79e4 - <unknown>
[INFO] [stdout]   13:     0x602521be376e - <unknown>
[INFO] [stdout]   14:     0x602521bee7d7 - <unknown>
[INFO] [stdout]   15:     0x602521bb6099 - <unknown>
[INFO] [stdout]   16:     0x602521c248eb - <unknown>
[INFO] [stdout]   17:     0x602521c31f55 - <unknown>
[INFO] [stdout]   18:     0x602521c2b814 - <unknown>
[INFO] [stdout]   19:     0x602521c350b2 - <unknown>
[INFO] [stdout]   20:     0x602521db30a9 - <unknown>
[INFO] [stdout]   21:     0x779b2b3f7dfa - <unknown>
[INFO] [stdout]   22:     0x779b2b48b3d4 - clone
[INFO] [stdout]   23:                0x0 - <unknown>
[INFO] [stdout] 
[INFO] [stdout] ---- pipeline::run::tests::include_resolved_match_filters_candidates_before_ambiguity stdout ----
[INFO] [stdout] 
[INFO] [stdout] thread 'pipeline::run::tests::include_resolved_match_filters_candidates_before_ambiguity' (1691) panicked at src/utils/testing.rs:86:44:
[INFO] [stdout] create tempdir: Os { code: 30, kind: ReadOnlyFilesystem, message: "Read-only file system" }
[INFO] [stdout] stack backtrace:
[INFO] [stdout]    0:     0x602521db4061 - <unknown>
[INFO] [stdout]    1:     0x602521dcbb8a - <unknown>
[INFO] [stdout]    2:     0x602521db8d3c - <unknown>
[INFO] [stdout]    3:     0x602521d8d576 - <unknown>
[INFO] [stdout]    4:     0x602521dab2a9 - <unknown>
[INFO] [stdout]    5:     0x602521c31600 - <unknown>
[INFO] [stdout]    6:     0x602521dab5d2 - <unknown>
[INFO] [stdout]    7:     0x602521d8d622 - <unknown>
[INFO] [stdout]    8:     0x602521d85ac9 - <unknown>
[INFO] [stdout]    9:     0x602521d8e32d - <unknown>
[INFO] [stdout]   10:     0x602521dcc3ac - <unknown>
[INFO] [stdout]   11:     0x602521dcc182 - <unknown>
[INFO] [stdout]   12:     0x602521be79e4 - <unknown>
[INFO] [stdout]   13:     0x602521be376e - <unknown>
[INFO] [stdout]   14:     0x602521bee167 - <unknown>
[INFO] [stdout]   15:     0x602521bb6059 - <unknown>
[INFO] [stdout]   16:     0x602521c248eb - <unknown>
[INFO] [stdout]   17:     0x602521c31f55 - <unknown>
[INFO] [stdout]   18:     0x602521c2b814 - <unknown>
[INFO] [stdout]   19:     0x602521c350b2 - <unknown>
[INFO] [stdout]   20:     0x602521db30a9 - <unknown>
[INFO] [stdout]   21:     0x779b2b3f7dfa - <unknown>
[INFO] [stdout]   22:     0x779b2b48b3d4 - clone
[INFO] [stdout]   23:                0x0 - <unknown>
[INFO] [stdout] 
[INFO] [stdout] ---- pipeline::run::tests::open_block_trailing_prevents_line_comment_append_after_action_rewrite stdout ----
[INFO] [stdout] 
[INFO] [stdout] thread 'pipeline::run::tests::open_block_trailing_prevents_line_comment_append_after_action_rewrite' (1698) panicked at src/utils/testing.rs:86:44:
[INFO] [stdout] create tempdir: Os { code: 30, kind: ReadOnlyFilesystem, message: "Read-only file system" }
[INFO] [stdout] stack backtrace:
[INFO] [stdout]    0:     0x602521db4061 - <unknown>
[INFO] [stdout]    1:     0x602521dcbb8a - <unknown>
[INFO] [stdout]    2:     0x602521db8d3c - <unknown>
[INFO] [stdout]    3:     0x602521d8d576 - <unknown>
[INFO] [stdout]    4:     0x602521dab2a9 - <unknown>
[INFO] [stdout]    5:     0x602521c31600 - <unknown>
[INFO] [stdout]    6:     0x602521dab5d2 - <unknown>
[INFO] [stdout]    7:     0x602521d8d622 - <unknown>
[INFO] [stdout]    8:     0x602521d85ac9 - <unknown>
[INFO] [stdout]    9:     0x602521d8e32d - <unknown>
[INFO] [stdout]   10:     0x602521dcc3ac - <unknown>
[INFO] [stdout]   11:     0x602521dcc182 - <unknown>
[INFO] [stdout]   12:     0x602521be79e4 - <unknown>
[INFO] [stdout]   13:     0x602521be376e - <unknown>
[INFO] [stdout]   14:     0x602521bef26a - <unknown>
[INFO] [stdout]   15:     0x602521bb60f9 - <unknown>
[INFO] [stdout]   16:     0x602521c248eb - <unknown>
[INFO] [stdout]   17:     0x602521c31f55 - <unknown>
[INFO] [stdout]   18:     0x602521c2b814 - <unknown>
[INFO] [stdout]   19:     0x602521c350b2 - <unknown>
[INFO] [stdout]   20:     0x602521db30a9 - <unknown>
[INFO] [stdout]   21:     0x779b2b3f7dfa - <unknown>
[INFO] [stdout]   22:     0x779b2b48b3d4 - clone
[INFO] [stdout]   23:                0x0 - <unknown>
[INFO] [stdout] 
[INFO] [stdout] ---- pipeline::run::tests::parse_failure_is_skipped_not_a_hard_error stdout ----
[INFO] [stdout] 
[INFO] [stdout] thread 'pipeline::run::tests::parse_failure_is_skipped_not_a_hard_error' (1700) panicked at src/utils/testing.rs:86:44:
[INFO] [stdout] create tempdir: Os { code: 30, kind: ReadOnlyFilesystem, message: "Read-only file system" }
[INFO] [stdout] stack backtrace:
[INFO] [stdout]    0:     0x602521db4061 - <unknown>
[INFO] [stdout]    1:     0x602521dcbb8a - <unknown>
[INFO] [stdout]    2:     0x602521db8d3c - <unknown>
[INFO] [stdout]    3:     0x602521d8d576 - <unknown>
[INFO] [stdout]    4:     0x602521dab2a9 - <unknown>
[INFO] [stdout]    5:     0x602521c31600 - <unknown>
[INFO] [stdout]    6:     0x602521dab5d2 - <unknown>
[INFO] [stdout]    7:     0x602521d8d622 - <unknown>
[INFO] [stdout]    8:     0x602521d85ac9 - <unknown>
[INFO] [stdout]    9:     0x602521d8e32d - <unknown>
[INFO] [stdout]   10:     0x602521dcc3ac - <unknown>
[INFO] [stdout]   11:     0x602521dcc182 - <unknown>
[INFO] [stdout]   12:     0x602521be79e4 - <unknown>
[INFO] [stdout]   13:     0x602521be376e - <unknown>
[INFO] [stdout]   14:     0x602521be993b - <unknown>
[INFO] [stdout]   15:     0x602521bb5e19 - <unknown>
[INFO] [stdout]   16:     0x602521c248eb - <unknown>
[INFO] [stdout]   17:     0x602521c31f55 - <unknown>
[INFO] [stdout]   18:     0x602521c2b814 - <unknown>
[INFO] [stdout]   19:     0x602521c350b2 - <unknown>
[INFO] [stdout]   20:     0x602521db30a9 - <unknown>
[INFO] [stdout]   21:     0x779b2b3f7dfa - <unknown>
[INFO] [stdout]   22:     0x779b2b48b3d4 - clone
[INFO] [stdout]   23:                0x0 - <unknown>
[INFO] [stdout] 
[INFO] [stdout] ---- pipeline::run::tests::unresolved_include_can_allow_non_resolve_action stdout ----
[INFO] [stdout] 
[INFO] [stdout] thread 'pipeline::run::tests::unresolved_include_can_allow_non_resolve_action' (1705) panicked at src/utils/testing.rs:86:44:
[INFO] [stdout] create tempdir: Os { code: 30, kind: ReadOnlyFilesystem, message: "Read-only file system" }
[INFO] [stdout] stack backtrace:
[INFO] [stdout]    0:     0x602521db4061 - <unknown>
[INFO] [stdout]    1:     0x602521dcbb8a - <unknown>
[INFO] [stdout]    2:     0x602521db8d3c - <unknown>
[INFO] [stdout]    3:     0x602521d8d576 - <unknown>
[INFO] [stdout]    4:     0x602521dab2a9 - <unknown>
[INFO] [stdout]    5:     0x602521c31600 - <unknown>
[INFO] [stdout]    6:     0x602521dab5d2 - <unknown>
[INFO] [stdout]    7:     0x602521d8d622 - <unknown>
[INFO] [stdout]    8:     0x602521d85ac9 - <unknown>
[INFO] [stdout]    9:     0x602521d8e32d - <unknown>
[INFO] [stdout]   10:     0x602521dcc3ac - <unknown>
[INFO] [stdout]   11:     0x602521dcc182 - <unknown>
[INFO] [stdout]   12:     0x602521be79e4 - <unknown>
[INFO] [stdout]   13:     0x602521be376e - <unknown>
[INFO] [stdout]   14:     0x602521beb467 - <unknown>
[INFO] [stdout]   15:     0x602521bb5ef9 - <unknown>
[INFO] [stdout]   16:     0x602521c248eb - <unknown>
[INFO] [stdout]   17:     0x602521c31f55 - <unknown>
[INFO] [stdout]   18:     0x602521c2b814 - <unknown>
[INFO] [stdout]   19:     0x602521c350b2 - <unknown>
[INFO] [stdout]   20:     0x602521db30a9 - <unknown>
[INFO] [stdout]   21:     0x779b2b3f7dfa - <unknown>
[INFO] [stdout]   22:     0x779b2b48b3d4 - clone
[INFO] [stdout]   23:                0x0 - <unknown>
[INFO] [stdout] 
[INFO] [stdout] ---- pipeline::run::tests::include_resolved_match_can_skip_when_no_candidate_matches stdout ----
[INFO] [stdout] 
[INFO] [stdout] thread 'pipeline::run::tests::include_resolved_match_can_skip_when_no_candidate_matches' (1690) panicked at src/utils/testing.rs:86:44:
[INFO] [stdout] create tempdir: Os { code: 30, kind: ReadOnlyFilesystem, message: "Read-only file system" }
[INFO] [stdout] stack backtrace:
[INFO] [stdout]    0:     0x602521db4061 - <unknown>
[INFO] [stdout]    1:     0x602521dcbb8a - <unknown>
[INFO] [stdout]    2:     0x602521db8d3c - <unknown>
[INFO] [stdout]    3:     0x602521d8d576 - <unknown>
[INFO] [stdout]    4:     0x602521dab2a9 - <unknown>
[INFO] [stdout]    5:     0x602521c31600 - <unknown>
[INFO] [stdout]    6:     0x602521dab5d2 - <unknown>
[INFO] [stdout]    7:     0x602521d8d622 - <unknown>
[INFO] [stdout]    8:     0x602521d85ac9 - <unknown>
[INFO] [stdout]    9:     0x602521d8e32d - <unknown>
[INFO] [stdout]   10:     0x602521dcc3ac - <unknown>
[INFO] [stdout]   11:     0x602521dcc182 - <unknown>
[INFO] [stdout]   12:     0x602521be79e4 - <unknown>
[INFO] [stdout]   13:     0x602521be376e - <unknown>
[INFO] [stdout]   14:     0x602521bede91 - <unknown>
[INFO] [stdout]   15:     0x602521bb6039 - <unknown>
[INFO] [stdout]   16:     0x602521c248eb - <unknown>
[INFO] [stdout]   17:     0x602521c31f55 - <unknown>
[INFO] [stdout]   18:     0x602521c2b814 - <unknown>
[INFO] [stdout]   19:     0x602521c350b2 - <unknown>
[INFO] [stdout]   20:     0x602521db30a9 - <unknown>
[INFO] [stdout]   21:     0x779b2b3f7dfa - <unknown>
[INFO] [stdout]   22:     0x779b2b48b3d4 - clone
[INFO] [stdout]   23:                0x0 - <unknown>
[INFO] [stdout] 
[INFO] [stdout] ---- pipeline::run::tests::trailing_comment_conflict_is_checked_separately stdout ----
[INFO] [stdout] 
[INFO] [stdout] thread 'pipeline::run::tests::trailing_comment_conflict_is_checked_separately' (1704) panicked at src/utils/testing.rs:86:44:
[INFO] [stdout] create tempdir: Os { code: 30, kind: ReadOnlyFilesystem, message: "Read-only file system" }
[INFO] [stdout] stack backtrace:
[INFO] [stdout]    0:     0x602521db4061 - <unknown>
[INFO] [stdout]    1:     0x602521dcbb8a - <unknown>
[INFO] [stdout]    2:     0x602521db8d3c - <unknown>
[INFO] [stdout]    3:     0x602521d8d576 - <unknown>
[INFO] [stdout]    4:     0x602521dab2a9 - <unknown>
[INFO] [stdout]    5:     0x602521c31600 - <unknown>
[INFO] [stdout]    6:     0x602521dab5d2 - <unknown>
[INFO] [stdout]    7:     0x602521d8d622 - <unknown>
[INFO] [stdout]    8:     0x602521d85ac9 - <unknown>
[INFO] [stdout]    9:     0x602521d8e32d - <unknown>
[INFO] [stdout]   10:     0x602521dcc3ac - <unknown>
[INFO] [stdout]   11:     0x602521dcc182 - <unknown>
[INFO] [stdout]   12:     0x602521be79e4 - <unknown>
[INFO] [stdout]   13:     0x602521be376e - <unknown>
[INFO] [stdout]   14:     0x602521beb158 - <unknown>
[INFO] [stdout]   15:     0x602521bb5ed9 - <unknown>
[INFO] [stdout]   16:     0x602521c248eb - <unknown>
[INFO] [stdout]   17:     0x602521c31f55 - <unknown>
[INFO] [stdout]   18:     0x602521c2b814 - <unknown>
[INFO] [stdout]   19:     0x602521c350b2 - <unknown>
[INFO] [stdout]   20:     0x602521db30a9 - <unknown>
[INFO] [stdout]   21:     0x779b2b3f7dfa - <unknown>
[INFO] [stdout]   22:     0x779b2b48b3d4 - clone
[INFO] [stdout]   23:                0x0 - <unknown>
[INFO] [stdout] 
[INFO] [stdout] ---- pipeline::run::tests::unresolved_include_can_skip_rule stdout ----
[INFO] [stdout] 
[INFO] [stdout] thread 'pipeline::run::tests::unresolved_include_can_skip_rule' (1706) panicked at src/utils/testing.rs:86:44:
[INFO] [stdout] create tempdir: Os { code: 30, kind: ReadOnlyFilesystem, message: "Read-only file system" }
[INFO] [stdout] stack backtrace:
[INFO] [stdout]    0:     0x602521db4061 - <unknown>
[INFO] [stdout]    1:     0x602521dcbb8a - <unknown>
[INFO] [stdout]    2:     0x602521db8d3c - <unknown>
[INFO] [stdout]    3:     0x602521d8d576 - <unknown>
[INFO] [stdout]    4:     0x602521dab2a9 - <unknown>
[INFO] [stdout]    5:     0x602521c31600 - <unknown>
[INFO] [stdout]    6:     0x602521dab5d2 - <unknown>
[INFO] [stdout]    7:     0x602521d8d622 - <unknown>
[INFO] [stdout]    8:     0x602521d85ac9 - <unknown>
[INFO] [stdout]    9:     0x602521d8e32d - <unknown>
[INFO] [stdout]   10:     0x602521dcc3ac - <unknown>
[INFO] [stdout]   11:     0x602521dcc182 - <unknown>
[INFO] [stdout]   12:     0x602521be79e4 - <unknown>
[INFO] [stdout]   13:     0x602521be376e - <unknown>
[INFO] [stdout]   14:     0x602521be9441 - <unknown>
[INFO] [stdout]   15:     0x602521bb5d99 - <unknown>
[INFO] [stdout]   16:     0x602521c248eb - <unknown>
[INFO] [stdout]   17:     0x602521c31f55 - <unknown>
[INFO] [stdout]   18:     0x602521c2b814 - <unknown>
[INFO] [stdout]   19:     0x602521c350b2 - <unknown>
[INFO] [stdout]   20:     0x602521db30a9 - <unknown>
[INFO] [stdout]   21:     0x779b2b3f7dfa - <unknown>
[INFO] [stdout]   22:     0x779b2b48b3d4 - clone
[INFO] [stdout]   23:                0x0 - <unknown>
[INFO] [stdout] 
[INFO] [stdout] ---- pipeline::run::tests::unresolved_include_defaults_to_error_when_directories_are_configured stdout ----
[INFO] [stdout] 
[INFO] [stdout] thread 'pipeline::run::tests::unresolved_include_defaults_to_error_when_directories_are_configured' (1707) panicked at src/utils/testing.rs:86:44:
[INFO] [stdout] create tempdir: Os { code: 30, kind: ReadOnlyFilesystem, message: "Read-only file system" }
[INFO] [stdout] stack backtrace:
[INFO] [stdout]    0:     0x602521db4061 - <unknown>
[INFO] [stdout]    1:     0x602521dcbb8a - <unknown>
[INFO] [stdout]    2:     0x602521db8d3c - <unknown>
[INFO] [stdout]    3:     0x602521d8d576 - <unknown>
[INFO] [stdout]    4:     0x602521dab2a9 - <unknown>
[INFO] [stdout]    5:     0x602521c31600 - <unknown>
[INFO] [stdout]    6:     0x602521dab5d2 - <unknown>
[INFO] [stdout]    7:     0x602521d8d622 - <unknown>
[INFO] [stdout]    8:     0x602521d85ac9 - <unknown>
[INFO] [stdout]    9:     0x602521d8e32d - <unknown>
[INFO] [stdout]   10:     0x602521dcc3ac - <unknown>
[INFO] [stdout]   11:     0x602521dcc182 - <unknown>
[INFO] [stdout]   12:     0x602521be79e4 - <unknown>
[INFO] [stdout]   13:     0x602521be376e - <unknown>
[INFO] [stdout]   14:     0x602521beeef7 - <unknown>
[INFO] [stdout]   15:     0x602521bb60d9 - <unknown>
[INFO] [stdout]   16:     0x602521c248eb - <unknown>
[INFO] [stdout]   17:     0x602521c31f55 - <unknown>
[INFO] [stdout]   18:     0x602521c2b814 - <unknown>
[INFO] [stdout]   19:     0x602521c350b2 - <unknown>
[INFO] [stdout]   20:     0x602521db30a9 - <unknown>
[INFO] [stdout]   21:     0x779b2b3f7dfa - <unknown>
[INFO] [stdout]   22:     0x779b2b48b3d4 - clone
[INFO] [stdout]   23:                0x0 - <unknown>
[INFO] [stdout] 
[INFO] [stdout] ---- utils::testing::tests::test_tmpproject_lifecycle stdout ----
[INFO] [stdout] 
[INFO] [stdout] thread 'utils::testing::tests::test_tmpproject_lifecycle' (1758) panicked at src/utils/testing.rs:86:44:
[INFO] [stdout] create tempdir: Os { code: 30, kind: ReadOnlyFilesystem, message: "Read-only file system" }
[INFO] [stdout] stack backtrace:
[INFO] [stdout]    0:     0x602521db4061 - <unknown>
[INFO] [stdout]    1:     0x602521dcbb8a - <unknown>
[INFO] [stdout]    2:     0x602521db8d3c - <unknown>
[INFO] [stdout]    3:     0x602521d8d576 - <unknown>
[INFO] [stdout]    4:     0x602521dab2a9 - <unknown>
[INFO] [stdout]    5:     0x602521c31600 - <unknown>
[INFO] [stdout]    6:     0x602521dab5d2 - <unknown>
[INFO] [stdout]    7:     0x602521d8d622 - <unknown>
[INFO] [stdout]    8:     0x602521d85ac9 - <unknown>
[INFO] [stdout]    9:     0x602521d8e32d - <unknown>
[INFO] [stdout]   10:     0x602521dcc3ac - <unknown>
[INFO] [stdout]   11:     0x602521dcc182 - <unknown>
[INFO] [stdout]   12:     0x602521be79e4 - <unknown>
[INFO] [stdout]   13:     0x602521be69f9 - <unknown>
[INFO] [stdout]   14:     0x602521ba8dc6 - <unknown>
[INFO] [stdout]   15:     0x602521bb54b9 - <unknown>
[INFO] [stdout]   16:     0x602521c248eb - <unknown>
[INFO] [stdout]   17:     0x602521c31f55 - <unknown>
[INFO] [stdout]   18:     0x602521c2b814 - <unknown>
[INFO] [stdout]   19:     0x602521c350b2 - <unknown>
[INFO] [stdout]   20:     0x602521db30a9 - <unknown>
[INFO] [stdout]   21:     0x779b2b3f7dfa - <unknown>
[INFO] [stdout]   22:     0x779b2b48b3d4 - clone
[INFO] [stdout]   23:                0x0 - <unknown>
[INFO] [stdout] 
[INFO] [stdout] ---- utils::testing::tests::create_with_duplicate_files stdout ----
[INFO] [stdout] 
[INFO] [stdout] thread 'utils::testing::tests::create_with_duplicate_files' (1757) panicked at src/utils/testing.rs:86:44:
[INFO] [stdout] create tempdir: Os { code: 30, kind: ReadOnlyFilesystem, message: "Read-only file system" }
[INFO] [stdout] stack backtrace:
[INFO] [stdout]    0:     0x602521db4061 - <unknown>
[INFO] [stdout]    1:     0x602521dcbb8a - <unknown>
[INFO] [stdout]    2:     0x602521db8d3c - <unknown>
[INFO] [stdout]    3:     0x602521d8d576 - <unknown>
[INFO] [stdout]    4:     0x602521dab2a9 - <unknown>
[INFO] [stdout]    5:     0x602521c31600 - <unknown>
[INFO] [stdout]    6:     0x602521dab5d2 - <unknown>
[INFO] [stdout]    7:     0x602521d8d622 - <unknown>
[INFO] [stdout]    8:     0x602521d85ac9 - <unknown>
[INFO] [stdout]    9:     0x602521d8e32d - <unknown>
[INFO] [stdout]   10:     0x602521dcc3ac - <unknown>
[INFO] [stdout]   11:     0x602521dcc182 - <unknown>
[INFO] [stdout]   12:     0x602521be79e4 - <unknown>
[INFO] [stdout]   13:     0x602521be69f9 - <unknown>
[INFO] [stdout]   14:     0x602521ba90ad - <unknown>
[INFO] [stdout]   15:     0x602521bb54d9 - <unknown>
[INFO] [stdout]   16:     0x602521c248eb - <unknown>
[INFO] [stdout]   17:     0x602521c31f55 - <unknown>
[INFO] [stdout]   18:     0x602521c2b814 - <unknown>
[INFO] [stdout]   19:     0x602521c350b2 - <unknown>
[INFO] [stdout]   20:     0x602521db30a9 - <unknown>
[INFO] [stdout]   21:     0x779b2b3f7dfa - <unknown>
[INFO] [stdout]   22:     0x779b2b48b3d4 - clone
[INFO] [stdout]   23:                0x0 - <unknown>
[INFO] [stdout] 
[INFO] [stdout] 
[INFO] [stdout] failures:
[INFO] [stdout]     cli::init::tests::nonexistent_directory_like_path_creates_dir_and_file
[INFO] [stdout]     cli::init::tests::nonexistent_file_like_path_creates_file_at_path
[INFO] [stdout]     cli::init::tests::refuses_to_overwrite_existing_file
[INFO] [stdout]     cli::init::tests::writes_into_existing_dir
[INFO] [stdout]     config::discover::tests::config_project_block_default_root
[INFO] [stdout]     config::discover::tests::config_project_block_incompatible_versions
[INFO] [stdout]     config::discover::tests::config_project_block_missing_fields
[INFO] [stdout]     config::discover::tests::find_root_config_accepts_file_path_as_start
[INFO] [stdout]     config::discover::tests::find_root_config_errors_when_no_config
[INFO] [stdout]     config::discover::tests::find_root_config_walks_up_from_nested_dir
[INFO] [stdout]     config::discover::tests::resolve_project_root_errors_when_target_missing
[INFO] [stdout]     config::discover::tests::resolve_project_root_joins_relative_subdir
[INFO] [stdout]     config::discover::tests::resolve_project_root_rejects_empty_string
[INFO] [stdout]     pipeline::run::tests::action_and_trailing_comment_skip_compose_without_conflict
[INFO] [stdout]     pipeline::run::tests::agreeing_rules_collapse_to_a_single_rewrite
[INFO] [stdout]     pipeline::run::tests::ambiguous_include_can_skip_rule
[INFO] [stdout]     pipeline::run::tests::ambiguous_include_can_use_first_directory_for_resolve
[INFO] [stdout]     pipeline::run::tests::ambiguous_include_defaults_to_error_when_directories_are_configured
[INFO] [stdout]     pipeline::run::tests::bom_is_preserved_across_apply
[INFO] [stdout]     pipeline::run::tests::config_mode_compiles_file_path_globs
[INFO] [stdout]     pipeline::run::tests::config_mode_compiles_include_match_globs
[INFO] [stdout]     pipeline::run::tests::config_mode_compiles_include_resolved_match_globs
[INFO] [stdout]     pipeline::run::tests::config_mode_compiles_suppression_regexes
[INFO] [stdout]     pipeline::run::tests::config_mode_compiles_trailing_comment_regexes
[INFO] [stdout]     pipeline::run::tests::config_mode_skips_source_scan
[INFO] [stdout]     pipeline::run::tests::conflicting_rules_produce_conflict_and_exit_3
[INFO] [stdout]     pipeline::run::tests::error_action_produces_error_outcome_and_exit_2
[INFO] [stdout]     pipeline::run::tests::include_forms_replaces_match_forms_for_form_matching
[INFO] [stdout]     pipeline::run::tests::include_resolved_match_can_skip_when_no_candidate_matches
[INFO] [stdout]     pipeline::run::tests::include_resolved_match_filters_candidates_before_ambiguity
[INFO] [stdout]     pipeline::run::tests::keep_action_produces_no_edits
[INFO] [stdout]     pipeline::run::tests::macro_definition_edit_outside_path_filter_is_unfixable
[INFO] [stdout]     pipeline::run::tests::macro_include_definition_edit_conflict_is_unfixable
[INFO] [stdout]     pipeline::run::tests::macro_include_resolve_rewrites_definition_not_use_site
[INFO] [stdout]     pipeline::run::tests::macro_include_reuses_identical_definition_edit
[INFO] [stdout]     pipeline::run::tests::omitted_action_and_trailing_comment_default_to_skip
[INFO] [stdout]     pipeline::run::tests::open_block_trailing_prevents_line_comment_append_after_action_rewrite
[INFO] [stdout]     pipeline::run::tests::parent_segments_in_include_path_are_normalized_before_resolve
[INFO] [stdout]     pipeline::run::tests::parse_failure_is_skipped_not_a_hard_error
[INFO] [stdout]     pipeline::run::tests::replace_action_writes_back
[INFO] [stdout]     pipeline::run::tests::same_header_reached_through_multiple_directories_is_not_ambiguous
[INFO] [stdout]     pipeline::run::tests::trailing_comment_can_run_without_explicit_action
[INFO] [stdout]     pipeline::run::tests::trailing_comment_conflict_is_checked_separately
[INFO] [stdout]     pipeline::run::tests::unresolved_include_can_allow_non_resolve_action
[INFO] [stdout]     pipeline::run::tests::unresolved_include_can_skip_rule
[INFO] [stdout]     pipeline::run::tests::unresolved_include_defaults_to_error_when_directories_are_configured
[INFO] [stdout]     utils::testing::tests::create_with_duplicate_files
[INFO] [stdout]     utils::testing::tests::test_tmpproject_lifecycle
[INFO] [stdout] 
[INFO] [stdout] test result: FAILED. 158 passed; 48 failed; 0 ignored; 0 measured; 0 filtered out; finished in 0.06s
[INFO] [stdout] 
[INFO] [stderr] error: test failed, to rerun pass `--lib`
[INFO] running `Command { std: "docker" "inspect" "394f68bbc58c7411b9ed02031470af86902a4f714b58c0240724cdcff5657c95", kill_on_drop: false }`
[INFO] running `Command { std: "docker" "rm" "-f" "394f68bbc58c7411b9ed02031470af86902a4f714b58c0240724cdcff5657c95", kill_on_drop: false }`
[INFO] [stdout] 394f68bbc58c7411b9ed02031470af86902a4f714b58c0240724cdcff5657c95
