[INFO] fetching crate incise-cli 0.5.0...
[INFO] testing incise-cli-0.5.0 against 1.100.0-beta.1+cargoflags=--release for beta-release-1.100-2
[INFO] extracting crate incise-cli 0.5.0 into /workspace/builds/worker-7-tc2/source
[INFO] started tweaking crates.io crate incise-cli 0.5.0
[INFO] removed 0 missing tests
[INFO] finished tweaking crates.io crate incise-cli 0.5.0
[INFO] tweaked toml for crates.io crate incise-cli 0.5.0 written to /workspace/builds/worker-7-tc2/source/Cargo.toml
[INFO] validating manifest of crates.io crate incise-cli 0.5.0 on toolchain 1.100.0-beta.1
[INFO] running `Command { std: CARGO_HOME="/workspace/cargo-home" RUSTUP_HOME="/workspace/rustup-home" "/workspace/cargo-home/bin/cargo" "+1.100.0-beta.1" "metadata" "--manifest-path" "Cargo.toml" "--no-deps", kill_on_drop: false }`
[INFO] crate crates.io crate incise-cli 0.5.0 already has a lockfile, it will not be regenerated
[INFO] running `Command { std: CARGO_HOME="/workspace/cargo-home" RUSTUP_HOME="/workspace/rustup-home" "/workspace/cargo-home/bin/cargo" "+1.100.0-beta.1" "fetch" "--manifest-path" "Cargo.toml", kill_on_drop: false }`
[INFO] running `Command { std: "docker" "create" "-v" "/var/lib/crater-agent-workspace/builds/worker-7-tc2/source:/opt/rustwide/workdir:ro,Z" "-v" "/var/lib/crater-agent-workspace/builds/worker-7-tc2/target:/opt/rustwide/target:rw,Z" "-v" "/var/lib/crater-agent-workspace/cargo-home:/opt/rustwide/cargo-home:ro,Z" "-v" "/var/lib/crater-agent-workspace/rustup-home:/opt/rustwide/rustup-home:ro,Z" "-m" "1610612736" "--network" "none" "ghcr.io/rust-lang/crates-build-env/linux@sha256:77db811e55d90add9212f6832c23229e3de5f1c1f9905e8cb07319ea15df73ac" "sleep" "infinity", kill_on_drop: false }`
[INFO] [stdout] e7593e0e0cc5a07f28f96ed598e384103d5a9e5e1ce01bd68ab0d4a709e5a778
[INFO] running `Command { std: "docker" "start" "e7593e0e0cc5a07f28f96ed598e384103d5a9e5e1ce01bd68ab0d4a709e5a778", kill_on_drop: false }`
[INFO] running `Command { std: "docker" "inspect" "e7593e0e0cc5a07f28f96ed598e384103d5a9e5e1ce01bd68ab0d4a709e5a778", kill_on_drop: false }`
[INFO] running `Command { std: "docker" "exec" "-e" "SOURCE_DIR=/opt/rustwide/workdir" "-e" "CARGO_HOME=/opt/rustwide/cargo-home" "-e" "RUSTUP_HOME=/opt/rustwide/rustup-home" "-e" "CARGO_TARGET_DIR=/opt/rustwide/target" "-w" "/opt/rustwide/workdir" "--user" "0:0" "e7593e0e0cc5a07f28f96ed598e384103d5a9e5e1ce01bd68ab0d4a709e5a778" "/opt/rustwide/cargo-home/bin/cargo" "+1.100.0-beta.1" "metadata" "--no-deps" "--format-version=1", kill_on_drop: false }`
[INFO] running `Command { std: "docker" "inspect" "e7593e0e0cc5a07f28f96ed598e384103d5a9e5e1ce01bd68ab0d4a709e5a778", kill_on_drop: false }`
[INFO] running `Command { std: "docker" "exec" "-e" "SOURCE_DIR=/opt/rustwide/workdir" "-e" "CARGO_HOME=/opt/rustwide/cargo-home" "-e" "RUSTUP_HOME=/opt/rustwide/rustup-home" "-e" "CARGO_TARGET_DIR=/opt/rustwide/target" "-e" "CARGO_INCREMENTAL=0" "-e" "RUST_BACKTRACE=full" "-e" "RUSTFLAGS=--cap-lints=warn" "-e" "RUSTDOCFLAGS=--cap-lints=warn" "-w" "/opt/rustwide/workdir" "--user" "0:0" "e7593e0e0cc5a07f28f96ed598e384103d5a9e5e1ce01bd68ab0d4a709e5a778" "/opt/rustwide/cargo-home/bin/cargo" "+1.100.0-beta.1" "build" "--frozen" "--message-format=json" "--release", kill_on_drop: false }`
[INFO] [stderr]    Compiling clap_lex v0.7.7
[INFO] [stderr]    Compiling incise-core v0.5.0
[INFO] [stderr]    Compiling anstream v0.6.21
[INFO] [stderr]    Compiling clap_builder v4.5.20
[INFO] [stderr]    Compiling clap v4.5.20
[INFO] [stderr]    Compiling incise-cli v0.5.0 (/opt/rustwide/workdir)
[INFO] [stderr]     Finished `release` profile [optimized] target(s) in 33.59s
[INFO] running `Command { std: "docker" "inspect" "e7593e0e0cc5a07f28f96ed598e384103d5a9e5e1ce01bd68ab0d4a709e5a778", kill_on_drop: false }`
[INFO] running `Command { std: "docker" "exec" "-e" "SOURCE_DIR=/opt/rustwide/workdir" "-e" "CARGO_HOME=/opt/rustwide/cargo-home" "-e" "RUSTUP_HOME=/opt/rustwide/rustup-home" "-e" "CARGO_TARGET_DIR=/opt/rustwide/target" "-e" "CARGO_INCREMENTAL=0" "-e" "RUST_BACKTRACE=full" "-e" "RUSTFLAGS=--cap-lints=warn" "-e" "RUSTDOCFLAGS=--cap-lints=warn" "-w" "/opt/rustwide/workdir" "--user" "0:0" "e7593e0e0cc5a07f28f96ed598e384103d5a9e5e1ce01bd68ab0d4a709e5a778" "/opt/rustwide/cargo-home/bin/cargo" "+1.100.0-beta.1" "test" "--frozen" "--no-run" "--message-format=json" "--release", kill_on_drop: false }`
[INFO] [stderr]    Compiling incise-cli v0.5.0 (/opt/rustwide/workdir)
[INFO] [stderr]     Finished `release` profile [optimized] target(s) in 5.76s
[INFO] running `Command { std: "docker" "inspect" "e7593e0e0cc5a07f28f96ed598e384103d5a9e5e1ce01bd68ab0d4a709e5a778", kill_on_drop: false }`
[INFO] running `Command { std: "docker" "exec" "-e" "SOURCE_DIR=/opt/rustwide/workdir" "-e" "CARGO_HOME=/opt/rustwide/cargo-home" "-e" "RUSTUP_HOME=/opt/rustwide/rustup-home" "-e" "CARGO_TARGET_DIR=/opt/rustwide/target" "-e" "CARGO_INCREMENTAL=0" "-e" "RUST_BACKTRACE=full" "-e" "RUSTFLAGS=--cap-lints=warn" "-e" "RUSTDOCFLAGS=--cap-lints=warn" "-w" "/opt/rustwide/workdir" "--user" "0:0" "e7593e0e0cc5a07f28f96ed598e384103d5a9e5e1ce01bd68ab0d4a709e5a778" "/opt/rustwide/cargo-home/bin/cargo" "+1.100.0-beta.1" "test" "--frozen" "--release", kill_on_drop: false }`
[INFO] [stderr]     Finished `release` profile [optimized] target(s) in 0.05s
[INFO] [stderr]      Running unittests src/main.rs (/opt/rustwide/target/release/build/incise-cli/2f67e7d00f213743/out/incise-2f67e7d00f213743)
[INFO] [stdout] 
[INFO] [stdout] running 18 tests
[INFO] [stdout] test io::tests::the_hash_is_the_one_everything_else_agrees_with ... ok
[INFO] [stdout] test io::tests::crlf_and_a_missing_final_newline_both_survive_to_text ... ok
[INFO] [stdout] test opargs::tests::a_present_flag_is_true_and_an_absent_one_is_not_a_key ... ok
[INFO] [stdout] test opargs::tests::an_ordinal_nests_into_whichever_address_is_there ... ok
[INFO] [stdout] test opargs::tests::an_ordinal_with_nothing_to_qualify_is_a_usage_fault_not_a_refusal ... ok
[INFO] [stdout] test opargs::tests::values_json_reaches_the_ordered_shape_that_pairs_cannot ... ok
[INFO] [stdout] test opargs::tests::keys_come_out_in_the_declared_order_not_the_argv_order ... ok
[INFO] [stdout] test io::tests::a_bom_is_refused_by_name ... ok
[INFO] [stdout] test schema::tests::every_published_tool_can_be_sliced_out_on_its_own ... ok
[INFO] [stdout] test opargs::tests::a_pair_without_an_equals_says_how_to_quote_it ... ok
[INFO] [stdout] test schema::tests::the_section_address_is_spelled_heading_and_path_is_the_file ... ok
[INFO] [stdout] test tests::every_op_the_core_has_is_a_subcommand ... ok
[INFO] [stdout] test schema::tests::safe_small_is_opt_in_and_contains_only_narrow_writes ... ok
[INFO] [stdout] test tests::an_unknown_op_reaches_the_core_rather_than_clap ... ok
[INFO] [stdout] test tests::the_command_tree_is_well_formed ... ok
[INFO] [stdout] test io::tests::a_concurrent_change_is_not_overwritten ... ok
[INFO] [stdout] test io::tests::replacement_preserves_the_original_mode ... ok
[INFO] [stdout] test io::tests::a_symlink_stays_a_symlink_and_its_target_changes ... ok
[INFO] [stdout] 
[INFO] [stdout] test result: ok. 18 passed; 0 failed; 0 ignored; 0 measured; 0 filtered out; finished in 0.03s
[INFO] [stdout] 
[INFO] [stderr]      Running tests/cli.rs (/opt/rustwide/target/release/build/incise-cli/ee054c3b28a2452b/out/cli-ee054c3b28a2452b)
[INFO] [stdout] 
[INFO] [stdout] running 30 tests
[INFO] [stdout] test a_frontmatter_edit_gets_the_frontmatter_description ... FAILED
[INFO] [stdout] test a_read_prints_the_renderer_s_string_with_nothing_appended ... FAILED
[INFO] [stdout] test a_no_op_says_so_and_leaves_the_file_alone ... FAILED
[INFO] [stdout] test a_home_relative_path_is_expanded_without_a_shell ... FAILED
[INFO] [stdout] test a_dry_run_describes_the_edit_and_writes_nothing ... FAILED
[INFO] [stdout] test a_frontmatter_existence_guard_refuses_with_structured_repair ... FAILED
[INFO] [stdout] test a_byte_order_mark_is_refused_by_name_rather_than_silently_absorbed ... FAILED
[INFO] [stdout] test a_missing_file_is_incise_s_sentence_and_names_path ... ok
[INFO] [stdout] test args_that_are_json_but_not_an_object_are_the_core_s_to_refuse ... FAILED
[INFO] [stdout] test a_refusal_is_the_library_s_sentence_verbatim_on_stderr ... FAILED
[INFO] [stdout] test crlf_survives_a_round_trip_through_the_front_end ... FAILED
[INFO] [stdout] test a_success_prints_the_description_and_nothing_else ... FAILED
[INFO] [stdout] test check_reports_findings_successfully_without_touching_the_file ... ok
[INFO] [stdout] test if_match_takes_any_prefix_of_the_hash_and_names_both_on_a_miss ... FAILED
[INFO] [stdout] test items_json_carries_copyable_text_nesting_and_checkbox_state ... FAILED
[INFO] [stdout] test json_refusals_keep_the_message_and_add_copyable_repair_data ... FAILED
[INFO] [stdout] test an_unknown_op_gets_the_core_s_list_not_clap_s_apology ... ok
[INFO] [stdout] test rows_addresses_a_table_the_same_way_an_edit_does ... FAILED
[INFO] [stdout] test rows_json_carries_the_structure_the_text_was_rendered_from ... FAILED
[INFO] [stdout] test fix_safe_requires_an_if_match_guard ... ok
[INFO] [stdout] test flow_collection_set_refuses_with_structured_repair ... ok
[INFO] [stdout] test clean_check_json_has_a_frozen_envelope ... ok
[INFO] [stdout] test the_edit_is_a_splice_and_the_rest_of_the_file_is_byte_identical ... FAILED
[INFO] [stdout] test the_four_outcomes_have_four_codes ... FAILED
[INFO] [stdout] test the_hash_the_cli_reports_is_the_hash_of_the_file_on_disk ... FAILED
[INFO] [stdout] test whole_table_delete_previews_then_accepts_cli_confirmation ... FAILED
[INFO] [stdout] test keys_json_carries_the_structure_the_text_was_rendered_from ... FAILED
[INFO] [stdout] test schema_publishes_the_five_measured_tools ... ok
[INFO] [stdout] test fix_safe_is_hash_guarded_and_v1_is_a_no_op ... ok
[INFO] [stdout] test rows_takes_the_whole_argument_object_as_json ... FAILED
[INFO] [stdout] 
[INFO] [stdout] failures:
[INFO] [stdout] 
[INFO] [stdout] ---- a_frontmatter_edit_gets_the_frontmatter_description stdout ----
[INFO] [stdout] 
[INFO] [stdout] thread 'a_frontmatter_edit_gets_the_frontmatter_description' (346) panicked at tests/cli.rs:38:51:
[INFO] [stdout] called `Result::unwrap()` on an `Err` value: Os { code: 2, kind: NotFound, message: "No such file or directory" }
[INFO] [stdout] stack backtrace:
[INFO] [stdout]    0:     0x62dc348a2091 - <<std[617be2ca0a6fd877]::sys::backtrace::BacktraceLock>::print::DisplayBacktrace as core[a373ad73a504971]::fmt::Display>::fmt
[INFO] [stdout]    1:     0x62dc348b8a1a - core[a373ad73a504971]::fmt::write
[INFO] [stdout]    2:     0x62dc348a652c - <alloc[2e1b2a31b91974c5]::vec::Vec<u8> as core[a373ad73a504971]::io::write::Write>::write_fmt
[INFO] [stdout]    3:     0x62dc3487ccb6 - std[617be2ca0a6fd877]::panicking::default_hook::{closure#0}
[INFO] [stdout]    4:     0x62dc34899b59 - std[617be2ca0a6fd877]::panicking::default_hook
[INFO] [stdout]    5:     0x62dc34831e00 - test[aada8e7e76ba119b]::test_main_inner::{closure#0}
[INFO] [stdout]    6:     0x62dc34899d12 - std[617be2ca0a6fd877]::panicking::panic_with_hook
[INFO] [stdout]    7:     0x62dc3487cd62 - std[617be2ca0a6fd877]::panicking::panic_handler::{closure#0}
[INFO] [stdout]    8:     0x62dc348757c9 - std[617be2ca0a6fd877]::sys::backtrace::__rust_end_short_backtrace::<std[617be2ca0a6fd877]::panicking::panic_handler::{closure#0}, !>
[INFO] [stdout]    9:     0x62dc3487d96d - __rustc[ea4f61d10b84890b]::rust_begin_unwind
[INFO] [stdout]   10:     0x62dc348b914c - core[a373ad73a504971]::panicking::panic_fmt
[INFO] [stdout]   11:     0x62dc348b8f22 - core[a373ad73a504971]::result::unwrap_failed
[INFO] [stdout]   12:     0x62dc347ab9f7 - <cli[b1edef87c4ae2ffd]::Scratch>::of
[INFO] [stdout]   13:     0x62dc347b16f2 - <cli[b1edef87c4ae2ffd]::a_frontmatter_edit_gets_the_frontmatter_description::{closure#0} as core[a373ad73a504971]::ops::function::FnOnce<()>>::call_once
[INFO] [stdout]   14:     0x62dc3482524b - test[aada8e7e76ba119b]::__rust_begin_short_backtrace::<core[a373ad73a504971]::result::Result<(), alloc[2e1b2a31b91974c5]::string::String>, fn() -> core[a373ad73a504971]::result::Result<(), alloc[2e1b2a31b91974c5]::string::String>>
[INFO] [stdout]   15:     0x62dc34832425 - test[aada8e7e76ba119b]::run_test::{closure#0}
[INFO] [stdout]   16:     0x62dc3482bd14 - std[617be2ca0a6fd877]::sys::backtrace::__rust_begin_short_backtrace::<test[aada8e7e76ba119b]::run_test::{closure#1}, ()>
[INFO] [stdout]   17:     0x62dc348354b2 - <std[617be2ca0a6fd877]::thread::lifecycle::spawn_unchecked<test[aada8e7e76ba119b]::run_test::{closure#1}, ()>::{closure#1} as core[a373ad73a504971]::ops::function::FnOnce<()>>::call_once::{shim:vtable#0}
[INFO] [stdout]   18:     0x62dc348a13ff - <std[617be2ca0a6fd877]::sys::thread::unix::Thread>::new::thread_start
[INFO] [stdout]   19:     0x73982ce63dfa - <unknown>
[INFO] [stdout]   20:     0x73982cef73d4 - clone
[INFO] [stdout]   21:                0x0 - <unknown>
[INFO] [stdout] 
[INFO] [stdout] ---- a_read_prints_the_renderer_s_string_with_nothing_appended stdout ----
[INFO] [stdout] 
[INFO] [stdout] thread 'a_read_prints_the_renderer_s_string_with_nothing_appended' (351) panicked at tests/cli.rs:38:51:
[INFO] [stdout] called `Result::unwrap()` on an `Err` value: Os { code: 2, kind: NotFound, message: "No such file or directory" }
[INFO] [stdout] stack backtrace:
[INFO] [stdout]    0:     0x62dc348a2091 - <<std[617be2ca0a6fd877]::sys::backtrace::BacktraceLock>::print::DisplayBacktrace as core[a373ad73a504971]::fmt::Display>::fmt
[INFO] [stdout]    1:     0x62dc348b8a1a - core[a373ad73a504971]::fmt::write
[INFO] [stdout]    2:     0x62dc348a652c - <alloc[2e1b2a31b91974c5]::vec::Vec<u8> as core[a373ad73a504971]::io::write::Write>::write_fmt
[INFO] [stdout]    3:     0x62dc3487ccb6 - std[617be2ca0a6fd877]::panicking::default_hook::{closure#0}
[INFO] [stdout]    4:     0x62dc34899b59 - std[617be2ca0a6fd877]::panicking::default_hook
[INFO] [stdout]    5:     0x62dc34831e00 - test[aada8e7e76ba119b]::test_main_inner::{closure#0}
[INFO] [stdout]    6:     0x62dc34899d12 - std[617be2ca0a6fd877]::panicking::panic_with_hook
[INFO] [stdout]    7:     0x62dc3487cd62 - std[617be2ca0a6fd877]::panicking::panic_handler::{closure#0}
[INFO] [stdout]    8:     0x62dc348757c9 - std[617be2ca0a6fd877]::sys::backtrace::__rust_end_short_backtrace::<std[617be2ca0a6fd877]::panicking::panic_handler::{closure#0}, !>
[INFO] [stdout]    9:     0x62dc3487d96d - __rustc[ea4f61d10b84890b]::rust_begin_unwind
[INFO] [stdout]   10:     0x62dc348b914c - core[a373ad73a504971]::panicking::panic_fmt
[INFO] [stdout]   11:     0x62dc348b8f22 - core[a373ad73a504971]::result::unwrap_failed
[INFO] [stdout]   12:     0x62dc347ab9f7 - <cli[b1edef87c4ae2ffd]::Scratch>::of
[INFO] [stdout]   13:     0x62dc347b27ba - <cli[b1edef87c4ae2ffd]::a_read_prints_the_renderer_s_string_with_nothing_appended::{closure#0} as core[a373ad73a504971]::ops::function::FnOnce<()>>::call_once
[INFO] [stdout]   14:     0x62dc3482524b - test[aada8e7e76ba119b]::__rust_begin_short_backtrace::<core[a373ad73a504971]::result::Result<(), alloc[2e1b2a31b91974c5]::string::String>, fn() -> core[a373ad73a504971]::result::Result<(), alloc[2e1b2a31b91974c5]::string::String>>
[INFO] [stdout]   15:     0x62dc34832425 - test[aada8e7e76ba119b]::run_test::{closure#0}
[INFO] [stdout]   16:     0x62dc3482bd14 - std[617be2ca0a6fd877]::sys::backtrace::__rust_begin_short_backtrace::<test[aada8e7e76ba119b]::run_test::{closure#1}, ()>
[INFO] [stdout]   17:     0x62dc348354b2 - <std[617be2ca0a6fd877]::thread::lifecycle::spawn_unchecked<test[aada8e7e76ba119b]::run_test::{closure#1}, ()>::{closure#1} as core[a373ad73a504971]::ops::function::FnOnce<()>>::call_once::{shim:vtable#0}
[INFO] [stdout]   18:     0x62dc348a13ff - <std[617be2ca0a6fd877]::sys::thread::unix::Thread>::new::thread_start
[INFO] [stdout]   19:     0x73982ce63dfa - <unknown>
[INFO] [stdout]   20:     0x73982cef73d4 - clone
[INFO] [stdout]   21:                0x0 - <unknown>
[INFO] [stdout] 
[INFO] [stdout] ---- a_no_op_says_so_and_leaves_the_file_alone stdout ----
[INFO] [stdout] 
[INFO] [stdout] thread 'a_no_op_says_so_and_leaves_the_file_alone' (350) panicked at tests/cli.rs:38:51:
[INFO] [stdout] called `Result::unwrap()` on an `Err` value: Os { code: 2, kind: NotFound, message: "No such file or directory" }
[INFO] [stdout] stack backtrace:
[INFO] [stdout]    0:     0x62dc348a2091 - <<std[617be2ca0a6fd877]::sys::backtrace::BacktraceLock>::print::DisplayBacktrace as core[a373ad73a504971]::fmt::Display>::fmt
[INFO] [stdout]    1:     0x62dc348b8a1a - core[a373ad73a504971]::fmt::write
[INFO] [stdout]    2:     0x62dc348a652c - <alloc[2e1b2a31b91974c5]::vec::Vec<u8> as core[a373ad73a504971]::io::write::Write>::write_fmt
[INFO] [stdout]    3:     0x62dc3487ccb6 - std[617be2ca0a6fd877]::panicking::default_hook::{closure#0}
[INFO] [stdout]    4:     0x62dc34899b59 - std[617be2ca0a6fd877]::panicking::default_hook
[INFO] [stdout]    5:     0x62dc34831e00 - test[aada8e7e76ba119b]::test_main_inner::{closure#0}
[INFO] [stdout]    6:     0x62dc34899d12 - std[617be2ca0a6fd877]::panicking::panic_with_hook
[INFO] [stdout]    7:     0x62dc3487cd62 - std[617be2ca0a6fd877]::panicking::panic_handler::{closure#0}
[INFO] [stdout]    8:     0x62dc348757c9 - std[617be2ca0a6fd877]::sys::backtrace::__rust_end_short_backtrace::<std[617be2ca0a6fd877]::panicking::panic_handler::{closure#0}, !>
[INFO] [stdout]    9:     0x62dc3487d96d - __rustc[ea4f61d10b84890b]::rust_begin_unwind
[INFO] [stdout]   10:     0x62dc348b914c - core[a373ad73a504971]::panicking::panic_fmt
[INFO] [stdout]   11:     0x62dc348b8f22 - core[a373ad73a504971]::result::unwrap_failed
[INFO] [stdout]   12:     0x62dc347ab9f7 - <cli[b1edef87c4ae2ffd]::Scratch>::of
[INFO] [stdout]   13:     0x62dc347ae001 - <cli[b1edef87c4ae2ffd]::a_no_op_says_so_and_leaves_the_file_alone::{closure#0} as core[a373ad73a504971]::ops::function::FnOnce<()>>::call_once
[INFO] [stdout]   14:     0x62dc3482524b - test[aada8e7e76ba119b]::__rust_begin_short_backtrace::<core[a373ad73a504971]::result::Result<(), alloc[2e1b2a31b91974c5]::string::String>, fn() -> core[a373ad73a504971]::result::Result<(), alloc[2e1b2a31b91974c5]::string::String>>
[INFO] [stdout]   15:     0x62dc34832425 - test[aada8e7e76ba119b]::run_test::{closure#0}
[INFO] [stdout]   16:     0x62dc3482bd14 - std[617be2ca0a6fd877]::sys::backtrace::__rust_begin_short_backtrace::<test[aada8e7e76ba119b]::run_test::{closure#1}, ()>
[INFO] [stdout]   17:     0x62dc348354b2 - <std[617be2ca0a6fd877]::thread::lifecycle::spawn_unchecked<test[aada8e7e76ba119b]::run_test::{closure#1}, ()>::{closure#1} as core[a373ad73a504971]::ops::function::FnOnce<()>>::call_once::{shim:vtable#0}
[INFO] [stdout]   18:     0x62dc348a13ff - <std[617be2ca0a6fd877]::sys::thread::unix::Thread>::new::thread_start
[INFO] [stdout]   19:     0x73982ce63dfa - <unknown>
[INFO] [stdout]   20:     0x73982cef73d4 - clone
[INFO] [stdout]   21:                0x0 - <unknown>
[INFO] [stdout] 
[INFO] [stdout] ---- a_home_relative_path_is_expanded_without_a_shell stdout ----
[INFO] [stdout] 
[INFO] [stdout] thread 'a_home_relative_path_is_expanded_without_a_shell' (348) panicked at tests/cli.rs:38:51:
[INFO] [stdout] called `Result::unwrap()` on an `Err` value: Os { code: 2, kind: NotFound, message: "No such file or directory" }
[INFO] [stdout] stack backtrace:
[INFO] [stdout]    0:     0x62dc348a2091 - <<std[617be2ca0a6fd877]::sys::backtrace::BacktraceLock>::print::DisplayBacktrace as core[a373ad73a504971]::fmt::Display>::fmt
[INFO] [stdout]    1:     0x62dc348b8a1a - core[a373ad73a504971]::fmt::write
[INFO] [stdout]    2:     0x62dc348a652c - <alloc[2e1b2a31b91974c5]::vec::Vec<u8> as core[a373ad73a504971]::io::write::Write>::write_fmt
[INFO] [stdout]    3:     0x62dc3487ccb6 - std[617be2ca0a6fd877]::panicking::default_hook::{closure#0}
[INFO] [stdout]    4:     0x62dc34899b59 - std[617be2ca0a6fd877]::panicking::default_hook
[INFO] [stdout]    5:     0x62dc34831e00 - test[aada8e7e76ba119b]::test_main_inner::{closure#0}
[INFO] [stdout]    6:     0x62dc34899d12 - std[617be2ca0a6fd877]::panicking::panic_with_hook
[INFO] [stdout]    7:     0x62dc3487cd62 - std[617be2ca0a6fd877]::panicking::panic_handler::{closure#0}
[INFO] [stdout]    8:     0x62dc348757c9 - std[617be2ca0a6fd877]::sys::backtrace::__rust_end_short_backtrace::<std[617be2ca0a6fd877]::panicking::panic_handler::{closure#0}, !>
[INFO] [stdout]    9:     0x62dc3487d96d - __rustc[ea4f61d10b84890b]::rust_begin_unwind
[INFO] [stdout]   10:     0x62dc348b914c - core[a373ad73a504971]::panicking::panic_fmt
[INFO] [stdout]   11:     0x62dc348b8f22 - core[a373ad73a504971]::result::unwrap_failed
[INFO] [stdout]   12:     0x62dc347ab9f7 - <cli[b1edef87c4ae2ffd]::Scratch>::of
[INFO] [stdout]   13:     0x62dc347aef72 - <cli[b1edef87c4ae2ffd]::a_home_relative_path_is_expanded_without_a_shell::{closure#0} as core[a373ad73a504971]::ops::function::FnOnce<()>>::call_once
[INFO] [stdout]   14:     0x62dc3482524b - test[aada8e7e76ba119b]::__rust_begin_short_backtrace::<core[a373ad73a504971]::result::Result<(), alloc[2e1b2a31b91974c5]::string::String>, fn() -> core[a373ad73a504971]::result::Result<(), alloc[2e1b2a31b91974c5]::string::String>>
[INFO] [stdout]   15:     0x62dc34832425 - test[aada8e7e76ba119b]::run_test::{closure#0}
[INFO] [stdout]   16:     0x62dc3482bd14 - std[617be2ca0a6fd877]::sys::backtrace::__rust_begin_short_backtrace::<test[aada8e7e76ba119b]::run_test::{closure#1}, ()>
[INFO] [stdout]   17:     0x62dc348354b2 - <std[617be2ca0a6fd877]::thread::lifecycle::spawn_unchecked<test[aada8e7e76ba119b]::run_test::{closure#1}, ()>::{closure#1} as core[a373ad73a504971]::ops::function::FnOnce<()>>::call_once::{shim:vtable#0}
[INFO] [stdout]   18:     0x62dc348a13ff - <std[617be2ca0a6fd877]::sys::thread::unix::Thread>::new::thread_start
[INFO] [stdout]   19:     0x73982ce63dfa - <unknown>
[INFO] [stdout]   20:     0x73982cef73d4 - clone
[INFO] [stdout]   21:                0x0 - <unknown>
[INFO] [stdout] 
[INFO] [stdout] ---- a_dry_run_describes_the_edit_and_writes_nothing stdout ----
[INFO] [stdout] 
[INFO] [stdout] thread 'a_dry_run_describes_the_edit_and_writes_nothing' (345) panicked at tests/cli.rs:38:51:
[INFO] [stdout] called `Result::unwrap()` on an `Err` value: Os { code: 2, kind: NotFound, message: "No such file or directory" }
[INFO] [stdout] stack backtrace:
[INFO] [stdout]    0:     0x62dc348a2091 - <<std[617be2ca0a6fd877]::sys::backtrace::BacktraceLock>::print::DisplayBacktrace as core[a373ad73a504971]::fmt::Display>::fmt
[INFO] [stdout]    1:     0x62dc348b8a1a - core[a373ad73a504971]::fmt::write
[INFO] [stdout]    2:     0x62dc348a652c - <alloc[2e1b2a31b91974c5]::vec::Vec<u8> as core[a373ad73a504971]::io::write::Write>::write_fmt
[INFO] [stdout]    3:     0x62dc3487ccb6 - std[617be2ca0a6fd877]::panicking::default_hook::{closure#0}
[INFO] [stdout]    4:     0x62dc34899b59 - std[617be2ca0a6fd877]::panicking::default_hook
[INFO] [stdout]    5:     0x62dc34831e00 - test[aada8e7e76ba119b]::test_main_inner::{closure#0}
[INFO] [stdout]    6:     0x62dc34899d12 - std[617be2ca0a6fd877]::panicking::panic_with_hook
[INFO] [stdout]    7:     0x62dc3487cd62 - std[617be2ca0a6fd877]::panicking::panic_handler::{closure#0}
[INFO] [stdout]    8:     0x62dc348757c9 - std[617be2ca0a6fd877]::sys::backtrace::__rust_end_short_backtrace::<std[617be2ca0a6fd877]::panicking::panic_handler::{closure#0}, !>
[INFO] [stdout]    9:     0x62dc3487d96d - __rustc[ea4f61d10b84890b]::rust_begin_unwind
[INFO] [stdout]   10:     0x62dc348b914c - core[a373ad73a504971]::panicking::panic_fmt
[INFO] [stdout]   11:     0x62dc348b8f22 - core[a373ad73a504971]::result::unwrap_failed
[INFO] [stdout]   12:     0x62dc347ab9f7 - <cli[b1edef87c4ae2ffd]::Scratch>::of
[INFO] [stdout]   13:     0x62dc347aec48 - <cli[b1edef87c4ae2ffd]::a_dry_run_describes_the_edit_and_writes_nothing::{closure#0} as core[a373ad73a504971]::ops::function::FnOnce<()>>::call_once
[INFO] [stdout]   14:     0x62dc3482524b - test[aada8e7e76ba119b]::__rust_begin_short_backtrace::<core[a373ad73a504971]::result::Result<(), alloc[2e1b2a31b91974c5]::string::String>, fn() -> core[a373ad73a504971]::result::Result<(), alloc[2e1b2a31b91974c5]::string::String>>
[INFO] [stdout]   15:     0x62dc34832425 - test[aada8e7e76ba119b]::run_test::{closure#0}
[INFO] [stdout]   16:     0x62dc3482bd14 - std[617be2ca0a6fd877]::sys::backtrace::__rust_begin_short_backtrace::<test[aada8e7e76ba119b]::run_test::{closure#1}, ()>
[INFO] [stdout]   17:     0x62dc348354b2 - <std[617be2ca0a6fd877]::thread::lifecycle::spawn_unchecked<test[aada8e7e76ba119b]::run_test::{closure#1}, ()>::{closure#1} as core[a373ad73a504971]::ops::function::FnOnce<()>>::call_once::{shim:vtable#0}
[INFO] [stdout]   18:     0x62dc348a13ff - <std[617be2ca0a6fd877]::sys::thread::unix::Thread>::new::thread_start
[INFO] [stdout]   19:     0x73982ce63dfa - <unknown>
[INFO] [stdout]   20:     0x73982cef73d4 - clone
[INFO] [stdout]   21:                0x0 - <unknown>
[INFO] [stdout] 
[INFO] [stdout] ---- a_frontmatter_existence_guard_refuses_with_structured_repair stdout ----
[INFO] [stdout] 
[INFO] [stdout] thread 'a_frontmatter_existence_guard_refuses_with_structured_repair' (347) panicked at tests/cli.rs:38:51:
[INFO] [stdout] called `Result::unwrap()` on an `Err` value: Os { code: 2, kind: NotFound, message: "No such file or directory" }
[INFO] [stdout] stack backtrace:
[INFO] [stdout]    0:     0x62dc348a2091 - <<std[617be2ca0a6fd877]::sys::backtrace::BacktraceLock>::print::DisplayBacktrace as core[a373ad73a504971]::fmt::Display>::fmt
[INFO] [stdout]    1:     0x62dc348b8a1a - core[a373ad73a504971]::fmt::write
[INFO] [stdout]    2:     0x62dc348a652c - <alloc[2e1b2a31b91974c5]::vec::Vec<u8> as core[a373ad73a504971]::io::write::Write>::write_fmt
[INFO] [stdout]    3:     0x62dc3487ccb6 - std[617be2ca0a6fd877]::panicking::default_hook::{closure#0}
[INFO] [stdout]    4:     0x62dc34899b59 - std[617be2ca0a6fd877]::panicking::default_hook
[INFO] [stdout]    5:     0x62dc34831e00 - test[aada8e7e76ba119b]::test_main_inner::{closure#0}
[INFO] [stdout]    6:     0x62dc34899d12 - std[617be2ca0a6fd877]::panicking::panic_with_hook
[INFO] [stdout]    7:     0x62dc3487cd62 - std[617be2ca0a6fd877]::panicking::panic_handler::{closure#0}
[INFO] [stdout]    8:     0x62dc348757c9 - std[617be2ca0a6fd877]::sys::backtrace::__rust_end_short_backtrace::<std[617be2ca0a6fd877]::panicking::panic_handler::{closure#0}, !>
[INFO] [stdout]    9:     0x62dc3487d96d - __rustc[ea4f61d10b84890b]::rust_begin_unwind
[INFO] [stdout]   10:     0x62dc348b914c - core[a373ad73a504971]::panicking::panic_fmt
[INFO] [stdout]   11:     0x62dc348b8f22 - core[a373ad73a504971]::result::unwrap_failed
[INFO] [stdout]   12:     0x62dc347ab9f7 - <cli[b1edef87c4ae2ffd]::Scratch>::of
[INFO] [stdout]   13:     0x62dc347b674a - <cli[b1edef87c4ae2ffd]::a_frontmatter_existence_guard_refuses_with_structured_repair::{closure#0} as core[a373ad73a504971]::ops::function::FnOnce<()>>::call_once
[INFO] [stdout]   14:     0x62dc3482524b - test[aada8e7e76ba119b]::__rust_begin_short_backtrace::<core[a373ad73a504971]::result::Result<(), alloc[2e1b2a31b91974c5]::string::String>, fn() -> core[a373ad73a504971]::result::Result<(), alloc[2e1b2a31b91974c5]::string::String>>
[INFO] [stdout]   15:     0x62dc34832425 - test[aada8e7e76ba119b]::run_test::{closure#0}
[INFO] [stdout]   16:     0x62dc3482bd14 - std[617be2ca0a6fd877]::sys::backtrace::__rust_begin_short_backtrace::<test[aada8e7e76ba119b]::run_test::{closure#1}, ()>
[INFO] [stdout]   17:     0x62dc348354b2 - <std[617be2ca0a6fd877]::thread::lifecycle::spawn_unchecked<test[aada8e7e76ba119b]::run_test::{closure#1}, ()>::{closure#1} as core[a373ad73a504971]::ops::function::FnOnce<()>>::call_once::{shim:vtable#0}
[INFO] [stdout]   18:     0x62dc348a13ff - <std[617be2ca0a6fd877]::sys::thread::unix::Thread>::new::thread_start
[INFO] [stdout]   19:     0x73982ce63dfa - <unknown>
[INFO] [stdout]   20:     0x73982cef73d4 - clone
[INFO] [stdout]   21:                0x0 - <unknown>
[INFO] [stdout] 
[INFO] [stdout] ---- a_byte_order_mark_is_refused_by_name_rather_than_silently_absorbed stdout ----
[INFO] [stdout] 
[INFO] [stdout] thread 'a_byte_order_mark_is_refused_by_name_rather_than_silently_absorbed' (344) panicked at tests/cli.rs:38:51:
[INFO] [stdout] called `Result::unwrap()` on an `Err` value: Os { code: 2, kind: NotFound, message: "No such file or directory" }
[INFO] [stdout] stack backtrace:
[INFO] [stdout]    0:     0x62dc348a2091 - <<std[617be2ca0a6fd877]::sys::backtrace::BacktraceLock>::print::DisplayBacktrace as core[a373ad73a504971]::fmt::Display>::fmt
[INFO] [stdout]    1:     0x62dc348b8a1a - core[a373ad73a504971]::fmt::write
[INFO] [stdout]    2:     0x62dc348a652c - <alloc[2e1b2a31b91974c5]::vec::Vec<u8> as core[a373ad73a504971]::io::write::Write>::write_fmt
[INFO] [stdout]    3:     0x62dc3487ccb6 - std[617be2ca0a6fd877]::panicking::default_hook::{closure#0}
[INFO] [stdout]    4:     0x62dc34899b59 - std[617be2ca0a6fd877]::panicking::default_hook
[INFO] [stdout]    5:     0x62dc34831e00 - test[aada8e7e76ba119b]::test_main_inner::{closure#0}
[INFO] [stdout]    6:     0x62dc34899d12 - std[617be2ca0a6fd877]::panicking::panic_with_hook
[INFO] [stdout]    7:     0x62dc3487cd62 - std[617be2ca0a6fd877]::panicking::panic_handler::{closure#0}
[INFO] [stdout]    8:     0x62dc348757c9 - std[617be2ca0a6fd877]::sys::backtrace::__rust_end_short_backtrace::<std[617be2ca0a6fd877]::panicking::panic_handler::{closure#0}, !>
[INFO] [stdout]    9:     0x62dc3487d96d - __rustc[ea4f61d10b84890b]::rust_begin_unwind
[INFO] [stdout]   10:     0x62dc348b914c - core[a373ad73a504971]::panicking::panic_fmt
[INFO] [stdout]   11:     0x62dc348b8f22 - core[a373ad73a504971]::result::unwrap_failed
[INFO] [stdout]   12:     0x62dc347ab9f7 - <cli[b1edef87c4ae2ffd]::Scratch>::of
[INFO] [stdout]   13:     0x62dc347b836c - <cli[b1edef87c4ae2ffd]::a_byte_order_mark_is_refused_by_name_rather_than_silently_absorbed::{closure#0} as core[a373ad73a504971]::ops::function::FnOnce<()>>::call_once
[INFO] [stdout]   14:     0x62dc3482524b - test[aada8e7e76ba119b]::__rust_begin_short_backtrace::<core[a373ad73a504971]::result::Result<(), alloc[2e1b2a31b91974c5]::string::String>, fn() -> core[a373ad73a504971]::result::Result<(), alloc[2e1b2a31b91974c5]::string::String>>
[INFO] [stdout]   15:     0x62dc34832425 - test[aada8e7e76ba119b]::run_test::{closure#0}
[INFO] [stdout]   16:     0x62dc3482bd14 - std[617be2ca0a6fd877]::sys::backtrace::__rust_begin_short_backtrace::<test[aada8e7e76ba119b]::run_test::{closure#1}, ()>
[INFO] [stdout]   17:     0x62dc348354b2 - <std[617be2ca0a6fd877]::thread::lifecycle::spawn_unchecked<test[aada8e7e76ba119b]::run_test::{closure#1}, ()>::{closure#1} as core[a373ad73a504971]::ops::function::FnOnce<()>>::call_once::{shim:vtable#0}
[INFO] [stdout]   18:     0x62dc348a13ff - <std[617be2ca0a6fd877]::sys::thread::unix::Thread>::new::thread_start
[INFO] [stdout]   19:     0x73982ce63dfa - <unknown>
[INFO] [stdout]   20:     0x73982cef73d4 - clone
[INFO] [stdout]   21:                0x0 - <unknown>
[INFO] [stdout] 
[INFO] [stdout] ---- args_that_are_json_but_not_an_object_are_the_core_s_to_refuse stdout ----
[INFO] [stdout] 
[INFO] [stdout] thread 'args_that_are_json_but_not_an_object_are_the_core_s_to_refuse' (361) panicked at tests/cli.rs:38:51:
[INFO] [stdout] called `Result::unwrap()` on an `Err` value: Os { code: 2, kind: NotFound, message: "No such file or directory" }
[INFO] [stdout] stack backtrace:
[INFO] [stdout]    0:     0x62dc348a2091 - <<std[617be2ca0a6fd877]::sys::backtrace::BacktraceLock>::print::DisplayBacktrace as core[a373ad73a504971]::fmt::Display>::fmt
[INFO] [stdout]    1:     0x62dc348b8a1a - core[a373ad73a504971]::fmt::write
[INFO] [stdout]    2:     0x62dc348a652c - <alloc[2e1b2a31b91974c5]::vec::Vec<u8> as core[a373ad73a504971]::io::write::Write>::write_fmt
[INFO] [stdout]    3:     0x62dc3487ccb6 - std[617be2ca0a6fd877]::panicking::default_hook::{closure#0}
[INFO] [stdout]    4:     0x62dc34899b59 - std[617be2ca0a6fd877]::panicking::default_hook
[INFO] [stdout]    5:     0x62dc34831e00 - test[aada8e7e76ba119b]::test_main_inner::{closure#0}
[INFO] [stdout]    6:     0x62dc34899d12 - std[617be2ca0a6fd877]::panicking::panic_with_hook
[INFO] [stdout]    7:     0x62dc3487cd62 - std[617be2ca0a6fd877]::panicking::panic_handler::{closure#0}
[INFO] [stdout]    8:     0x62dc348757c9 - std[617be2ca0a6fd877]::sys::backtrace::__rust_end_short_backtrace::<std[617be2ca0a6fd877]::panicking::panic_handler::{closure#0}, !>
[INFO] [stdout]    9:     0x62dc3487d96d - __rustc[ea4f61d10b84890b]::rust_begin_unwind
[INFO] [stdout]   10:     0x62dc348b914c - core[a373ad73a504971]::panicking::panic_fmt
[INFO] [stdout]   11:     0x62dc348b8f22 - core[a373ad73a504971]::result::unwrap_failed
[INFO] [stdout]   12:     0x62dc347ab9f7 - <cli[b1edef87c4ae2ffd]::Scratch>::of
[INFO] [stdout]   13:     0x62dc347b6b05 - <cli[b1edef87c4ae2ffd]::args_that_are_json_but_not_an_object_are_the_core_s_to_refuse::{closure#0} as core[a373ad73a504971]::ops::function::FnOnce<()>>::call_once
[INFO] [stdout]   14:     0x62dc3482524b - test[aada8e7e76ba119b]::__rust_begin_short_backtrace::<core[a373ad73a504971]::result::Result<(), alloc[2e1b2a31b91974c5]::string::String>, fn() -> core[a373ad73a504971]::result::Result<(), alloc[2e1b2a31b91974c5]::string::String>>
[INFO] [stdout]   15:     0x62dc34832425 - test[aada8e7e76ba119b]::run_test::{closure#0}
[INFO] [stdout]   16:     0x62dc3482bd14 - std[617be2ca0a6fd877]::sys::backtrace::__rust_begin_short_backtrace::<test[aada8e7e76ba119b]::run_test::{closure#1}, ()>
[INFO] [stdout]   17:     0x62dc348354b2 - <std[617be2ca0a6fd877]::thread::lifecycle::spawn_unchecked<test[aada8e7e76ba119b]::run_test::{closure#1}, ()>::{closure#1} as core[a373ad73a504971]::ops::function::FnOnce<()>>::call_once::{shim:vtable#0}
[INFO] [stdout]   18:     0x62dc348a13ff - <std[617be2ca0a6fd877]::sys::thread::unix::Thread>::new::thread_start
[INFO] [stdout]   19:     0x73982ce63dfa - <unknown>
[INFO] [stdout]   20:     0x73982cef73d4 - clone
[INFO] [stdout]   21:                0x0 - <unknown>
[INFO] [stdout] 
[INFO] [stdout] ---- a_refusal_is_the_library_s_sentence_verbatim_on_stderr stdout ----
[INFO] [stdout] 
[INFO] [stdout] thread 'a_refusal_is_the_library_s_sentence_verbatim_on_stderr' (358) panicked at tests/cli.rs:38:51:
[INFO] [stdout] called `Result::unwrap()` on an `Err` value: Os { code: 2, kind: NotFound, message: "No such file or directory" }
[INFO] [stdout] stack backtrace:
[INFO] [stdout]    0:     0x62dc348a2091 - <<std[617be2ca0a6fd877]::sys::backtrace::BacktraceLock>::print::DisplayBacktrace as core[a373ad73a504971]::fmt::Display>::fmt
[INFO] [stdout]    1:     0x62dc348b8a1a - core[a373ad73a504971]::fmt::write
[INFO] [stdout]    2:     0x62dc348a652c - <alloc[2e1b2a31b91974c5]::vec::Vec<u8> as core[a373ad73a504971]::io::write::Write>::write_fmt
[INFO] [stdout]    3:     0x62dc3487ccb6 - std[617be2ca0a6fd877]::panicking::default_hook::{closure#0}
[INFO] [stdout]    4:     0x62dc34899b59 - std[617be2ca0a6fd877]::panicking::default_hook
[INFO] [stdout]    5:     0x62dc34831e00 - test[aada8e7e76ba119b]::test_main_inner::{closure#0}
[INFO] [stdout]    6:     0x62dc34899d12 - std[617be2ca0a6fd877]::panicking::panic_with_hook
[INFO] [stdout]    7:     0x62dc3487cd62 - std[617be2ca0a6fd877]::panicking::panic_handler::{closure#0}
[INFO] [stdout]    8:     0x62dc348757c9 - std[617be2ca0a6fd877]::sys::backtrace::__rust_end_short_backtrace::<std[617be2ca0a6fd877]::panicking::panic_handler::{closure#0}, !>
[INFO] [stdout]    9:     0x62dc3487d96d - __rustc[ea4f61d10b84890b]::rust_begin_unwind
[INFO] [stdout]   10:     0x62dc348b914c - core[a373ad73a504971]::panicking::panic_fmt
[INFO] [stdout]   11:     0x62dc348b8f22 - core[a373ad73a504971]::result::unwrap_failed
[INFO] [stdout]   12:     0x62dc347ab9f7 - <cli[b1edef87c4ae2ffd]::Scratch>::of
[INFO] [stdout]   13:     0x62dc347b1f18 - <cli[b1edef87c4ae2ffd]::a_refusal_is_the_library_s_sentence_verbatim_on_stderr::{closure#0} as core[a373ad73a504971]::ops::function::FnOnce<()>>::call_once
[INFO] [stdout]   14:     0x62dc3482524b - test[aada8e7e76ba119b]::__rust_begin_short_backtrace::<core[a373ad73a504971]::result::Result<(), alloc[2e1b2a31b91974c5]::string::String>, fn() -> core[a373ad73a504971]::result::Result<(), alloc[2e1b2a31b91974c5]::string::String>>
[INFO] [stdout]   15:     0x62dc34832425 - test[aada8e7e76ba119b]::run_test::{closure#0}
[INFO] [stdout]   16:     0x62dc3482bd14 - std[617be2ca0a6fd877]::sys::backtrace::__rust_begin_short_backtrace::<test[aada8e7e76ba119b]::run_test::{closure#1}, ()>
[INFO] [stdout]   17:     0x62dc348354b2 - <std[617be2ca0a6fd877]::thread::lifecycle::spawn_unchecked<test[aada8e7e76ba119b]::run_test::{closure#1}, ()>::{closure#1} as core[a373ad73a504971]::ops::function::FnOnce<()>>::call_once::{shim:vtable#0}
[INFO] [stdout]   18:     0x62dc348a13ff - <std[617be2ca0a6fd877]::sys::thread::unix::Thread>::new::thread_start
[INFO] [stdout]   19:     0x73982ce63dfa - <unknown>
[INFO] [stdout]   20:     0x73982cef73d4 - clone
[INFO] [stdout]   21:                0x0 - <unknown>
[INFO] [stdout] 
[INFO] [stdout] ---- crlf_survives_a_round_trip_through_the_front_end stdout ----
[INFO] [stdout] 
[INFO] [stdout] thread 'crlf_survives_a_round_trip_through_the_front_end' (364) panicked at tests/cli.rs:38:51:
[INFO] [stdout] called `Result::unwrap()` on an `Err` value: Os { code: 2, kind: NotFound, message: "No such file or directory" }
[INFO] [stdout] stack backtrace:
[INFO] [stdout]    0:     0x62dc348a2091 - <<std[617be2ca0a6fd877]::sys::backtrace::BacktraceLock>::print::DisplayBacktrace as core[a373ad73a504971]::fmt::Display>::fmt
[INFO] [stdout]    1:     0x62dc348b8a1a - core[a373ad73a504971]::fmt::write
[INFO] [stdout]    2:     0x62dc348a652c - <alloc[2e1b2a31b91974c5]::vec::Vec<u8> as core[a373ad73a504971]::io::write::Write>::write_fmt
[INFO] [stdout]    3:     0x62dc3487ccb6 - std[617be2ca0a6fd877]::panicking::default_hook::{closure#0}
[INFO] [stdout]    4:     0x62dc34899b59 - std[617be2ca0a6fd877]::panicking::default_hook
[INFO] [stdout]    5:     0x62dc34831e00 - test[aada8e7e76ba119b]::test_main_inner::{closure#0}
[INFO] [stdout]    6:     0x62dc34899d12 - std[617be2ca0a6fd877]::panicking::panic_with_hook
[INFO] [stdout]    7:     0x62dc3487cd62 - std[617be2ca0a6fd877]::panicking::panic_handler::{closure#0}
[INFO] [stdout]    8:     0x62dc348757c9 - std[617be2ca0a6fd877]::sys::backtrace::__rust_end_short_backtrace::<std[617be2ca0a6fd877]::panicking::panic_handler::{closure#0}, !>
[INFO] [stdout]    9:     0x62dc3487d96d - __rustc[ea4f61d10b84890b]::rust_begin_unwind
[INFO] [stdout]   10:     0x62dc348b914c - core[a373ad73a504971]::panicking::panic_fmt
[INFO] [stdout]   11:     0x62dc348b8f22 - core[a373ad73a504971]::result::unwrap_failed
[INFO] [stdout]   12:     0x62dc347ab9f7 - <cli[b1edef87c4ae2ffd]::Scratch>::of
[INFO] [stdout]   13:     0x62dc347af49d - <cli[b1edef87c4ae2ffd]::crlf_survives_a_round_trip_through_the_front_end::{closure#0} as core[a373ad73a504971]::ops::function::FnOnce<()>>::call_once
[INFO] [stdout]   14:     0x62dc3482524b - test[aada8e7e76ba119b]::__rust_begin_short_backtrace::<core[a373ad73a504971]::result::Result<(), alloc[2e1b2a31b91974c5]::string::String>, fn() -> core[a373ad73a504971]::result::Result<(), alloc[2e1b2a31b91974c5]::string::String>>
[INFO] [stdout]   15:     0x62dc34832425 - test[aada8e7e76ba119b]::run_test::{closure#0}
[INFO] [stdout]   16:     0x62dc3482bd14 - std[617be2ca0a6fd877]::sys::backtrace::__rust_begin_short_backtrace::<test[aada8e7e76ba119b]::run_test::{closure#1}, ()>
[INFO] [stdout]   17:     0x62dc348354b2 - <std[617be2ca0a6fd877]::thread::lifecycle::spawn_unchecked<test[aada8e7e76ba119b]::run_test::{closure#1}, ()>::{closure#1} as core[a373ad73a504971]::ops::function::FnOnce<()>>::call_once::{shim:vtable#0}
[INFO] [stdout]   18:     0x62dc348a13ff - <std[617be2ca0a6fd877]::sys::thread::unix::Thread>::new::thread_start
[INFO] [stdout]   19:     0x73982ce63dfa - <unknown>
[INFO] [stdout]   20:     0x73982cef73d4 - clone
[INFO] [stdout]   21:                0x0 - <unknown>
[INFO] [stdout] 
[INFO] [stdout] ---- a_success_prints_the_description_and_nothing_else stdout ----
[INFO] [stdout] 
[INFO] [stdout] thread 'a_success_prints_the_description_and_nothing_else' (359) panicked at tests/cli.rs:38:51:
[INFO] [stdout] called `Result::unwrap()` on an `Err` value: Os { code: 2, kind: NotFound, message: "No such file or directory" }
[INFO] [stdout] stack backtrace:
[INFO] [stdout]    0:     0x62dc348a2091 - <<std[617be2ca0a6fd877]::sys::backtrace::BacktraceLock>::print::DisplayBacktrace as core[a373ad73a504971]::fmt::Display>::fmt
[INFO] [stdout]    1:     0x62dc348b8a1a - core[a373ad73a504971]::fmt::write
[INFO] [stdout]    2:     0x62dc348a652c - <alloc[2e1b2a31b91974c5]::vec::Vec<u8> as core[a373ad73a504971]::io::write::Write>::write_fmt
[INFO] [stdout]    3:     0x62dc3487ccb6 - std[617be2ca0a6fd877]::panicking::default_hook::{closure#0}
[INFO] [stdout]    4:     0x62dc34899b59 - std[617be2ca0a6fd877]::panicking::default_hook
[INFO] [stdout]    5:     0x62dc34831e00 - test[aada8e7e76ba119b]::test_main_inner::{closure#0}
[INFO] [stdout]    6:     0x62dc34899d12 - std[617be2ca0a6fd877]::panicking::panic_with_hook
[INFO] [stdout]    7:     0x62dc3487cd62 - std[617be2ca0a6fd877]::panicking::panic_handler::{closure#0}
[INFO] [stdout]    8:     0x62dc348757c9 - std[617be2ca0a6fd877]::sys::backtrace::__rust_end_short_backtrace::<std[617be2ca0a6fd877]::panicking::panic_handler::{closure#0}, !>
[INFO] [stdout]    9:     0x62dc3487d96d - __rustc[ea4f61d10b84890b]::rust_begin_unwind
[INFO] [stdout]   10:     0x62dc348b914c - core[a373ad73a504971]::panicking::panic_fmt
[INFO] [stdout]   11:     0x62dc348b8f22 - core[a373ad73a504971]::result::unwrap_failed
[INFO] [stdout]   12:     0x62dc347ab9f7 - <cli[b1edef87c4ae2ffd]::Scratch>::of
[INFO] [stdout]   13:     0x62dc347afe6d - <cli[b1edef87c4ae2ffd]::a_success_prints_the_description_and_nothing_else::{closure#0} as core[a373ad73a504971]::ops::function::FnOnce<()>>::call_once
[INFO] [stdout]   14:     0x62dc3482524b - test[aada8e7e76ba119b]::__rust_begin_short_backtrace::<core[a373ad73a504971]::result::Result<(), alloc[2e1b2a31b91974c5]::string::String>, fn() -> core[a373ad73a504971]::result::Result<(), alloc[2e1b2a31b91974c5]::string::String>>
[INFO] [stdout]   15:     0x62dc34832425 - test[aada8e7e76ba119b]::run_test::{closure#0}
[INFO] [stdout]   16:     0x62dc3482bd14 - std[617be2ca0a6fd877]::sys::backtrace::__rust_begin_short_backtrace::<test[aada8e7e76ba119b]::run_test::{closure#1}, ()>
[INFO] [stdout]   17:     0x62dc348354b2 - <std[617be2ca0a6fd877]::thread::lifecycle::spawn_unchecked<test[aada8e7e76ba119b]::run_test::{closure#1}, ()>::{closure#1} as core[a373ad73a504971]::ops::function::FnOnce<()>>::call_once::{shim:vtable#0}
[INFO] [stdout]   18:     0x62dc348a13ff - <std[617be2ca0a6fd877]::sys::thread::unix::Thread>::new::thread_start
[INFO] [stdout]   19:     0x73982ce63dfa - <unknown>
[INFO] [stdout]   20:     0x73982cef73d4 - clone
[INFO] [stdout]   21:                0x0 - <unknown>
[INFO] [stdout] 
[INFO] [stdout] ---- if_match_takes_any_prefix_of_the_hash_and_names_both_on_a_miss stdout ----
[INFO] [stdout] 
[INFO] [stdout] thread 'if_match_takes_any_prefix_of_the_hash_and_names_both_on_a_miss' (371) panicked at tests/cli.rs:38:51:
[INFO] [stdout] called `Result::unwrap()` on an `Err` value: Os { code: 2, kind: NotFound, message: "No such file or directory" }
[INFO] [stdout] stack backtrace:
[INFO] [stdout]    0:     0x62dc348a2091 - <<std[617be2ca0a6fd877]::sys::backtrace::BacktraceLock>::print::DisplayBacktrace as core[a373ad73a504971]::fmt::Display>::fmt
[INFO] [stdout]    1:     0x62dc348b8a1a - core[a373ad73a504971]::fmt::write
[INFO] [stdout]    2:     0x62dc348a652c - <alloc[2e1b2a31b91974c5]::vec::Vec<u8> as core[a373ad73a504971]::io::write::Write>::write_fmt
[INFO] [stdout]    3:     0x62dc3487ccb6 - std[617be2ca0a6fd877]::panicking::default_hook::{closure#0}
[INFO] [stdout]    4:     0x62dc34899b59 - std[617be2ca0a6fd877]::panicking::default_hook
[INFO] [stdout]    5:     0x62dc34831e00 - test[aada8e7e76ba119b]::test_main_inner::{closure#0}
[INFO] [stdout]    6:     0x62dc34899d12 - std[617be2ca0a6fd877]::panicking::panic_with_hook
[INFO] [stdout]    7:     0x62dc3487cd62 - std[617be2ca0a6fd877]::panicking::panic_handler::{closure#0}
[INFO] [stdout]    8:     0x62dc348757c9 - std[617be2ca0a6fd877]::sys::backtrace::__rust_end_short_backtrace::<std[617be2ca0a6fd877]::panicking::panic_handler::{closure#0}, !>
[INFO] [stdout]    9:     0x62dc3487d96d - __rustc[ea4f61d10b84890b]::rust_begin_unwind
[INFO] [stdout]   10:     0x62dc348b914c - core[a373ad73a504971]::panicking::panic_fmt
[INFO] [stdout]   11:     0x62dc348b8f22 - core[a373ad73a504971]::result::unwrap_failed
[INFO] [stdout]   12:     0x62dc347ab9f7 - <cli[b1edef87c4ae2ffd]::Scratch>::of
[INFO] [stdout]   13:     0x62dc347b6fad - <cli[b1edef87c4ae2ffd]::if_match_takes_any_prefix_of_the_hash_and_names_both_on_a_miss::{closure#0} as core[a373ad73a504971]::ops::function::FnOnce<()>>::call_once
[INFO] [stdout]   14:     0x62dc3482524b - test[aada8e7e76ba119b]::__rust_begin_short_backtrace::<core[a373ad73a504971]::result::Result<(), alloc[2e1b2a31b91974c5]::string::String>, fn() -> core[a373ad73a504971]::result::Result<(), alloc[2e1b2a31b91974c5]::string::String>>
[INFO] [stdout]   15:     0x62dc34832425 - test[aada8e7e76ba119b]::run_test::{closure#0}
[INFO] [stdout]   16:     0x62dc3482bd14 - std[617be2ca0a6fd877]::sys::backtrace::__rust_begin_short_backtrace::<test[aada8e7e76ba119b]::run_test::{closure#1}, ()>
[INFO] [stdout]   17:     0x62dc348354b2 - <std[617be2ca0a6fd877]::thread::lifecycle::spawn_unchecked<test[aada8e7e76ba119b]::run_test::{closure#1}, ()>::{closure#1} as core[a373ad73a504971]::ops::function::FnOnce<()>>::call_once::{shim:vtable#0}
[INFO] [stdout]   18:     0x62dc348a13ff - <std[617be2ca0a6fd877]::sys::thread::unix::Thread>::new::thread_start
[INFO] [stdout]   19:     0x73982ce63dfa - <unknown>
[INFO] [stdout]   20:     0x73982cef73d4 - clone
[INFO] [stdout]   21:                0x0 - <unknown>
[INFO] [stdout] 
[INFO] [stdout] ---- items_json_carries_copyable_text_nesting_and_checkbox_state stdout ----
[INFO] [stdout] 
[INFO] [stdout] thread 'items_json_carries_copyable_text_nesting_and_checkbox_state' (372) panicked at tests/cli.rs:38:51:
[INFO] [stdout] called `Result::unwrap()` on an `Err` value: Os { code: 2, kind: NotFound, message: "No such file or directory" }
[INFO] [stdout] stack backtrace:
[INFO] [stdout]    0:     0x62dc348a2091 - <<std[617be2ca0a6fd877]::sys::backtrace::BacktraceLock>::print::DisplayBacktrace as core[a373ad73a504971]::fmt::Display>::fmt
[INFO] [stdout]    1:     0x62dc348b8a1a - core[a373ad73a504971]::fmt::write
[INFO] [stdout]    2:     0x62dc348a652c - <alloc[2e1b2a31b91974c5]::vec::Vec<u8> as core[a373ad73a504971]::io::write::Write>::write_fmt
[INFO] [stdout]    3:     0x62dc3487ccb6 - std[617be2ca0a6fd877]::panicking::default_hook::{closure#0}
[INFO] [stdout]    4:     0x62dc34899b59 - std[617be2ca0a6fd877]::panicking::default_hook
[INFO] [stdout]    5:     0x62dc34831e00 - test[aada8e7e76ba119b]::test_main_inner::{closure#0}
[INFO] [stdout]    6:     0x62dc34899d12 - std[617be2ca0a6fd877]::panicking::panic_with_hook
[INFO] [stdout]    7:     0x62dc3487cd62 - std[617be2ca0a6fd877]::panicking::panic_handler::{closure#0}
[INFO] [stdout]    8:     0x62dc348757c9 - std[617be2ca0a6fd877]::sys::backtrace::__rust_end_short_backtrace::<std[617be2ca0a6fd877]::panicking::panic_handler::{closure#0}, !>
[INFO] [stdout]    9:     0x62dc3487d96d - __rustc[ea4f61d10b84890b]::rust_begin_unwind
[INFO] [stdout]   10:     0x62dc348b914c - core[a373ad73a504971]::panicking::panic_fmt
[INFO] [stdout]   11:     0x62dc348b8f22 - core[a373ad73a504971]::result::unwrap_failed
[INFO] [stdout]   12:     0x62dc347ab9f7 - <cli[b1edef87c4ae2ffd]::Scratch>::of
[INFO] [stdout]   13:     0x62dc347b567d - <cli[b1edef87c4ae2ffd]::items_json_carries_copyable_text_nesting_and_checkbox_state::{closure#0} as core[a373ad73a504971]::ops::function::FnOnce<()>>::call_once
[INFO] [stdout]   14:     0x62dc3482524b - test[aada8e7e76ba119b]::__rust_begin_short_backtrace::<core[a373ad73a504971]::result::Result<(), alloc[2e1b2a31b91974c5]::string::String>, fn() -> core[a373ad73a504971]::result::Result<(), alloc[2e1b2a31b91974c5]::string::String>>
[INFO] [stdout]   15:     0x62dc34832425 - test[aada8e7e76ba119b]::run_test::{closure#0}
[INFO] [stdout]   16:     0x62dc3482bd14 - std[617be2ca0a6fd877]::sys::backtrace::__rust_begin_short_backtrace::<test[aada8e7e76ba119b]::run_test::{closure#1}, ()>
[INFO] [stdout]   17:     0x62dc348354b2 - <std[617be2ca0a6fd877]::thread::lifecycle::spawn_unchecked<test[aada8e7e76ba119b]::run_test::{closure#1}, ()>::{closure#1} as core[a373ad73a504971]::ops::function::FnOnce<()>>::call_once::{shim:vtable#0}
[INFO] [stdout]   18:     0x62dc348a13ff - <std[617be2ca0a6fd877]::sys::thread::unix::Thread>::new::thread_start
[INFO] [stdout]   19:     0x73982ce63dfa - <unknown>
[INFO] [stdout]   20:     0x73982cef73d4 - clone
[INFO] [stdout]   21:                0x0 - <unknown>
[INFO] [stdout] 
[INFO] [stdout] ---- json_refusals_keep_the_message_and_add_copyable_repair_data stdout ----
[INFO] [stdout] 
[INFO] [stdout] thread 'json_refusals_keep_the_message_and_add_copyable_repair_data' (375) panicked at tests/cli.rs:38:51:
[INFO] [stdout] called `Result::unwrap()` on an `Err` value: Os { code: 2, kind: NotFound, message: "No such file or directory" }
[INFO] [stdout] stack backtrace:
[INFO] [stdout]    0:     0x62dc348a2091 - <<std[617be2ca0a6fd877]::sys::backtrace::BacktraceLock>::print::DisplayBacktrace as core[a373ad73a504971]::fmt::Display>::fmt
[INFO] [stdout]    1:     0x62dc348b8a1a - core[a373ad73a504971]::fmt::write
[INFO] [stdout]    2:     0x62dc348a652c - <alloc[2e1b2a31b91974c5]::vec::Vec<u8> as core[a373ad73a504971]::io::write::Write>::write_fmt
[INFO] [stdout]    3:     0x62dc3487ccb6 - std[617be2ca0a6fd877]::panicking::default_hook::{closure#0}
[INFO] [stdout]    4:     0x62dc34899b59 - std[617be2ca0a6fd877]::panicking::default_hook
[INFO] [stdout]    5:     0x62dc34831e00 - test[aada8e7e76ba119b]::test_main_inner::{closure#0}
[INFO] [stdout]    6:     0x62dc34899d12 - std[617be2ca0a6fd877]::panicking::panic_with_hook
[INFO] [stdout]    7:     0x62dc3487cd62 - std[617be2ca0a6fd877]::panicking::panic_handler::{closure#0}
[INFO] [stdout]    8:     0x62dc348757c9 - std[617be2ca0a6fd877]::sys::backtrace::__rust_end_short_backtrace::<std[617be2ca0a6fd877]::panicking::panic_handler::{closure#0}, !>
[INFO] [stdout]    9:     0x62dc3487d96d - __rustc[ea4f61d10b84890b]::rust_begin_unwind
[INFO] [stdout]   10:     0x62dc348b914c - core[a373ad73a504971]::panicking::panic_fmt
[INFO] [stdout]   11:     0x62dc348b8f22 - core[a373ad73a504971]::result::unwrap_failed
[INFO] [stdout]   12:     0x62dc347ab9f7 - <cli[b1edef87c4ae2ffd]::Scratch>::of
[INFO] [stdout]   13:     0x62dc347b615d - <cli[b1edef87c4ae2ffd]::json_refusals_keep_the_message_and_add_copyable_repair_data::{closure#0} as core[a373ad73a504971]::ops::function::FnOnce<()>>::call_once
[INFO] [stdout]   14:     0x62dc3482524b - test[aada8e7e76ba119b]::__rust_begin_short_backtrace::<core[a373ad73a504971]::result::Result<(), alloc[2e1b2a31b91974c5]::string::String>, fn() -> core[a373ad73a504971]::result::Result<(), alloc[2e1b2a31b91974c5]::string::String>>
[INFO] [stdout]   15:     0x62dc34832425 - test[aada8e7e76ba119b]::run_test::{closure#0}
[INFO] [stdout]   16:     0x62dc3482bd14 - std[617be2ca0a6fd877]::sys::backtrace::__rust_begin_short_backtrace::<test[aada8e7e76ba119b]::run_test::{closure#1}, ()>
[INFO] [stdout]   17:     0x62dc348354b2 - <std[617be2ca0a6fd877]::thread::lifecycle::spawn_unchecked<test[aada8e7e76ba119b]::run_test::{closure#1}, ()>::{closure#1} as core[a373ad73a504971]::ops::function::FnOnce<()>>::call_once::{shim:vtable#0}
[INFO] [stdout]   18:     0x62dc348a13ff - <std[617be2ca0a6fd877]::sys::thread::unix::Thread>::new::thread_start
[INFO] [stdout]   19:     0x73982ce63dfa - <unknown>
[INFO] [stdout]   20:     0x73982cef73d4 - clone
[INFO] [stdout]   21:                0x0 - <unknown>
[INFO] [stdout] 
[INFO] [stdout] ---- rows_addresses_a_table_the_same_way_an_edit_does stdout ----
[INFO] [stdout] 
[INFO] [stdout] thread 'rows_addresses_a_table_the_same_way_an_edit_does' (380) panicked at tests/cli.rs:38:51:
[INFO] [stdout] called `Result::unwrap()` on an `Err` value: Os { code: 2, kind: NotFound, message: "No such file or directory" }
[INFO] [stdout] stack backtrace:
[INFO] [stdout]    0:     0x62dc348a2091 - <<std[617be2ca0a6fd877]::sys::backtrace::BacktraceLock>::print::DisplayBacktrace as core[a373ad73a504971]::fmt::Display>::fmt
[INFO] [stdout]    1:     0x62dc348b8a1a - core[a373ad73a504971]::fmt::write
[INFO] [stdout]    2:     0x62dc348a652c - <alloc[2e1b2a31b91974c5]::vec::Vec<u8> as core[a373ad73a504971]::io::write::Write>::write_fmt
[INFO] [stdout]    3:     0x62dc3487ccb6 - std[617be2ca0a6fd877]::panicking::default_hook::{closure#0}
[INFO] [stdout]    4:     0x62dc34899b59 - std[617be2ca0a6fd877]::panicking::default_hook
[INFO] [stdout]    5:     0x62dc34831e00 - test[aada8e7e76ba119b]::test_main_inner::{closure#0}
[INFO] [stdout]    6:     0x62dc34899d12 - std[617be2ca0a6fd877]::panicking::panic_with_hook
[INFO] [stdout]    7:     0x62dc3487cd62 - std[617be2ca0a6fd877]::panicking::panic_handler::{closure#0}
[INFO] [stdout]    8:     0x62dc348757c9 - std[617be2ca0a6fd877]::sys::backtrace::__rust_end_short_backtrace::<std[617be2ca0a6fd877]::panicking::panic_handler::{closure#0}, !>
[INFO] [stdout]    9:     0x62dc3487d96d - __rustc[ea4f61d10b84890b]::rust_begin_unwind
[INFO] [stdout]   10:     0x62dc348b914c - core[a373ad73a504971]::panicking::panic_fmt
[INFO] [stdout]   11:     0x62dc348b8f22 - core[a373ad73a504971]::result::unwrap_failed
[INFO] [stdout]   12:     0x62dc347ab9f7 - <cli[b1edef87c4ae2ffd]::Scratch>::of
[INFO] [stdout]   13:     0x62dc347afabd - <cli[b1edef87c4ae2ffd]::rows_addresses_a_table_the_same_way_an_edit_does::{closure#0} as core[a373ad73a504971]::ops::function::FnOnce<()>>::call_once
[INFO] [stdout]   14:     0x62dc3482524b - test[aada8e7e76ba119b]::__rust_begin_short_backtrace::<core[a373ad73a504971]::result::Result<(), alloc[2e1b2a31b91974c5]::string::String>, fn() -> core[a373ad73a504971]::result::Result<(), alloc[2e1b2a31b91974c5]::string::String>>
[INFO] [stdout]   15:     0x62dc34832425 - test[aada8e7e76ba119b]::run_test::{closure#0}
[INFO] [stdout]   16:     0x62dc3482bd14 - std[617be2ca0a6fd877]::sys::backtrace::__rust_begin_short_backtrace::<test[aada8e7e76ba119b]::run_test::{closure#1}, ()>
[INFO] [stdout]   17:     0x62dc348354b2 - <std[617be2ca0a6fd877]::thread::lifecycle::spawn_unchecked<test[aada8e7e76ba119b]::run_test::{closure#1}, ()>::{closure#1} as core[a373ad73a504971]::ops::function::FnOnce<()>>::call_once::{shim:vtable#0}
[INFO] [stdout]   18:     0x62dc348a13ff - <std[617be2ca0a6fd877]::sys::thread::unix::Thread>::new::thread_start
[INFO] [stdout]   19:     0x73982ce63dfa - <unknown>
[INFO] [stdout]   20:     0x73982cef73d4 - clone
[INFO] [stdout]   21:                0x0 - <unknown>
[INFO] [stdout] 
[INFO] [stdout] ---- rows_json_carries_the_structure_the_text_was_rendered_from stdout ----
[INFO] [stdout] 
[INFO] [stdout] thread 'rows_json_carries_the_structure_the_text_was_rendered_from' (382) panicked at tests/cli.rs:38:51:
[INFO] [stdout] called `Result::unwrap()` on an `Err` value: Os { code: 2, kind: NotFound, message: "No such file or directory" }
[INFO] [stdout] stack backtrace:
[INFO] [stdout]    0:     0x62dc348a2091 - <<std[617be2ca0a6fd877]::sys::backtrace::BacktraceLock>::print::DisplayBacktrace as core[a373ad73a504971]::fmt::Display>::fmt
[INFO] [stdout]    1:     0x62dc348b8a1a - core[a373ad73a504971]::fmt::write
[INFO] [stdout]    2:     0x62dc348a652c - <alloc[2e1b2a31b91974c5]::vec::Vec<u8> as core[a373ad73a504971]::io::write::Write>::write_fmt
[INFO] [stdout]    3:     0x62dc3487ccb6 - std[617be2ca0a6fd877]::panicking::default_hook::{closure#0}
[INFO] [stdout]    4:     0x62dc34899b59 - std[617be2ca0a6fd877]::panicking::default_hook
[INFO] [stdout]    5:     0x62dc34831e00 - test[aada8e7e76ba119b]::test_main_inner::{closure#0}
[INFO] [stdout]    6:     0x62dc34899d12 - std[617be2ca0a6fd877]::panicking::panic_with_hook
[INFO] [stdout]    7:     0x62dc3487cd62 - std[617be2ca0a6fd877]::panicking::panic_handler::{closure#0}
[INFO] [stdout]    8:     0x62dc348757c9 - std[617be2ca0a6fd877]::sys::backtrace::__rust_end_short_backtrace::<std[617be2ca0a6fd877]::panicking::panic_handler::{closure#0}, !>
[INFO] [stdout]    9:     0x62dc3487d96d - __rustc[ea4f61d10b84890b]::rust_begin_unwind
[INFO] [stdout]   10:     0x62dc348b914c - core[a373ad73a504971]::panicking::panic_fmt
[INFO] [stdout]   11:     0x62dc348b8f22 - core[a373ad73a504971]::result::unwrap_failed
[INFO] [stdout]   12:     0x62dc347ab9f7 - <cli[b1edef87c4ae2ffd]::Scratch>::of
[INFO] [stdout]   13:     0x62dc347b48ad - <cli[b1edef87c4ae2ffd]::rows_json_carries_the_structure_the_text_was_rendered_from::{closure#0} as core[a373ad73a504971]::ops::function::FnOnce<()>>::call_once
[INFO] [stdout]   14:     0x62dc3482524b - test[aada8e7e76ba119b]::__rust_begin_short_backtrace::<core[a373ad73a504971]::result::Result<(), alloc[2e1b2a31b91974c5]::string::String>, fn() -> core[a373ad73a504971]::result::Result<(), alloc[2e1b2a31b91974c5]::string::String>>
[INFO] [stdout]   15:     0x62dc34832425 - test[aada8e7e76ba119b]::run_test::{closure#0}
[INFO] [stdout]   16:     0x62dc3482bd14 - std[617be2ca0a6fd877]::sys::backtrace::__rust_begin_short_backtrace::<test[aada8e7e76ba119b]::run_test::{closure#1}, ()>
[INFO] [stdout]   17:     0x62dc348354b2 - <std[617be2ca0a6fd877]::thread::lifecycle::spawn_unchecked<test[aada8e7e76ba119b]::run_test::{closure#1}, ()>::{closure#1} as core[a373ad73a504971]::ops::function::FnOnce<()>>::call_once::{shim:vtable#0}
[INFO] [stdout]   18:     0x62dc348a13ff - <std[617be2ca0a6fd877]::sys::thread::unix::Thread>::new::thread_start
[INFO] [stdout]   19:     0x73982ce63dfa - <unknown>
[INFO] [stdout]   20:     0x73982cef73d4 - clone
[INFO] [stdout]   21:                0x0 - <unknown>
[INFO] [stdout] 
[INFO] [stdout] ---- the_edit_is_a_splice_and_the_rest_of_the_file_is_byte_identical stdout ----
[INFO] [stdout] 
[INFO] [stdout] thread 'the_edit_is_a_splice_and_the_rest_of_the_file_is_byte_identical' (387) panicked at tests/cli.rs:38:51:
[INFO] [stdout] called `Result::unwrap()` on an `Err` value: Os { code: 2, kind: NotFound, message: "No such file or directory" }
[INFO] [stdout] stack backtrace:
[INFO] [stdout]    0:     0x62dc348a2091 - <<std[617be2ca0a6fd877]::sys::backtrace::BacktraceLock>::print::DisplayBacktrace as core[a373ad73a504971]::fmt::Display>::fmt
[INFO] [stdout]    1:     0x62dc348b8a1a - core[a373ad73a504971]::fmt::write
[INFO] [stdout]    2:     0x62dc348a652c - <alloc[2e1b2a31b91974c5]::vec::Vec<u8> as core[a373ad73a504971]::io::write::Write>::write_fmt
[INFO] [stdout]    3:     0x62dc3487ccb6 - std[617be2ca0a6fd877]::panicking::default_hook::{closure#0}
[INFO] [stdout]    4:     0x62dc34899b59 - std[617be2ca0a6fd877]::panicking::default_hook
[INFO] [stdout]    5:     0x62dc34831e00 - test[aada8e7e76ba119b]::test_main_inner::{closure#0}
[INFO] [stdout]    6:     0x62dc34899d12 - std[617be2ca0a6fd877]::panicking::panic_with_hook
[INFO] [stdout]    7:     0x62dc3487cd62 - std[617be2ca0a6fd877]::panicking::panic_handler::{closure#0}
[INFO] [stdout]    8:     0x62dc348757c9 - std[617be2ca0a6fd877]::sys::backtrace::__rust_end_short_backtrace::<std[617be2ca0a6fd877]::panicking::panic_handler::{closure#0}, !>
[INFO] [stdout]    9:     0x62dc3487d96d - __rustc[ea4f61d10b84890b]::rust_begin_unwind
[INFO] [stdout]   10:     0x62dc348b914c - core[a373ad73a504971]::panicking::panic_fmt
[INFO] [stdout]   11:     0x62dc348b8f22 - core[a373ad73a504971]::result::unwrap_failed
[INFO] [stdout]   12:     0x62dc347ab9f7 - <cli[b1edef87c4ae2ffd]::Scratch>::of
[INFO] [stdout]   13:     0x62dc347b7b5d - <cli[b1edef87c4ae2ffd]::the_edit_is_a_splice_and_the_rest_of_the_file_is_byte_identical::{closure#0} as core[a373ad73a504971]::ops::function::FnOnce<()>>::call_once
[INFO] [stdout]   14:     0x62dc3482524b - test[aada8e7e76ba119b]::__rust_begin_short_backtrace::<core[a373ad73a504971]::result::Result<(), alloc[2e1b2a31b91974c5]::string::String>, fn() -> core[a373ad73a504971]::result::Result<(), alloc[2e1b2a31b91974c5]::string::String>>
[INFO] [stdout]   15:     0x62dc34832425 - test[aada8e7e76ba119b]::run_test::{closure#0}
[INFO] [stdout]   16:     0x62dc3482bd14 - std[617be2ca0a6fd877]::sys::backtrace::__rust_begin_short_backtrace::<test[aada8e7e76ba119b]::run_test::{closure#1}, ()>
[INFO] [stdout]   17:     0x62dc348354b2 - <std[617be2ca0a6fd877]::thread::lifecycle::spawn_unchecked<test[aada8e7e76ba119b]::run_test::{closure#1}, ()>::{closure#1} as core[a373ad73a504971]::ops::function::FnOnce<()>>::call_once::{shim:vtable#0}
[INFO] [stdout]   18:     0x62dc348a13ff - <std[617be2ca0a6fd877]::sys::thread::unix::Thread>::new::thread_start
[INFO] [stdout]   19:     0x73982ce63dfa - <unknown>
[INFO] [stdout]   20:     0x73982cef73d4 - clone
[INFO] [stdout]   21:                0x0 - <unknown>
[INFO] [stdout] 
[INFO] [stdout] ---- the_four_outcomes_have_four_codes stdout ----
[INFO] [stdout] 
[INFO] [stdout] thread 'the_four_outcomes_have_four_codes' (388) panicked at tests/cli.rs:38:51:
[INFO] [stdout] called `Result::unwrap()` on an `Err` value: Os { code: 2, kind: NotFound, message: "No such file or directory" }
[INFO] [stdout] stack backtrace:
[INFO] [stdout]    0:     0x62dc348a2091 - <<std[617be2ca0a6fd877]::sys::backtrace::BacktraceLock>::print::DisplayBacktrace as core[a373ad73a504971]::fmt::Display>::fmt
[INFO] [stdout]    1:     0x62dc348b8a1a - core[a373ad73a504971]::fmt::write
[INFO] [stdout]    2:     0x62dc348a652c - <alloc[2e1b2a31b91974c5]::vec::Vec<u8> as core[a373ad73a504971]::io::write::Write>::write_fmt
[INFO] [stdout]    3:     0x62dc3487ccb6 - std[617be2ca0a6fd877]::panicking::default_hook::{closure#0}
[INFO] [stdout]    4:     0x62dc34899b59 - std[617be2ca0a6fd877]::panicking::default_hook
[INFO] [stdout]    5:     0x62dc34831e00 - test[aada8e7e76ba119b]::test_main_inner::{closure#0}
[INFO] [stdout]    6:     0x62dc34899d12 - std[617be2ca0a6fd877]::panicking::panic_with_hook
[INFO] [stdout]    7:     0x62dc3487cd62 - std[617be2ca0a6fd877]::panicking::panic_handler::{closure#0}
[INFO] [stdout]    8:     0x62dc348757c9 - std[617be2ca0a6fd877]::sys::backtrace::__rust_end_short_backtrace::<std[617be2ca0a6fd877]::panicking::panic_handler::{closure#0}, !>
[INFO] [stdout]    9:     0x62dc3487d96d - __rustc[ea4f61d10b84890b]::rust_begin_unwind
[INFO] [stdout]   10:     0x62dc348b914c - core[a373ad73a504971]::panicking::panic_fmt
[INFO] [stdout]   11:     0x62dc348b8f22 - core[a373ad73a504971]::result::unwrap_failed
[INFO] [stdout]   12:     0x62dc347ab9f7 - <cli[b1edef87c4ae2ffd]::Scratch>::of
[INFO] [stdout]   13:     0x62dc347acf55 - <cli[b1edef87c4ae2ffd]::the_four_outcomes_have_four_codes::{closure#0} as core[a373ad73a504971]::ops::function::FnOnce<()>>::call_once
[INFO] [stdout]   14:     0x62dc3482524b - test[aada8e7e76ba119b]::__rust_begin_short_backtrace::<core[a373ad73a504971]::result::Result<(), alloc[2e1b2a31b91974c5]::string::String>, fn() -> core[a373ad73a504971]::result::Result<(), alloc[2e1b2a31b91974c5]::string::String>>
[INFO] [stdout]   15:     0x62dc34832425 - test[aada8e7e76ba119b]::run_test::{closure#0}
[INFO] [stdout]   16:     0x62dc3482bd14 - std[617be2ca0a6fd877]::sys::backtrace::__rust_begin_short_backtrace::<test[aada8e7e76ba119b]::run_test::{closure#1}, ()>
[INFO] [stdout]   17:     0x62dc348354b2 - <std[617be2ca0a6fd877]::thread::lifecycle::spawn_unchecked<test[aada8e7e76ba119b]::run_test::{closure#1}, ()>::{closure#1} as core[a373ad73a504971]::ops::function::FnOnce<()>>::call_once::{shim:vtable#0}
[INFO] [stdout]   18:     0x62dc348a13ff - <std[617be2ca0a6fd877]::sys::thread::unix::Thread>::new::thread_start
[INFO] [stdout]   19:     0x73982ce63dfa - <unknown>
[INFO] [stdout]   20:     0x73982cef73d4 - clone
[INFO] [stdout]   21:                0x0 - <unknown>
[INFO] [stdout] 
[INFO] [stdout] ---- the_hash_the_cli_reports_is_the_hash_of_the_file_on_disk stdout ----
[INFO] [stdout] 
[INFO] [stdout] thread 'the_hash_the_cli_reports_is_the_hash_of_the_file_on_disk' (389) panicked at tests/cli.rs:38:51:
[INFO] [stdout] called `Result::unwrap()` on an `Err` value: Os { code: 2, kind: NotFound, message: "No such file or directory" }
[INFO] [stdout] stack backtrace:
[INFO] [stdout]    0:     0x62dc348a2091 - <<std[617be2ca0a6fd877]::sys::backtrace::BacktraceLock>::print::DisplayBacktrace as core[a373ad73a504971]::fmt::Display>::fmt
[INFO] [stdout]    1:     0x62dc348b8a1a - core[a373ad73a504971]::fmt::write
[INFO] [stdout]    2:     0x62dc348a652c - <alloc[2e1b2a31b91974c5]::vec::Vec<u8> as core[a373ad73a504971]::io::write::Write>::write_fmt
[INFO] [stdout]    3:     0x62dc3487ccb6 - std[617be2ca0a6fd877]::panicking::default_hook::{closure#0}
[INFO] [stdout]    4:     0x62dc34899b59 - std[617be2ca0a6fd877]::panicking::default_hook
[INFO] [stdout]    5:     0x62dc34831e00 - test[aada8e7e76ba119b]::test_main_inner::{closure#0}
[INFO] [stdout]    6:     0x62dc34899d12 - std[617be2ca0a6fd877]::panicking::panic_with_hook
[INFO] [stdout]    7:     0x62dc3487cd62 - std[617be2ca0a6fd877]::panicking::panic_handler::{closure#0}
[INFO] [stdout]    8:     0x62dc348757c9 - std[617be2ca0a6fd877]::sys::backtrace::__rust_end_short_backtrace::<std[617be2ca0a6fd877]::panicking::panic_handler::{closure#0}, !>
[INFO] [stdout]    9:     0x62dc3487d96d - __rustc[ea4f61d10b84890b]::rust_begin_unwind
[INFO] [stdout]   10:     0x62dc348b914c - core[a373ad73a504971]::panicking::panic_fmt
[INFO] [stdout]   11:     0x62dc348b8f22 - core[a373ad73a504971]::result::unwrap_failed
[INFO] [stdout]   12:     0x62dc347ab9f7 - <cli[b1edef87c4ae2ffd]::Scratch>::of
[INFO] [stdout]   13:     0x62dc347b22ed - <cli[b1edef87c4ae2ffd]::the_hash_the_cli_reports_is_the_hash_of_the_file_on_disk::{closure#0} as core[a373ad73a504971]::ops::function::FnOnce<()>>::call_once
[INFO] [stdout]   14:     0x62dc3482524b - test[aada8e7e76ba119b]::__rust_begin_short_backtrace::<core[a373ad73a504971]::result::Result<(), alloc[2e1b2a31b91974c5]::string::String>, fn() -> core[a373ad73a504971]::result::Result<(), alloc[2e1b2a31b91974c5]::string::String>>
[INFO] [stdout]   15:     0x62dc34832425 - test[aada8e7e76ba119b]::run_test::{closure#0}
[INFO] [stdout]   16:     0x62dc3482bd14 - std[617be2ca0a6fd877]::sys::backtrace::__rust_begin_short_backtrace::<test[aada8e7e76ba119b]::run_test::{closure#1}, ()>
[INFO] [stdout]   17:     0x62dc348354b2 - <std[617be2ca0a6fd877]::thread::lifecycle::spawn_unchecked<test[aada8e7e76ba119b]::run_test::{closure#1}, ()>::{closure#1} as core[a373ad73a504971]::ops::function::FnOnce<()>>::call_once::{shim:vtable#0}
[INFO] [stdout]   18:     0x62dc348a13ff - <std[617be2ca0a6fd877]::sys::thread::unix::Thread>::new::thread_start
[INFO] [stdout]   19:     0x73982ce63dfa - <unknown>
[INFO] [stdout]   20:     0x73982cef73d4 - clone
[INFO] [stdout]   21:                0x0 - <unknown>
[INFO] [stdout] 
[INFO] [stdout] ---- whole_table_delete_previews_then_accepts_cli_confirmation stdout ----
[INFO] [stdout] 
[INFO] [stdout] thread 'whole_table_delete_previews_then_accepts_cli_confirmation' (390) panicked at tests/cli.rs:38:51:
[INFO] [stdout] called `Result::unwrap()` on an `Err` value: Os { code: 2, kind: NotFound, message: "No such file or directory" }
[INFO] [stdout] stack backtrace:
[INFO] [stdout]    0:     0x62dc348a2091 - <<std[617be2ca0a6fd877]::sys::backtrace::BacktraceLock>::print::DisplayBacktrace as core[a373ad73a504971]::fmt::Display>::fmt
[INFO] [stdout]    1:     0x62dc348b8a1a - core[a373ad73a504971]::fmt::write
[INFO] [stdout]    2:     0x62dc348a652c - <alloc[2e1b2a31b91974c5]::vec::Vec<u8> as core[a373ad73a504971]::io::write::Write>::write_fmt
[INFO] [stdout]    3:     0x62dc3487ccb6 - std[617be2ca0a6fd877]::panicking::default_hook::{closure#0}
[INFO] [stdout]    4:     0x62dc34899b59 - std[617be2ca0a6fd877]::panicking::default_hook
[INFO] [stdout]    5:     0x62dc34831e00 - test[aada8e7e76ba119b]::test_main_inner::{closure#0}
[INFO] [stdout]    6:     0x62dc34899d12 - std[617be2ca0a6fd877]::panicking::panic_with_hook
[INFO] [stdout]    7:     0x62dc3487cd62 - std[617be2ca0a6fd877]::panicking::panic_handler::{closure#0}
[INFO] [stdout]    8:     0x62dc348757c9 - std[617be2ca0a6fd877]::sys::backtrace::__rust_end_short_backtrace::<std[617be2ca0a6fd877]::panicking::panic_handler::{closure#0}, !>
[INFO] [stdout]    9:     0x62dc3487d96d - __rustc[ea4f61d10b84890b]::rust_begin_unwind
[INFO] [stdout]   10:     0x62dc348b914c - core[a373ad73a504971]::panicking::panic_fmt
[INFO] [stdout]   11:     0x62dc348b8f22 - core[a373ad73a504971]::result::unwrap_failed
[INFO] [stdout]   12:     0x62dc347ab9f7 - <cli[b1edef87c4ae2ffd]::Scratch>::of
[INFO] [stdout]   13:     0x62dc347b314d - <cli[b1edef87c4ae2ffd]::whole_table_delete_previews_then_accepts_cli_confirmation::{closure#0} as core[a373ad73a504971]::ops::function::FnOnce<()>>::call_once
[INFO] [stdout]   14:     0x62dc3482524b - test[aada8e7e76ba119b]::__rust_begin_short_backtrace::<core[a373ad73a504971]::result::Result<(), alloc[2e1b2a31b91974c5]::string::String>, fn() -> core[a373ad73a504971]::result::Result<(), alloc[2e1b2a31b91974c5]::string::String>>
[INFO] [stdout]   15:     0x62dc34832425 - test[aada8e7e76ba119b]::run_test::{closure#0}
[INFO] [stdout]   16:     0x62dc3482bd14 - std[617be2ca0a6fd877]::sys::backtrace::__rust_begin_short_backtrace::<test[aada8e7e76ba119b]::run_test::{closure#1}, ()>
[INFO] [stdout]   17:     0x62dc348354b2 - <std[617be2ca0a6fd877]::thread::lifecycle::spawn_unchecked<test[aada8e7e76ba119b]::run_test::{closure#1}, ()>::{closure#1} as core[a373ad73a504971]::ops::function::FnOnce<()>>::call_once::{shim:vtable#0}
[INFO] [stdout]   18:     0x62dc348a13ff - <std[617be2ca0a6fd877]::sys::thread::unix::Thread>::new::thread_start
[INFO] [stdout]   19:     0x73982ce63dfa - <unknown>
[INFO] [stdout]   20:     0x73982cef73d4 - clone
[INFO] [stdout]   21:                0x0 - <unknown>
[INFO] [stdout] 
[INFO] [stdout] ---- keys_json_carries_the_structure_the_text_was_rendered_from stdout ----
[INFO] [stdout] 
[INFO] [stdout] thread 'keys_json_carries_the_structure_the_text_was_rendered_from' (379) panicked at tests/cli.rs:38:51:
[INFO] [stdout] called `Result::unwrap()` on an `Err` value: Os { code: 2, kind: NotFound, message: "No such file or directory" }
[INFO] [stdout] stack backtrace:
[INFO] [stdout]    0:     0x62dc348a2091 - <<std[617be2ca0a6fd877]::sys::backtrace::BacktraceLock>::print::DisplayBacktrace as core[a373ad73a504971]::fmt::Display>::fmt
[INFO] [stdout]    1:     0x62dc348b8a1a - core[a373ad73a504971]::fmt::write
[INFO] [stdout]    2:     0x62dc348a652c - <alloc[2e1b2a31b91974c5]::vec::Vec<u8> as core[a373ad73a504971]::io::write::Write>::write_fmt
[INFO] [stdout]    3:     0x62dc3487ccb6 - std[617be2ca0a6fd877]::panicking::default_hook::{closure#0}
[INFO] [stdout]    4:     0x62dc34899b59 - std[617be2ca0a6fd877]::panicking::default_hook
[INFO] [stdout]    5:     0x62dc34831e00 - test[aada8e7e76ba119b]::test_main_inner::{closure#0}
[INFO] [stdout]    6:     0x62dc34899d12 - std[617be2ca0a6fd877]::panicking::panic_with_hook
[INFO] [stdout]    7:     0x62dc3487cd62 - std[617be2ca0a6fd877]::panicking::panic_handler::{closure#0}
[INFO] [stdout]    8:     0x62dc348757c9 - std[617be2ca0a6fd877]::sys::backtrace::__rust_end_short_backtrace::<std[617be2ca0a6fd877]::panicking::panic_handler::{closure#0}, !>
[INFO] [stdout]    9:     0x62dc3487d96d - __rustc[ea4f61d10b84890b]::rust_begin_unwind
[INFO] [stdout]   10:     0x62dc348b914c - core[a373ad73a504971]::panicking::panic_fmt
[INFO] [stdout]   11:     0x62dc348b8f22 - core[a373ad73a504971]::result::unwrap_failed
[INFO] [stdout]   12:     0x62dc347ab9f7 - <cli[b1edef87c4ae2ffd]::Scratch>::of
[INFO] [stdout]   13:     0x62dc347b3722 - <cli[b1edef87c4ae2ffd]::keys_json_carries_the_structure_the_text_was_rendered_from::{closure#0} as core[a373ad73a504971]::ops::function::FnOnce<()>>::call_once
[INFO] [stdout]   14:     0x62dc3482524b - test[aada8e7e76ba119b]::__rust_begin_short_backtrace::<core[a373ad73a504971]::result::Result<(), alloc[2e1b2a31b91974c5]::string::String>, fn() -> core[a373ad73a504971]::result::Result<(), alloc[2e1b2a31b91974c5]::string::String>>
[INFO] [stdout]   15:     0x62dc34832425 - test[aada8e7e76ba119b]::run_test::{closure#0}
[INFO] [stdout]   16:     0x62dc3482bd14 - std[617be2ca0a6fd877]::sys::backtrace::__rust_begin_short_backtrace::<test[aada8e7e76ba119b]::run_test::{closure#1}, ()>
[INFO] [stdout]   17:     0x62dc348354b2 - <std[617be2ca0a6fd877]::thread::lifecycle::spawn_unchecked<test[aada8e7e76ba119b]::run_test::{closure#1}, ()>::{closure#1} as core[a373ad73a504971]::ops::function::FnOnce<()>>::call_once::{shim:vtable#0}
[INFO] [stdout]   18:     0x62dc348a13ff - <std[617be2ca0a6fd877]::sys::thread::unix::Thread>::new::thread_start
[INFO] [stdout]   19:     0x73982ce63dfa - <unknown>
[INFO] [stdout]   20:     0x73982cef73d4 - clone
[INFO] [stdout]   21:                0x0 - <unknown>
[INFO] [stdout] 
[INFO] [stdout] ---- rows_takes_the_whole_argument_object_as_json stdout ----
[INFO] [stdout] 
[INFO] [stdout] thread 'rows_takes_the_whole_argument_object_as_json' (384) panicked at tests/cli.rs:38:51:
[INFO] [stdout] called `Result::unwrap()` on an `Err` value: Os { code: 2, kind: NotFound, message: "No such file or directory" }
[INFO] [stdout] stack backtrace:
[INFO] [stdout]    0:     0x62dc348a2091 - <<std[617be2ca0a6fd877]::sys::backtrace::BacktraceLock>::print::DisplayBacktrace as core[a373ad73a504971]::fmt::Display>::fmt
[INFO] [stdout]    1:     0x62dc348b8a1a - core[a373ad73a504971]::fmt::write
[INFO] [stdout]    2:     0x62dc348a652c - <alloc[2e1b2a31b91974c5]::vec::Vec<u8> as core[a373ad73a504971]::io::write::Write>::write_fmt
[INFO] [stdout]    3:     0x62dc3487ccb6 - std[617be2ca0a6fd877]::panicking::default_hook::{closure#0}
[INFO] [stdout]    4:     0x62dc34899b59 - std[617be2ca0a6fd877]::panicking::default_hook
[INFO] [stdout]    5:     0x62dc34831e00 - test[aada8e7e76ba119b]::test_main_inner::{closure#0}
[INFO] [stdout]    6:     0x62dc34899d12 - std[617be2ca0a6fd877]::panicking::panic_with_hook
[INFO] [stdout]    7:     0x62dc3487cd62 - std[617be2ca0a6fd877]::panicking::panic_handler::{closure#0}
[INFO] [stdout]    8:     0x62dc348757c9 - std[617be2ca0a6fd877]::sys::backtrace::__rust_end_short_backtrace::<std[617be2ca0a6fd877]::panicking::panic_handler::{closure#0}, !>
[INFO] [stdout]    9:     0x62dc3487d96d - __rustc[ea4f61d10b84890b]::rust_begin_unwind
[INFO] [stdout]   10:     0x62dc348b914c - core[a373ad73a504971]::panicking::panic_fmt
[INFO] [stdout]   11:     0x62dc348b8f22 - core[a373ad73a504971]::result::unwrap_failed
[INFO] [stdout]   12:     0x62dc347ab9f7 - <cli[b1edef87c4ae2ffd]::Scratch>::of
[INFO] [stdout]   13:     0x62dc347ae7ac - <cli[b1edef87c4ae2ffd]::rows_takes_the_whole_argument_object_as_json::{closure#0} as core[a373ad73a504971]::ops::function::FnOnce<()>>::call_once
[INFO] [stdout]   14:     0x62dc3482524b - test[aada8e7e76ba119b]::__rust_begin_short_backtrace::<core[a373ad73a504971]::result::Result<(), alloc[2e1b2a31b91974c5]::string::String>, fn() -> core[a373ad73a504971]::result::Result<(), alloc[2e1b2a31b91974c5]::string::String>>
[INFO] [stdout]   15:     0x62dc34832425 - test[aada8e7e76ba119b]::run_test::{closure#0}
[INFO] [stdout]   16:     0x62dc3482bd14 - std[617be2ca0a6fd877]::sys::backtrace::__rust_begin_short_backtrace::<test[aada8e7e76ba119b]::run_test::{closure#1}, ()>
[INFO] [stdout]   17:     0x62dc348354b2 - <std[617be2ca0a6fd877]::thread::lifecycle::spawn_unchecked<test[aada8e7e76ba119b]::run_test::{closure#1}, ()>::{closure#1} as core[a373ad73a504971]::ops::function::FnOnce<()>>::call_once::{shim:vtable#0}
[INFO] [stdout]   18:     0x62dc348a13ff - <std[617be2ca0a6fd877]::sys::thread::unix::Thread>::new::thread_start
[INFO] [stdout]   19:     0x73982ce63dfa - <unknown>
[INFO] [stdout]   20:     0x73982cef73d4 - clone
[INFO] [stdout]   21:                0x0 - <unknown>
[INFO] [stdout] 
[INFO] [stdout] 
[INFO] [stdout] failures:
[INFO] [stdout]     a_byte_order_mark_is_refused_by_name_rather_than_silently_absorbed
[INFO] [stdout]     a_dry_run_describes_the_edit_and_writes_nothing
[INFO] [stdout]     a_frontmatter_edit_gets_the_frontmatter_description
[INFO] [stdout]     a_frontmatter_existence_guard_refuses_with_structured_repair
[INFO] [stdout]     a_home_relative_path_is_expanded_without_a_shell
[INFO] [stdout]     a_no_op_says_so_and_leaves_the_file_alone
[INFO] [stdout]     a_read_prints_the_renderer_s_string_with_nothing_appended
[INFO] [stdout]     a_refusal_is_the_library_s_sentence_verbatim_on_stderr
[INFO] [stdout]     a_success_prints_the_description_and_nothing_else
[INFO] [stdout]     args_that_are_json_but_not_an_object_are_the_core_s_to_refuse
[INFO] [stdout]     crlf_survives_a_round_trip_through_the_front_end
[INFO] [stdout]     if_match_takes_any_prefix_of_the_hash_and_names_both_on_a_miss
[INFO] [stdout]     items_json_carries_copyable_text_nesting_and_checkbox_state
[INFO] [stdout]     json_refusals_keep_the_message_and_add_copyable_repair_data
[INFO] [stdout]     keys_json_carries_the_structure_the_text_was_rendered_from
[INFO] [stdout]     rows_addresses_a_table_the_same_way_an_edit_does
[INFO] [stdout]     rows_json_carries_the_structure_the_text_was_rendered_from
[INFO] [stdout]     rows_takes_the_whole_argument_object_as_json
[INFO] [stdout]     the_edit_is_a_splice_and_the_rest_of_the_file_is_byte_identical
[INFO] [stdout]     the_four_outcomes_have_four_codes
[INFO] [stdout]     the_hash_the_cli_reports_is_the_hash_of_the_file_on_disk
[INFO] [stdout]     whole_table_delete_previews_then_accepts_cli_confirmation
[INFO] [stdout] 
[INFO] [stdout] test result: FAILED. 8 passed; 22 failed; 0 ignored; 0 measured; 0 filtered out; finished in 0.27s
[INFO] [stdout] 
[INFO] [stderr] error: test failed, to rerun pass `--test cli`
[INFO] running `Command { std: "docker" "inspect" "e7593e0e0cc5a07f28f96ed598e384103d5a9e5e1ce01bd68ab0d4a709e5a778", kill_on_drop: false }`
[INFO] running `Command { std: "docker" "rm" "-f" "e7593e0e0cc5a07f28f96ed598e384103d5a9e5e1ce01bd68ab0d4a709e5a778", kill_on_drop: false }`
[INFO] [stdout] e7593e0e0cc5a07f28f96ed598e384103d5a9e5e1ce01bd68ab0d4a709e5a778
