[INFO] fetching crate imap_session 0.1.3...
[INFO] testing imap_session-0.1.3 against 1.100.0-beta.1+cargoflags=--release for beta-release-1.100-2
[INFO] extracting crate imap_session 0.1.3 into /workspace/builds/worker-7-tc2/source
[INFO] started tweaking crates.io crate imap_session 0.1.3
[INFO] finished tweaking crates.io crate imap_session 0.1.3
[INFO] tweaked toml for crates.io crate imap_session 0.1.3 written to /workspace/builds/worker-7-tc2/source/Cargo.toml
[INFO] validating manifest of crates.io crate imap_session 0.1.3 on toolchain 1.100.0-beta.1
[INFO] running `Command { std: CARGO_HOME="/workspace/cargo-home" RUSTUP_HOME="/workspace/rustup-home" "/workspace/cargo-home/bin/cargo" "+1.100.0-beta.1" "metadata" "--manifest-path" "Cargo.toml" "--no-deps", kill_on_drop: false }`
[INFO] crate crates.io crate imap_session 0.1.3 already has a lockfile, it will not be regenerated
[INFO] running `Command { std: CARGO_HOME="/workspace/cargo-home" RUSTUP_HOME="/workspace/rustup-home" "/workspace/cargo-home/bin/cargo" "+1.100.0-beta.1" "fetch" "--manifest-path" "Cargo.toml", kill_on_drop: false }`
[INFO] [stderr] warning: `package.homepage` is redundant with `package.repository`
[INFO] [stderr]   --> Cargo.toml:56:12
[INFO] [stderr]    |
[INFO] [stderr] 56 | homepage = "https://github.com/primait/imap.rs"
[INFO] [stderr]    |            ^^^^^^^^^^^^^^^^^^^^^^^^^^^^^^^^^^^^
[INFO] [stderr] ...
[INFO] [stderr] 61 | repository = "https://github.com/primait/imap.rs"
[INFO] [stderr]    |              ------------------------------------
[INFO] [stderr]    |
[INFO] [stderr]    = note: `cargo::redundant_homepage` is set to `warn` by default
[INFO] [stderr] help: consider removing `package.homepage`
[INFO] [stderr] warning: `imap_session` (manifest) generated 1 warning
[INFO] running `Command { std: "docker" "create" "-v" "/var/lib/crater-agent-workspace/builds/worker-7-tc2/source:/opt/rustwide/workdir:ro,Z" "-v" "/var/lib/crater-agent-workspace/builds/worker-7-tc2/target:/opt/rustwide/target:rw,Z" "-v" "/var/lib/crater-agent-workspace/cargo-home:/opt/rustwide/cargo-home:ro,Z" "-v" "/var/lib/crater-agent-workspace/rustup-home:/opt/rustwide/rustup-home:ro,Z" "-m" "1610612736" "--network" "none" "ghcr.io/rust-lang/crates-build-env/linux@sha256:77db811e55d90add9212f6832c23229e3de5f1c1f9905e8cb07319ea15df73ac" "sleep" "infinity", kill_on_drop: false }`
[INFO] [stdout] 5dd7dc4edc2a8e8f5c74601ab05a3ef419db8c705712b7e7eb785e2bc9b78792
[INFO] running `Command { std: "docker" "start" "5dd7dc4edc2a8e8f5c74601ab05a3ef419db8c705712b7e7eb785e2bc9b78792", kill_on_drop: false }`
[INFO] running `Command { std: "docker" "inspect" "5dd7dc4edc2a8e8f5c74601ab05a3ef419db8c705712b7e7eb785e2bc9b78792", kill_on_drop: false }`
[INFO] running `Command { std: "docker" "exec" "-e" "SOURCE_DIR=/opt/rustwide/workdir" "-e" "CARGO_HOME=/opt/rustwide/cargo-home" "-e" "RUSTUP_HOME=/opt/rustwide/rustup-home" "-e" "CARGO_TARGET_DIR=/opt/rustwide/target" "-w" "/opt/rustwide/workdir" "--user" "0:0" "5dd7dc4edc2a8e8f5c74601ab05a3ef419db8c705712b7e7eb785e2bc9b78792" "/opt/rustwide/cargo-home/bin/cargo" "+1.100.0-beta.1" "metadata" "--no-deps" "--format-version=1", kill_on_drop: false }`
[INFO] running `Command { std: "docker" "inspect" "5dd7dc4edc2a8e8f5c74601ab05a3ef419db8c705712b7e7eb785e2bc9b78792", kill_on_drop: false }`
[INFO] running `Command { std: "docker" "exec" "-e" "SOURCE_DIR=/opt/rustwide/workdir" "-e" "CARGO_HOME=/opt/rustwide/cargo-home" "-e" "RUSTUP_HOME=/opt/rustwide/rustup-home" "-e" "CARGO_TARGET_DIR=/opt/rustwide/target" "-e" "CARGO_INCREMENTAL=0" "-e" "RUST_BACKTRACE=full" "-e" "RUSTFLAGS=--cap-lints=warn" "-e" "RUSTDOCFLAGS=--cap-lints=warn" "-w" "/opt/rustwide/workdir" "--user" "0:0" "5dd7dc4edc2a8e8f5c74601ab05a3ef419db8c705712b7e7eb785e2bc9b78792" "/opt/rustwide/cargo-home/bin/cargo" "+1.100.0-beta.1" "build" "--frozen" "--message-format=json" "--release", kill_on_drop: false }`
[INFO] [stderr] warning: `package.homepage` is redundant with `package.repository`
[INFO] [stderr]   --> Cargo.toml:56:12
[INFO] [stderr]    |
[INFO] [stderr] 56 | homepage = "https://github.com/primait/imap.rs"
[INFO] [stderr]    |            ^^^^^^^^^^^^^^^^^^^^^^^^^^^^^^^^^^^^
[INFO] [stderr] ...
[INFO] [stderr] 61 | repository = "https://github.com/primait/imap.rs"
[INFO] [stderr]    |              ------------------------------------
[INFO] [stderr]    |
[INFO] [stderr]    = note: `cargo::redundant_homepage` is set to `warn` by default
[INFO] [stderr] help: consider removing `package.homepage`
[INFO] [stderr] warning: `imap_session` (manifest) generated 1 warning
[INFO] [stderr]    Compiling quote v1.0.45
[INFO] [stderr]    Compiling find-msvc-tools v0.1.5
[INFO] [stderr]    Compiling icu_properties_data v2.1.1
[INFO] [stderr]    Compiling slab v0.4.11
[INFO] [stderr]    Compiling openssl v0.10.80
[INFO] [stderr]    Compiling event-listener v5.4.2
[INFO] [stderr]    Compiling mio v1.1.0
[INFO] [stderr]    Compiling socket2 v0.6.1
[INFO] [stderr]    Compiling cc v1.2.46
[INFO] [stderr]    Compiling native-tls v0.2.14
[INFO] [stderr]    Compiling async-channel v1.9.0
[INFO] [stderr]    Compiling syn v2.0.110
[INFO] [stderr]    Compiling syn v3.0.9
[INFO] [stderr]    Compiling nom v7.1.3
[INFO] [stderr]    Compiling event-listener-strategy v0.5.4
[INFO] [stderr]    Compiling iana-time-zone v0.1.64
[INFO] [stderr]    Compiling async-channel v2.5.0
[INFO] [stderr]    Compiling tokio v1.50.0
[INFO] [stderr]    Compiling stop-token v0.7.0
[INFO] [stderr]    Compiling self_cell v1.2.1
[INFO] [stderr]    Compiling openssl-sys v0.9.116
[INFO] [stderr]    Compiling imap-proto v0.16.6
[INFO] [stderr]    Compiling darling_core v0.24.1
[INFO] [stderr]    Compiling synstructure v0.13.2
[INFO] [stderr]    Compiling thiserror-impl v2.0.21
[INFO] [stderr]    Compiling zerofrom-derive v0.1.6
[INFO] [stderr]    Compiling yoke-derive v0.8.1
[INFO] [stderr]    Compiling zerovec-derive v0.11.2
[INFO] [stderr]    Compiling displaydoc v0.2.5
[INFO] [stderr]    Compiling futures-macro v0.3.32
[INFO] [stderr]    Compiling openssl-macros v0.1.1
[INFO] [stderr]    Compiling darling_macro v0.24.1
[INFO] [stderr]    Compiling serde_derive v1.0.228
[INFO] [stderr]    Compiling darling v0.24.1
[INFO] [stderr]    Compiling pin-project-internal v1.1.10
[INFO] [stderr]    Compiling thiserror-impl v1.0.69
[INFO] [stderr]    Compiling futures-util v0.3.32
[INFO] [stderr]    Compiling serde_with_macros v3.24.0
[INFO] [stderr]    Compiling thiserror v2.0.21
[INFO] [stderr]    Compiling zerofrom v0.1.6
[INFO] [stderr]    Compiling derive_more-impl v2.1.1
[INFO] [stderr]    Compiling yoke v0.8.1
[INFO] [stderr]    Compiling zerovec v0.11.5
[INFO] [stderr]    Compiling zerotrie v0.2.3
[INFO] [stderr]    Compiling thiserror v1.0.69
[INFO] [stderr]    Compiling pin-project v1.1.10
[INFO] [stderr]    Compiling tracing-attributes v0.1.31
[INFO] [stderr]    Compiling serde_with v3.24.0
[INFO] [stderr]    Compiling tinystr v0.8.2
[INFO] [stderr]    Compiling potential_utf v0.1.4
[INFO] [stderr]    Compiling icu_collections v2.1.1
[INFO] [stderr]    Compiling icu_locale_core v2.1.1
[INFO] [stderr]    Compiling tracing v0.1.44
[INFO] [stderr]    Compiling derive_more v2.1.1
[INFO] [stderr]    Compiling icu_provider v2.1.1
[INFO] [stderr]    Compiling serde v1.0.228
[INFO] [stderr]    Compiling icu_normalizer v2.1.1
[INFO] [stderr]    Compiling icu_properties v2.1.1
[INFO] [stderr]    Compiling futures-executor v0.3.31
[INFO] [stderr]    Compiling futures v0.3.31
[INFO] [stderr]    Compiling chrono v0.4.45
[INFO] [stderr]    Compiling idna_adapter v1.2.1
[INFO] [stderr]    Compiling idna v1.1.0
[INFO] [stderr]    Compiling url v2.5.8
[INFO] [stderr]    Compiling async-imap v0.11.2
[INFO] [stderr]    Compiling async-native-tls v0.6.0
[INFO] [stderr]    Compiling imap_session v0.1.3 (/opt/rustwide/workdir)
[INFO] [stderr]     Finished `release` profile [optimized] target(s) in 58.31s
[INFO] running `Command { std: "docker" "inspect" "5dd7dc4edc2a8e8f5c74601ab05a3ef419db8c705712b7e7eb785e2bc9b78792", kill_on_drop: false }`
[INFO] running `Command { std: "docker" "exec" "-e" "SOURCE_DIR=/opt/rustwide/workdir" "-e" "CARGO_HOME=/opt/rustwide/cargo-home" "-e" "RUSTUP_HOME=/opt/rustwide/rustup-home" "-e" "CARGO_TARGET_DIR=/opt/rustwide/target" "-e" "CARGO_INCREMENTAL=0" "-e" "RUST_BACKTRACE=full" "-e" "RUSTFLAGS=--cap-lints=warn" "-e" "RUSTDOCFLAGS=--cap-lints=warn" "-w" "/opt/rustwide/workdir" "--user" "0:0" "5dd7dc4edc2a8e8f5c74601ab05a3ef419db8c705712b7e7eb785e2bc9b78792" "/opt/rustwide/cargo-home/bin/cargo" "+1.100.0-beta.1" "test" "--frozen" "--no-run" "--message-format=json" "--release", kill_on_drop: false }`
[INFO] [stderr] warning: `package.homepage` is redundant with `package.repository`
[INFO] [stderr]   --> Cargo.toml:56:12
[INFO] [stderr]    |
[INFO] [stderr] 56 | homepage = "https://github.com/primait/imap.rs"
[INFO] [stderr]    |            ^^^^^^^^^^^^^^^^^^^^^^^^^^^^^^^^^^^^
[INFO] [stderr] ...
[INFO] [stderr] 61 | repository = "https://github.com/primait/imap.rs"
[INFO] [stderr]    |              ------------------------------------
[INFO] [stderr]    |
[INFO] [stderr]    = note: `cargo::redundant_homepage` is set to `warn` by default
[INFO] [stderr] help: consider removing `package.homepage`
[INFO] [stderr] warning: `imap_session` (manifest) generated 1 warning
[INFO] [stderr]    Compiling imap_session v0.1.3 (/opt/rustwide/workdir)
[INFO] [stderr]     Finished `release` profile [optimized] target(s) in 1.22s
[INFO] running `Command { std: "docker" "inspect" "5dd7dc4edc2a8e8f5c74601ab05a3ef419db8c705712b7e7eb785e2bc9b78792", kill_on_drop: false }`
[INFO] running `Command { std: "docker" "exec" "-e" "SOURCE_DIR=/opt/rustwide/workdir" "-e" "CARGO_HOME=/opt/rustwide/cargo-home" "-e" "RUSTUP_HOME=/opt/rustwide/rustup-home" "-e" "CARGO_TARGET_DIR=/opt/rustwide/target" "-e" "CARGO_INCREMENTAL=0" "-e" "RUST_BACKTRACE=full" "-e" "RUSTFLAGS=--cap-lints=warn" "-e" "RUSTDOCFLAGS=--cap-lints=warn" "-w" "/opt/rustwide/workdir" "--user" "0:0" "5dd7dc4edc2a8e8f5c74601ab05a3ef419db8c705712b7e7eb785e2bc9b78792" "/opt/rustwide/cargo-home/bin/cargo" "+1.100.0-beta.1" "test" "--frozen" "--release", kill_on_drop: false }`
[INFO] [stderr] warning: `package.homepage` is redundant with `package.repository`
[INFO] [stderr]   --> Cargo.toml:56:12
[INFO] [stderr]    |
[INFO] [stderr] 56 | homepage = "https://github.com/primait/imap.rs"
[INFO] [stderr]    |            ^^^^^^^^^^^^^^^^^^^^^^^^^^^^^^^^^^^^
[INFO] [stderr] ...
[INFO] [stderr] 61 | repository = "https://github.com/primait/imap.rs"
[INFO] [stderr]    |              ------------------------------------
[INFO] [stderr]    |
[INFO] [stderr]    = note: `cargo::redundant_homepage` is set to `warn` by default
[INFO] [stderr] help: consider removing `package.homepage`
[INFO] [stderr] warning: `imap_session` (manifest) generated 1 warning
[INFO] [stderr]     Finished `release` profile [optimized] target(s) in 0.14s
[INFO] [stderr]      Running unittests src/lib.rs (/opt/rustwide/target/release/build/imap_session/bc8ca5c89f956d03/out/imap_session-bc8ca5c89f956d03)
[INFO] [stdout] 
[INFO] [stdout] running 11 tests
[INFO] [stdout] test datetime::test::parse_from_rfc2822 ... ok
[INFO] [stdout] test datetime::test::formats_imap_date ... ok
[INFO] [stdout] test session::message::test::parse_address_parses_address_containing_nothing ... ok
[INFO] [stdout] test session::message::test::parse_address_parses_address_containing_only_host ... ok
[INFO] [stdout] test session::message::test::parse_address_parses_address_containing_only_name ... ok
[INFO] [stdout] test session::message::test::parse_address_parses_address_containing_name_and_mailbox ... ok
[INFO] [stdout] test session::message::test::parse_address_parses_address_containing_host_and_mailbox ... ok
[INFO] [stdout] test datetime::test::parse_from_rfc3339 ... ok
[INFO] [stdout] test session::message::test::parse_address_parses_address_containing_name_and_host ... ok
[INFO] [stdout] test session::message::test::parse_address_parses_address_containing_only_mailbox ... ok
[INFO] [stdout] test session::message::test::parse_address_parses_address_containing_name_and_host_and_mailbox ... ok
[INFO] [stdout] 
[INFO] [stdout] test result: ok. 11 passed; 0 failed; 0 ignored; 0 measured; 0 filtered out; finished in 0.00s
[INFO] [stdout] 
[INFO] [stderr]    Doc-tests imap_session
[INFO] [stdout] 
[INFO] [stdout] running 2 tests
[INFO] [stdout] test /opt/rustwide/workdir/README.md - (line 33) ... FAILED
[INFO] [stderr] error: doctest failed, to rerun pass `--doc`
[INFO] [stdout] test src/session/query.rs - session::query::Query (line 12) ... ok
[INFO] [stdout] 
[INFO] [stdout] failures:
[INFO] [stdout] 
[INFO] [stdout] ---- /opt/rustwide/workdir/README.md - (line 33) stdout ----
[INFO] [stdout] error[E0433]: cannot find `main` in `tokio`
[INFO] [stdout]   --> /opt/rustwide/workdir/README.md:39:10
[INFO] [stdout]    |
[INFO] [stdout] 39 | #[tokio::main]
[INFO] [stdout]    |          ^^^^ could not find `main` in `tokio`
[INFO] [stdout] 
[INFO] [stdout] error[E0752]: `main` function is not allowed to be `async`
[INFO] [stdout]   --> /opt/rustwide/workdir/README.md:40:1
[INFO] [stdout]    |
[INFO] [stdout] 40 | async fn main() -> Result<(), Box<dyn std::error::Error>> {   
[INFO] [stdout]    | ^^^^^^^^^^^^^^^^^^^^^^^^^^^^^^^^^^^^^^^^^^^^^^^^^^^^^^^^^ `main` function is not allowed to be `async`
[INFO] [stdout] 
[INFO] [stdout] error: aborting due to 2 previous errors
[INFO] [stdout] 
[INFO] [stdout] Some errors have detailed explanations: E0433, E0752.
[INFO] [stdout] For more information about an error, try `rustc --explain E0433`.
[INFO] [stdout] Couldn't compile the test.
[INFO] [stdout] 
[INFO] [stdout] failures:
[INFO] [stdout]     /opt/rustwide/workdir/README.md - (line 33)
[INFO] [stdout] 
[INFO] [stdout] test result: FAILED. 1 passed; 1 failed; 0 ignored; 0 measured; 0 filtered out; finished in 0.22s
[INFO] [stdout] 
[INFO] [stdout] all doctests ran in 0.31s; merged doctests compilation took 0.09s
[INFO] running `Command { std: "docker" "inspect" "5dd7dc4edc2a8e8f5c74601ab05a3ef419db8c705712b7e7eb785e2bc9b78792", kill_on_drop: false }`
[INFO] running `Command { std: "docker" "rm" "-f" "5dd7dc4edc2a8e8f5c74601ab05a3ef419db8c705712b7e7eb785e2bc9b78792", kill_on_drop: false }`
[INFO] [stdout] 5dd7dc4edc2a8e8f5c74601ab05a3ef419db8c705712b7e7eb785e2bc9b78792
