[INFO] fetching crate il2-utils 0.1.2...
[INFO] testing il2-utils-0.1.2 against 1.99.0-beta.8+cargoflags=--release for beta-release-1.100-2
[INFO] extracting crate il2-utils 0.1.2 into /workspace/builds/worker-3-tc1/source
[INFO] started tweaking crates.io crate il2-utils 0.1.2
[INFO] finished tweaking crates.io crate il2-utils 0.1.2
[INFO] tweaked toml for crates.io crate il2-utils 0.1.2 written to /workspace/builds/worker-3-tc1/source/Cargo.toml
[INFO] validating manifest of crates.io crate il2-utils 0.1.2 on toolchain 1.99.0-beta.8
[INFO] running `Command { std: CARGO_HOME="/workspace/cargo-home" RUSTUP_HOME="/workspace/rustup-home" "/workspace/cargo-home/bin/cargo" "+1.99.0-beta.8" "metadata" "--manifest-path" "Cargo.toml" "--no-deps", kill_on_drop: false }`
[INFO] running `Command { std: CARGO_HOME="/workspace/cargo-home" RUSTUP_HOME="/workspace/rustup-home" "/workspace/cargo-home/bin/cargo" "+1.99.0-beta.8" "generate-lockfile" "--manifest-path" "Cargo.toml", kill_on_drop: false }`
[INFO] [stderr]     Updating crates.io index
[INFO] [stderr]     Blocking waiting for file lock on package cache
[INFO] [stderr]      Locking 79 packages to highest compatible versions
[INFO] [stderr]       Adding fd-lock v3.0.13 (available: v4.0.4)
[INFO] [stderr]       Adding rand v0.7.3 (available: v0.10.3)
[INFO] [stderr]       Adding windows v0.32.0 (available: v0.62.2)
[INFO] running `Command { std: CARGO_HOME="/workspace/cargo-home" RUSTUP_HOME="/workspace/rustup-home" "/workspace/cargo-home/bin/cargo" "+1.99.0-beta.8" "fetch" "--manifest-path" "Cargo.toml", kill_on_drop: false }`
[INFO] [stderr]     Blocking waiting for file lock on package cache
[INFO] [stderr]  Downloading crates ...
[INFO] [stderr]   Downloaded fd-lock v3.0.13
[INFO] [stderr]   Downloaded il2-test-utils v0.1.1
[INFO] [stderr]   Downloaded windows_x86_64_gnu v0.32.0
[INFO] [stderr]   Downloaded windows_aarch64_msvc v0.32.0
[INFO] [stderr]   Downloaded windows_x86_64_msvc v0.32.0
[INFO] [stderr]   Downloaded windows_i686_msvc v0.32.0
[INFO] [stderr]   Downloaded windows_i686_gnu v0.32.0
[INFO] [stderr]   Downloaded windows v0.32.0
[INFO] running `Command { std: "docker" "create" "-v" "/var/lib/crater-agent-workspace/builds/worker-3-tc1/source:/opt/rustwide/workdir:ro,Z" "-v" "/var/lib/crater-agent-workspace/builds/worker-3-tc1/target:/opt/rustwide/target:rw,Z" "-v" "/var/lib/crater-agent-workspace/cargo-home:/opt/rustwide/cargo-home:ro,Z" "-v" "/var/lib/crater-agent-workspace/rustup-home:/opt/rustwide/rustup-home:ro,Z" "-m" "1610612736" "--network" "none" "ghcr.io/rust-lang/crates-build-env/linux@sha256:77db811e55d90add9212f6832c23229e3de5f1c1f9905e8cb07319ea15df73ac" "sleep" "infinity", kill_on_drop: false }`
[INFO] [stdout] c535bdf04d86cf6af1e66cc8dc88b61a0f38e52c6a35f5c45cb332c588fee97e
[INFO] running `Command { std: "docker" "start" "c535bdf04d86cf6af1e66cc8dc88b61a0f38e52c6a35f5c45cb332c588fee97e", kill_on_drop: false }`
[INFO] running `Command { std: "docker" "inspect" "c535bdf04d86cf6af1e66cc8dc88b61a0f38e52c6a35f5c45cb332c588fee97e", kill_on_drop: false }`
[INFO] running `Command { std: "docker" "exec" "-e" "SOURCE_DIR=/opt/rustwide/workdir" "-e" "CARGO_HOME=/opt/rustwide/cargo-home" "-e" "RUSTUP_HOME=/opt/rustwide/rustup-home" "-e" "CARGO_TARGET_DIR=/opt/rustwide/target" "-w" "/opt/rustwide/workdir" "--user" "0:0" "c535bdf04d86cf6af1e66cc8dc88b61a0f38e52c6a35f5c45cb332c588fee97e" "/opt/rustwide/cargo-home/bin/cargo" "+1.99.0-beta.8" "metadata" "--no-deps" "--format-version=1", kill_on_drop: false }`
[INFO] running `Command { std: "docker" "inspect" "c535bdf04d86cf6af1e66cc8dc88b61a0f38e52c6a35f5c45cb332c588fee97e", kill_on_drop: false }`
[INFO] running `Command { std: "docker" "exec" "-e" "SOURCE_DIR=/opt/rustwide/workdir" "-e" "CARGO_HOME=/opt/rustwide/cargo-home" "-e" "RUSTUP_HOME=/opt/rustwide/rustup-home" "-e" "CARGO_TARGET_DIR=/opt/rustwide/target" "-e" "CARGO_INCREMENTAL=0" "-e" "RUST_BACKTRACE=full" "-e" "RUSTFLAGS=--cap-lints=warn" "-e" "RUSTDOCFLAGS=--cap-lints=warn" "-w" "/opt/rustwide/workdir" "--user" "0:0" "c535bdf04d86cf6af1e66cc8dc88b61a0f38e52c6a35f5c45cb332c588fee97e" "/opt/rustwide/cargo-home/bin/cargo" "+1.99.0-beta.8" "build" "--frozen" "--message-format=json" "--release", kill_on_drop: false }`
[INFO] [stderr]    Compiling libc v0.2.191
[INFO] [stderr]    Compiling getrandom v0.1.16
[INFO] [stderr]    Compiling rustix v0.38.44
[INFO] [stderr]    Compiling rand_core v0.5.1
[INFO] [stderr]    Compiling rand_chacha v0.2.2
[INFO] [stderr]    Compiling fd-lock v3.0.13
[INFO] [stderr]    Compiling rand v0.7.3
[INFO] [stderr]    Compiling il2-utils v0.1.2 (/opt/rustwide/workdir)
[INFO] [stdout] warning: use of deprecated method `chrono::DateTime::<Tz>::timestamp_nanos`: use `timestamp_nanos_opt()` instead
[INFO] [stdout]   --> src/time/mod.rs:52:37
[INFO] [stdout]    |
[INFO] [stdout] 52 |     nanoseconds_to_microseconds(now.timestamp_nanos())
[INFO] [stdout]    |                                     ^^^^^^^^^^^^^^^
[INFO] [stdout]    |
[INFO] [stdout]    = note: `#[warn(deprecated)]` on by default
[INFO] [stdout] 
[INFO] [stdout] 
[INFO] [stderr]     Finished `release` profile [optimized] target(s) in 5.92s
[INFO] running `Command { std: "docker" "inspect" "c535bdf04d86cf6af1e66cc8dc88b61a0f38e52c6a35f5c45cb332c588fee97e", kill_on_drop: false }`
[INFO] running `Command { std: "docker" "exec" "-e" "SOURCE_DIR=/opt/rustwide/workdir" "-e" "CARGO_HOME=/opt/rustwide/cargo-home" "-e" "RUSTUP_HOME=/opt/rustwide/rustup-home" "-e" "CARGO_TARGET_DIR=/opt/rustwide/target" "-e" "CARGO_INCREMENTAL=0" "-e" "RUST_BACKTRACE=full" "-e" "RUSTFLAGS=--cap-lints=warn" "-e" "RUSTDOCFLAGS=--cap-lints=warn" "-w" "/opt/rustwide/workdir" "--user" "0:0" "c535bdf04d86cf6af1e66cc8dc88b61a0f38e52c6a35f5c45cb332c588fee97e" "/opt/rustwide/cargo-home/bin/cargo" "+1.99.0-beta.8" "test" "--frozen" "--no-run" "--message-format=json" "--release", kill_on_drop: false }`
[INFO] [stderr]    Compiling il2-test-utils v0.1.1
[INFO] [stdout] warning: use of deprecated method `chrono::DateTime::<Tz>::timestamp_nanos`: use `timestamp_nanos_opt()` instead
[INFO] [stdout]   --> src/time/mod.rs:52:37
[INFO] [stdout]    |
[INFO] [stdout] 52 |     nanoseconds_to_microseconds(now.timestamp_nanos())
[INFO] [stdout]    |                                     ^^^^^^^^^^^^^^^
[INFO] [stdout]    |
[INFO] [stdout]    = note: `#[warn(deprecated)]` on by default
[INFO] [stdout] 
[INFO] [stdout] 
[INFO] [stderr]    Compiling il2-utils v0.1.2 (/opt/rustwide/workdir)
[INFO] [stdout] warning: use of deprecated method `chrono::DateTime::<Tz>::timestamp_nanos`: use `timestamp_nanos_opt()` instead
[INFO] [stdout]   --> src/time/mod.rs:52:37
[INFO] [stdout]    |
[INFO] [stdout] 52 |     nanoseconds_to_microseconds(now.timestamp_nanos())
[INFO] [stdout]    |                                     ^^^^^^^^^^^^^^^
[INFO] [stdout]    |
[INFO] [stdout]    = note: `#[warn(deprecated)]` on by default
[INFO] [stdout] 
[INFO] [stdout] 
[INFO] [stdout] warning: calls to `std::mem::drop` with a value that implements `Copy` does nothing
[INFO] [stdout]    --> src/fs/shared/tests.rs:214:9
[INFO] [stdout]     |
[INFO] [stdout] 214 |         drop(lock2.try_read().is_err());
[INFO] [stdout]     |         ^^^^^-------------------------^
[INFO] [stdout]     |              |
[INFO] [stdout]     |              argument has type `bool`
[INFO] [stdout]     |
[INFO] [stdout]     = note: `#[warn(dropping_copy_types)]` on by default
[INFO] [stdout] help: use `let _ = ...` to ignore the expression or result
[INFO] [stdout]     |
[INFO] [stdout] 214 -         drop(lock2.try_read().is_err());
[INFO] [stdout] 214 +         let _ = lock2.try_read().is_err();
[INFO] [stdout]     |
[INFO] [stdout] 
[INFO] [stdout] 
[INFO] [stderr]     Finished `release` profile [optimized] target(s) in 2.52s
[INFO] running `Command { std: "docker" "inspect" "c535bdf04d86cf6af1e66cc8dc88b61a0f38e52c6a35f5c45cb332c588fee97e", kill_on_drop: false }`
[INFO] running `Command { std: "docker" "exec" "-e" "SOURCE_DIR=/opt/rustwide/workdir" "-e" "CARGO_HOME=/opt/rustwide/cargo-home" "-e" "RUSTUP_HOME=/opt/rustwide/rustup-home" "-e" "CARGO_TARGET_DIR=/opt/rustwide/target" "-e" "CARGO_INCREMENTAL=0" "-e" "RUST_BACKTRACE=full" "-e" "RUSTFLAGS=--cap-lints=warn" "-e" "RUSTDOCFLAGS=--cap-lints=warn" "-w" "/opt/rustwide/workdir" "--user" "0:0" "c535bdf04d86cf6af1e66cc8dc88b61a0f38e52c6a35f5c45cb332c588fee97e" "/opt/rustwide/cargo-home/bin/cargo" "+1.99.0-beta.8" "test" "--frozen" "--release", kill_on_drop: false }`
[INFO] [stderr] warning: use of deprecated method `chrono::DateTime::<Tz>::timestamp_nanos`: use `timestamp_nanos_opt()` instead
[INFO] [stderr]   --> src/time/mod.rs:52:37
[INFO] [stderr]    |
[INFO] [stderr] 52 |     nanoseconds_to_microseconds(now.timestamp_nanos())
[INFO] [stderr]    |                                     ^^^^^^^^^^^^^^^
[INFO] [stderr]    |
[INFO] [stderr]    = note: `#[warn(deprecated)]` on by default
[INFO] [stderr] 
[INFO] [stderr] warning: `il2-utils` (lib) generated 1 warning
[INFO] [stderr] warning: calls to `std::mem::drop` with a value that implements `Copy` does nothing
[INFO] [stderr]    --> src/fs/shared/tests.rs:214:9
[INFO] [stderr]     |
[INFO] [stderr] 214 |         drop(lock2.try_read().is_err());
[INFO] [stderr]     |         ^^^^^-------------------------^
[INFO] [stderr]     |              |
[INFO] [stderr]     |              argument has type `bool`
[INFO] [stderr]     |
[INFO] [stderr]     = note: `#[warn(dropping_copy_types)]` on by default
[INFO] [stderr] help: use `let _ = ...` to ignore the expression or result
[INFO] [stderr]     |
[INFO] [stderr] 214 -         drop(lock2.try_read().is_err());
[INFO] [stderr] 214 +         let _ = lock2.try_read().is_err();
[INFO] [stderr]     |
[INFO] [stderr] 
[INFO] [stderr] warning: `il2-utils` (lib test) generated 2 warnings (1 duplicate)
[INFO] [stderr]     Finished `release` profile [optimized] target(s) in 0.07s
[INFO] [stderr]      Running unittests src/lib.rs (/opt/rustwide/target/release/deps/il2_utils-374c93af8b835972)
[INFO] [stdout] 
[INFO] [stdout] running 51 tests
[INFO] [stdout] test fs::shared::tests::test_defaultsharedfilelocknamebuilder_impl ... ok
[INFO] [stdout] test fs::shared::tests::test_defaultsharedfilelocknamebuilder_namebuilder_create_lock_file_name ... ok
[INFO] [stdout] test cache::tests::test_simplecacheengine_impl_new ... ok
[INFO] [stdout] test cache::tests::test_simplecacheengine_simplecacheengine_clear ... ok
[INFO] [stdout] test cache::tests::test_simplecache_impl ... ok
[INFO] [stdout] test fs::shared::tests::test_sharedfilelocknamebuilder_create_lock_file_path ... ok
[INFO] [stdout] test fs::shared::tests::test_sharedfilelocknamebuilder_get_lock_directory ... ok
[INFO] [stdout] test mem::impl_linux::tests::test_lock_supported_core ... ok
[INFO] [stdout] test fs::shared::tests::test_sharedfile_default_options ... ok
[INFO] [stdout] test cache::tests::test_simplecacheengine_impl_next_counter ... ok
[INFO] [stdout] test mem::tests::test_bytemaskgenerator_new ... ok
[INFO] [stdout] test cache::tests::test_simplecacheengine_impl_remove_oldest ... ok
[INFO] [stdout] test fs::shared::tests::test_sharedfilereadlockguard_impl ... FAILED
[INFO] [stdout] test cache::tests::test_simplecache_valuecache_concurrent_clear ... ok
[INFO] [stdout] test mem::tests::test_defaultprotectedvalue_apply_mask ... ok
[INFO] [stdout] test fs::shared::tests::test_sharedfile_impl ... FAILED
[INFO] [stdout] test cache::tests::test_simplecacheengine_simplecacheengine_get ... ok
[INFO] [stdout] test mem::tests::test_lock_supported ... ok
[INFO] [stdout] test mem::tests::test_bytemaskgenerator_next ... ok
[INFO] [stdout] test fs::shared::tests::test_sharedfilewritelockguard_impl ... FAILED
[INFO] [stdout] test mem::tests::test_defaultprotectedvalue ... ok
[INFO] [stdout] test fs::shared::tests::test_shared_directory ... FAILED
[INFO] [stdout] test mem::tests::test_create_protected_value ... ok
[INFO] [stdout] test mem::impl_linux::tests::test_lock_unlock_mem_core ... ok
[INFO] [stdout] test cache::tests::test_simplecacheengine_simplecacheengine_insert ... ok
[INFO] [stdout] test mem::tests::test_lock_unlock_mem ... ok
[INFO] [stdout] test mem::tests::test_secret_bytes_new ... ok
[INFO] [stdout] test cache::tests::test_simplecache_valuecache_concurrent_get ... ok
[INFO] [stdout] test vec::tests::test_vecextensions_extend_from_slice_secure ... ok
[INFO] [stdout] test cache::tests::test_simplecacheentry_impl ... ok
[INFO] [stdout] test simple_serialization::tests::test_error_conversion ... ok
[INFO] [stdout] test simple_serialization::tests::test_simplesliceserializer_simpledataserializer_write_fail ... ok
[INFO] [stdout] test mem::tests::test_lock_unlock_mem_core ... ok
[INFO] [stdout] test simple_serialization::tests::test_simpledataserializer_vec ... ok
[INFO] [stdout] test time::tests::test_nanoseconds_to_microseconds ... ok
[INFO] [stdout] test mem::tests::test_secret_bytes_len ... ok
[INFO] [stdout] test mem::tests::test_secret_bytes_with_value ... ok
[INFO] [stdout] test mem::tests::test_secret_bytes_clone ... ok
[INFO] [stdout] test simple_serialization::tests::test_simpleslicedeserializer_impl ... ok
[INFO] [stderr] error: test failed, to rerun pass `--lib`
[INFO] [stdout] test simple_serialization::tests::test_simplesliceserializer_impl ... ok
[INFO] [stdout] test vec::tests::test_vecextensions_reserve_secure ... ok
[INFO] [stdout] test vec::tests::test_vecextensions_set_capacity_to_secure ... ok
[INFO] [stdout] test vec::tests::test_vecextensions_set_contents_from_slice ... ok
[INFO] [stdout] test vec::tests::test_vecextensions_set_contents_from_slice_secure ... ok
[INFO] [stdout] test simple_serialization::tests::test_simpleslicedeserializer_simpledeserializer_read ... ok
[INFO] [stdout] test vec::tests::test_vecextensions_set_capacity_to ... ok
[INFO] [stdout] test cache::tests::test_simplecache_valuecache_concurrent_insert ... ok
[INFO] [stdout] test simple_serialization::tests::test_simpleslicedeserializer_simpledeserializer_read_fail ... ok
[INFO] [stdout] test simple_serialization::tests::test_simplesliceserializer_simpledataserializer_write ... ok
[INFO] [stdout] test vec::tests::test_vecextensions_shrink_to_fit_secure ... ok
[INFO] [stdout] test vec::tests::test_vecextensions_with_value ... ok
[INFO] [stdout] 
[INFO] [stdout] failures:
[INFO] [stdout] 
[INFO] [stdout] ---- fs::shared::tests::test_sharedfilereadlockguard_impl stdout ----
[INFO] [stdout] 
[INFO] [stdout] thread 'fs::shared::tests::test_sharedfilereadlockguard_impl' (350) panicked at src/fs/shared/tests.rs:151:75:
[INFO] [stdout] called `Result::unwrap()` on an `Err` value: Os { code: 30, kind: ReadOnlyFilesystem, message: "Read-only file system" }
[INFO] [stdout] stack backtrace:
[INFO] [stdout]    0:     0x6548ea76e651 - <<std[70759c8f55707aa4]::sys::backtrace::BacktraceLock>::print::DisplayBacktrace as core[df12db4294e9bfd3]::fmt::Display>::fmt
[INFO] [stdout]    1:     0x6548ea78382a - core[df12db4294e9bfd3]::fmt::write
[INFO] [stdout]    2:     0x6548ea77324c - <alloc[2182bb758b4b3781]::vec::Vec<u8> as core[df12db4294e9bfd3]::io::write::Write>::write_fmt
[INFO] [stdout]    3:     0x6548ea748e66 - std[70759c8f55707aa4]::panicking::default_hook::{closure#0}
[INFO] [stdout]    4:     0x6548ea766109 - std[70759c8f55707aa4]::panicking::default_hook
[INFO] [stdout]    5:     0x6548ea6fdba0 - test[9d35eded1c95d3be]::test_main_inner::<test[9d35eded1c95d3be]::test_main_static::{closure#0}>::{closure#0}
[INFO] [stdout]    6:     0x6548ea7662c2 - std[70759c8f55707aa4]::panicking::panic_with_hook
[INFO] [stdout]    7:     0x6548ea748f12 - std[70759c8f55707aa4]::panicking::panic_handler::{closure#0}
[INFO] [stdout]    8:     0x6548ea741ad9 - std[70759c8f55707aa4]::sys::backtrace::__rust_end_short_backtrace::<std[70759c8f55707aa4]::panicking::panic_handler::{closure#0}, !>
[INFO] [stdout]    9:     0x6548ea749b0d - __rustc[8fa7c3cbc660c2b3]::rust_begin_unwind
[INFO] [stdout]   10:     0x6548ea783f5c - core[df12db4294e9bfd3]::panicking::panic_fmt
[INFO] [stdout]   11:     0x6548ea783d32 - core[df12db4294e9bfd3]::result::unwrap_failed
[INFO] [stdout]   12:     0x6548ea6e9909 - il2_utils[f4dcd13bf00d1f1a]::fs::shared::tests::test_sharedfilereadlockguard_impl
[INFO] [stdout]   13:     0x6548ea6e6b79 - <il2_utils[f4dcd13bf00d1f1a]::fs::shared::tests::test_sharedfilereadlockguard_impl::{closure#0} as core[df12db4294e9bfd3]::ops::function::FnOnce<()>>::call_once
[INFO] [stdout]   14:     0x6548ea6f0e8b - test[9d35eded1c95d3be]::__rust_begin_short_backtrace::<core[df12db4294e9bfd3]::result::Result<(), alloc[2182bb758b4b3781]::string::String>, fn() -> core[df12db4294e9bfd3]::result::Result<(), alloc[2182bb758b4b3781]::string::String>>
[INFO] [stdout]   15:     0x6548ea6fe4f5 - test[9d35eded1c95d3be]::run_test::{closure#0}
[INFO] [stdout]   16:     0x6548ea6f7db4 - std[70759c8f55707aa4]::sys::backtrace::__rust_begin_short_backtrace::<test[9d35eded1c95d3be]::run_test::{closure#1}, ()>
[INFO] [stdout]   17:     0x6548ea701652 - <std[70759c8f55707aa4]::thread::lifecycle::spawn_unchecked<test[9d35eded1c95d3be]::run_test::{closure#1}, ()>::{closure#1} as core[df12db4294e9bfd3]::ops::function::FnOnce<()>>::call_once::{shim:vtable#0}
[INFO] [stdout]   18:     0x6548ea76dd39 - <std[70759c8f55707aa4]::sys::thread::unix::Thread>::new::thread_start
[INFO] [stdout]   19:     0x7d6d6ed35dfa - <unknown>
[INFO] [stdout]   20:     0x7d6d6edc93d4 - clone
[INFO] [stdout]   21:                0x0 - <unknown>
[INFO] [stdout] 
[INFO] [stdout] ---- fs::shared::tests::test_sharedfile_impl stdout ----
[INFO] [stdout] 
[INFO] [stdout] thread 'fs::shared::tests::test_sharedfile_impl' (347) panicked at src/fs/shared/tests.rs:257:62:
[INFO] [stdout] called `Result::unwrap()` on an `Err` value: Os { code: 30, kind: ReadOnlyFilesystem, message: "Read-only file system" }
[INFO] [stdout] stack backtrace:
[INFO] [stdout]    0:     0x6548ea76e651 - <<std[70759c8f55707aa4]::sys::backtrace::BacktraceLock>::print::DisplayBacktrace as core[df12db4294e9bfd3]::fmt::Display>::fmt
[INFO] [stdout]    1:     0x6548ea78382a - core[df12db4294e9bfd3]::fmt::write
[INFO] [stdout]    2:     0x6548ea77324c - <alloc[2182bb758b4b3781]::vec::Vec<u8> as core[df12db4294e9bfd3]::io::write::Write>::write_fmt
[INFO] [stdout]    3:     0x6548ea748e66 - std[70759c8f55707aa4]::panicking::default_hook::{closure#0}
[INFO] [stdout]    4:     0x6548ea766109 - std[70759c8f55707aa4]::panicking::default_hook
[INFO] [stdout]    5:     0x6548ea6fdba0 - test[9d35eded1c95d3be]::test_main_inner::<test[9d35eded1c95d3be]::test_main_static::{closure#0}>::{closure#0}
[INFO] [stdout]    6:     0x6548ea7662c2 - std[70759c8f55707aa4]::panicking::panic_with_hook
[INFO] [stdout]    7:     0x6548ea748f12 - std[70759c8f55707aa4]::panicking::panic_handler::{closure#0}
[INFO] [stdout]    8:     0x6548ea741ad9 - std[70759c8f55707aa4]::sys::backtrace::__rust_end_short_backtrace::<std[70759c8f55707aa4]::panicking::panic_handler::{closure#0}, !>
[INFO] [stdout]    9:     0x6548ea749b0d - __rustc[8fa7c3cbc660c2b3]::rust_begin_unwind
[INFO] [stdout]   10:     0x6548ea783f5c - core[df12db4294e9bfd3]::panicking::panic_fmt
[INFO] [stdout]   11:     0x6548ea783d32 - core[df12db4294e9bfd3]::result::unwrap_failed
[INFO] [stdout]   12:     0x6548ea6e859d - il2_utils[f4dcd13bf00d1f1a]::fs::shared::tests::test_sharedfile_impl
[INFO] [stdout]   13:     0x6548ea6e6b19 - <il2_utils[f4dcd13bf00d1f1a]::fs::shared::tests::test_sharedfile_impl::{closure#0} as core[df12db4294e9bfd3]::ops::function::FnOnce<()>>::call_once
[INFO] [stdout]   14:     0x6548ea6f0e8b - test[9d35eded1c95d3be]::__rust_begin_short_backtrace::<core[df12db4294e9bfd3]::result::Result<(), alloc[2182bb758b4b3781]::string::String>, fn() -> core[df12db4294e9bfd3]::result::Result<(), alloc[2182bb758b4b3781]::string::String>>
[INFO] [stdout]   15:     0x6548ea6fe4f5 - test[9d35eded1c95d3be]::run_test::{closure#0}
[INFO] [stdout]   16:     0x6548ea6f7db4 - std[70759c8f55707aa4]::sys::backtrace::__rust_begin_short_backtrace::<test[9d35eded1c95d3be]::run_test::{closure#1}, ()>
[INFO] [stdout]   17:     0x6548ea701652 - <std[70759c8f55707aa4]::thread::lifecycle::spawn_unchecked<test[9d35eded1c95d3be]::run_test::{closure#1}, ()>::{closure#1} as core[df12db4294e9bfd3]::ops::function::FnOnce<()>>::call_once::{shim:vtable#0}
[INFO] [stdout]   18:     0x6548ea76dd39 - <std[70759c8f55707aa4]::sys::thread::unix::Thread>::new::thread_start
[INFO] [stdout]   19:     0x7d6d6ed35dfa - <unknown>
[INFO] [stdout]   20:     0x7d6d6edc93d4 - clone
[INFO] [stdout]   21:                0x0 - <unknown>
[INFO] [stdout] 
[INFO] [stdout] ---- fs::shared::tests::test_sharedfilewritelockguard_impl stdout ----
[INFO] [stdout] 
[INFO] [stdout] thread 'fs::shared::tests::test_sharedfilewritelockguard_impl' (351) panicked at src/fs/shared/tests.rs:196:76:
[INFO] [stdout] called `Result::unwrap()` on an `Err` value: Os { code: 30, kind: ReadOnlyFilesystem, message: "Read-only file system" }
[INFO] [stdout] stack backtrace:
[INFO] [stdout]    0:     0x6548ea76e651 - <<std[70759c8f55707aa4]::sys::backtrace::BacktraceLock>::print::DisplayBacktrace as core[df12db4294e9bfd3]::fmt::Display>::fmt
[INFO] [stdout]    1:     0x6548ea78382a - core[df12db4294e9bfd3]::fmt::write
[INFO] [stdout]    2:     0x6548ea77324c - <alloc[2182bb758b4b3781]::vec::Vec<u8> as core[df12db4294e9bfd3]::io::write::Write>::write_fmt
[INFO] [stdout]    3:     0x6548ea748e66 - std[70759c8f55707aa4]::panicking::default_hook::{closure#0}
[INFO] [stdout]    4:     0x6548ea766109 - std[70759c8f55707aa4]::panicking::default_hook
[INFO] [stdout]    5:     0x6548ea6fdba0 - test[9d35eded1c95d3be]::test_main_inner::<test[9d35eded1c95d3be]::test_main_static::{closure#0}>::{closure#0}
[INFO] [stdout]    6:     0x6548ea7662c2 - std[70759c8f55707aa4]::panicking::panic_with_hook
[INFO] [stdout]    7:     0x6548ea748f12 - std[70759c8f55707aa4]::panicking::panic_handler::{closure#0}
[INFO] [stdout]    8:     0x6548ea741ad9 - std[70759c8f55707aa4]::sys::backtrace::__rust_end_short_backtrace::<std[70759c8f55707aa4]::panicking::panic_handler::{closure#0}, !>
[INFO] [stdout]    9:     0x6548ea749b0d - __rustc[8fa7c3cbc660c2b3]::rust_begin_unwind
[INFO] [stdout]   10:     0x6548ea783f5c - core[df12db4294e9bfd3]::panicking::panic_fmt
[INFO] [stdout]   11:     0x6548ea783d32 - core[df12db4294e9bfd3]::result::unwrap_failed
[INFO] [stdout]   12:     0x6548ea6ea799 - il2_utils[f4dcd13bf00d1f1a]::fs::shared::tests::test_sharedfilewritelockguard_impl
[INFO] [stdout]   13:     0x6548ea6e6b99 - <il2_utils[f4dcd13bf00d1f1a]::fs::shared::tests::test_sharedfilewritelockguard_impl::{closure#0} as core[df12db4294e9bfd3]::ops::function::FnOnce<()>>::call_once
[INFO] [stdout]   14:     0x6548ea6f0e8b - test[9d35eded1c95d3be]::__rust_begin_short_backtrace::<core[df12db4294e9bfd3]::result::Result<(), alloc[2182bb758b4b3781]::string::String>, fn() -> core[df12db4294e9bfd3]::result::Result<(), alloc[2182bb758b4b3781]::string::String>>
[INFO] [stdout]   15:     0x6548ea6fe4f5 - test[9d35eded1c95d3be]::run_test::{closure#0}
[INFO] [stdout]   16:     0x6548ea6f7db4 - std[70759c8f55707aa4]::sys::backtrace::__rust_begin_short_backtrace::<test[9d35eded1c95d3be]::run_test::{closure#1}, ()>
[INFO] [stdout]   17:     0x6548ea701652 - <std[70759c8f55707aa4]::thread::lifecycle::spawn_unchecked<test[9d35eded1c95d3be]::run_test::{closure#1}, ()>::{closure#1} as core[df12db4294e9bfd3]::ops::function::FnOnce<()>>::call_once::{shim:vtable#0}
[INFO] [stdout]   18:     0x6548ea76dd39 - <std[70759c8f55707aa4]::sys::thread::unix::Thread>::new::thread_start
[INFO] [stdout]   19:     0x7d6d6ed35dfa - <unknown>
[INFO] [stdout]   20:     0x7d6d6edc93d4 - clone
[INFO] [stdout]   21:                0x0 - <unknown>
[INFO] [stdout] 
[INFO] [stdout] ---- fs::shared::tests::test_shared_directory stdout ----
[INFO] [stdout] 
[INFO] [stdout] thread 'fs::shared::tests::test_shared_directory' (345) panicked at src/fs/shared/tests.rs:340:63:
[INFO] [stdout] called `Result::unwrap()` on an `Err` value: Os { code: 30, kind: ReadOnlyFilesystem, message: "Read-only file system" }
[INFO] [stdout] stack backtrace:
[INFO] [stdout]    0:     0x6548ea76e651 - <<std[70759c8f55707aa4]::sys::backtrace::BacktraceLock>::print::DisplayBacktrace as core[df12db4294e9bfd3]::fmt::Display>::fmt
[INFO] [stdout]    1:     0x6548ea78382a - core[df12db4294e9bfd3]::fmt::write
[INFO] [stdout]    2:     0x6548ea77324c - <alloc[2182bb758b4b3781]::vec::Vec<u8> as core[df12db4294e9bfd3]::io::write::Write>::write_fmt
[INFO] [stdout]    3:     0x6548ea748e66 - std[70759c8f55707aa4]::panicking::default_hook::{closure#0}
[INFO] [stdout]    4:     0x6548ea766109 - std[70759c8f55707aa4]::panicking::default_hook
[INFO] [stdout]    5:     0x6548ea6fdba0 - test[9d35eded1c95d3be]::test_main_inner::<test[9d35eded1c95d3be]::test_main_static::{closure#0}>::{closure#0}
[INFO] [stdout]    6:     0x6548ea7662c2 - std[70759c8f55707aa4]::panicking::panic_with_hook
[INFO] [stdout]    7:     0x6548ea748f12 - std[70759c8f55707aa4]::panicking::panic_handler::{closure#0}
[INFO] [stdout]    8:     0x6548ea741ad9 - std[70759c8f55707aa4]::sys::backtrace::__rust_end_short_backtrace::<std[70759c8f55707aa4]::panicking::panic_handler::{closure#0}, !>
[INFO] [stdout]    9:     0x6548ea749b0d - __rustc[8fa7c3cbc660c2b3]::rust_begin_unwind
[INFO] [stdout]   10:     0x6548ea783f5c - core[df12db4294e9bfd3]::panicking::panic_fmt
[INFO] [stdout]   11:     0x6548ea783d32 - core[df12db4294e9bfd3]::result::unwrap_failed
[INFO] [stdout]   12:     0x6548ea6e8ef5 - il2_utils[f4dcd13bf00d1f1a]::fs::shared::tests::test_shared_directory
[INFO] [stdout]   13:     0x6548ea6e6b39 - <il2_utils[f4dcd13bf00d1f1a]::fs::shared::tests::test_shared_directory::{closure#0} as core[df12db4294e9bfd3]::ops::function::FnOnce<()>>::call_once
[INFO] [stdout]   14:     0x6548ea6f0e8b - test[9d35eded1c95d3be]::__rust_begin_short_backtrace::<core[df12db4294e9bfd3]::result::Result<(), alloc[2182bb758b4b3781]::string::String>, fn() -> core[df12db4294e9bfd3]::result::Result<(), alloc[2182bb758b4b3781]::string::String>>
[INFO] [stdout]   15:     0x6548ea6fe4f5 - test[9d35eded1c95d3be]::run_test::{closure#0}
[INFO] [stdout]   16:     0x6548ea6f7db4 - std[70759c8f55707aa4]::sys::backtrace::__rust_begin_short_backtrace::<test[9d35eded1c95d3be]::run_test::{closure#1}, ()>
[INFO] [stdout]   17:     0x6548ea701652 - <std[70759c8f55707aa4]::thread::lifecycle::spawn_unchecked<test[9d35eded1c95d3be]::run_test::{closure#1}, ()>::{closure#1} as core[df12db4294e9bfd3]::ops::function::FnOnce<()>>::call_once::{shim:vtable#0}
[INFO] [stdout]   18:     0x6548ea76dd39 - <std[70759c8f55707aa4]::sys::thread::unix::Thread>::new::thread_start
[INFO] [stdout]   19:     0x7d6d6ed35dfa - <unknown>
[INFO] [stdout]   20:     0x7d6d6edc93d4 - clone
[INFO] [stdout]   21:                0x0 - <unknown>
[INFO] [stdout] 
[INFO] [stdout] 
[INFO] [stdout] failures:
[INFO] [stdout]     fs::shared::tests::test_shared_directory
[INFO] [stdout]     fs::shared::tests::test_sharedfile_impl
[INFO] [stdout]     fs::shared::tests::test_sharedfilereadlockguard_impl
[INFO] [stdout]     fs::shared::tests::test_sharedfilewritelockguard_impl
[INFO] [stdout] 
[INFO] [stdout] test result: FAILED. 47 passed; 4 failed; 0 ignored; 0 measured; 0 filtered out; finished in 0.01s
[INFO] [stdout] 
[INFO] running `Command { std: "docker" "inspect" "c535bdf04d86cf6af1e66cc8dc88b61a0f38e52c6a35f5c45cb332c588fee97e", kill_on_drop: false }`
[INFO] running `Command { std: "docker" "rm" "-f" "c535bdf04d86cf6af1e66cc8dc88b61a0f38e52c6a35f5c45cb332c588fee97e", kill_on_drop: false }`
[INFO] [stdout] c535bdf04d86cf6af1e66cc8dc88b61a0f38e52c6a35f5c45cb332c588fee97e
