[INFO] fetching crate ikigai-store 0.2.23...
[INFO] testing ikigai-store-0.2.23 against 1.99.0-beta.8+cargoflags=--release for beta-release-1.100-2
[INFO] extracting crate ikigai-store 0.2.23 into /workspace/builds/worker-3-tc1/source
[INFO] started tweaking crates.io crate ikigai-store 0.2.23
[INFO] removed 0 missing tests
[INFO] finished tweaking crates.io crate ikigai-store 0.2.23
[INFO] tweaked toml for crates.io crate ikigai-store 0.2.23 written to /workspace/builds/worker-3-tc1/source/Cargo.toml
[INFO] validating manifest of crates.io crate ikigai-store 0.2.23 on toolchain 1.99.0-beta.8
[INFO] running `Command { std: CARGO_HOME="/workspace/cargo-home" RUSTUP_HOME="/workspace/rustup-home" "/workspace/cargo-home/bin/cargo" "+1.99.0-beta.8" "metadata" "--manifest-path" "Cargo.toml" "--no-deps", kill_on_drop: false }`
[INFO] crate crates.io crate ikigai-store 0.2.23 already has a lockfile, it will not be regenerated
[INFO] running `Command { std: CARGO_HOME="/workspace/cargo-home" RUSTUP_HOME="/workspace/rustup-home" "/workspace/cargo-home/bin/cargo" "+1.99.0-beta.8" "fetch" "--manifest-path" "Cargo.toml", kill_on_drop: false }`
[INFO] [stderr]     Updating crates.io index
[INFO] [stderr]  Downloading crates ...
[INFO] [stderr]   Downloaded spargebra v0.4.7
[INFO] [stderr]   Downloaded peg-macros v0.8.6
[INFO] [stderr]   Downloaded peg-runtime v0.8.6
[INFO] [stderr]   Downloaded peg v0.8.6
[INFO] [stderr]   Downloaded oxrdf v0.3.4
[INFO] [stderr]   Downloaded sparopt v0.3.7
[INFO] [stderr]   Downloaded oxrdfio v0.2.6
[INFO] [stderr]   Downloaded sha2 v0.11.1
[INFO] [stderr]   Downloaded sparesults v0.3.4
[INFO] [stderr]   Downloaded json-event-parser v0.2.3
[INFO] [stderr]   Downloaded oxrdfxml v0.2.4
[INFO] [stderr]   Downloaded oxjsonld v0.2.6
[INFO] [stderr]   Downloaded oxhttp v0.3.3
[INFO] [stderr]   Downloaded oxiri v0.2.11
[INFO] [stderr]   Downloaded oxilangtag v0.1.6
[INFO] [stderr]   Downloaded oxsdatatypes v0.2.3
[INFO] [stderr]   Downloaded spareval v0.2.7
[INFO] [stderr]   Downloaded oxttl v0.2.4
[INFO] [stderr]   Downloaded ryu-js v1.0.3
[INFO] [stderr]   Downloaded ikigai-vocab v0.1.103
[INFO] [stderr]   Downloaded oxigraph v0.5.11
[INFO] [stderr]   Downloaded ikigai-conformance v0.8.2
[INFO] [stderr]   Downloaded quick-xml v0.37.5
[INFO] [stderr]   Downloaded ikigai-core v0.1.103
[INFO] [stderr]   Downloaded oxrocksdb-sys v0.5.11
[INFO] running `Command { std: "docker" "create" "-v" "/var/lib/crater-agent-workspace/builds/worker-3-tc1/source:/opt/rustwide/workdir:ro,Z" "-v" "/var/lib/crater-agent-workspace/builds/worker-3-tc1/target:/opt/rustwide/target:rw,Z" "-v" "/var/lib/crater-agent-workspace/cargo-home:/opt/rustwide/cargo-home:ro,Z" "-v" "/var/lib/crater-agent-workspace/rustup-home:/opt/rustwide/rustup-home:ro,Z" "-m" "1610612736" "--network" "none" "ghcr.io/rust-lang/crates-build-env/linux@sha256:77db811e55d90add9212f6832c23229e3de5f1c1f9905e8cb07319ea15df73ac" "sleep" "infinity", kill_on_drop: false }`
[INFO] [stdout] 2fd8762e7ebf5a5db5fc3715e98dddff346afd539665dea7cb726c6898967232
[INFO] running `Command { std: "docker" "start" "2fd8762e7ebf5a5db5fc3715e98dddff346afd539665dea7cb726c6898967232", kill_on_drop: false }`
[INFO] running `Command { std: "docker" "inspect" "2fd8762e7ebf5a5db5fc3715e98dddff346afd539665dea7cb726c6898967232", kill_on_drop: false }`
[INFO] running `Command { std: "docker" "exec" "-e" "SOURCE_DIR=/opt/rustwide/workdir" "-e" "CARGO_HOME=/opt/rustwide/cargo-home" "-e" "RUSTUP_HOME=/opt/rustwide/rustup-home" "-e" "CARGO_TARGET_DIR=/opt/rustwide/target" "-w" "/opt/rustwide/workdir" "--user" "0:0" "2fd8762e7ebf5a5db5fc3715e98dddff346afd539665dea7cb726c6898967232" "/opt/rustwide/cargo-home/bin/cargo" "+1.99.0-beta.8" "metadata" "--no-deps" "--format-version=1", kill_on_drop: false }`
[INFO] running `Command { std: "docker" "inspect" "2fd8762e7ebf5a5db5fc3715e98dddff346afd539665dea7cb726c6898967232", kill_on_drop: false }`
[INFO] running `Command { std: "docker" "exec" "-e" "SOURCE_DIR=/opt/rustwide/workdir" "-e" "CARGO_HOME=/opt/rustwide/cargo-home" "-e" "RUSTUP_HOME=/opt/rustwide/rustup-home" "-e" "CARGO_TARGET_DIR=/opt/rustwide/target" "-e" "CARGO_INCREMENTAL=0" "-e" "RUST_BACKTRACE=full" "-e" "RUSTFLAGS=--cap-lints=warn" "-e" "RUSTDOCFLAGS=--cap-lints=warn" "-w" "/opt/rustwide/workdir" "--user" "0:0" "2fd8762e7ebf5a5db5fc3715e98dddff346afd539665dea7cb726c6898967232" "/opt/rustwide/cargo-home/bin/cargo" "+1.99.0-beta.8" "build" "--frozen" "--message-format=json" "--release", kill_on_drop: false }`
[INFO] [stderr]    Compiling syn v3.0.9
[INFO] [stderr]    Compiling libc v0.2.190
[INFO] [stderr]    Compiling typenum v1.20.1
[INFO] [stderr]    Compiling getrandom v0.3.4
[INFO] [stderr]    Compiling const-oid v0.10.2
[INFO] [stderr]    Compiling oxiri v0.2.11
[INFO] [stderr]    Compiling oxilangtag v0.1.6
[INFO] [stderr]    Compiling peg-runtime v0.8.6
[INFO] [stderr]    Compiling quick-xml v0.37.5
[INFO] [stderr]    Compiling json-event-parser v0.2.3
[INFO] [stderr]    Compiling aho-corasick v1.1.5
[INFO] [stderr]    Compiling crossbeam-utils v0.8.23
[INFO] [stderr]    Compiling blake3 v1.8.7
[INFO] [stderr]    Compiling smallvec v1.16.3
[INFO] [stderr]    Compiling ryu-js v1.0.3
[INFO] [stderr]    Compiling toml_write v0.1.2
[INFO] [stderr]    Compiling peg-macros v0.8.6
[INFO] [stderr]    Compiling arrayvec v0.7.8
[INFO] [stderr]    Compiling winnow v0.7.15
[INFO] [stderr]    Compiling futures-util v0.3.34
[INFO] [stderr]    Compiling futures-channel v0.3.34
[INFO] [stderr]    Compiling peg v0.8.6
[INFO] [stderr]    Compiling hybrid-array v0.4.15
[INFO] [stderr]    Compiling block-buffer v0.12.1
[INFO] [stderr]    Compiling crypto-common v0.2.2
[INFO] [stderr]    Compiling parking_lot_core v0.9.12
[INFO] [stderr]    Compiling rand_core v0.9.5
[INFO] [stderr]    Compiling rand_chacha v0.9.0
[INFO] [stderr]    Compiling dashmap v6.2.1
[INFO] [stderr]    Compiling rand v0.9.5
[INFO] [stderr]    Compiling regex-automata v0.4.18
[INFO] [stderr]    Compiling digest v0.11.3
[INFO] [stderr]    Compiling sha2 v0.11.1
[INFO] [stderr]    Compiling sha1 v0.11.0
[INFO] [stderr]    Compiling md-5 v0.11.0
[INFO] [stderr]    Compiling thiserror-impl v2.0.21
[INFO] [stderr]    Compiling serde_derive v1.0.229
[INFO] [stderr]    Compiling async-trait v0.1.92
[INFO] [stderr]    Compiling thiserror v2.0.21
[INFO] [stderr]    Compiling oxsdatatypes v0.2.3
[INFO] [stderr]    Compiling oxrdf v0.3.4
[INFO] [stderr]    Compiling spargebra v0.4.7
[INFO] [stderr]    Compiling oxjsonld v0.2.6
[INFO] [stderr]    Compiling oxttl v0.2.4
[INFO] [stderr]    Compiling oxrdfxml v0.2.4
[INFO] [stderr]    Compiling sparesults v0.3.4
[INFO] [stderr]    Compiling serde v1.0.229
[INFO] [stderr]    Compiling regex v1.13.1
[INFO] [stderr]    Compiling toml_datetime v0.6.11
[INFO] [stderr]    Compiling serde_spanned v0.6.9
[INFO] [stderr]    Compiling oxrdfio v0.2.6
[INFO] [stderr]    Compiling toml_edit v0.22.27
[INFO] [stderr]    Compiling ikigai-core v0.1.103
[INFO] [stderr]    Compiling sparopt v0.3.7
[INFO] [stderr]    Compiling spareval v0.2.7
[INFO] [stderr]    Compiling toml v0.8.23
[INFO] [stderr]    Compiling oxigraph v0.5.11
[INFO] [stderr]    Compiling ikigai-store v0.2.23 (/opt/rustwide/workdir)
[INFO] [stderr]     Finished `release` profile [optimized] target(s) in 1m 45s
[INFO] running `Command { std: "docker" "inspect" "2fd8762e7ebf5a5db5fc3715e98dddff346afd539665dea7cb726c6898967232", kill_on_drop: false }`
[INFO] running `Command { std: "docker" "exec" "-e" "SOURCE_DIR=/opt/rustwide/workdir" "-e" "CARGO_HOME=/opt/rustwide/cargo-home" "-e" "RUSTUP_HOME=/opt/rustwide/rustup-home" "-e" "CARGO_TARGET_DIR=/opt/rustwide/target" "-e" "CARGO_INCREMENTAL=0" "-e" "RUST_BACKTRACE=full" "-e" "RUSTFLAGS=--cap-lints=warn" "-e" "RUSTDOCFLAGS=--cap-lints=warn" "-w" "/opt/rustwide/workdir" "--user" "0:0" "2fd8762e7ebf5a5db5fc3715e98dddff346afd539665dea7cb726c6898967232" "/opt/rustwide/cargo-home/bin/cargo" "+1.99.0-beta.8" "test" "--frozen" "--no-run" "--message-format=json" "--release", kill_on_drop: false }`
[INFO] [stderr]    Compiling futures-macro v0.3.34
[INFO] [stderr]    Compiling futures-util v0.3.34
[INFO] [stderr]    Compiling ikigai-core v0.1.103
[INFO] [stderr]    Compiling futures-executor v0.3.34
[INFO] [stderr]    Compiling futures v0.3.34
[INFO] [stderr]    Compiling ikigai-vocab v0.1.103
[INFO] [stderr]    Compiling ikigai-store v0.2.23 (/opt/rustwide/workdir)
[INFO] [stderr]    Compiling ikigai-conformance v0.8.2
[INFO] [stderr]     Finished `release` profile [optimized] target(s) in 2m 37s
[INFO] running `Command { std: "docker" "inspect" "2fd8762e7ebf5a5db5fc3715e98dddff346afd539665dea7cb726c6898967232", kill_on_drop: false }`
[INFO] running `Command { std: "docker" "exec" "-e" "SOURCE_DIR=/opt/rustwide/workdir" "-e" "CARGO_HOME=/opt/rustwide/cargo-home" "-e" "RUSTUP_HOME=/opt/rustwide/rustup-home" "-e" "CARGO_TARGET_DIR=/opt/rustwide/target" "-e" "CARGO_INCREMENTAL=0" "-e" "RUST_BACKTRACE=full" "-e" "RUSTFLAGS=--cap-lints=warn" "-e" "RUSTDOCFLAGS=--cap-lints=warn" "-w" "/opt/rustwide/workdir" "--user" "0:0" "2fd8762e7ebf5a5db5fc3715e98dddff346afd539665dea7cb726c6898967232" "/opt/rustwide/cargo-home/bin/cargo" "+1.99.0-beta.8" "test" "--frozen" "--release", kill_on_drop: false }`
[INFO] [stderr]     Finished `release` profile [optimized] target(s) in 0.21s
[INFO] [stderr]      Running unittests src/lib.rs (/opt/rustwide/target/release/deps/ikigai_store-473efe2141c6be23)
[INFO] [stdout] 
[INFO] [stdout] running 101 tests
[INFO] [stdout] test budget::tests::a_ceiling_below_the_base_lowers_the_base ... ok
[INFO] [stdout] test budget::tests::an_answer_inside_the_budget_is_returned ... ok
[INFO] [stdout] test budget::tests::a_join_counts_its_patterns_its_path_steps_and_its_nested_groups ... ok
[INFO] [stdout] test budget::tests::answer_grants_are_monotone_and_clamped ... ok
[INFO] [stdout] test budget::tests::a_panic_in_the_work_reaches_the_caller ... ok
[INFO] [stdout] test budget::tests::the_shared_constants_and_wording_are_the_contracts ... ok
[INFO] [stdout] test budget::tests::the_algebra_bounds_admit_at_the_bound_and_refuse_one_past_it_by_name ... ok
[INFO] [stdout] test budget::tests::grants_raise_the_budget_and_nothing_lowers_it ... ok
[INFO] [stdout] test budget::tests::wrappers_that_survive_normalization_are_not_over_refused_within_the_bound ... ok
[INFO] [stdout] test budget::tests::constants_in_values_and_in_lists_cost_nothing ... ok
[INFO] [stdout] test config::tests::an_absolute_path_is_taken_as_written_and_a_relative_one_is_rooted_at_the_data_home ... ok
[INFO] [stdout] test config::tests::a_misspelled_key_is_loud ... ok
[INFO] [stdout] test budget::tests::a_panic_in_a_write_reaches_its_caller_and_the_writer_lives_on ... ok
[INFO] [stdout] test budget::tests::every_write_on_a_store_runs_on_one_thread ... ok
[INFO] [stdout] test config::tests::the_app_layer_overrides_the_shared_one ... ok
[INFO] [stdout] test budget::tests::an_update_needing_more_stack_moves_the_writer_to_a_larger_thread ... ok
[INFO] [stdout] test depth::tests::brackets_in_strings_iris_comments_and_escapes_are_not_nesting ... ok
[INFO] [stdout] test config::tests::an_empty_path_is_refused_rather_than_resolved ... ok
[INFO] [stdout] test depth::tests::a_format_the_scan_cannot_read_is_refused ... ok
[INFO] [stdout] test depth::tests::closed_triple_terms_do_not_accumulate ... ok
[INFO] [stdout] test depth::tests::plain_updates_are_not_gated_in ... ok
[INFO] [stdout] test depth::tests::every_constructor_spelling_is_detected ... ok
[INFO] [stdout] test depth::tests::nesting_after_a_string_or_iri_is_still_counted ... ok
[INFO] [stdout] test depth::tests::rdfxml_counts_parse_type_triple_elements ... ok
[INFO] [stdout] test budget::tests::a_wrapper_the_planner_can_erase_does_not_reset_the_join_count ... ok
[INFO] [stdout] test depth::tests::rdfxml_markup_that_quick_xml_skips_hides_nothing_it_reads ... ok
[INFO] [stdout] test depth::tests::rdfxml_that_is_not_utf8_is_refused ... ok
[INFO] [stdout] test depth::tests::triple_terms_are_refused_one_past_the_bound_and_pass_at_it_in_every_mode ... ok
[INFO] [stdout] test config::tests::with_no_config_file_the_store_sits_under_the_data_home ... ok
[INFO] [stdout] test depth::tests::the_bound_is_the_number_the_integration_tests_restate ... ok
[INFO] [stdout] test limits::tests::brackets_of_every_kind_count_and_close_only_what_they_match ... ok
[INFO] [stdout] test limits::tests::strings_iris_and_comments_hide_brackets ... ok
[INFO] [stdout] test limits::tests::the_bound_is_the_number_the_integration_tests_restate ... ok
[INFO] [stdout] test limits::tests::a_less_than_reading_is_followed_where_an_expression_can_be ... ok
[INFO] [stdout] test limits::tests::triple_terms_and_brackets_are_counted_apart ... ok
[INFO] [stdout] test limits::tests::triple_terms_nest_and_the_unescaped_reading_is_scanned_too ... ok
[INFO] [stdout] test limits::tests::a_run_of_not_nests_and_not_equal_does_not ... ok
[INFO] [stdout] test scope::tests::a_bare_describe_reads_only_the_default_graph ... ok
[INFO] [stdout] test scope::tests::a_comma_does_not_separate_graphs ... ok
[INFO] [stdout] test scope::tests::a_dataset_clause_is_detected_exactly ... ok
[INFO] [stdout] test scope::tests::a_bare_pattern_reads_the_permitted_graph_and_only_it ... ok
[INFO] [stdout] test scope::tests::a_graph_block_naming_another_tenant_matches_nothing ... ok
[INFO] [stdout] test scope::tests::a_graph_set_parses_to_one_sorted_deduplicated_set ... ok
[INFO] [stdout] test scope::tests::a_join_across_the_set_answers_through_the_merged_default_graph_and_by_name ... ok
[INFO] [stdout] test depth::tests::the_refusal_names_the_argument_and_the_bound ... ok
[INFO] [stdout] test scope::tests::a_from_clause_cannot_widen_the_confinement ... ok
[INFO] [stdout] test scope::tests::a_property_path_cannot_walk_out_of_the_scope ... ok
[INFO] [stdout] test scope::tests::a_property_path_crosses_members_of_the_set_and_cannot_walk_out_of_it ... ok
[INFO] [stdout] test scope::tests::a_service_clause_is_refused_by_the_evaluator_this_crate_builds ... ok
[INFO] [stdout] test scope::tests::a_service_clause_is_refused_over_a_set_too ... ok
[INFO] [stdout] test scope::tests::a_unicode_space_inside_an_iri_does_not_separate_graphs ... ok
[INFO] [stdout] test scope::tests::a_variable_graph_enumerates_only_the_permitted_set ... ok
[INFO] [stdout] test scope::tests::an_empty_graph_list_is_refused_not_read_as_no_graphs ... ok
[INFO] [stdout] test limits::tests::a_triple_term_closes_only_on_its_own_token ... ok
[INFO] [stdout] test scope::tests::a_triple_in_two_members_matches_once_per_member_in_the_default_graph ... ok
[INFO] [stdout] test limits::tests::the_bounds_refuse_by_name_and_admit_at_the_bound ... ok
[INFO] [stdout] test scope::tests::construct_is_confined_and_still_answers ... ok
[INFO] [stdout] test scope::tests::a_variable_graph_binds_only_members_of_the_set ... ok
[INFO] [stdout] test scope::tests::one_bad_member_refuses_the_whole_set_and_names_it ... ok
[INFO] [stdout] test limits::tests::a_triple_term_template_nests_to_the_rdf_bound_and_the_refusal_names_it ... ok
[INFO] [stdout] test service::tests::the_evaluator_refuses_every_service_itself ... ok
[INFO] [stdout] test service::tests::the_consumer_update_form_reads_the_same_where_and_passes_load ... ok
[INFO] [stdout] test scope::tests::nested_reads_of_another_graph_are_confined ... ok
[INFO] [stdout] test scope::tests::nothing_reaches_a_graph_outside_the_set ... ok
[INFO] [stdout] test service::tests::the_store_refusal_is_unchanged_and_the_consumer_one_drops_its_remedy ... ok
[INFO] [stdout] test service::tests::the_walk_reads_an_update_s_where ... ok
[INFO] [stdout] test service::tests::the_walk_does_not_refuse_what_is_not_a_service ... ok
[INFO] [stdout] test sparql::tests::a_bare_json_string_is_a_plain_literal ... ok
[INFO] [stdout] test sparql::tests::a_backslash_is_escaped_before_a_quote_can_hide_behind_it ... ok
[INFO] [stdout] test sparql::tests::an_injected_literal_cannot_escape_its_quotes ... ok
[INFO] [stdout] test sparql::tests::json_scalars_become_typed_literals ... ok
[INFO] [stdout] test service::tests::the_walk_finds_service_in_every_position ... ok
[INFO] [stdout] test sparql::tests::an_iri_with_a_closing_bracket_is_refused_not_mangled ... ok
[INFO] [stdout] test sparql::tests::bindings_json_round_trips_through_parse_bindings ... ok
[INFO] [stdout] test sparql::tests::the_results_json_term_shapes_round_trip ... ok
[INFO] [stdout] test sparql::tests::oxigraph_escapes_control_characters_for_us ... ok
[INFO] [stdout] test sparql::tests::scalars_carry_their_datatypes ... ok
[INFO] [stdout] test sparql::tests::unbindable_values_are_refused_with_the_reason ... ok
[INFO] [stdout] test scope::tests::enumerating_graph_names_is_confined_as_well ... ok
[INFO] [stdout] test store::tests::a_declaration_is_exact_and_names_nothing_it_was_not_given ... ok
[INFO] [stdout] test store::tests::a_write_from_inside_a_write_is_refused_not_deadlocked ... ok
[INFO] [stdout] test store::tests::an_owned_in_memory_store_is_the_sole_writer ... ok
[INFO] [stdout] test store::tests::a_record_commits_whole_or_not_at_all ... ok
[INFO] [stdout] test store::tests::handing_out_the_handle_forfeits_coverage_at_construction ... ok
[INFO] [stdout] test store::tests::only_a_shared_store_hands_out_a_writer ... ok
[INFO] [stdout] test store::tests::the_coverage_table_holds_on_all_three_modes ... ok
[INFO] [stdout] test store::tests::a_panic_in_a_shared_write_reaches_its_caller_and_the_writer_lives_on ... ok
[INFO] [stdout] test store::tests::the_fingerprint_moves_when_a_reserved_graph_changes ... ok
[INFO] [stdout] test service::tests::every_evaluator_in_this_crate_is_built_by_evaluator ... ok
[INFO] [stdout] test store::tests::the_deprecated_spelling_delegates_exactly ... ok
[INFO] [stdout] test budget::tests::a_read_that_waits_past_its_budget_for_a_slot_is_refused ... ok
[INFO] [stdout] test budget::tests::a_queued_write_whose_caller_gave_up_is_not_run ... ok
[INFO] [stdout] test confine::tests::an_append_copies_its_footprint_and_not_the_graph ... ok
[INFO] [stdout] test store::tests::a_shared_write_commits_on_the_stores_one_writer_thread_whatever_thread_asks ... ok
[INFO] [stdout] test confine::tests::the_footprint_computes_what_the_whole_graph_computes ... ok
[INFO] [stdout] test budget::tests::work_that_cannot_be_stopped_is_counted_and_caps_new_work ... ok
[INFO] [stdout] test budget::tests::an_update_counts_every_where_clause_toward_one_total ... ok
[INFO] [stdout] test budget::tests::past_the_budget_the_caller_is_answered_with_a_timeout_and_the_work_is_told_to_stop ... ok
[INFO] [stdout] test budget::tests::reads_in_flight_never_exceed_the_cap_and_the_rest_wait ... ok
[INFO] [stdout] test budget::tests::a_commit_after_the_caller_gave_up_does_not_happen ... ok
[INFO] [stdout] test budget::tests::the_public_measure_agrees_with_the_check_at_both_bounds ... ok
[INFO] [stdout] 
[INFO] [stdout] test result: ok. 101 passed; 0 failed; 0 ignored; 0 measured; 0 filtered out; finished in 0.48s
[INFO] [stdout] 
[INFO] [stderr]      Running tests/answer_size.rs (/opt/rustwide/target/release/deps/answer_size-72f573131f4c001a)
[INFO] [stdout] 
[INFO] [stdout] running 9 tests
[INFO] [stdout] test a_max_rows_or_max_bytes_that_is_not_a_positive_inline_number_is_refused ... ok
[INFO] [stdout] test ask_is_exempt ... ok
[INFO] [stdout] test a_budget_that_is_not_inline_is_refused_not_ignored ... ok
[INFO] [stdout] test the_byte_bound_is_exact ... ok
[INFO] [stdout] test the_row_bound_is_exact_on_every_door_and_every_serialization ... ok
[INFO] [stdout] test grants_raise_the_bound_and_a_request_only_lowers_it ... ok
[INFO] [stdout] test a_cross_product_past_the_base_row_bound_is_refused_not_answered ... ok
[INFO] [stdout] test an_answer_past_the_base_byte_bound_is_refused_not_answered ... ok
[INFO] [stdout] test the_cross_product_is_refused_by_size_before_time ... ok
[INFO] [stdout] 
[INFO] [stdout] test result: ok. 9 passed; 0 failed; 0 ignored; 0 measured; 0 filtered out; finished in 0.71s
[INFO] [stdout] 
[INFO] [stderr]      Running tests/answer_size_measure.rs (/opt/rustwide/target/release/deps/answer_size_measure-91bacd6654c6b2ee)
[INFO] [stdout] 
[INFO] [stdout] running 2 tests
[INFO] [stdout] test measure_backup ... ignored
[INFO] [stdout] test measure_cross_product ... ignored
[INFO] [stdout] 
[INFO] [stdout] test result: ok. 0 passed; 0 failed; 2 ignored; 0 measured; 0 filtered out; finished in 0.00s
[INFO] [stdout] 
[INFO] [stderr]      Running tests/bindings.rs (/opt/rustwide/target/release/deps/bindings-72fae26dcd25ba8e)
[INFO] [stdout] 
[INFO] [stdout] running 10 tests
[INFO] [stdout] test an_iri_binds_in_the_subject_position ... ok
[INFO] [stdout] test an_unprojected_binding_is_refused_with_the_fix ... ok
[INFO] [stdout] test a_query_without_bindings_is_unchanged ... ok
[INFO] [stdout] test a_bare_json_string_binds_as_a_plain_literal ... ok
[INFO] [stdout] test a_binding_the_query_never_mentions_is_refused_not_ignored ... ok
[INFO] [stdout] test the_other_query_forms_bind_any_variable_in_the_pattern ... ok
[INFO] [stdout] test a_malformed_bindings_argument_is_refused_by_name ... ok
[INFO] [stdout] test a_binding_for_a_variable_only_inside_exists_or_minus_gets_the_one_working_fix ... ok
[INFO] [stdout] test the_write_doors_refuse_bindings_and_say_what_to_use_instead ... ok
[INFO] [stdout] test a_hostile_binding_is_matched_as_data_not_executed_as_syntax ... ok
[INFO] [stdout] 
[INFO] [stdout] test result: ok. 10 passed; 0 failed; 0 ignored; 0 measured; 0 filtered out; finished in 0.04s
[INFO] [stdout] 
[INFO] [stderr]      Running tests/conformance.rs (/opt/rustwide/target/release/deps/conformance-0d6edb09fedeb688)
[INFO] [stdout] 
[INFO] [stdout] running 3 tests
[INFO] [stderr]      Running tests/consumer_threads.rs (/opt/rustwide/target/release/deps/consumer_threads-cb9490907d0f09af)
[INFO] [stdout] test a_shared_store_conforms_as_a_live_one ... ok
[INFO] [stdout] test a_declared_shared_store_conforms_as_cacheable_exactly_where_it_promised ... ok
[INFO] [stdout] test conforms ... ok
[INFO] [stdout] 
[INFO] [stdout] test result: ok. 3 passed; 0 failed; 0 ignored; 0 measured; 0 filtered out; finished in 0.04s
[INFO] [stdout] 
[INFO] [stdout] 
[INFO] [stdout] running 1 test
[INFO] [stdout] test a_store_write_invalidates_a_consumer_that_declares_no_thread_of_its_own ... ok
[INFO] [stderr]      Running tests/endpoints.rs (/opt/rustwide/target/release/deps/endpoints-e5ec4221a20b2f87)
[INFO] [stdout] 
[INFO] [stdout] test result: ok. 1 passed; 0 failed; 0 ignored; 0 measured; 0 filtered out; finished in 0.03s
[INFO] [stdout] 
[INFO] [stdout] 
[INFO] [stdout] running 10 tests
[INFO] [stdout] test info_reports_the_backing_and_whether_coverage_holds ... ok
[INFO] [stdout] test a_caller_without_the_scope_is_denied_in_both_directions ... ok
[INFO] [stdout] test malformed_input_names_the_argument_that_was_wrong ... ok
[INFO] [stdout] test load_honours_the_graph_argument_and_refuses_a_non_iri ... ok
[INFO] [stdout] test an_update_through_the_kernel_changes_what_a_query_sees ... ok
[INFO] [stdout] test a_document_loaded_through_the_kernel_is_queryable ... ok
[INFO] [stdout] test a_query_of_the_wrong_form_is_refused_by_the_iri_it_was_sent_to ... ok
[INFO] [stdout] test an_as_the_query_form_cannot_answer_in_is_refused ... ok
[INFO] [stdout] test a_shared_store_never_caches_so_a_raw_handle_write_is_still_visible ... ok
[INFO] [stderr]      Running tests/form_families.rs (/opt/rustwide/target/release/deps/form_families-fc9a95a0191a3267)
[INFO] [stdout] test a_covered_read_caches_and_both_writing_iris_cut_it ... ok
[INFO] [stdout] 
[INFO] [stdout] test result: ok. 10 passed; 0 failed; 0 ignored; 0 measured; 0 filtered out; finished in 0.04s
[INFO] [stdout] 
[INFO] [stdout] 
[INFO] [stdout] running 1 test
[INFO] [stdout] test a_query_iri_answers_its_family_and_refuses_the_other ... ok
[INFO] [stderr]      Running tests/graph_existence_oracle.rs (/opt/rustwide/target/release/deps/graph_existence_oracle-0577ced9f1002eb6)
[INFO] [stdout] 
[INFO] [stdout] test result: ok. 1 passed; 0 failed; 0 ignored; 0 measured; 0 filtered out; finished in 0.05s
[INFO] [stdout] 
[INFO] [stdout] 
[INFO] [stdout] running 9 tests
[INFO] [stdout] test the_whole_dataset_operations_are_unchanged ... ok
[INFO] [stdout] test the_broad_reader_keeps_the_standard_error ... ok
[INFO] [stdout] test another_graph_named_through_the_scoped_door_is_refused_whatever_it_holds ... ok
[INFO] [stdout] test a_caller_who_may_read_the_graph_keeps_the_standard_error ... ok
[INFO] [stdout] test clear_graph_tells_a_write_only_caller_nothing_about_the_graph ... ok
[INFO] [stdout] test a_graph_operation_inside_a_longer_update_is_uniform_too ... ok
[INFO] [stdout] test create_graph_tells_a_write_only_caller_nothing_about_the_graph ... ok
[INFO] [stdout] test drop_graph_tells_a_write_only_caller_nothing_about_the_graph ... ok
[INFO] [stdout] test the_broad_door_tells_a_write_only_caller_nothing_either ... ok
[INFO] [stderr]      Running tests/graph_name_enumeration.rs (/opt/rustwide/target/release/deps/graph_name_enumeration-158e9c3156ee1d2b)
[INFO] [stdout] 
[INFO] [stdout] test result: ok. 9 passed; 0 failed; 0 ignored; 0 measured; 0 filtered out; finished in 0.13s
[INFO] [stdout] 
[INFO] [stdout] 
[INFO] [stdout] running 1 test
[INFO] [stderr]      Running tests/graph_outside_set.rs (/opt/rustwide/target/release/deps/graph_outside_set-7804a4b8d0aa1393)
[INFO] [stdout] test a_scoped_read_cannot_enumerate_another_tenants_graph_names ... ok
[INFO] [stdout] 
[INFO] [stdout] test result: ok. 1 passed; 0 failed; 0 ignored; 0 measured; 0 filtered out; finished in 0.02s
[INFO] [stdout] 
[INFO] [stdout] 
[INFO] [stdout] running 5 tests
[INFO] [stdout] test the_broad_door_is_untouched ... ok
[INFO] [stderr]      Running tests/graph_scope.rs (/opt/rustwide/target/release/deps/graph_scope-fa18601dd4a44687)
[INFO] [stdout] test in_set_and_variable_graphs_still_answer ... ok
[INFO] [stdout] test every_outside_graph_is_named_once ... ok
[INFO] [stdout] test all_four_scoped_forms_refuse_it ... ok
[INFO] [stdout] test a_constant_graph_outside_the_set_is_refused_wherever_it_appears ... ok
[INFO] [stdout] 
[INFO] [stdout] test result: ok. 5 passed; 0 failed; 0 ignored; 0 measured; 0 filtered out; finished in 0.03s
[INFO] [stdout] 
[INFO] [stdout] 
[INFO] [stdout] running 13 tests
[INFO] [stdout] test a_graph_that_is_not_an_iri_is_refused_by_name ... ok
[INFO] [stdout] test no_grants_at_all_opens_neither_door ... ok
[INFO] [stdout] test the_refusal_names_the_graph_and_never_the_statement ... ok
[INFO] [stdout] test a_graph_grant_is_refused_for_another_graph ... ok
[INFO] [stdout] test a_graph_grant_deletes_and_inserts_atomically_in_its_own_graph ... ok
[INFO] [stdout] test several_graph_grants_are_held_and_used_independently ... ok
[INFO] [stdout] test a_scoped_update_cannot_read_another_graph ... ok
[INFO] [stdout] test a_scoped_write_invalidates_a_cached_read ... ok
[INFO] [stdout] test a_graph_grant_writes_its_own_graph ... ok
[INFO] [stdout] test neither_write_scope_stands_in_for_the_other ... ok
[INFO] [stdout] test a_variable_graph_and_drop_all_are_confined_rather_than_refused ... ok
[INFO] [stdout] test an_update_that_reaches_outside_the_graph_is_refused_in_full ... ok
[INFO] [stdout] test a_narrow_footprint_reads_and_writes_nothing_outside_the_graph ... ok
[INFO] [stdout] 
[INFO] [stdout] test result: ok. 13 passed; 0 failed; 0 ignored; 0 measured; 0 filtered out; finished in 0.09s
[INFO] [stdout] 
[INFO] [stderr]      Running tests/graphs.rs (/opt/rustwide/target/release/deps/graphs-e9d45812dc07b004)
[INFO] [stdout] 
[INFO] [stdout] running 18 tests
[INFO] [stdout] test only_source_is_answered ... ok
[INFO] [stdout] test a_capability_holding_nothing_is_denied ... ok
[INFO] [stdout] test a_write_only_capability_is_denied_rather_than_told_it_may_read_nothing ... ok
[INFO] [stdout] test a_candidate_the_sharer_may_write_forfeits_the_whole_tenant_listing ... ok
[INFO] [stdout] test a_tenant_sees_the_graphs_its_own_grants_name ... ok
[INFO] [stdout] test a_grant_for_a_graph_that_does_not_exist_lists_nothing ... ok
[INFO] [stdout] test a_held_family_wildcard_enumerates_nothing ... ok
[INFO] [stdout] test both_halves_of_the_read_family_satisfy_the_declared_scope ... ok
[INFO] [stdout] test a_declaration_makes_a_tenants_listing_cacheable_and_leaves_roots_live ... ok
[INFO] [stdout] test a_graph_appears_as_soon_as_something_is_written_to_it ... ok
[INFO] [stdout] test a_shared_store_forfeits_the_listing_the_way_it_forfeits_every_broad_read ... ok
[INFO] [stdout] test the_cache_does_not_serve_one_capabilitys_listing_to_another ... ok
[INFO] [stdout] test a_broad_reader_gets_exactly_what_root_gets ... ok
[INFO] [stderr]      Running tests/handle_model.rs (/opt/rustwide/target/release/deps/handle_model-b72d246a291dfea7)
[INFO] [stdout] test a_tenant_is_never_told_another_tenants_graph_exists ... ok
[INFO] [stdout] test the_two_paths_produce_the_same_shape ... ok
[INFO] [stdout] test root_lists_every_named_graph ... ok
[INFO] [stdout] test a_listing_is_cached_and_a_write_that_creates_a_graph_cuts_it ... ok
[INFO] [stdout] test the_default_graph_is_never_listed ... ok
[INFO] [stdout] 
[INFO] [stdout] test result: ok. 18 passed; 0 failed; 0 ignored; 0 measured; 0 filtered out; finished in 0.03s
[INFO] [stdout] 
[INFO] [stderr]      Running tests/join_graph_blocks.rs (/opt/rustwide/target/release/deps/join_graph_blocks-32d48ef921418ff8)
[INFO] [stdout] 
[INFO] [stdout] running 0 tests
[INFO] [stdout] 
[INFO] [stdout] test result: ok. 0 passed; 0 failed; 0 ignored; 0 measured; 0 filtered out; finished in 0.01s
[INFO] [stdout] 
[INFO] [stdout] 
[INFO] [stdout] running 6 tests
[INFO] [stdout] test an_updates_where_is_counted_the_same_way ... ok
[INFO] [stdout] test union_optional_and_minus_branches_stay_separate_joins ... ok
[INFO] [stdout] test the_bound_is_the_flattened_total ... ok
[INFO] [stdout] test graph_blocks_count_toward_the_enclosing_join ... ok
[INFO] [stdout] test through_the_door_the_query_is_refused_before_planning ... ok
[INFO] [stdout] test one_tenants_update_does_not_block_another_tenants_write ... ok
[INFO] [stdout] 
[INFO] [stdout] test result: ok. 6 passed; 0 failed; 0 ignored; 0 measured; 0 filtered out; finished in 0.11s
[INFO] [stdout] 
[INFO] [stderr]      Running tests/join_normalized_wrappers.rs (/opt/rustwide/target/release/deps/join_normalized_wrappers-a733789f89434e37)
[INFO] [stdout] 
[INFO] [stdout] running 3 tests
[INFO] [stdout] test probe_child ... ok
[INFO] [stdout] test erasable_wrappers_count_toward_the_enclosing_join ... ok
[INFO] [stdout] test wrappers_the_planner_erases_are_refused_at_the_doors_before_planning ... ok
[INFO] [stderr]      Running tests/load_bounds.rs (/opt/rustwide/target/release/deps/load_bounds-8c093a66faace4bf)
[INFO] [stdout] 
[INFO] [stdout] test result: ok. 3 passed; 0 failed; 0 ignored; 0 measured; 0 filtered out; finished in 0.13s
[INFO] [stdout] 
[INFO] [stdout] 
[INFO] [stdout] running 5 tests
[INFO] [stdout] test a_refused_document_does_not_wait_for_the_writer ... ok
[INFO] [stdout] test a_document_over_the_load_bound_is_refused ... ok
[INFO] [stdout] test an_rdf_xml_entity_declaration_is_refused ... ok
[INFO] [stdout] test a_doctype_without_entities_still_loads ... ok
[INFO] [stderr]      Running tests/load_contract.rs (/opt/rustwide/target/release/deps/load_contract-89714be413ef1d27)
[INFO] [stdout] test a_prefix_that_expands_past_the_bound_is_refused ... ok
[INFO] [stdout] 
[INFO] [stdout] test result: ok. 5 passed; 0 failed; 0 ignored; 0 measured; 0 filtered out; finished in 0.04s
[INFO] [stdout] 
[INFO] [stdout] 
[INFO] [stdout] running 2 tests
[INFO] [stdout] test load_refuses_a_format_outside_its_declared_one_of ... ok
[INFO] [stdout] test load_graph_replaces_a_quad_documents_default_graph_and_nothing_else ... ok
[INFO] [stdout] 
[INFO] [stdout] test result: ok. 2 passed; 0 failed; 0 ignored; 0 measured; 0 filtered out; finished in 0.02s
[INFO] [stdout] 
[INFO] [stderr]      Running tests/match_time_budget.rs (/opt/rustwide/target/release/deps/match_time_budget-8c0857fcd3f01471)
[INFO] [stdout] 
[INFO] [stdout] running 7 tests
[INFO] [stdout] test after_the_algebra_bounds_still_refuse_before_anything_runs ... ok
[INFO] [stdout] test after_a_legitimate_match_answers_and_a_request_can_only_lower_the_budget ... ok
[INFO] [stdout] test the_store_doors_already_bounded_this_template ... ok
[INFO] [stdout] test after_a_consumer_is_answered_at_its_budget_and_the_worker_is_counted_until_it_ends ... ok
[INFO] [stdout] test after_at_the_cap_a_new_evaluation_is_refused_at_once_until_one_ends ... ok
[INFO] [stdout] test a_token_alone_stops_it_late_because_the_cross_product_is_in_memory ... ok
[INFO] [stdout] test before_the_bare_evaluator_runs_the_template_to_the_end_whatever_it_costs ... ok
[INFO] [stdout] 
[INFO] [stdout] test result: ok. 7 passed; 0 failed; 0 ignored; 0 measured; 0 filtered out; finished in 1.26s
[INFO] [stdout] 
[INFO] [stderr]      Running tests/multi_graph_read.rs (/opt/rustwide/target/release/deps/multi_graph_read-9bc3355183d193af)
[INFO] [stdout] 
[INFO] [stdout] running 13 tests
[INFO] [stdout] test the_scoped_forms_declare_a_graph_list_under_the_family_wildcard ... ok
[INFO] [stdout] test every_missing_grant_is_named_not_only_the_first ... ok
[INFO] [stdout] test an_empty_graph_list_is_refused_by_name ... ok
[INFO] [stdout] test a_comma_separated_list_is_refused_with_the_separator_named ... ok
[INFO] [stdout] test a_from_clause_is_still_refused_over_a_set ... ok
[INFO] [stdout] test a_held_grant_outside_the_named_set_does_not_widen_it ... ok
[INFO] [stdout] test order_and_repetition_give_the_same_answer ... ok
[INFO] [stdout] test one_missing_grant_refuses_the_read_and_names_the_missing_token ... ok
[INFO] [stdout] test one_uncovered_graph_makes_the_whole_read_uncached ... ok
[INFO] [stdout] test holding_both_grants_joins_across_both_graphs ... ok
[INFO] [stdout] test all_four_scoped_forms_read_the_whole_set ... ok
[INFO] [stdout] test every_spelling_of_a_set_shares_one_cache_entry ... ok
[INFO] [stdout] test a_set_reaches_nothing_outside_itself ... ok
[INFO] [stdout] 
[INFO] [stdout] test result: ok. 13 passed; 0 failed; 0 ignored; 0 measured; 0 filtered out; finished in 0.05s
[INFO] [stdout] 
[INFO] [stderr]      Running tests/narrowed_join.rs (/opt/rustwide/target/release/deps/narrowed_join-903e65f886b76c5b)
[INFO] [stdout] 
[INFO] [stdout] running 3 tests
[INFO] [stdout] test an_over_narrowed_by_a_declaring_store_names_the_store ... ok
[INFO] [stdout] test a_graph_never_asked_for_is_refused_without_blaming_the_join ... ok
[INFO] [stdout] test a_later_over_narrowed_by_the_first_names_what_the_join_dropped ... ok
[INFO] [stdout] 
[INFO] [stdout] test result: ok. 3 passed; 0 failed; 0 ignored; 0 measured; 0 filtered out; finished in 0.01s
[INFO] [stdout] 
[INFO] [stderr]      Running tests/overdue_cap_in_flight.rs (/opt/rustwide/target/release/deps/overdue_cap_in_flight-f61068b0d35fb7b9)
[INFO] [stdout] 
[INFO] [stdout] running 2 tests
[INFO] [stdout] test concurrent_fast_requests_wait_for_a_slot_and_are_answered ... ok
[INFO] [stdout] test concurrent_requests_cannot_overshoot_the_cap ... ok
[INFO] [stdout] 
[INFO] [stdout] test result: ok. 2 passed; 0 failed; 0 ignored; 0 measured; 0 filtered out; finished in 3.01s
[INFO] [stdout] 
[INFO] [stderr]      Running tests/overdue_cap_wording.rs (/opt/rustwide/target/release/deps/overdue_cap_wording-2fbb4ea40b2e045a)
[INFO] [stdout] 
[INFO] [stdout] running 4 tests
[INFO] [stdout] test a_read_that_waited_for_a_slot_names_the_cap_and_where_it_came_from_too ... ok
[INFO] [stdout] test at_a_cap_the_host_set_the_refusal_says_so_and_names_the_parallelism ... ok
[INFO] [stdout] test at_the_default_cap_the_refusal_says_it_is_the_default_and_names_the_parallelism ... ok
[INFO] [stdout] test a_consumer_budget_counts_apart_from_every_other_and_states_its_own_cap ... ok
[INFO] [stdout] 
[INFO] [stdout] test result: ok. 4 passed; 0 failed; 0 ignored; 0 measured; 0 filtered out; finished in 0.22s
[INFO] [stdout] 
[INFO] [stderr]      Running tests/post_bulk_read.rs (/opt/rustwide/target/release/deps/post_bulk_read-fb06272a79e957d4)
[INFO] [stdout] 
[INFO] [stdout] running 2 tests
[INFO] [stdout] test measure_a_read_after_a_bulk_write ... ignored, a measurement: run with --ignored --nocapture
[INFO] [stdout] test an_in_memory_store_reads_after_a_bulk_write_like_a_fresh_copy ... ok
[INFO] [stdout] 
[INFO] [stdout] test result: ok. 1 passed; 0 failed; 1 ignored; 0 measured; 0 filtered out; finished in 0.42s
[INFO] [stdout] 
[INFO] [stderr]      Running tests/provenance.rs (/opt/rustwide/target/release/deps/provenance-c1a360765410773f)
[INFO] [stdout] 
[INFO] [stdout] running 12 tests
[INFO] [stdout] test a_later_over_on_a_host_opened_handle_is_narrowed_to_the_first ... ok
[INFO] [stdout] test over_on_an_undeclared_shared_stores_handle_joins_the_stores_writer ... ok
[INFO] [stdout] test a_joined_over_write_from_inside_the_stores_write_is_refused_not_deadlocked ... ok
[INFO] [stdout] test a_joined_writer_keeps_the_stores_promise_and_the_callers_fence ... ok
[INFO] [stdout] test a_host_opened_handle_whose_writers_are_gone_gets_a_fresh_writer ... ok
[INFO] [stdout] test a_nested_write_across_two_overs_on_one_handle_is_refused_not_deadlocked ... ok
[INFO] [stdout] test over_on_a_declaring_stores_handle_joins_the_stores_writer ... ok
[INFO] [stdout] test over_on_a_standalone_store_or_an_orphaned_handle_makes_its_own_writer ... ok
[INFO] [stdout] test a_joined_writer_on_an_undeclared_store_keeps_the_callers_fence ... ok
[INFO] [stdout] test two_overs_on_a_handle_the_host_opened_share_one_writer ... ok
[INFO] [stdout] test overs_asked_for_at_once_on_one_handle_share_one_writer ... ok
[INFO] [stdout] test a_rewrapped_clone_of_the_handle_carries_no_provenance ... ok
[INFO] [stdout] 
[INFO] [stdout] test result: ok. 12 passed; 0 failed; 0 ignored; 0 measured; 0 filtered out; finished in 0.04s
[INFO] [stdout] 
[INFO] [stderr]      Running tests/read_scope.rs (/opt/rustwide/target/release/deps/read_scope-f8a0d0bdbd76864e)
[INFO] [stdout] 
[INFO] [stdout] running 18 tests
[INFO] [stdout] test the_declared_scopes_are_distinct ... ok
[INFO] [stdout] test a_graph_that_is_not_an_iri_is_refused_by_name ... ok
[INFO] [stdout] test no_grants_at_all_opens_neither_read_door ... ok
[INFO] [stdout] test a_graph_grant_is_refused_for_another_graph ... ok
[INFO] [stdout] test the_wildcard_token_itself_grants_nothing ... ok
[INFO] [stdout] test bindings_reach_the_scoped_forms ... ok
[INFO] [stdout] test a_write_scope_does_not_imply_a_read_scope_over_the_same_graph ... ok
[INFO] [stdout] test a_query_of_the_wrong_form_is_refused_under_the_scoped_iri_too ... ok
[INFO] [stdout] test a_query_naming_its_own_dataset_is_refused ... ok
[INFO] [stdout] test the_scoped_graph_is_reachable_as_the_default_graph_and_by_name ... ok
[INFO] [stdout] test a_variable_graph_enumerates_only_the_permitted_graph ... ok
[INFO] [stdout] test several_graph_grants_are_held_and_used_independently ... ok
[INFO] [stdout] test neither_read_scope_stands_in_for_the_other ... ok
[INFO] [stdout] test all_four_scoped_forms_answer_over_the_permitted_graph ... ok
[INFO] [stdout] test a_graph_grant_reads_its_own_graph ... ok
[INFO] [stdout] test a_scoped_read_is_invalidated_by_a_write ... ok
[INFO] [stdout] test two_tenants_running_the_same_query_do_not_share_a_cached_answer ... ok
[INFO] [stdout] test a_scoped_read_cannot_reach_another_graph_by_any_shape ... ok
[INFO] [stdout] 
[INFO] [stdout] test result: ok. 18 passed; 0 failed; 0 ignored; 0 measured; 0 filtered out; finished in 0.07s
[INFO] [stdout] 
[INFO] [stderr]      Running tests/scoped_append_cost.rs (/opt/rustwide/target/release/deps/scoped_append_cost-20c5d87075aa8ab3)
[INFO] [stdout] 
[INFO] [stdout] running 2 tests
[INFO] [stdout] test measure_an_append_as_the_graph_grows ... ignored, a measurement: run with --ignored --nocapture
[INFO] [stdout] test an_append_costs_the_same_at_three_thousand_items_as_at_a_hundred ... ok
[INFO] [stdout] 
[INFO] [stdout] test result: ok. 1 passed; 0 failed; 1 ignored; 0 measured; 0 filtered out; finished in 0.12s
[INFO] [stdout] 
[INFO] [stderr]      Running tests/service_egress.rs (/opt/rustwide/target/release/deps/service_egress-c4b837c7dacf7bae)
[INFO] [stdout] 
[INFO] [stdout] running 5 tests
[INFO] [stdout] test the_refusal_says_where_remote_data_comes_in_instead ... ok
[INFO] [stdout] test load_sends_nothing ... ok
[INFO] [stdout] test a_query_without_service_still_answers ... ok
[INFO] [stdout] test from_and_from_named_are_not_dereferenced ... ok
[INFO] [stdout] test service_is_refused_at_every_door_and_nothing_reaches_the_network ... ok
[INFO] [stdout] 
[INFO] [stdout] test result: ok. 5 passed; 0 failed; 0 ignored; 0 measured; 0 filtered out; finished in 0.04s
[INFO] [stdout] 
[INFO] [stderr]      Running tests/shared_coverage.rs (/opt/rustwide/target/release/deps/shared_coverage-726e3d907ca6a355)
[INFO] [stdout] 
[INFO] [stdout] running 12 tests
[INFO] [stdout] test measure_the_cost_of_sharing ... ignored, benchmark: builds a corpus and times reads; run explicitly
[INFO] [stdout] test the_tripwire_catches_a_graph_that_appears_and_one_that_vanishes ... ok
[INFO] [stdout] test the_tripwire_is_silent_on_a_kept_promise_and_names_the_graph_on_a_broken_one ... ok
[INFO] [stdout] test a_permitted_graph_is_not_in_the_fingerprint ... ok
[INFO] [stderr]      Running tests/shared_writer.rs (/opt/rustwide/target/release/deps/shared_writer-5a9d9cc1c5c93762)
[INFO] [stdout] test the_tripwire_refuses_a_store_that_declared_nothing ... ok
[INFO] [stdout] test info_names_the_declaration_and_says_nothing_extra_without_one ... ok
[INFO] [stdout] test the_broad_faces_and_info_stay_bare_whatever_was_declared ... ok
[INFO] [stdout] test a_declared_promise_that_is_broken_is_silent_staleness ... ok
[INFO] [stdout] test an_owned_store_is_unaffected ... ok
[INFO] [stdout] test an_undeclared_shared_store_still_caches_nothing_at_all ... ok
[INFO] [stdout] test a_graph_the_sharer_may_write_is_never_cached ... ok
[INFO] [stdout] test a_scoped_read_of_a_reserved_graph_is_cached_and_the_kernel_still_cuts_it ... ok
[INFO] [stdout] 
[INFO] [stdout] test result: ok. 11 passed; 0 failed; 1 ignored; 0 measured; 0 filtered out; finished in 0.01s
[INFO] [stdout] 
[INFO] [stdout] 
[INFO] [stdout] running 11 tests
[INFO] [stdout] test a_raw_write_on_a_declaring_writer_cannot_reach_a_reserved_graph ... ok
[INFO] [stdout] test a_remove_from_an_undeclared_graph_is_refused ... ok
[INFO] [stdout] test a_write_to_an_undeclared_graph_is_refused_and_rolls_back_the_whole_record ... ok
[INFO] [stdout] test a_blank_node_graph_is_never_declared_and_extend_stops_at_the_first_refusal ... ok
[INFO] [stdout] test the_raw_write_refusal_names_the_declaration_and_the_way_out ... ok
[INFO] [stdout] test a_declared_write_reaches_the_default_graph_and_every_declared_graph ... ok
[INFO] [stdout] test a_load_asked_from_inside_a_shared_write_is_refused_not_deadlocked ... ok
[INFO] [stdout] test a_write_from_inside_an_over_write_is_refused_not_deadlocked ... ok
[INFO] [stdout] test a_swallowed_refusal_still_rolls_back ... ok
[INFO] [stdout] test an_undeclared_writer_refuses_nothing ... ok
[INFO] [stdout] test an_over_writer_commits_on_one_thread_of_its_own_and_keeps_its_declaration ... ok
[INFO] [stdout] 
[INFO] [stdout] test result: ok. 11 passed; 0 failed; 0 ignored; 0 measured; 0 filtered out; finished in 0.01s
[INFO] [stdout] 
[INFO] [stderr]      Running tests/sparql_nesting.rs (/opt/rustwide/target/release/deps/sparql_nesting-83d5094f90836489)
[INFO] [stdout] 
[INFO] [stdout] running 15 tests
[INFO] [stdout] test probe_child ... ok
[INFO] [stdout] test a_less_than_that_hides_a_string_from_an_iri_reading_is_still_counted ... ok
[INFO] [stdout] test the_costliest_bracket_around_triple_terms_both_at_their_bounds_runs ... ok
[INFO] [stdout] test a_run_of_not_is_nesting_and_is_refused_at_any_length ... ok
[INFO] [stdout] test brackets_in_strings_iris_and_comments_are_not_nesting ... ok
[INFO] [stdout] test the_costliest_bracket_at_the_bound_runs ... ok
[INFO] [stdout] test a_query_past_the_byte_bound_is_refused_by_name ... ok
[INFO] [stdout] test three_thousand_parentheses_are_refused_at_both_update_doors_and_abort_nothing ... ok
[INFO] [stdout] test a_query_at_the_bound_parses_and_runs_at_every_door ... ok
[INFO] [stdout] test a_long_flat_chain_runs_on_the_stack_the_query_is_given ... ok
[INFO] [stdout] test three_thousand_parentheses_are_refused_at_every_query_door_and_abort_nothing ... ok
[INFO] [stdout] test a_chain_twenty_times_what_a_worker_stack_holds_is_parsed_then_refused_by_the_algebra_bound ... ok
[INFO] [stdout] test an_arithmetic_chain_at_the_algebra_bound_runs_in_every_build ... ok
[INFO] [stdout] test the_load_and_bindings_parsers_do_not_recurse_on_nesting ... ok
[INFO] [stdout] test the_costliest_shapes_per_byte_at_the_byte_bound_abort_nothing ... ok
[INFO] [stdout] 
[INFO] [stdout] test result: ok. 15 passed; 0 failed; 0 ignored; 0 measured; 0 filtered out; finished in 4.49s
[INFO] [stdout] 
[INFO] [stderr]      Running tests/sparql_stack_measure.rs (/opt/rustwide/target/release/deps/sparql_stack_measure-237adb05ac984642)
[INFO] [stdout] 
[INFO] [stdout] running 2 tests
[INFO] [stdout] test measure_overflow_depths ... ignored
[INFO] [stdout] test measure_child ... ok
[INFO] [stdout] 
[INFO] [stdout] test result: ok. 1 passed; 0 failed; 1 ignored; 0 measured; 0 filtered out; finished in 0.00s
[INFO] [stdout] 
[INFO] [stderr]      Running tests/sparql_time_budget.rs (/opt/rustwide/target/release/deps/sparql_time_budget-ab192be16728a22a)
[INFO] [stdout] 
[INFO] [stdout] running 10 tests
[INFO] [stdout] test a_legitimate_query_answers_under_the_budget ... ok
[INFO] [stdout] test the_shapes_oxigraph_plans_too_slowly_are_refused_before_planning ... ok
[INFO] [stdout] test a_shape_oxigraph_cannot_stop_is_counted_and_capped ... ok
[INFO] [stdout] test the_scoped_doors_are_budgeted_too ... ok
[INFO] [stdout] test a_query_that_would_run_for_hours_is_refused_at_the_budget_and_its_core_released ... ok
[INFO] [stdout] test a_construct_is_stopped_between_rows_too ... ok
[INFO] [stdout] test a_request_budget_can_only_tighten ... ok
[INFO] [stdout] test a_budget_grant_raises_the_budget_and_root_gets_the_ceiling ... ok
[INFO] [stdout] test an_update_that_runs_out_of_time_writes_nothing_then_or_later ... ok
[INFO] [stdout] test a_scoped_update_that_runs_out_of_time_writes_nothing_then_or_later ... ok
[INFO] [stdout] 
[INFO] [stdout] test result: ok. 10 passed; 0 failed; 0 ignored; 0 measured; 0 filtered out; finished in 5.61s
[INFO] [stdout] 
[INFO] [stderr]      Running tests/sparql_time_measure.rs (/opt/rustwide/target/release/deps/sparql_time_measure-4228f4ebd7615fbd)
[INFO] [stdout] 
[INFO] [stdout] running 3 tests
[INFO] [stdout] test measure_evaluation_time ... ignored
[INFO] [stdout] test measure_legitimate ... ignored
[INFO] [stdout] test time_child ... ok
[INFO] [stdout] 
[INFO] [stdout] test result: ok. 1 passed; 0 failed; 2 ignored; 0 measured; 0 filtered out; finished in 0.00s
[INFO] [stdout] 
[INFO] [stderr]      Running tests/timeout_wording.rs (/opt/rustwide/target/release/deps/timeout_wording-95d2e13ae8cfb4db)
[INFO] [stdout] 
[INFO] [stdout] running 3 tests
[INFO] [stdout] test a_consumers_timeout_names_no_budget_argument_by_default ... ok
[INFO] [stdout] test a_consumer_names_its_own_argument ... ok
[INFO] [stdout] test the_doors_keep_their_sentence ... ok
[INFO] [stdout] 
[INFO] [stdout] test result: ok. 3 passed; 0 failed; 0 ignored; 0 measured; 0 filtered out; finished in 0.32s
[INFO] [stdout] 
[INFO] [stderr]      Running tests/triple_term_growth.rs (/opt/rustwide/target/release/deps/triple_term_growth-3e3fc26485812bb9)
[INFO] [stdout] 
[INFO] [stdout] running 1 test
[INFO] [stdout] test probe_child ... ok
[INFO] [stdout] 
[INFO] [stdout] test result: ok. 1 passed; 0 failed; 0 ignored; 0 measured; 0 filtered out; finished in 0.00s
[INFO] [stderr]      Running tests/triple_term_nesting.rs (/opt/rustwide/target/release/deps/triple_term_nesting-3f243814ebecfb6b)
[INFO] [stdout] 
[INFO] [stdout] 
[INFO] [stdout] running 5 tests
[INFO] [stdout] test probe_child ... ok
[INFO] [stdout] test one_past_the_bound_is_refused_in_every_syntax ... ok
[INFO] [stdout] test sparql_load_is_refused_at_both_update_doors ... ok
[INFO] [stdout] test three_thousand_nested_triple_terms_are_refused_in_every_syntax_and_abort_nothing ... ok
[INFO] [stdout] test fifty_thousand_nested_triple_terms_are_refused_too ... ok
[INFO] [stdout] 
[INFO] [stderr]      Running tests/two_spaces.rs (/opt/rustwide/target/release/deps/two_spaces-093e09cd41f83025)
[INFO] [stdout] test result: ok. 5 passed; 0 failed; 0 ignored; 0 measured; 0 filtered out; finished in 0.05s
[INFO] [stdout] 
[INFO] [stdout] 
[INFO] [stdout] running 5 tests
[INFO] [stdout] test coverage_follows_the_number_of_live_spaces ... ok
[INFO] [stdout] test one_space_shared_by_two_kernels_is_the_hazard_this_crate_cannot_see ... ok
[INFO] [stdout] test one_store_with_a_space_per_kernel_is_never_stale ... ok
[INFO] [stdout] test a_space_bound_after_a_cached_read_refuses_rather_than_go_stale_under_it ... ok
[INFO] [stdout] test a_write_through_one_space_is_seen_by_a_kernel_over_the_other ... ok
[INFO] [stdout] 
[INFO] [stdout] test result: ok. 5 passed; 0 failed; 0 ignored; 0 measured; 0 filtered out; finished in 0.04s
[INFO] [stdout] 
[INFO] [stderr]      Running tests/unicode_graph_iri.rs (/opt/rustwide/target/release/deps/unicode_graph_iri-dba0efba5b362a12)
[INFO] [stdout] 
[INFO] [stdout] running 1 test
[INFO] [stdout] test a_graph_iri_containing_a_unicode_space_is_read_as_itself ... ok
[INFO] [stdout] 
[INFO] [stdout] test result: ok. 1 passed; 0 failed; 0 ignored; 0 measured; 0 filtered out; finished in 0.04s
[INFO] [stdout] 
[INFO] [stderr]      Running tests/unreadable_arguments.rs (/opt/rustwide/target/release/deps/unreadable_arguments-ad6323ee4791353d)
[INFO] [stdout] 
[INFO] [stdout] running 5 tests
[INFO] [stdout] test a_write_refuses_bindings_in_any_form ... ok
[INFO] [stdout] test an_unreadable_load_format_is_refused_not_defaulted ... ok
[INFO] [stdout] test an_unreadable_bindings_argument_is_refused_not_dropped ... ok
[INFO] [stdout] test an_unreadable_as_is_refused_not_substituted ... ok
[INFO] [stderr]      Running tests/update_read_grant.rs (/opt/rustwide/target/release/deps/update_read_grant-733cf2e30e26de57)
[INFO] [stdout] test an_unreadable_load_graph_is_refused_not_loaded_into_the_default_graph ... ok
[INFO] [stdout] 
[INFO] [stdout] test result: ok. 5 passed; 0 failed; 0 ignored; 0 measured; 0 filtered out; finished in 0.04s
[INFO] [stdout] 
[INFO] [stdout] 
[INFO] [stdout] running 8 tests
[INFO] [stdout] test a_write_only_grant_cannot_read_the_graph_through_the_refusal ... ok
[INFO] [stdout] test a_write_only_grant_has_no_boolean_oracle_over_the_graph ... ok
[INFO] [stdout] test an_escape_refusal_names_graphs_and_never_data ... ok
[INFO] [stdout] test a_write_only_grant_learns_nothing_from_the_success_line ... ok
[INFO] [stdout] test load_reports_counts_only_to_a_reader ... ok
[INFO] [stdout] test the_broad_read_grant_also_satisfies_the_read_half ... ok
[INFO] [stdout] test the_broad_door_needs_the_broad_read_grant_for_a_where ... ok
[INFO] [stdout] test the_read_grant_rule_classifies_every_operation ... ok
[INFO] [stderr]    Doc-tests ikigai_store
[INFO] [stdout] 
[INFO] [stdout] test result: ok. 8 passed; 0 failed; 0 ignored; 0 measured; 0 filtered out; finished in 0.04s
[INFO] [stdout] 
[INFO] [stdout] 
[INFO] [stdout] running 36 tests
[INFO] [stdout] test src/endpoints.rs - endpoints::cap_read_graph (line 225) ... ok
[INFO] [stdout] test src/budget.rs - budget::effective_budget (line 230) ... ok
[INFO] [stdout] test src/budget.rs - budget::CappedWriter (line 1452) ... ok
[INFO] [stdout] test src/budget.rs - budget::cap_budget (line 189) ... ok
[INFO] [stdout] test src/budget.rs - budget::cap_answer_bytes (line 1538) ... ok
[INFO] [stdout] test src/depth.rs - depth::check_rdf_nesting (line 71) ... ok
[INFO] [stdout] test src/depth.rs - depth::nests_deeper_than_the_bound (line 133) ... ok
[INFO] [stdout] test src/budget.rs - budget::too_large (line 1421) ... ok
[INFO] [stdout] test src/budget.rs - budget::cap_answer (line 1528) ... ok
[INFO] [stdout] test src/endpoints.rs - endpoints::cap_write_graph (line 208) ... ok
[INFO] [stdout] test src/budget.rs - budget::effective_answer (line 1340) ... ok
[INFO] [stdout] test src/lib.rs - (line 44) - compile ... ok
[INFO] [stdout] test src/limits.rs - limits::check_sparql (line 238) ... ok
[INFO] [stdout] test src/budget.rs - budget::AlgebraCost (line 1668) ... ok
[INFO] [stdout] test src/budget.rs - budget::TimeBudget::for_capability (line 416) ... ok
[INFO] [stdout] test src/budget.rs - budget::AnswerBound (line 1267) ... ok
[INFO] [stdout] test src/budget.rs - budget::AnswerBudget::for_capability (line 1600) ... ok
[INFO] [stdout] test src/limits.rs - limits::sparql_stack_size (line 199) ... FAILED
[INFO] [stdout] test src/sparql.rs - sparql::lang_literal (line 97) ... ok
[INFO] [stdout] test src/sparql.rs - sparql::iri (line 119) ... ok
[INFO] [stdout] test src/sparql.rs - sparql (line 35) ... ok
[INFO] [stdout] test src/store.rs - store::DurableStore::with_max_load_bytes (line 741) ... ok
[INFO] [stdout] test src/sparql.rs - sparql::bindings_json (line 176) ... ok
[INFO] [stdout] test src/limits.rs - limits::on_sparql_stack (line 340) ... ok
[INFO] [stdout] test src/sparql.rs - sparql::typed_literal (line 78) ... ok
[INFO] [stdout] test src/service.rs - service::has_service (line 187) ... ok
[INFO] [stdout] test src/sparql.rs - sparql::literal (line 65) ... ok
[INFO] [stdout] test src/store.rs - store::DurableStore::with_answer_budget (line 715) ... ok
[INFO] [stdout] test src/service.rs - service::refuse_service_with (line 223) ... ok
[INFO] [stdout] test src/store.rs - store::DurableStore::with_time_budget (line 689) ... ok
[INFO] [stdout] test src/budget.rs - budget::EvaluationBudget::with_argument (line 559) ... ok
[INFO] [stdout] test src/store.rs - store::SharedWriter::over (line 1132) ... ok
[INFO] [stdout] test src/store.rs - store::SharerWrites (line 96) ... ok
[INFO] [stdout] test src/store.rs - store::SharedWriter (line 995) ... ok
[INFO] [stdout] test src/service.rs - service (line 59) ... ok
[INFO] [stdout] test src/budget.rs - budget::EvaluationBudget (line 488) ... ok
[INFO] [stdout] 
[INFO] [stdout] failures:
[INFO] [stdout] 
[INFO] [stdout] ---- src/limits.rs - limits::sparql_stack_size (line 199) stdout ----
[INFO] [stdout] Test executable failed (exit status: 101).
[INFO] [stdout] 
[INFO] [stdout] stderr:
[INFO] [stdout] 
[INFO] [stdout] thread 'main' (5544) panicked at src/limits.rs:9:5:
[INFO] [stdout] assertion failed: sparql_stack_size(query) > STACK_BASE + 64 * 1024 * 1024
[INFO] [stdout] stack backtrace:
[INFO] [stdout]    0:     0x5ec5e91dc111 - std[70759c8f55707aa4]::backtrace_rs::backtrace::libunwind::trace
[INFO] [stdout]                                at /rustc/dfb0accb7f508ae8be965d8629557221c889dd98/library/std/src/../../backtrace/src/backtrace/libunwind.rs:117:9
[INFO] [stdout]    1:     0x5ec5e91dc111 - std[70759c8f55707aa4]::backtrace_rs::backtrace::trace_unsynchronized::<std[70759c8f55707aa4]::sys::backtrace::_print_fmt::{closure#1}>
[INFO] [stdout]                                at /rustc/dfb0accb7f508ae8be965d8629557221c889dd98/library/std/src/../../backtrace/src/backtrace/mod.rs:66:14
[INFO] [stdout]    2:     0x5ec5e91dc111 - std[70759c8f55707aa4]::sys::backtrace::_print_fmt
[INFO] [stdout]                                at /rustc/dfb0accb7f508ae8be965d8629557221c889dd98/library/std/src/sys/backtrace.rs:74:9
[INFO] [stdout]    3:     0x5ec5e91dc111 - <<std[70759c8f55707aa4]::sys::backtrace::BacktraceLock>::print::DisplayBacktrace as core[df12db4294e9bfd3]::fmt::Display>::fmt
[INFO] [stdout]                                at /rustc/dfb0accb7f508ae8be965d8629557221c889dd98/library/std/src/sys/backtrace.rs:44:26
[INFO] [stdout]    4:     0x5ec5e91ec5aa - <core[df12db4294e9bfd3]::fmt::rt::Argument>::fmt
[INFO] [stdout]                                at /rustc/dfb0accb7f508ae8be965d8629557221c889dd98/library/core/src/fmt/rt.rs:152:76
[INFO] [stdout]    5:     0x5ec5e91ec5aa - core[df12db4294e9bfd3]::fmt::write
[INFO] [stdout]    6:     0x5ec5e91df4fc - core[df12db4294e9bfd3]::io::write::default_write_fmt::<std[70759c8f55707aa4]::sys::stdio::unix::Stderr>
[INFO] [stdout]                                at /rustc/dfb0accb7f508ae8be965d8629557221c889dd98/library/core/src/io/write.rs:402:11
[INFO] [stdout]    7:     0x5ec5e91df4fc - <std[70759c8f55707aa4]::sys::stdio::unix::Stderr as core[df12db4294e9bfd3]::io::write::Write>::write_fmt
[INFO] [stdout]                                at /rustc/dfb0accb7f508ae8be965d8629557221c889dd98/library/core/src/io/write.rs:335:13
[INFO] [stdout]    8:     0x5ec5e91c6596 - <std[70759c8f55707aa4]::sys::backtrace::BacktraceLock>::print
[INFO] [stdout]                                at /rustc/dfb0accb7f508ae8be965d8629557221c889dd98/library/std/src/sys/backtrace.rs:47:9
[INFO] [stdout]    9:     0x5ec5e91c6596 - std[70759c8f55707aa4]::panicking::default_hook::{closure#0}
[INFO] [stdout]                                at /rustc/dfb0accb7f508ae8be965d8629557221c889dd98/library/std/src/panicking.rs:292:27
[INFO] [stdout]   10:     0x5ec5e91d8c21 - std[70759c8f55707aa4]::panicking::default_hook
[INFO] [stdout]                                at /rustc/dfb0accb7f508ae8be965d8629557221c889dd98/library/std/src/panicking.rs:319:9
[INFO] [stdout]   11:     0x5ec5e91d8ddb - std[70759c8f55707aa4]::panicking::panic_with_hook
[INFO] [stdout]                                at /rustc/dfb0accb7f508ae8be965d8629557221c889dd98/library/std/src/panicking.rs:815:13
[INFO] [stdout]   12:     0x5ec5e91c6674 - std[70759c8f55707aa4]::panicking::panic_handler::{closure#0}
[INFO] [stdout]                                at /rustc/dfb0accb7f508ae8be965d8629557221c889dd98/library/std/src/panicking.rs:681:13
[INFO] [stdout]   13:     0x5ec5e91bf869 - std[70759c8f55707aa4]::sys::backtrace::__rust_end_short_backtrace::<std[70759c8f55707aa4]::panicking::panic_handler::{closure#0}, !>
[INFO] [stdout]                                at /rustc/dfb0accb7f508ae8be965d8629557221c889dd98/library/std/src/sys/backtrace.rs:182:18
[INFO] [stdout]   14:     0x5ec5e91c6dbd - __rustc[8fa7c3cbc660c2b3]::rust_begin_unwind
[INFO] [stdout]                                at /rustc/dfb0accb7f508ae8be965d8629557221c889dd98/library/std/src/panicking.rs:679:5
[INFO] [stdout]   15:     0x5ec5e91ecc9c - core[df12db4294e9bfd3]::panicking::panic_fmt
[INFO] [stdout]                                at /rustc/dfb0accb7f508ae8be965d8629557221c889dd98/library/core/src/panicking.rs:80:14
[INFO] [stdout]   16:     0x5ec5e91ecc62 - core[df12db4294e9bfd3]::panicking::panic
[INFO] [stdout]                                at /rustc/dfb0accb7f508ae8be965d8629557221c889dd98/library/core/src/panicking.rs:150:5
[INFO] [stdout]   17:     0x5ec5e91b5785 - rust_out[fc2a76a7d39855e1]::main::_doctest_main_src_limits_rs_199_0
[INFO] [stdout]   18:     0x5ec5e91b5686 - rust_out[fc2a76a7d39855e1]::main
[INFO] [stdout]   19:     0x5ec5e91b5793 - <fn() as core[df12db4294e9bfd3]::ops::function::FnOnce<()>>::call_once
[INFO] [stdout]   20:     0x5ec5e91b564e - std[70759c8f55707aa4]::sys::backtrace::__rust_begin_short_backtrace::<fn(), ()>
[INFO] [stdout]   21:     0x5ec5e91b5659 - std[70759c8f55707aa4]::rt::lang_start::<()>::{closure#0}
[INFO] [stdout]   22:     0x5ec5e91d8389 - <&dyn core[df12db4294e9bfd3]::ops::function::Fn<(), Output = i32> + core[df12db4294e9bfd3]::panic::unwind_safe::RefUnwindSafe + core[df12db4294e9bfd3]::marker::Sync as core[df12db4294e9bfd3]::ops::function::FnOnce<()>>::call_once
[INFO] [stdout]                                at /rustc/dfb0accb7f508ae8be965d8629557221c889dd98/library/core/src/ops/function.rs:287:21
[INFO] [stdout]   23:     0x5ec5e91d8389 - std[70759c8f55707aa4]::panicking::catch_unwind::do_call::<&dyn core[df12db4294e9bfd3]::ops::function::Fn<(), Output = i32> + core[df12db4294e9bfd3]::panic::unwind_safe::RefUnwindSafe + core[df12db4294e9bfd3]::marker::Sync, i32>
[INFO] [stdout]                                at /rustc/dfb0accb7f508ae8be965d8629557221c889dd98/library/std/src/panicking.rs:576:43
[INFO] [stdout]   24:     0x5ec5e91d8389 - std[70759c8f55707aa4]::panicking::catch_unwind::<i32, &dyn core[df12db4294e9bfd3]::ops::function::Fn<(), Output = i32> + core[df12db4294e9bfd3]::panic::unwind_safe::RefUnwindSafe + core[df12db4294e9bfd3]::marker::Sync>
[INFO] [stdout]                                at /rustc/dfb0accb7f508ae8be965d8629557221c889dd98/library/std/src/panicking.rs:544:19
[INFO] [stdout]   25:     0x5ec5e91d8389 - std[70759c8f55707aa4]::panic::catch_unwind::<&dyn core[df12db4294e9bfd3]::ops::function::Fn<(), Output = i32> + core[df12db4294e9bfd3]::panic::unwind_safe::RefUnwindSafe + core[df12db4294e9bfd3]::marker::Sync, i32>
[INFO] [stdout]                                at /rustc/dfb0accb7f508ae8be965d8629557221c889dd98/library/std/src/panic.rs:359:14
[INFO] [stdout]   26:     0x5ec5e91d8389 - std[70759c8f55707aa4]::rt::lang_start_internal::{closure#0}
[INFO] [stdout]                                at /rustc/dfb0accb7f508ae8be965d8629557221c889dd98/library/std/src/rt.rs:175:24
[INFO] [stdout]   27:     0x5ec5e91d8389 - std[70759c8f55707aa4]::panicking::catch_unwind::do_call::<std[70759c8f55707aa4]::rt::lang_start_internal::{closure#0}, isize>
[INFO] [stdout]                                at /rustc/dfb0accb7f508ae8be965d8629557221c889dd98/library/std/src/panicking.rs:576:43
[INFO] [stdout]   28:     0x5ec5e91d8389 - std[70759c8f55707aa4]::panicking::catch_unwind::<isize, std[70759c8f55707aa4]::rt::lang_start_internal::{closure#0}>
[INFO] [stdout]                                at /rustc/dfb0accb7f508ae8be965d8629557221c889dd98/library/std/src/panicking.rs:544:19
[INFO] [stdout]   29:     0x5ec5e91d8389 - std[70759c8f55707aa4]::panic::catch_unwind::<std[70759c8f55707aa4]::rt::lang_start_internal::{closure#0}, isize>
[INFO] [stdout]                                at /rustc/dfb0accb7f508ae8be965d8629557221c889dd98/library/std/src/panic.rs:359:14
[INFO] [stdout]   30:     0x5ec5e91d8389 - std[70759c8f55707aa4]::rt::lang_start_internal
[INFO] [stdout]                                at /rustc/dfb0accb7f508ae8be965d8629557221c889dd98/library/std/src/rt.rs:171:5
[INFO] [stdout]   31:     0x5ec5e91b5641 - std[70759c8f55707aa4]::rt::lang_start::<()>
[INFO] [stdout]   32:     0x5ec5e91b57d5 - main
[INFO] [stdout]   33:     0x754ea5caf601 - <unknown>
[INFO] [stdout]   34:     0x754ea5caf718 - __libc_start_main
[INFO] [stdout]   35:     0x5ec5e91b5555 - _start
[INFO] [stdout]   36:                0x0 - <unknown>
[INFO] [stdout] 
[INFO] [stdout] 
[INFO] [stdout] 
[INFO] [stdout] failures:
[INFO] [stdout]     src/limits.rs - limits::sparql_stack_size (line 199)
[INFO] [stdout] 
[INFO] [stdout] test result: FAILED. 35 passed; 1 failed; 0 ignored; 0 measured; 0 filtered out; finished in 7.16s
[INFO] [stdout] 
[INFO] [stderr] error: doctest failed, to rerun pass `--doc`
[INFO] running `Command { std: "docker" "inspect" "2fd8762e7ebf5a5db5fc3715e98dddff346afd539665dea7cb726c6898967232", kill_on_drop: false }`
[INFO] running `Command { std: "docker" "rm" "-f" "2fd8762e7ebf5a5db5fc3715e98dddff346afd539665dea7cb726c6898967232", kill_on_drop: false }`
[INFO] [stdout] 2fd8762e7ebf5a5db5fc3715e98dddff346afd539665dea7cb726c6898967232
