[INFO] fetching crate ikigai-sparql 0.2.5...
[INFO] testing ikigai-sparql-0.2.5 against 1.100.0-beta.1+cargoflags=--release for beta-release-1.100-2
[INFO] extracting crate ikigai-sparql 0.2.5 into /workspace/builds/worker-7-tc2/source
[INFO] started tweaking crates.io crate ikigai-sparql 0.2.5
[INFO] removed 0 missing tests
[INFO] finished tweaking crates.io crate ikigai-sparql 0.2.5
[INFO] tweaked toml for crates.io crate ikigai-sparql 0.2.5 written to /workspace/builds/worker-7-tc2/source/Cargo.toml
[INFO] validating manifest of crates.io crate ikigai-sparql 0.2.5 on toolchain 1.100.0-beta.1
[INFO] running `Command { std: CARGO_HOME="/workspace/cargo-home" RUSTUP_HOME="/workspace/rustup-home" "/workspace/cargo-home/bin/cargo" "+1.100.0-beta.1" "metadata" "--manifest-path" "Cargo.toml" "--no-deps", kill_on_drop: false }`
[INFO] crate crates.io crate ikigai-sparql 0.2.5 already has a lockfile, it will not be regenerated
[INFO] running `Command { std: CARGO_HOME="/workspace/cargo-home" RUSTUP_HOME="/workspace/rustup-home" "/workspace/cargo-home/bin/cargo" "+1.100.0-beta.1" "fetch" "--manifest-path" "Cargo.toml", kill_on_drop: false }`
[INFO] [stderr] warning: `package.homepage` is redundant with `package.repository`
[INFO] [stderr]   --> Cargo.toml:53:12
[INFO] [stderr]    |
[INFO] [stderr] 53 | homepage = "https://github.com/ikigai-rs/ikigai-linkeddata"
[INFO] [stderr]    |            ^^^^^^^^^^^^^^^^^^^^^^^^^^^^^^^^^^^^^^^^^^^^^^^^
[INFO] [stderr] ...
[INFO] [stderr] 58 | repository = "https://github.com/ikigai-rs/ikigai-linkeddata"
[INFO] [stderr]    |              ------------------------------------------------
[INFO] [stderr]    |
[INFO] [stderr]    = note: `cargo::redundant_homepage` is set to `warn` by default
[INFO] [stderr] help: consider removing `package.homepage`
[INFO] [stderr] warning: `ikigai-sparql` (manifest) generated 1 warning
[INFO] running `Command { std: "docker" "create" "-v" "/var/lib/crater-agent-workspace/builds/worker-7-tc2/source:/opt/rustwide/workdir:ro,Z" "-v" "/var/lib/crater-agent-workspace/builds/worker-7-tc2/target:/opt/rustwide/target:rw,Z" "-v" "/var/lib/crater-agent-workspace/cargo-home:/opt/rustwide/cargo-home:ro,Z" "-v" "/var/lib/crater-agent-workspace/rustup-home:/opt/rustwide/rustup-home:ro,Z" "-m" "1610612736" "--network" "none" "ghcr.io/rust-lang/crates-build-env/linux@sha256:77db811e55d90add9212f6832c23229e3de5f1c1f9905e8cb07319ea15df73ac" "sleep" "infinity", kill_on_drop: false }`
[INFO] [stdout] 30c9872ce7d3313ce9aa8826de9a81b66582cbb65785a9bd5f908d9d26f03ce0
[INFO] running `Command { std: "docker" "start" "30c9872ce7d3313ce9aa8826de9a81b66582cbb65785a9bd5f908d9d26f03ce0", kill_on_drop: false }`
[INFO] running `Command { std: "docker" "inspect" "30c9872ce7d3313ce9aa8826de9a81b66582cbb65785a9bd5f908d9d26f03ce0", kill_on_drop: false }`
[INFO] running `Command { std: "docker" "exec" "-e" "SOURCE_DIR=/opt/rustwide/workdir" "-e" "CARGO_HOME=/opt/rustwide/cargo-home" "-e" "RUSTUP_HOME=/opt/rustwide/rustup-home" "-e" "CARGO_TARGET_DIR=/opt/rustwide/target" "-w" "/opt/rustwide/workdir" "--user" "0:0" "30c9872ce7d3313ce9aa8826de9a81b66582cbb65785a9bd5f908d9d26f03ce0" "/opt/rustwide/cargo-home/bin/cargo" "+1.100.0-beta.1" "metadata" "--no-deps" "--format-version=1", kill_on_drop: false }`
[INFO] running `Command { std: "docker" "inspect" "30c9872ce7d3313ce9aa8826de9a81b66582cbb65785a9bd5f908d9d26f03ce0", kill_on_drop: false }`
[INFO] running `Command { std: "docker" "exec" "-e" "SOURCE_DIR=/opt/rustwide/workdir" "-e" "CARGO_HOME=/opt/rustwide/cargo-home" "-e" "RUSTUP_HOME=/opt/rustwide/rustup-home" "-e" "CARGO_TARGET_DIR=/opt/rustwide/target" "-e" "CARGO_INCREMENTAL=0" "-e" "RUST_BACKTRACE=full" "-e" "RUSTFLAGS=--cap-lints=warn" "-e" "RUSTDOCFLAGS=--cap-lints=warn" "-w" "/opt/rustwide/workdir" "--user" "0:0" "30c9872ce7d3313ce9aa8826de9a81b66582cbb65785a9bd5f908d9d26f03ce0" "/opt/rustwide/cargo-home/bin/cargo" "+1.100.0-beta.1" "build" "--frozen" "--message-format=json" "--release", kill_on_drop: false }`
[INFO] [stderr] warning: `package.homepage` is redundant with `package.repository`
[INFO] [stderr]   --> Cargo.toml:53:12
[INFO] [stderr]    |
[INFO] [stderr] 53 | homepage = "https://github.com/ikigai-rs/ikigai-linkeddata"
[INFO] [stderr]    |            ^^^^^^^^^^^^^^^^^^^^^^^^^^^^^^^^^^^^^^^^^^^^^^^^
[INFO] [stderr] ...
[INFO] [stderr] 58 | repository = "https://github.com/ikigai-rs/ikigai-linkeddata"
[INFO] [stderr]    |              ------------------------------------------------
[INFO] [stderr]    |
[INFO] [stderr]    = note: `cargo::redundant_homepage` is set to `warn` by default
[INFO] [stderr] help: consider removing `package.homepage`
[INFO] [stderr] warning: `ikigai-sparql` (manifest) generated 1 warning
[INFO] [stderr]    Compiling libc v0.2.190
[INFO] [stderr]    Compiling hybrid-array v0.4.15
[INFO] [stderr]    Compiling thiserror v2.0.21
[INFO] [stderr]    Compiling oxiri v0.2.11
[INFO] [stderr]    Compiling oxilangtag v0.1.6
[INFO] [stderr]    Compiling syn v3.0.9
[INFO] [stderr]    Compiling quick-xml v0.37.5
[INFO] [stderr]    Compiling json-event-parser v0.2.3
[INFO] [stderr]    Compiling peg-runtime v0.8.6
[INFO] [stderr]    Compiling blake3 v1.8.7
[INFO] [stderr]    Compiling peg-macros v0.8.6
[INFO] [stderr]    Compiling ryu-js v1.0.3
[INFO] [stderr]    Compiling crypto-common v0.2.2
[INFO] [stderr]    Compiling block-buffer v0.12.1
[INFO] [stderr]    Compiling crossbeam-utils v0.8.23
[INFO] [stderr]    Compiling futures-util v0.3.34
[INFO] [stderr]    Compiling regex-automata v0.4.18
[INFO] [stderr]    Compiling digest v0.11.3
[INFO] [stderr]    Compiling getrandom v0.3.4
[INFO] [stderr]    Compiling peg v0.8.6
[INFO] [stderr]    Compiling futures-channel v0.3.34
[INFO] [stderr]    Compiling sha2 v0.11.1
[INFO] [stderr]    Compiling rand_core v0.9.5
[INFO] [stderr]    Compiling smallvec v1.16.3
[INFO] [stderr]    Compiling md-5 v0.11.0
[INFO] [stderr]    Compiling rand_chacha v0.9.0
[INFO] [stderr]    Compiling rand v0.9.5
[INFO] [stderr]    Compiling parking_lot_core v0.9.12
[INFO] [stderr]    Compiling sha1 v0.11.0
[INFO] [stderr]    Compiling hashbrown v0.14.5
[INFO] [stderr]    Compiling serde_json v1.0.154
[INFO] [stderr]    Compiling siphasher v1.0.4
[INFO] [stderr]    Compiling dashmap v6.2.1
[INFO] [stderr]    Compiling thiserror-impl v2.0.21
[INFO] [stderr]    Compiling serde_derive v1.0.229
[INFO] [stderr]    Compiling async-trait v0.1.92
[INFO] [stderr]    Compiling regex v1.13.1
[INFO] [stderr]    Compiling oxsdatatypes v0.2.3
[INFO] [stderr]    Compiling oxrdf v0.3.4
[INFO] [stderr]    Compiling serde v1.0.229
[INFO] [stderr]    Compiling oxjsonld v0.2.6
[INFO] [stderr]    Compiling oxrdfxml v0.2.4
[INFO] [stderr]    Compiling oxttl v0.2.4
[INFO] [stderr]    Compiling spargebra v0.4.7
[INFO] [stderr]    Compiling sparesults v0.3.4
[INFO] [stderr]    Compiling ikigai-core v0.1.103
[INFO] [stderr]    Compiling sparopt v0.3.7
[INFO] [stderr]    Compiling oxrdfio v0.2.6
[INFO] [stderr]    Compiling spareval v0.2.7
[INFO] [stderr]    Compiling ikigai-rdf v0.2.5
[INFO] [stderr]    Compiling ikigai-vocab v0.1.103
[INFO] [stderr]    Compiling oxigraph v0.5.11
[INFO] [stderr]    Compiling ikigai-sparql v0.2.5 (/opt/rustwide/workdir)
[INFO] [stderr]     Finished `release` profile [optimized] target(s) in 48.88s
[INFO] running `Command { std: "docker" "inspect" "30c9872ce7d3313ce9aa8826de9a81b66582cbb65785a9bd5f908d9d26f03ce0", kill_on_drop: false }`
[INFO] running `Command { std: "docker" "exec" "-e" "SOURCE_DIR=/opt/rustwide/workdir" "-e" "CARGO_HOME=/opt/rustwide/cargo-home" "-e" "RUSTUP_HOME=/opt/rustwide/rustup-home" "-e" "CARGO_TARGET_DIR=/opt/rustwide/target" "-e" "CARGO_INCREMENTAL=0" "-e" "RUST_BACKTRACE=full" "-e" "RUSTFLAGS=--cap-lints=warn" "-e" "RUSTDOCFLAGS=--cap-lints=warn" "-w" "/opt/rustwide/workdir" "--user" "0:0" "30c9872ce7d3313ce9aa8826de9a81b66582cbb65785a9bd5f908d9d26f03ce0" "/opt/rustwide/cargo-home/bin/cargo" "+1.100.0-beta.1" "test" "--frozen" "--no-run" "--message-format=json" "--release", kill_on_drop: false }`
[INFO] [stderr] warning: `package.homepage` is redundant with `package.repository`
[INFO] [stderr]   --> Cargo.toml:53:12
[INFO] [stderr]    |
[INFO] [stderr] 53 | homepage = "https://github.com/ikigai-rs/ikigai-linkeddata"
[INFO] [stderr]    |            ^^^^^^^^^^^^^^^^^^^^^^^^^^^^^^^^^^^^^^^^^^^^^^^^
[INFO] [stderr] ...
[INFO] [stderr] 58 | repository = "https://github.com/ikigai-rs/ikigai-linkeddata"
[INFO] [stderr]    |              ------------------------------------------------
[INFO] [stderr]    |
[INFO] [stderr]    = note: `cargo::redundant_homepage` is set to `warn` by default
[INFO] [stderr] help: consider removing `package.homepage`
[INFO] [stderr] warning: `ikigai-sparql` (manifest) generated 1 warning
[INFO] [stderr]    Compiling futures-sink v0.3.34
[INFO] [stderr]    Compiling futures-macro v0.3.34
[INFO] [stderr]    Compiling oxrdf v0.3.4
[INFO] [stderr]    Compiling futures-channel v0.3.34
[INFO] [stderr]    Compiling futures-util v0.3.34
[INFO] [stderr]    Compiling oxttl v0.2.4
[INFO] [stderr]    Compiling oxjsonld v0.2.6
[INFO] [stderr]    Compiling oxrdfxml v0.2.4
[INFO] [stderr]    Compiling spargebra v0.4.7
[INFO] [stderr]    Compiling sparesults v0.3.4
[INFO] [stderr]    Compiling oxrdfio v0.2.6
[INFO] [stderr]    Compiling ikigai-core v0.1.103
[INFO] [stderr]    Compiling sparopt v0.3.7
[INFO] [stderr]    Compiling spareval v0.2.7
[INFO] [stderr]    Compiling futures-executor v0.3.34
[INFO] [stderr]    Compiling futures v0.3.34
[INFO] [stderr]    Compiling ikigai-vocab v0.1.103
[INFO] [stderr]    Compiling ikigai-rdf v0.2.5
[INFO] [stderr]    Compiling ikigai-conformance v0.8.2
[INFO] [stderr]    Compiling oxigraph v0.5.11
[INFO] [stderr]    Compiling ikigai-sparql v0.2.5 (/opt/rustwide/workdir)
[INFO] [stderr]     Finished `release` profile [optimized] target(s) in 1m 05s
[INFO] running `Command { std: "docker" "inspect" "30c9872ce7d3313ce9aa8826de9a81b66582cbb65785a9bd5f908d9d26f03ce0", kill_on_drop: false }`
[INFO] running `Command { std: "docker" "exec" "-e" "SOURCE_DIR=/opt/rustwide/workdir" "-e" "CARGO_HOME=/opt/rustwide/cargo-home" "-e" "RUSTUP_HOME=/opt/rustwide/rustup-home" "-e" "CARGO_TARGET_DIR=/opt/rustwide/target" "-e" "CARGO_INCREMENTAL=0" "-e" "RUST_BACKTRACE=full" "-e" "RUSTFLAGS=--cap-lints=warn" "-e" "RUSTDOCFLAGS=--cap-lints=warn" "-w" "/opt/rustwide/workdir" "--user" "0:0" "30c9872ce7d3313ce9aa8826de9a81b66582cbb65785a9bd5f908d9d26f03ce0" "/opt/rustwide/cargo-home/bin/cargo" "+1.100.0-beta.1" "test" "--frozen" "--release", kill_on_drop: false }`
[INFO] [stderr] warning: `package.homepage` is redundant with `package.repository`
[INFO] [stderr]   --> Cargo.toml:53:12
[INFO] [stderr]    |
[INFO] [stderr] 53 | homepage = "https://github.com/ikigai-rs/ikigai-linkeddata"
[INFO] [stderr]    |            ^^^^^^^^^^^^^^^^^^^^^^^^^^^^^^^^^^^^^^^^^^^^^^^^
[INFO] [stderr] ...
[INFO] [stderr] 58 | repository = "https://github.com/ikigai-rs/ikigai-linkeddata"
[INFO] [stderr]    |              ------------------------------------------------
[INFO] [stderr]    |
[INFO] [stderr]    = note: `cargo::redundant_homepage` is set to `warn` by default
[INFO] [stderr] help: consider removing `package.homepage`
[INFO] [stderr] warning: `ikigai-sparql` (manifest) generated 1 warning
[INFO] [stderr]     Finished `release` profile [optimized] target(s) in 0.06s
[INFO] [stderr]      Running unittests src/lib.rs (/opt/rustwide/target/release/build/ikigai-sparql/1a4ad49781e17f87/out/ikigai_sparql-1a4ad49781e17f87)
[INFO] [stdout] 
[INFO] [stdout] running 60 tests
[INFO] [stdout] test budget::tests::a_join_counts_its_patterns_its_path_steps_and_its_nested_groups ... ok
[INFO] [stdout] test budget::tests::an_update_counts_graph_blocks_in_its_where_clause_the_same_way ... ok
[INFO] [stdout] test budget::tests::a_graph_block_is_not_one_operand_its_patterns_join_the_enclosing_join ... ok
[INFO] [stdout] test budget::tests::graph_blocks_split_across_union_optional_or_minus_are_bounded_one_side_at_a_time ... ok
[INFO] [stdout] test egress::tests::layer_one_finds_service_wherever_the_algebra_puts_it ... ok
[INFO] [stdout] test limits::tests::a_less_than_reading_is_followed_where_an_expression_can_be ... ok
[INFO] [stdout] test egress::tests::the_evaluator_refuses_service_without_layer_one ... ok
[INFO] [stdout] test egress::tests::layer_one_refuses_load_and_service_in_an_update ... ok
[INFO] [stdout] test budget::tests::the_bounds_admit_at_the_bound_and_refuse_one_past_it_by_name ... ok
[INFO] [stdout] test limits::tests::a_run_of_not_nests_and_not_equal_does_not ... ok
[INFO] [stdout] test limits::tests::strings_iris_and_comments_hide_brackets ... ok
[INFO] [stdout] test budget::tests::wrappers_that_survive_normalization_are_not_over_refused_within_the_bound ... ok
[INFO] [stdout] test limits::tests::triple_terms_nest_and_the_unescaped_reading_is_scanned_too ... ok
[INFO] [stdout] test limits::tests::brackets_of_every_kind_count_and_close_only_what_they_match ... ok
[INFO] [stdout] test limits::tests::the_bound_is_the_number_the_integration_tests_restate ... ok
[INFO] [stdout] test stored::tests::every_constructor_spelling_is_detected ... ok
[INFO] [stdout] test stored::tests::plain_updates_are_not_checked ... ok
[INFO] [stdout] test tests::a_format_that_carries_its_own_charset_is_not_given_a_second_one ... ok
[INFO] [stdout] test tests::a_missing_or_unusable_query_is_a_typed_refusal ... ok
[INFO] [stdout] test limits::tests::the_bounds_refuse_by_name_and_admit_at_the_bound ... ok
[INFO] [stdout] test tests::a_urn_subject_is_sniffed_as_turtle_not_rdfxml ... ok
[INFO] [stdout] test stored::tests::the_check_parses_where_sparql_1_2_is_on ... ok
[INFO] [stdout] test budget::tests::constants_in_values_and_in_lists_cost_nothing ... ok
[INFO] [stdout] test budget::tests::a_wrapper_the_planner_can_erase_does_not_reset_the_join_count ... ok
[INFO] [stdout] test tests::a_urn_named_graph_is_queryable_when_its_media_type_is_unknown ... ok
[INFO] [stdout] test tests::each_form_has_a_unique_id_and_name ... ok
[INFO] [stdout] test tests::a_cross_form_as_is_refused_rather_than_silently_ignored ... ok
[INFO] [stdout] test tests::an_absent_as_still_takes_the_declared_default ... ok
[INFO] [stdout] test tests::every_query_form_declares_its_answer_bounds_and_the_update_does_not ... ok
[INFO] [stdout] test tests::every_endpoint_declares_an_optional_budget ... ok
[INFO] [stdout] test tests::graph_and_as_are_optional_only_query_is_required ... ok
[INFO] [stdout] test tests::ask_returns_a_boolean ... ok
[INFO] [stdout] test tests::an_unknown_as_is_refused_not_substituted ... ok
[INFO] [stdout] test tests::construct_emits_rdf_for_transreption ... ok
[INFO] [stdout] test tests::shared_store::graph_arg_is_rejected_and_not_offered ... ok
[INFO] [stdout] test tests::select_over_a_graph_returns_json_solutions ... ok
[INFO] [stdout] test tests::shared_store::results_over_a_live_store_are_uncacheable ... ok
[INFO] [stdout] test tests::shared_store::nothing_is_autoloaded_and_vocabulary_is_opt_in ... ok
[INFO] [stdout] test tests::federation_unions_graphs_yet_keeps_them_addressable ... ok
[INFO] [stdout] test tests::shared_store::two_spaces_over_one_arc_see_each_others_writes ... ok
[INFO] [stdout] test tests::update::a_caller_without_the_capability_is_denied_permanently ... ok
[INFO] [stdout] test tests::shared_store::raw_handle_writes_are_visible_through_the_endpoint ... ok
[INFO] [stdout] test tests::update::graph_is_refused_and_not_offered ... ok
[INFO] [stdout] test tests::update::shared_store_reads_stay_uncacheable_despite_the_cut ... ok
[INFO] [stdout] test tests::update::the_per_query_space_does_not_bind_update ... ok
[INFO] [stdout] test tests::update::a_mid_update_failure_rolls_the_whole_transaction_back ... ok
[INFO] [stdout] test tests::update::the_sink_action_declares_the_scope_the_kernel_enforces ... ok
[INFO] [stdout] test tests::update::a_malformed_update_applies_nothing ... ok
[INFO] [stdout] test tests::update::update_cuts_a_thread_but_a_raw_handle_write_does_not ... ok
[INFO] [stdout] test tests::update::the_update_text_can_arrive_as_piped_content ... ok
[INFO] [stdout] test tests::update::update_reports_the_quad_delta_and_is_uncacheable ... ok
[INFO] [stdout] test tests::subclass_path_finds_transreptors_as_endpoints ... ok
[INFO] [stdout] test tests::update::the_browse_namespace_migration_is_now_one_query ... ok
[INFO] [stdout] test tests::update::update_writes_into_a_named_graph_and_select_finds_it ... ok
[INFO] [stdout] test tests::update::update_then_select_sees_the_change_through_the_kernel ... ok
[INFO] [stdout] test tests::update::update_uses_plain_dataset_semantics_not_the_query_union ... ok
[INFO] [stdout] test tests::vocabulary_is_always_present_for_schema_queries ... ok
[INFO] [stdout] test tests::every_declared_output_is_actually_servable ... ok
[INFO] [stdout] test budget::tests::an_update_counts_every_where_clause_toward_one_total ... ok
[INFO] [stdout] test tests::the_served_repr_type_is_exactly_the_declared_output ... ok
[INFO] [stdout] 
[INFO] [stdout] test result: ok. 60 passed; 0 failed; 0 ignored; 0 measured; 0 filtered out; finished in 0.05s
[INFO] [stdout] 
[INFO] [stderr]      Running tests/conformance.rs (/opt/rustwide/target/release/build/ikigai-sparql/805409af1f821ca9/out/conformance-805409af1f821ca9)
[INFO] [stdout] 
[INFO] [stdout] running 2 tests
[INFO] [stdout] test shared_store_conforms ... ok
[INFO] [stdout] test conforms ... ok
[INFO] [stdout] 
[INFO] [stdout] test result: ok. 2 passed; 0 failed; 0 ignored; 0 measured; 0 filtered out; finished in 0.05s
[INFO] [stdout] 
[INFO] [stderr]      Running tests/sparql_answer_size.rs (/opt/rustwide/target/release/build/ikigai-sparql/37cd713191826d27/out/sparql_answer_size-37cd713191826d27)
[INFO] [stdout] 
[INFO] [stdout] running 13 tests
[INFO] [stdout] test a_host_bound_past_the_ceiling_is_refused ... ok
[INFO] [stdout] test a_bound_given_by_reference_is_refused_not_ignored ... ok
[INFO] [stdout] test an_ask_is_exempt ... ok
[INFO] [stdout] test an_inline_budget_still_applies ... ok
[INFO] [stdout] test measure_a_values_product ... ignored
[INFO] [stdout] test a_hosts_row_bound_admits_the_answer_at_it_and_refuses_one_past_it ... ok
[INFO] [stdout] test the_shared_store_space_is_bounded_too ... ok
[INFO] [stdout] test a_graph_answer_counts_triples ... ok
[INFO] [stdout] test a_byte_bound_admits_the_answer_at_it_and_refuses_one_byte_less ... ok
[INFO] [stdout] test a_request_can_lower_the_bound_and_cannot_raise_it ... ok
[INFO] [stdout] test an_answer_past_the_default_row_bound_is_refused_not_sent ... ok
[INFO] [stdout] test an_unbounded_product_is_refused_at_the_bound_not_at_the_deadline ... ok
[INFO] [stdout] test an_answer_past_the_default_byte_bound_is_refused_not_sent ... ok
[INFO] [stdout] 
[INFO] [stdout] test result: ok. 12 passed; 0 failed; 1 ignored; 0 measured; 0 filtered out; finished in 0.32s
[INFO] [stdout] 
[INFO] [stderr]      Running tests/sparql_dataset_clause.rs (/opt/rustwide/target/release/build/ikigai-sparql/b0deb6d469d807f5/out/sparql_dataset_clause-b0deb6d469d807f5)
[INFO] [stdout] 
[INFO] [stdout] running 7 tests
[INFO] [stdout] test from_two_graphs_merges_exactly_those ... ok
[INFO] [stdout] test no_dataset_clause_keeps_the_union_default_graph ... ok
[INFO] [stdout] test from_one_graph_answers_from_that_graph_only ... ok
[INFO] [stdout] test from_named_alone_leaves_the_default_graph_empty ... ok
[INFO] [stdout] test from_named_limits_the_graphs_graph_can_reach ... ok
[INFO] [stdout] test from_a_graph_that_does_not_exist_is_empty_not_the_union ... ok
[INFO] [stdout] test every_query_form_honors_from ... ok
[INFO] [stdout] 
[INFO] [stdout] test result: ok. 7 passed; 0 failed; 0 ignored; 0 measured; 0 filtered out; finished in 0.01s
[INFO] [stdout] 
[INFO] [stderr]      Running tests/sparql_graph_depth.rs (/opt/rustwide/target/release/build/ikigai-sparql/b7188dbfda723919/out/sparql_graph_depth-b7188dbfda723919)
[INFO] [stdout] 
[INFO] [stdout] running 6 tests
[INFO] [stdout] test probe_child ... ok
[INFO] [stdout] test brackets_in_literals_are_not_nesting ... ok
[INFO] [stdout] test three_thousand_triple_terms_are_refused_at_every_query_form_and_abort_nothing ... ok
[INFO] [stdout] test deep_json_ld_is_refused_and_aborts_nothing ... ok
[INFO] [stdout] test every_syntax_that_nests_triple_terms_is_refused ... ok
[INFO] [stdout] test a_source_at_the_bound_is_answered_on_a_small_thread_and_one_past_is_refused ... ok
[INFO] [stdout] 
[INFO] [stdout] test result: ok. 6 passed; 0 failed; 0 ignored; 0 measured; 0 filtered out; finished in 0.04s
[INFO] [stdout] 
[INFO] [stderr]      Running tests/sparql_graph_transreption.rs (/opt/rustwide/target/release/build/ikigai-sparql/8c52e62444d80fbb/out/sparql_graph_transreption-8c52e62444d80fbb)
[INFO] [stdout] 
[INFO] [stdout] running 8 tests
[INFO] [stdout] test a_refused_transreption_names_the_source ... ok
[INFO] [stdout] test a_transrepted_source_is_scanned_for_depth ... ok
[INFO] [stdout] test a_source_with_no_route_to_rdf_is_still_sniffed ... ok
[INFO] [stdout] test a_transrepted_source_keeps_the_answer_cacheable ... ok
[INFO] [stdout] test a_source_in_a_non_rdf_type_is_transrepted_to_turtle ... ok
[INFO] [stdout] test an_untyped_source_is_sniffed_not_transrepted ... ok
[INFO] [stdout] test an_uncacheable_transreptor_is_named_by_kernel_uncached ... ok
[INFO] [stdout] test a_source_already_in_rdf_is_not_transrepted ... ok
[INFO] [stdout] 
[INFO] [stdout] test result: ok. 8 passed; 0 failed; 0 ignored; 0 measured; 0 filtered out; finished in 0.01s
[INFO] [stdout] 
[INFO] [stderr]      Running tests/sparql_nesting.rs (/opt/rustwide/target/release/build/ikigai-sparql/2e8ac344d4628c0c/out/sparql_nesting-2e8ac344d4628c0c)
[INFO] [stdout] 
[INFO] [stdout] running 14 tests
[INFO] [stdout] test a_less_than_that_hides_a_string_from_an_iri_reading_is_still_counted ... ok
[INFO] [stdout] test probe_child ... ok
[INFO] [stdout] test brackets_in_strings_iris_and_comments_are_not_nesting ... ok
[INFO] [stdout] test a_run_of_not_is_nesting_and_is_refused_at_any_length ... ok
[INFO] [stdout] test the_measured_release_aborts_are_refused_or_answered ... ignored
[INFO] [stdout] test a_query_past_the_byte_bound_is_refused_by_name_before_any_graph_is_resolved ... ok
[INFO] [stdout] test three_thousand_parentheses_are_refused_by_the_update_door_and_abort_nothing ... ok
[INFO] [stdout] test the_costliest_bracket_at_the_bound_runs ... ok
[INFO] [stdout] test a_query_at_the_bound_parses_and_runs_at_every_door ... ok
[INFO] [stdout] test three_thousand_parentheses_are_refused_at_every_query_door_and_abort_nothing ... ok
[INFO] [stdout] test a_long_flat_chain_runs_on_the_stack_the_query_is_given ... ok
[INFO] [stdout] test an_arithmetic_chain_at_the_algebra_bound_runs_in_every_build ... ok
[INFO] [stdout] test a_large_flat_legitimate_query_is_answered_not_refused ... ok
[INFO] [stdout] test the_costliest_shapes_per_byte_at_the_byte_bound_abort_nothing ... ok
[INFO] [stdout] 
[INFO] [stdout] test result: ok. 13 passed; 0 failed; 1 ignored; 0 measured; 0 filtered out; finished in 2.07s
[INFO] [stdout] 
[INFO] [stderr]      Running tests/sparql_service_egress.rs (/opt/rustwide/target/release/build/ikigai-sparql/d9eb0d8c92eb5600/out/sparql_service_egress-d9eb0d8c92eb5600)
[INFO] [stdout] 
[INFO] [stdout] running 2 tests
[INFO] [stdout] test a_query_without_service_is_untouched ... ok
[INFO] [stdout] test no_door_reaches_the_network_and_each_refusal_is_typed ... ok
[INFO] [stdout] 
[INFO] [stdout] test result: ok. 2 passed; 0 failed; 0 ignored; 0 measured; 0 filtered out; finished in 0.02s
[INFO] [stdout] 
[INFO] [stderr]      Running tests/sparql_stack_measure.rs (/opt/rustwide/target/release/build/ikigai-sparql/b3101741a48a0fd5/out/sparql_stack_measure-b3101741a48a0fd5)
[INFO] [stdout] 
[INFO] [stdout] running 2 tests
[INFO] [stdout] test measure_overflow_depths ... ignored
[INFO] [stdout] test measure_child ... ok
[INFO] [stdout] 
[INFO] [stdout] test result: ok. 1 passed; 0 failed; 1 ignored; 0 measured; 0 filtered out; finished in 0.00s
[INFO] [stdout] 
[INFO] [stderr]      Running tests/sparql_structural_depth.rs (/opt/rustwide/target/release/build/ikigai-sparql/eb3e736151bf1ec0/out/sparql_structural_depth-eb3e736151bf1ec0)
[INFO] [stdout] 
[INFO] [stdout] running 5 tests
[INFO] [stdout] test probe_child ... ok
[INFO] [stdout] test ordinary_updates_still_commit ... ok
[INFO] [stdout] test an_update_reaching_the_bound_commits_and_one_past_it_applies_nothing ... ok
[INFO] [stdout] test a_triple_term_grown_across_updates_is_refused_past_the_bound_and_aborts_nothing ... ok
[INFO] [stdout] test deep_graph_sources_nested_without_triple_terms_are_answered_by_every_form ... ok
[INFO] [stdout] 
[INFO] [stdout] test result: ok. 5 passed; 0 failed; 0 ignored; 0 measured; 0 filtered out; finished in 4.00s
[INFO] [stdout] 
[INFO] [stderr]      Running tests/sparql_time_budget.rs (/opt/rustwide/target/release/build/ikigai-sparql/60b9bd95b2faa958/out/sparql_time_budget-60b9bd95b2faa958)
[INFO] [stdout] 
[INFO] [stdout] running 10 tests
[INFO] [stdout] test probe_child ... ok
[INFO] [stdout] test a_budget_that_is_not_positive_milliseconds_is_refused_by_name ... ok
[INFO] [stdout] test an_update_over_the_algebra_bounds_is_refused_before_it_runs ... ok
[INFO] [stdout] test a_legitimate_query_under_the_budget_is_answered ... ok
[INFO] [stdout] test the_ecosystems_largest_query_shape_is_inside_the_algebra_bounds ... ok
[INFO] [stdout] test an_update_stopped_at_its_budget_applies_nothing ... ok
[INFO] [stdout] test a_caller_cannot_raise_the_budget_above_the_hosts_ceiling ... ok
[INFO] [stdout] test wrappers_the_planner_erases_do_not_hide_join_operands ... ok
[INFO] [stdout] test the_measured_planner_shapes_are_refused_before_planning ... ok
[INFO] [stdout] test a_query_slow_in_the_evaluator_is_stopped_at_its_budget_at_every_query_door ... ok
[INFO] [stdout] 
[INFO] [stdout] test result: ok. 10 passed; 0 failed; 0 ignored; 0 measured; 0 filtered out; finished in 20.81s
[INFO] [stdout] 
[INFO] [stderr]      Running tests/sparql_time_measure.rs (/opt/rustwide/target/release/build/ikigai-sparql/dc46a9147916eddd/out/sparql_time_measure-dc46a9147916eddd)
[INFO] [stdout] 
[INFO] [stdout] running 2 tests
[INFO] [stdout] test measure_phases_and_cancellation ... ignored
[INFO] [stdout] test measure_child ... ok
[INFO] [stdout] 
[INFO] [stdout] test result: ok. 1 passed; 0 failed; 1 ignored; 0 measured; 0 filtered out; finished in 0.00s
[INFO] [stdout] 
[INFO] [stderr]    Doc-tests ikigai_sparql
[INFO] [stdout] 
[INFO] [stdout] running 8 tests
[INFO] [stdout] test src/limits.rs - limits::sparql_stack_size (line 164) ... FAILED
[INFO] [stdout] test src/budget.rs - budget::effective_budget (line 146) ... ok
[INFO] [stdout] test src/budget.rs - budget::CappedWriter (line 463) ... ok
[INFO] [stdout] test src/budget.rs - budget::effective_answer (line 351) ... ok
[INFO] [stdout] test src/budget.rs - budget::AnswerBound (line 278) ... ok
[INFO] [stdout] test src/budget.rs - budget::too_large (line 432) ... ok
[INFO] [stdout] test src/limits.rs - limits::check_sparql (line 192) ... ok
[INFO] [stdout] test src/budget.rs - budget::with_deadline (line 197) ... ok
[INFO] [stdout] 
[INFO] [stdout] failures:
[INFO] [stdout] 
[INFO] [stdout] ---- src/limits.rs - limits::sparql_stack_size (line 164) stdout ----
[INFO] [stdout] Test executable failed (exit status: 101).
[INFO] [stdout] 
[INFO] [stdout] stderr:
[INFO] [stdout] 
[INFO] [stdout] thread 'main' (5856) panicked at src/limits.rs:10:5:
[INFO] [stdout] assertion failed: sparql_stack_size(query) > STACK_BASE + 64 * 1024 * 1024
[INFO] [stdout] stack backtrace:
[INFO] [stdout]    0:     0x608e9aa27431 - std[617be2ca0a6fd877]::backtrace_rs::backtrace::libunwind::trace
[INFO] [stdout]                                at /rustc/e3feeb59cd1bdd011a2bfcc0747b55125d9b8527/library/std/src/../../backtrace/src/backtrace/libunwind.rs:117:9
[INFO] [stdout]    1:     0x608e9aa27431 - std[617be2ca0a6fd877]::backtrace_rs::backtrace::trace_unsynchronized::<std[617be2ca0a6fd877]::sys::backtrace::_print_fmt::{closure#1}>
[INFO] [stdout]                                at /rustc/e3feeb59cd1bdd011a2bfcc0747b55125d9b8527/library/std/src/../../backtrace/src/backtrace/mod.rs:66:14
[INFO] [stdout]    2:     0x608e9aa27431 - std[617be2ca0a6fd877]::sys::backtrace::_print_fmt
[INFO] [stdout]                                at /rustc/e3feeb59cd1bdd011a2bfcc0747b55125d9b8527/library/std/src/sys/backtrace.rs:74:9
[INFO] [stdout]    3:     0x608e9aa27431 - <<std[617be2ca0a6fd877]::sys::backtrace::BacktraceLock>::print::DisplayBacktrace as core[a373ad73a504971]::fmt::Display>::fmt
[INFO] [stdout]                                at /rustc/e3feeb59cd1bdd011a2bfcc0747b55125d9b8527/library/std/src/sys/backtrace.rs:44:26
[INFO] [stdout]    4:     0x608e9aa3761a - <core[a373ad73a504971]::fmt::rt::Argument>::fmt
[INFO] [stdout]                                at /rustc/e3feeb59cd1bdd011a2bfcc0747b55125d9b8527/library/core/src/fmt/rt.rs:152:76
[INFO] [stdout]    5:     0x608e9aa3761a - core[a373ad73a504971]::fmt::write
[INFO] [stdout]    6:     0x608e9aa2a49c - core[a373ad73a504971]::io::write::default_write_fmt::<std[617be2ca0a6fd877]::sys::stdio::unix::Stderr>
[INFO] [stdout]                                at /rustc/e3feeb59cd1bdd011a2bfcc0747b55125d9b8527/library/core/src/io/write.rs:402:11
[INFO] [stdout]    7:     0x608e9aa2a49c - <std[617be2ca0a6fd877]::sys::stdio::unix::Stderr as core[a373ad73a504971]::io::write::Write>::write_fmt
[INFO] [stdout]                                at /rustc/e3feeb59cd1bdd011a2bfcc0747b55125d9b8527/library/core/src/io/write.rs:335:13
[INFO] [stdout]    8:     0x608e9aa117d6 - <std[617be2ca0a6fd877]::sys::backtrace::BacktraceLock>::print
[INFO] [stdout]                                at /rustc/e3feeb59cd1bdd011a2bfcc0747b55125d9b8527/library/std/src/sys/backtrace.rs:47:9
[INFO] [stdout]    9:     0x608e9aa117d6 - std[617be2ca0a6fd877]::panicking::default_hook::{closure#0}
[INFO] [stdout]                                at /rustc/e3feeb59cd1bdd011a2bfcc0747b55125d9b8527/library/std/src/panicking.rs:289:27
[INFO] [stdout]   10:     0x608e9aa23e51 - std[617be2ca0a6fd877]::panicking::default_hook
[INFO] [stdout]                                at /rustc/e3feeb59cd1bdd011a2bfcc0747b55125d9b8527/library/std/src/panicking.rs:316:9
[INFO] [stdout]   11:     0x608e9aa2400b - std[617be2ca0a6fd877]::panicking::panic_with_hook
[INFO] [stdout]                                at /rustc/e3feeb59cd1bdd011a2bfcc0747b55125d9b8527/library/std/src/panicking.rs:811:13
[INFO] [stdout]   12:     0x608e9aa118b4 - std[617be2ca0a6fd877]::panicking::panic_handler::{closure#0}
[INFO] [stdout]                                at /rustc/e3feeb59cd1bdd011a2bfcc0747b55125d9b8527/library/std/src/panicking.rs:678:13
[INFO] [stdout]   13:     0x608e9aa0aa89 - std[617be2ca0a6fd877]::sys::backtrace::__rust_end_short_backtrace::<std[617be2ca0a6fd877]::panicking::panic_handler::{closure#0}, !>
[INFO] [stdout]                                at /rustc/e3feeb59cd1bdd011a2bfcc0747b55125d9b8527/library/std/src/sys/backtrace.rs:182:18
[INFO] [stdout]   14:     0x608e9aa11fcd - __rustc[ea4f61d10b84890b]::rust_begin_unwind
[INFO] [stdout]                                at /rustc/e3feeb59cd1bdd011a2bfcc0747b55125d9b8527/library/std/src/panicking.rs:676:5
[INFO] [stdout]   15:     0x608e9aa37d0c - core[a373ad73a504971]::panicking::panic_fmt
[INFO] [stdout]                                at /rustc/e3feeb59cd1bdd011a2bfcc0747b55125d9b8527/library/core/src/panicking.rs:80:14
[INFO] [stdout]   16:     0x608e9aa37cd2 - core[a373ad73a504971]::panicking::panic
[INFO] [stdout]                                at /rustc/e3feeb59cd1bdd011a2bfcc0747b55125d9b8527/library/core/src/panicking.rs:150:5
[INFO] [stdout]   17:     0x608e9aa00935 - rust_out[72a830746f8703f]::main::_doctest_main_src_limits_rs_164_0
[INFO] [stdout]   18:     0x608e9aa00836 - rust_out[72a830746f8703f]::main
[INFO] [stdout]   19:     0x608e9aa00943 - <fn() as core[a373ad73a504971]::ops::function::FnOnce<()>>::call_once
[INFO] [stdout]   20:     0x608e9aa007fe - std[617be2ca0a6fd877]::sys::backtrace::__rust_begin_short_backtrace::<fn(), ()>
[INFO] [stdout]   21:     0x608e9aa00809 - std[617be2ca0a6fd877]::rt::lang_start::<()>::{closure#0}
[INFO] [stdout]   22:     0x608e9aa235f8 - <&dyn core[a373ad73a504971]::ops::function::Fn<(), Output = i32> + core[a373ad73a504971]::marker::Sync + core[a373ad73a504971]::panic::unwind_safe::RefUnwindSafe as core[a373ad73a504971]::ops::function::FnOnce<()>>::call_once
[INFO] [stdout]                                at /rustc/e3feeb59cd1bdd011a2bfcc0747b55125d9b8527/library/core/src/ops/function.rs:287:21
[INFO] [stdout]   23:     0x608e9aa235f8 - std[617be2ca0a6fd877]::panicking::catch_unwind::do_call::<&dyn core[a373ad73a504971]::ops::function::Fn<(), Output = i32> + core[a373ad73a504971]::marker::Sync + core[a373ad73a504971]::panic::unwind_safe::RefUnwindSafe, i32>
[INFO] [stdout]                                at /rustc/e3feeb59cd1bdd011a2bfcc0747b55125d9b8527/library/std/src/panicking.rs:573:43
[INFO] [stdout]   24:     0x608e9aa235f8 - std[617be2ca0a6fd877]::panicking::catch_unwind::<i32, &dyn core[a373ad73a504971]::ops::function::Fn<(), Output = i32> + core[a373ad73a504971]::marker::Sync + core[a373ad73a504971]::panic::unwind_safe::RefUnwindSafe>
[INFO] [stdout]                                at /rustc/e3feeb59cd1bdd011a2bfcc0747b55125d9b8527/library/std/src/panicking.rs:541:19
[INFO] [stdout]   25:     0x608e9aa235f8 - std[617be2ca0a6fd877]::panic::catch_unwind::<&dyn core[a373ad73a504971]::ops::function::Fn<(), Output = i32> + core[a373ad73a504971]::marker::Sync + core[a373ad73a504971]::panic::unwind_safe::RefUnwindSafe, i32>
[INFO] [stdout]                                at /rustc/e3feeb59cd1bdd011a2bfcc0747b55125d9b8527/library/std/src/panic.rs:359:14
[INFO] [stdout]   26:     0x608e9aa235f8 - std[617be2ca0a6fd877]::rt::lang_start_internal::{closure#0}
[INFO] [stdout]                                at /rustc/e3feeb59cd1bdd011a2bfcc0747b55125d9b8527/library/std/src/rt.rs:175:24
[INFO] [stdout]   27:     0x608e9aa235f8 - std[617be2ca0a6fd877]::panicking::catch_unwind::do_call::<std[617be2ca0a6fd877]::rt::lang_start_internal::{closure#0}, isize>
[INFO] [stdout]                                at /rustc/e3feeb59cd1bdd011a2bfcc0747b55125d9b8527/library/std/src/panicking.rs:573:43
[INFO] [stdout]   28:     0x608e9aa235f8 - std[617be2ca0a6fd877]::panicking::catch_unwind::<isize, std[617be2ca0a6fd877]::rt::lang_start_internal::{closure#0}>
[INFO] [stdout]                                at /rustc/e3feeb59cd1bdd011a2bfcc0747b55125d9b8527/library/std/src/panicking.rs:541:19
[INFO] [stdout]   29:     0x608e9aa235f8 - std[617be2ca0a6fd877]::panic::catch_unwind::<std[617be2ca0a6fd877]::rt::lang_start_internal::{closure#0}, isize>
[INFO] [stdout]                                at /rustc/e3feeb59cd1bdd011a2bfcc0747b55125d9b8527/library/std/src/panic.rs:359:14
[INFO] [stdout]   30:     0x608e9aa235f8 - std[617be2ca0a6fd877]::rt::lang_start_internal
[INFO] [stdout]                                at /rustc/e3feeb59cd1bdd011a2bfcc0747b55125d9b8527/library/std/src/rt.rs:171:5
[INFO] [stdout]   31:     0x608e9aa007f1 - std[617be2ca0a6fd877]::rt::lang_start::<()>
[INFO] [stdout]   32:     0x608e9aa00985 - main
[INFO] [stdout]   33:     0x7a9c4775d601 - <unknown>
[INFO] [stdout]   34:     0x7a9c4775d718 - __libc_start_main
[INFO] [stdout]   35:     0x608e9aa00705 - _start
[INFO] [stdout]   36:                0x0 - <unknown>
[INFO] [stdout] 
[INFO] [stdout] 
[INFO] [stdout] 
[INFO] [stdout] failures:
[INFO] [stdout]     src/limits.rs - limits::sparql_stack_size (line 164)
[INFO] [stdout] 
[INFO] [stdout] test result: FAILED. 7 passed; 1 failed; 0 ignored; 0 measured; 0 filtered out; finished in 0.29s
[INFO] [stdout] 
[INFO] [stderr] error: doctest failed, to rerun pass `--doc`
[INFO] running `Command { std: "docker" "inspect" "30c9872ce7d3313ce9aa8826de9a81b66582cbb65785a9bd5f908d9d26f03ce0", kill_on_drop: false }`
[INFO] running `Command { std: "docker" "rm" "-f" "30c9872ce7d3313ce9aa8826de9a81b66582cbb65785a9bd5f908d9d26f03ce0", kill_on_drop: false }`
[INFO] [stdout] 30c9872ce7d3313ce9aa8826de9a81b66582cbb65785a9bd5f908d9d26f03ce0
