[INFO] fetching crate igniscope 0.1.0...
[INFO] testing igniscope-0.1.0 against 1.99.0-beta.8+cargoflags=--release for beta-release-1.100-2
[INFO] extracting crate igniscope 0.1.0 into /workspace/builds/worker-5-tc1/source
[INFO] started tweaking crates.io crate igniscope 0.1.0
[INFO] finished tweaking crates.io crate igniscope 0.1.0
[INFO] tweaked toml for crates.io crate igniscope 0.1.0 written to /workspace/builds/worker-5-tc1/source/Cargo.toml
[INFO] validating manifest of crates.io crate igniscope 0.1.0 on toolchain 1.99.0-beta.8
[INFO] running `Command { std: CARGO_HOME="/workspace/cargo-home" RUSTUP_HOME="/workspace/rustup-home" "/workspace/cargo-home/bin/cargo" "+1.99.0-beta.8" "metadata" "--manifest-path" "Cargo.toml" "--no-deps", kill_on_drop: false }`
[INFO] crate crates.io crate igniscope 0.1.0 already has a lockfile, it will not be regenerated
[INFO] running `Command { std: CARGO_HOME="/workspace/cargo-home" RUSTUP_HOME="/workspace/rustup-home" "/workspace/cargo-home/bin/cargo" "+1.99.0-beta.8" "fetch" "--manifest-path" "Cargo.toml", kill_on_drop: false }`
[INFO] [stderr]     Blocking waiting for file lock on package cache
[INFO] [stderr]     Blocking waiting for file lock on package cache
[INFO] [stderr]  Downloading crates ...
[INFO] [stderr]   Downloaded zip v8.2.0
[INFO] [stderr]   Downloaded lzma-rust2 v0.16.2
[INFO] [stderr]   Downloaded deflate64 v0.1.11
[INFO] running `Command { std: "docker" "create" "-v" "/var/lib/crater-agent-workspace/builds/worker-5-tc1/source:/opt/rustwide/workdir:ro,Z" "-v" "/var/lib/crater-agent-workspace/builds/worker-5-tc1/target:/opt/rustwide/target:rw,Z" "-v" "/var/lib/crater-agent-workspace/cargo-home:/opt/rustwide/cargo-home:ro,Z" "-v" "/var/lib/crater-agent-workspace/rustup-home:/opt/rustwide/rustup-home:ro,Z" "-m" "1610612736" "--network" "none" "ghcr.io/rust-lang/crates-build-env/linux@sha256:77db811e55d90add9212f6832c23229e3de5f1c1f9905e8cb07319ea15df73ac" "sleep" "infinity", kill_on_drop: false }`
[INFO] [stdout] bbf5685450c9222d9d96ba7c67a4f4e1282d52eee8e2ecc3f592e81a64ec1f26
[INFO] running `Command { std: "docker" "start" "bbf5685450c9222d9d96ba7c67a4f4e1282d52eee8e2ecc3f592e81a64ec1f26", kill_on_drop: false }`
[INFO] running `Command { std: "docker" "inspect" "bbf5685450c9222d9d96ba7c67a4f4e1282d52eee8e2ecc3f592e81a64ec1f26", kill_on_drop: false }`
[INFO] running `Command { std: "docker" "exec" "-e" "SOURCE_DIR=/opt/rustwide/workdir" "-e" "CARGO_HOME=/opt/rustwide/cargo-home" "-e" "RUSTUP_HOME=/opt/rustwide/rustup-home" "-e" "CARGO_TARGET_DIR=/opt/rustwide/target" "-w" "/opt/rustwide/workdir" "--user" "0:0" "bbf5685450c9222d9d96ba7c67a4f4e1282d52eee8e2ecc3f592e81a64ec1f26" "/opt/rustwide/cargo-home/bin/cargo" "+1.99.0-beta.8" "metadata" "--no-deps" "--format-version=1", kill_on_drop: false }`
[INFO] running `Command { std: "docker" "inspect" "bbf5685450c9222d9d96ba7c67a4f4e1282d52eee8e2ecc3f592e81a64ec1f26", kill_on_drop: false }`
[INFO] running `Command { std: "docker" "exec" "-e" "SOURCE_DIR=/opt/rustwide/workdir" "-e" "CARGO_HOME=/opt/rustwide/cargo-home" "-e" "RUSTUP_HOME=/opt/rustwide/rustup-home" "-e" "CARGO_TARGET_DIR=/opt/rustwide/target" "-e" "CARGO_INCREMENTAL=0" "-e" "RUST_BACKTRACE=full" "-e" "RUSTFLAGS=--cap-lints=warn" "-e" "RUSTDOCFLAGS=--cap-lints=warn" "-w" "/opt/rustwide/workdir" "--user" "0:0" "bbf5685450c9222d9d96ba7c67a4f4e1282d52eee8e2ecc3f592e81a64ec1f26" "/opt/rustwide/cargo-home/bin/cargo" "+1.99.0-beta.8" "build" "--frozen" "--message-format=json" "--release", kill_on_drop: false }`
[INFO] [stderr]    Compiling cc v1.2.56
[INFO] [stderr]    Compiling syn v2.0.117
[INFO] [stderr]    Compiling inout v0.1.4
[INFO] [stderr]    Compiling getrandom v0.4.2
[INFO] [stderr]    Compiling digest v0.10.7
[INFO] [stderr]    Compiling num-conv v0.2.0
[INFO] [stderr]    Compiling libbz2-rs-sys v0.2.2
[INFO] [stderr]    Compiling simd-adler32 v0.3.8
[INFO] [stderr]    Compiling zlib-rs v0.6.3
[INFO] [stderr]    Compiling clap_lex v1.0.0
[INFO] [stderr]    Compiling deflate64 v0.1.11
[INFO] [stderr]    Compiling typed-path v0.12.3
[INFO] [stderr]    Compiling constant_time_eq v0.4.2
[INFO] [stderr]    Compiling ppmd-rust v1.4.0
[INFO] [stderr]    Compiling serde_json v1.0.149
[INFO] [stderr]    Compiling cipher v0.4.4
[INFO] [stderr]    Compiling time v0.3.47
[INFO] [stderr]    Compiling clap_builder v4.5.60
[INFO] [stderr]    Compiling aes v0.8.4
[INFO] [stderr]    Compiling zopfli v0.8.3
[INFO] [stderr]    Compiling sha2 v0.10.9
[INFO] [stderr]    Compiling hmac v0.12.1
[INFO] [stderr]    Compiling sha1 v0.10.6
[INFO] [stderr]    Compiling pbkdf2 v0.12.2
[INFO] [stderr]    Compiling bzip2 v0.6.1
[INFO] [stderr]    Compiling lzma-rust2 v0.16.2
[INFO] [stderr]    Compiling zstd-sys v2.0.16+zstd.1.5.7
[INFO] [stderr]    Compiling flate2 v1.1.9
[INFO] [stderr]    Compiling zeroize_derive v1.4.3
[INFO] [stderr]    Compiling serde_derive v1.0.228
[INFO] [stderr]    Compiling clap_derive v4.5.55
[INFO] [stderr]    Compiling zeroize v1.8.2
[INFO] [stderr]    Compiling clap v4.5.60
[INFO] [stderr]    Compiling serde v1.0.228
[INFO] [stderr]    Compiling zstd-safe v7.2.4
[INFO] [stderr]    Compiling zstd v0.13.3
[INFO] [stderr]    Compiling zip v8.2.0
[INFO] [stderr]    Compiling igniscope v0.1.0 (/opt/rustwide/workdir)
[INFO] [stderr]     Finished `release` profile [optimized] target(s) in 1m 02s
[INFO] running `Command { std: "docker" "inspect" "bbf5685450c9222d9d96ba7c67a4f4e1282d52eee8e2ecc3f592e81a64ec1f26", kill_on_drop: false }`
[INFO] running `Command { std: "docker" "exec" "-e" "SOURCE_DIR=/opt/rustwide/workdir" "-e" "CARGO_HOME=/opt/rustwide/cargo-home" "-e" "RUSTUP_HOME=/opt/rustwide/rustup-home" "-e" "CARGO_TARGET_DIR=/opt/rustwide/target" "-e" "CARGO_INCREMENTAL=0" "-e" "RUST_BACKTRACE=full" "-e" "RUSTFLAGS=--cap-lints=warn" "-e" "RUSTDOCFLAGS=--cap-lints=warn" "-w" "/opt/rustwide/workdir" "--user" "0:0" "bbf5685450c9222d9d96ba7c67a4f4e1282d52eee8e2ecc3f592e81a64ec1f26" "/opt/rustwide/cargo-home/bin/cargo" "+1.99.0-beta.8" "test" "--frozen" "--no-run" "--message-format=json" "--release", kill_on_drop: false }`
[INFO] [stderr]    Compiling igniscope v0.1.0 (/opt/rustwide/workdir)
[INFO] [stderr]     Finished `release` profile [optimized] target(s) in 4.88s
[INFO] running `Command { std: "docker" "inspect" "bbf5685450c9222d9d96ba7c67a4f4e1282d52eee8e2ecc3f592e81a64ec1f26", kill_on_drop: false }`
[INFO] running `Command { std: "docker" "exec" "-e" "SOURCE_DIR=/opt/rustwide/workdir" "-e" "CARGO_HOME=/opt/rustwide/cargo-home" "-e" "RUSTUP_HOME=/opt/rustwide/rustup-home" "-e" "CARGO_TARGET_DIR=/opt/rustwide/target" "-e" "CARGO_INCREMENTAL=0" "-e" "RUST_BACKTRACE=full" "-e" "RUSTFLAGS=--cap-lints=warn" "-e" "RUSTDOCFLAGS=--cap-lints=warn" "-w" "/opt/rustwide/workdir" "--user" "0:0" "bbf5685450c9222d9d96ba7c67a4f4e1282d52eee8e2ecc3f592e81a64ec1f26" "/opt/rustwide/cargo-home/bin/cargo" "+1.99.0-beta.8" "test" "--frozen" "--release", kill_on_drop: false }`
[INFO] [stderr]     Finished `release` profile [optimized] target(s) in 0.08s
[INFO] [stderr]      Running unittests src/lib.rs (/opt/rustwide/target/release/deps/igniscope-cec8b4c92abe55c7)
[INFO] [stdout] 
[INFO] [stdout] running 38 tests
[INFO] [stdout] test app::tests::report_markdown_contains_required_sections ... ok
[INFO] [stdout] test app::tests::root_display_is_human_readable ... ok
[INFO] [stdout] test app::tests::summarize_output_includes_core_fields ... ok
[INFO] [stdout] test app::tests::summarize_output_includes_project_lines_in_verbose_mode ... ok
[INFO] [stdout] test archive::tests::analytics_aggregation_function_merges_maps_deterministically ... ok
[INFO] [stdout] test archive::tests::classifier_covers_all_baseline_type_keys ... ok
[INFO] [stdout] test archive::tests::archive_kind_prefers_root_project_when_both_shapes_exist ... ok
[INFO] [stdout] test archive::tests::classifier_uses_unknown_fallback_when_no_rule_matches ... ok
[INFO] [stdout] test archive::tests::coverage_metrics_counts_unknown_resources ... ok
[INFO] [stdout] test archive::tests::project_meta_invalid_json_returns_json_parse_error ... ok
[INFO] [stdout] test archive::tests::analytics_aggregation_matches_project_entries_for_multi_project_fixture ... FAILED
[INFO] [stdout] test archive::tests::project_counts_aggregates_resources_files_and_maps ... ok
[INFO] [stdout] test archive::tests::analytics_schema_has_parity_between_project_export_and_gateway_inputs ... FAILED
[INFO] [stdout] test archive::tests::project_meta_project_export_fixture_yields_single_record ... FAILED
[INFO] [stdout] test archive::tests::project_roots_for_project_export_is_root_only ... FAILED
[INFO] [stdout] test archive::tests::resource_binary_only_detection_requires_only_data_bin_payload ... ok
[INFO] [stdout] test archive::tests::archive_kind_detects_unknown_fixture_as_error ... FAILED
[INFO] [stdout] test archive::tests::project_roots_ignore_invalid_gateway_layouts ... ok
[INFO] [stdout] test archive::tests::archive_kind_detects_project_export_fixture ... FAILED
[INFO] [stdout] test archive::tests::archive_kind_detects_gateway_backup_fixture ... FAILED
[INFO] [stdout] test archive::tests::resource_discovery_gateway_backup_counts_expected_resources_per_project ... FAILED
[INFO] [stdout] test archive::tests::resource_discovery_is_deterministic_between_runs ... FAILED
[INFO] [stdout] test archive::tests::resource_validation_appends_data_bin_when_undeclared ... ok
[INFO] [stdout] test archive::tests::resource_discovery_project_export_counts_expected_resources ... FAILED
[INFO] [stdout] test archive::tests::resource_validation_does_not_duplicate_declared_data_bin ... ok
[INFO] [stdout] test archive::tests::project_meta_multi_project_fixture_preserves_selected_root_order ... FAILED
[INFO] [stdout] test archive::tests::resource_validation_rejects_invalid_files_type ... ok
[INFO] [stdout] test archive::tests::resource_validation_rejects_missing_files_key ... ok
[INFO] [stdout] test archive::tests::resource_validation_rejects_missing_declared_file ... ok
[INFO] [stdout] test cli::tests::analyze_missing_out_dir_returns_usage_error ... ok
[INFO] [stdout] test cli::tests::summarize_parses_with_required_archive_path ... ok
[INFO] [stdout] test cli::tests::analyze_parses_with_required_out_dir ... ok
[INFO] [stdout] test archive::tests::project_roots_for_multi_project_gateway_are_sorted ... FAILED
[INFO] [stdout] test cli::tests::unknown_subcommand_returns_usage_error ... ok
[INFO] [stdout] test error::tests::archive_read_maps_to_exit_code_10 ... ok
[INFO] [stdout] test cli::tests::verbose_count_supports_multiple_v_flags ... ok
[INFO] [stdout] test error::tests::json_parse_maps_to_exit_code_12 ... ok
[INFO] [stdout] test error::tests::project_root_detection_maps_to_exit_code_11 ... ok
[INFO] [stdout] 
[INFO] [stdout] failures:
[INFO] [stdout] 
[INFO] [stdout] ---- archive::tests::analytics_aggregation_matches_project_entries_for_multi_project_fixture stdout ----
[INFO] [stdout] 
[INFO] [stdout] thread 'archive::tests::analytics_aggregation_matches_project_entries_for_multi_project_fixture' (991) panicked at src/archive.rs:1775:57:
[INFO] [stdout] called `Result::unwrap()` on an `Err` value: ArchiveRead { archive_path: "/opt/rustwide/workdir/tests/example-files/multi-project.gwbk", details: "could not open file: No such file or directory (os error 2)" }
[INFO] [stdout] stack backtrace:
[INFO] [stdout]    0:     0x56e56941c151 - <<std[70759c8f55707aa4]::sys::backtrace::BacktraceLock>::print::DisplayBacktrace as core[df12db4294e9bfd3]::fmt::Display>::fmt
[INFO] [stdout]    1:     0x56e5694319ca - core[df12db4294e9bfd3]::fmt::write
[INFO] [stdout]    2:     0x56e5694206fc - <alloc[2182bb758b4b3781]::vec::Vec<u8> as core[df12db4294e9bfd3]::io::write::Write>::write_fmt
[INFO] [stdout]    3:     0x56e5693f83a6 - std[70759c8f55707aa4]::panicking::default_hook::{closure#0}
[INFO] [stdout]    4:     0x56e5694148b9 - std[70759c8f55707aa4]::panicking::default_hook
[INFO] [stdout]    5:     0x56e569316010 - test[9d35eded1c95d3be]::test_main_inner::<test[9d35eded1c95d3be]::test_main_static::{closure#0}>::{closure#0}
[INFO] [stdout]    6:     0x56e569414a72 - std[70759c8f55707aa4]::panicking::panic_with_hook
[INFO] [stdout]    7:     0x56e5693f8452 - std[70759c8f55707aa4]::panicking::panic_handler::{closure#0}
[INFO] [stdout]    8:     0x56e5693f11d9 - std[70759c8f55707aa4]::sys::backtrace::__rust_end_short_backtrace::<std[70759c8f55707aa4]::panicking::panic_handler::{closure#0}, !>
[INFO] [stdout]    9:     0x56e5693f904d - __rustc[8fa7c3cbc660c2b3]::rust_begin_unwind
[INFO] [stdout]   10:     0x56e5694320fc - core[df12db4294e9bfd3]::panicking::panic_fmt
[INFO] [stdout]   11:     0x56e569431ed2 - core[df12db4294e9bfd3]::result::unwrap_failed
[INFO] [stdout]   12:     0x56e5692c871e - igniscope[8da8d7e6b7278bf9]::archive::tests::analytics_aggregation_matches_project_entries_for_multi_project_fixture
[INFO] [stdout]   13:     0x56e5692f29f9 - <igniscope[8da8d7e6b7278bf9]::archive::tests::analytics_aggregation_matches_project_entries_for_multi_project_fixture::{closure#0} as core[df12db4294e9bfd3]::ops::function::FnOnce<()>>::call_once
[INFO] [stdout]   14:     0x56e5693092fb - test[9d35eded1c95d3be]::__rust_begin_short_backtrace::<core[df12db4294e9bfd3]::result::Result<(), alloc[2182bb758b4b3781]::string::String>, fn() -> core[df12db4294e9bfd3]::result::Result<(), alloc[2182bb758b4b3781]::string::String>>
[INFO] [stdout]   15:     0x56e569316965 - test[9d35eded1c95d3be]::run_test::{closure#0}
[INFO] [stdout]   16:     0x56e569310224 - std[70759c8f55707aa4]::sys::backtrace::__rust_begin_short_backtrace::<test[9d35eded1c95d3be]::run_test::{closure#1}, ()>
[INFO] [stdout]   17:     0x56e569319ac2 - <std[70759c8f55707aa4]::thread::lifecycle::spawn_unchecked<test[9d35eded1c95d3be]::run_test::{closure#1}, ()>::{closure#1} as core[df12db4294e9bfd3]::ops::function::FnOnce<()>>::call_once::{shim:vtable#0}
[INFO] [stdout]   18:     0x56e56941ba29 - <std[70759c8f55707aa4]::sys::thread::unix::Thread>::new::thread_start
[INFO] [stdout]   19:     0x77172176edfa - <unknown>
[INFO] [stdout]   20:     0x7717218023d4 - clone
[INFO] [stdout]   21:                0x0 - <unknown>
[INFO] [stdout] 
[INFO] [stdout] ---- archive::tests::analytics_schema_has_parity_between_project_export_and_gateway_inputs stdout ----
[INFO] [stdout] 
[INFO] [stdout] thread 'archive::tests::analytics_schema_has_parity_between_project_export_and_gateway_inputs' (992) panicked at src/archive.rs:1709:79:
[INFO] [stdout] called `Result::unwrap()` on an `Err` value: ArchiveRead { archive_path: "/opt/rustwide/workdir/tests/example-files/Template_v8.3_example.zip", details: "could not open file: No such file or directory (os error 2)" }
[INFO] [stdout] stack backtrace:
[INFO] [stdout]    0:     0x56e56941c151 - <<std[70759c8f55707aa4]::sys::backtrace::BacktraceLock>::print::DisplayBacktrace as core[df12db4294e9bfd3]::fmt::Display>::fmt
[INFO] [stdout]    1:     0x56e5694319ca - core[df12db4294e9bfd3]::fmt::write
[INFO] [stdout]    2:     0x56e5694206fc - <alloc[2182bb758b4b3781]::vec::Vec<u8> as core[df12db4294e9bfd3]::io::write::Write>::write_fmt
[INFO] [stdout]    3:     0x56e5693f83a6 - std[70759c8f55707aa4]::panicking::default_hook::{closure#0}
[INFO] [stdout]    4:     0x56e5694148b9 - std[70759c8f55707aa4]::panicking::default_hook
[INFO] [stdout]    5:     0x56e569316010 - test[9d35eded1c95d3be]::test_main_inner::<test[9d35eded1c95d3be]::test_main_static::{closure#0}>::{closure#0}
[INFO] [stdout]    6:     0x56e569414a72 - std[70759c8f55707aa4]::panicking::panic_with_hook
[INFO] [stdout]    7:     0x56e5693f8452 - std[70759c8f55707aa4]::panicking::panic_handler::{closure#0}
[INFO] [stdout]    8:     0x56e5693f11d9 - std[70759c8f55707aa4]::sys::backtrace::__rust_end_short_backtrace::<std[70759c8f55707aa4]::panicking::panic_handler::{closure#0}, !>
[INFO] [stdout]    9:     0x56e5693f904d - __rustc[8fa7c3cbc660c2b3]::rust_begin_unwind
[INFO] [stdout]   10:     0x56e5694320fc - core[df12db4294e9bfd3]::panicking::panic_fmt
[INFO] [stdout]   11:     0x56e569431ed2 - core[df12db4294e9bfd3]::result::unwrap_failed
[INFO] [stdout]   12:     0x56e5692c782e - igniscope[8da8d7e6b7278bf9]::archive::tests::analytics_schema_has_parity_between_project_export_and_gateway_inputs
[INFO] [stdout]   13:     0x56e5692f29d9 - <igniscope[8da8d7e6b7278bf9]::archive::tests::analytics_schema_has_parity_between_project_export_and_gateway_inputs::{closure#0} as core[df12db4294e9bfd3]::ops::function::FnOnce<()>>::call_once
[INFO] [stdout]   14:     0x56e5693092fb - test[9d35eded1c95d3be]::__rust_begin_short_backtrace::<core[df12db4294e9bfd3]::result::Result<(), alloc[2182bb758b4b3781]::string::String>, fn() -> core[df12db4294e9bfd3]::result::Result<(), alloc[2182bb758b4b3781]::string::String>>
[INFO] [stdout]   15:     0x56e569316965 - test[9d35eded1c95d3be]::run_test::{closure#0}
[INFO] [stdout]   16:     0x56e569310224 - std[70759c8f55707aa4]::sys::backtrace::__rust_begin_short_backtrace::<test[9d35eded1c95d3be]::run_test::{closure#1}, ()>
[INFO] [stdout]   17:     0x56e569319ac2 - <std[70759c8f55707aa4]::thread::lifecycle::spawn_unchecked<test[9d35eded1c95d3be]::run_test::{closure#1}, ()>::{closure#1} as core[df12db4294e9bfd3]::ops::function::FnOnce<()>>::call_once::{shim:vtable#0}
[INFO] [stdout]   18:     0x56e56941ba29 - <std[70759c8f55707aa4]::sys::thread::unix::Thread>::new::thread_start
[INFO] [stdout]   19:     0x77172176edfa - <unknown>
[INFO] [stdout]   20:     0x7717218023d4 - clone
[INFO] [stdout]   21:                0x0 - <unknown>
[INFO] [stdout] 
[INFO] [stdout] ---- archive::tests::project_meta_project_export_fixture_yields_single_record stdout ----
[INFO] [stdout] 
[INFO] [stdout] thread 'archive::tests::project_meta_project_export_fixture_yields_single_record' (1003) panicked at src/archive.rs:1251:57:
[INFO] [stdout] fixture should be inspectable: ArchiveRead { archive_path: "/opt/rustwide/workdir/tests/example-files/Template_v8.3_example.zip", details: "could not open file: No such file or directory (os error 2)" }
[INFO] [stdout] stack backtrace:
[INFO] [stdout]    0:     0x56e56941c151 - <<std[70759c8f55707aa4]::sys::backtrace::BacktraceLock>::print::DisplayBacktrace as core[df12db4294e9bfd3]::fmt::Display>::fmt
[INFO] [stdout]    1:     0x56e5694319ca - core[df12db4294e9bfd3]::fmt::write
[INFO] [stdout]    2:     0x56e5694206fc - <alloc[2182bb758b4b3781]::vec::Vec<u8> as core[df12db4294e9bfd3]::io::write::Write>::write_fmt
[INFO] [stdout]    3:     0x56e5693f83a6 - std[70759c8f55707aa4]::panicking::default_hook::{closure#0}
[INFO] [stdout]    4:     0x56e5694148b9 - std[70759c8f55707aa4]::panicking::default_hook
[INFO] [stdout]    5:     0x56e569316010 - test[9d35eded1c95d3be]::test_main_inner::<test[9d35eded1c95d3be]::test_main_static::{closure#0}>::{closure#0}
[INFO] [stdout]    6:     0x56e569414a72 - std[70759c8f55707aa4]::panicking::panic_with_hook
[INFO] [stdout]    7:     0x56e5693f8452 - std[70759c8f55707aa4]::panicking::panic_handler::{closure#0}
[INFO] [stdout]    8:     0x56e5693f11d9 - std[70759c8f55707aa4]::sys::backtrace::__rust_end_short_backtrace::<std[70759c8f55707aa4]::panicking::panic_handler::{closure#0}, !>
[INFO] [stdout]    9:     0x56e5693f904d - __rustc[8fa7c3cbc660c2b3]::rust_begin_unwind
[INFO] [stdout]   10:     0x56e5694320fc - core[df12db4294e9bfd3]::panicking::panic_fmt
[INFO] [stdout]   11:     0x56e569431ed2 - core[df12db4294e9bfd3]::result::unwrap_failed
[INFO] [stdout]   12:     0x56e5692c3f6b - igniscope[8da8d7e6b7278bf9]::archive::tests::project_meta_project_export_fixture_yields_single_record
[INFO] [stdout]   13:     0x56e5692f2919 - <igniscope[8da8d7e6b7278bf9]::archive::tests::project_meta_project_export_fixture_yields_single_record::{closure#0} as core[df12db4294e9bfd3]::ops::function::FnOnce<()>>::call_once
[INFO] [stdout]   14:     0x56e5693092fb - test[9d35eded1c95d3be]::__rust_begin_short_backtrace::<core[df12db4294e9bfd3]::result::Result<(), alloc[2182bb758b4b3781]::string::String>, fn() -> core[df12db4294e9bfd3]::result::Result<(), alloc[2182bb758b4b3781]::string::String>>
[INFO] [stdout]   15:     0x56e569316965 - test[9d35eded1c95d3be]::run_test::{closure#0}
[INFO] [stdout]   16:     0x56e569310224 - std[70759c8f55707aa4]::sys::backtrace::__rust_begin_short_backtrace::<test[9d35eded1c95d3be]::run_test::{closure#1}, ()>
[INFO] [stdout]   17:     0x56e569319ac2 - <std[70759c8f55707aa4]::thread::lifecycle::spawn_unchecked<test[9d35eded1c95d3be]::run_test::{closure#1}, ()>::{closure#1} as core[df12db4294e9bfd3]::ops::function::FnOnce<()>>::call_once::{shim:vtable#0}
[INFO] [stdout]   18:     0x56e56941ba29 - <std[70759c8f55707aa4]::sys::thread::unix::Thread>::new::thread_start
[INFO] [stdout]   19:     0x77172176edfa - <unknown>
[INFO] [stdout]   20:     0x7717218023d4 - clone
[INFO] [stdout]   21:                0x0 - <unknown>
[INFO] [stdout] 
[INFO] [stdout] ---- archive::tests::project_roots_for_project_export_is_root_only stdout ----
[INFO] [stdout] 
[INFO] [stdout] thread 'archive::tests::project_roots_for_project_export_is_root_only' (1005) panicked at src/archive.rs:1175:14:
[INFO] [stdout] fixture should be inspectable: ArchiveRead { archive_path: "/opt/rustwide/workdir/tests/example-files/Template_v8.3_example.zip", details: "could not open file: No such file or directory (os error 2)" }
[INFO] [stdout] stack backtrace:
[INFO] [stdout]    0:     0x56e56941c151 - <<std[70759c8f55707aa4]::sys::backtrace::BacktraceLock>::print::DisplayBacktrace as core[df12db4294e9bfd3]::fmt::Display>::fmt
[INFO] [stdout]    1:     0x56e5694319ca - core[df12db4294e9bfd3]::fmt::write
[INFO] [stdout]    2:     0x56e5694206fc - <alloc[2182bb758b4b3781]::vec::Vec<u8> as core[df12db4294e9bfd3]::io::write::Write>::write_fmt
[INFO] [stdout]    3:     0x56e5693f83a6 - std[70759c8f55707aa4]::panicking::default_hook::{closure#0}
[INFO] [stdout]    4:     0x56e5694148b9 - std[70759c8f55707aa4]::panicking::default_hook
[INFO] [stdout]    5:     0x56e569316010 - test[9d35eded1c95d3be]::test_main_inner::<test[9d35eded1c95d3be]::test_main_static::{closure#0}>::{closure#0}
[INFO] [stdout]    6:     0x56e569414a72 - std[70759c8f55707aa4]::panicking::panic_with_hook
[INFO] [stdout]    7:     0x56e5693f8452 - std[70759c8f55707aa4]::panicking::panic_handler::{closure#0}
[INFO] [stdout]    8:     0x56e5693f11d9 - std[70759c8f55707aa4]::sys::backtrace::__rust_end_short_backtrace::<std[70759c8f55707aa4]::panicking::panic_handler::{closure#0}, !>
[INFO] [stdout]    9:     0x56e5693f904d - __rustc[8fa7c3cbc660c2b3]::rust_begin_unwind
[INFO] [stdout]   10:     0x56e5694320fc - core[df12db4294e9bfd3]::panicking::panic_fmt
[INFO] [stdout]   11:     0x56e569431ed2 - core[df12db4294e9bfd3]::result::unwrap_failed
[INFO] [stdout]   12:     0x56e5692c0923 - igniscope[8da8d7e6b7278bf9]::archive::tests::project_roots_for_project_export_is_root_only
[INFO] [stdout]   13:     0x56e5692f27b9 - <igniscope[8da8d7e6b7278bf9]::archive::tests::project_roots_for_project_export_is_root_only::{closure#0} as core[df12db4294e9bfd3]::ops::function::FnOnce<()>>::call_once
[INFO] [stdout]   14:     0x56e5693092fb - test[9d35eded1c95d3be]::__rust_begin_short_backtrace::<core[df12db4294e9bfd3]::result::Result<(), alloc[2182bb758b4b3781]::string::String>, fn() -> core[df12db4294e9bfd3]::result::Result<(), alloc[2182bb758b4b3781]::string::String>>
[INFO] [stdout]   15:     0x56e569316965 - test[9d35eded1c95d3be]::run_test::{closure#0}
[INFO] [stdout]   16:     0x56e569310224 - std[70759c8f55707aa4]::sys::backtrace::__rust_begin_short_backtrace::<test[9d35eded1c95d3be]::run_test::{closure#1}, ()>
[INFO] [stdout]   17:     0x56e569319ac2 - <std[70759c8f55707aa4]::thread::lifecycle::spawn_unchecked<test[9d35eded1c95d3be]::run_test::{closure#1}, ()>::{closure#1} as core[df12db4294e9bfd3]::ops::function::FnOnce<()>>::call_once::{shim:vtable#0}
[INFO] [stdout]   18:     0x56e56941ba29 - <std[70759c8f55707aa4]::sys::thread::unix::Thread>::new::thread_start
[INFO] [stdout]   19:     0x77172176edfa - <unknown>
[INFO] [stdout]   20:     0x7717218023d4 - clone
[INFO] [stdout]   21:                0x0 - <unknown>
[INFO] [stdout] 
[INFO] [stdout] ---- archive::tests::archive_kind_detects_unknown_fixture_as_error stdout ----
[INFO] [stdout] 
[INFO] [stdout] thread 'archive::tests::archive_kind_detects_unknown_fixture_as_error' (995) panicked at src/archive.rs:1168:22:
[INFO] [stdout] expected project root detection error, got: ArchiveRead { archive_path: "/opt/rustwide/workdir/tests/example-files/data_center_industry_pack.1.1.0.zip", details: "could not open file: No such file or directory (os error 2)" }
[INFO] [stdout] stack backtrace:
[INFO] [stdout]    0:     0x56e56941c151 - <<std[70759c8f55707aa4]::sys::backtrace::BacktraceLock>::print::DisplayBacktrace as core[df12db4294e9bfd3]::fmt::Display>::fmt
[INFO] [stdout]    1:     0x56e5694319ca - core[df12db4294e9bfd3]::fmt::write
[INFO] [stdout]    2:     0x56e5694206fc - <alloc[2182bb758b4b3781]::vec::Vec<u8> as core[df12db4294e9bfd3]::io::write::Write>::write_fmt
[INFO] [stdout]    3:     0x56e5693f83a6 - std[70759c8f55707aa4]::panicking::default_hook::{closure#0}
[INFO] [stdout]    4:     0x56e5694148b9 - std[70759c8f55707aa4]::panicking::default_hook
[INFO] [stdout]    5:     0x56e569316010 - test[9d35eded1c95d3be]::test_main_inner::<test[9d35eded1c95d3be]::test_main_static::{closure#0}>::{closure#0}
[INFO] [stdout]    6:     0x56e569414a72 - std[70759c8f55707aa4]::panicking::panic_with_hook
[INFO] [stdout]    7:     0x56e5693f8452 - std[70759c8f55707aa4]::panicking::panic_handler::{closure#0}
[INFO] [stdout]    8:     0x56e5693f11d9 - std[70759c8f55707aa4]::sys::backtrace::__rust_end_short_backtrace::<std[70759c8f55707aa4]::panicking::panic_handler::{closure#0}, !>
[INFO] [stdout]    9:     0x56e5693f904d - __rustc[8fa7c3cbc660c2b3]::rust_begin_unwind
[INFO] [stdout]   10:     0x56e5694320fc - core[df12db4294e9bfd3]::panicking::panic_fmt
[INFO] [stdout]   11:     0x56e5692c05f6 - igniscope[8da8d7e6b7278bf9]::archive::tests::archive_kind_detects_unknown_fixture_as_error
[INFO] [stdout]   12:     0x56e5692f2799 - <igniscope[8da8d7e6b7278bf9]::archive::tests::archive_kind_detects_unknown_fixture_as_error::{closure#0} as core[df12db4294e9bfd3]::ops::function::FnOnce<()>>::call_once
[INFO] [stdout]   13:     0x56e5693092fb - test[9d35eded1c95d3be]::__rust_begin_short_backtrace::<core[df12db4294e9bfd3]::result::Result<(), alloc[2182bb758b4b3781]::string::String>, fn() -> core[df12db4294e9bfd3]::result::Result<(), alloc[2182bb758b4b3781]::string::String>>
[INFO] [stdout]   14:     0x56e569316965 - test[9d35eded1c95d3be]::run_test::{closure#0}
[INFO] [stdout]   15:     0x56e569310224 - std[70759c8f55707aa4]::sys::backtrace::__rust_begin_short_backtrace::<test[9d35eded1c95d3be]::run_test::{closure#1}, ()>
[INFO] [stdout]   16:     0x56e569319ac2 - <std[70759c8f55707aa4]::thread::lifecycle::spawn_unchecked<test[9d35eded1c95d3be]::run_test::{closure#1}, ()>::{closure#1} as core[df12db4294e9bfd3]::ops::function::FnOnce<()>>::call_once::{shim:vtable#0}
[INFO] [stdout]   17:     0x56e56941ba29 - <std[70759c8f55707aa4]::sys::thread::unix::Thread>::new::thread_start
[INFO] [stdout]   18:     0x77172176edfa - <unknown>
[INFO] [stdout]   19:     0x7717218023d4 - clone
[INFO] [stdout]   20:                0x0 - <unknown>
[INFO] [stdout] 
[INFO] [stdout] ---- archive::tests::archive_kind_detects_project_export_fixture stdout ----
[INFO] [stdout] 
[INFO] [stdout] thread 'archive::tests::archive_kind_detects_project_export_fixture' (994) panicked at src/archive.rs:1150:14:
[INFO] [stdout] fixture should be inspectable: ArchiveRead { archive_path: "/opt/rustwide/workdir/tests/example-files/Template_v8.3_example.zip", details: "could not open file: No such file or directory (os error 2)" }
[INFO] [stdout] stack backtrace:
[INFO] [stdout]    0:     0x56e56941c151 - <<std[70759c8f55707aa4]::sys::backtrace::BacktraceLock>::print::DisplayBacktrace as core[df12db4294e9bfd3]::fmt::Display>::fmt
[INFO] [stdout]    1:     0x56e5694319ca - core[df12db4294e9bfd3]::fmt::write
[INFO] [stdout]    2:     0x56e5694206fc - <alloc[2182bb758b4b3781]::vec::Vec<u8> as core[df12db4294e9bfd3]::io::write::Write>::write_fmt
[INFO] [stdout]    3:     0x56e5693f83a6 - std[70759c8f55707aa4]::panicking::default_hook::{closure#0}
[INFO] [stdout]    4:     0x56e5694148b9 - std[70759c8f55707aa4]::panicking::default_hook
[INFO] [stdout]    5:     0x56e569316010 - test[9d35eded1c95d3be]::test_main_inner::<test[9d35eded1c95d3be]::test_main_static::{closure#0}>::{closure#0}
[INFO] [stdout]    6:     0x56e569414a72 - std[70759c8f55707aa4]::panicking::panic_with_hook
[INFO] [stdout]    7:     0x56e5693f8452 - std[70759c8f55707aa4]::panicking::panic_handler::{closure#0}
[INFO] [stdout]    8:     0x56e5693f11d9 - std[70759c8f55707aa4]::sys::backtrace::__rust_end_short_backtrace::<std[70759c8f55707aa4]::panicking::panic_handler::{closure#0}, !>
[INFO] [stdout]    9:     0x56e5693f904d - __rustc[8fa7c3cbc660c2b3]::rust_begin_unwind
[INFO] [stdout]   10:     0x56e5694320fc - core[df12db4294e9bfd3]::panicking::panic_fmt
[INFO] [stdout]   11:     0x56e569431ed2 - core[df12db4294e9bfd3]::result::unwrap_failed
[INFO] [stdout]   12:     0x56e5692bff30 - igniscope[8da8d7e6b7278bf9]::archive::tests::archive_kind_detects_project_export_fixture
[INFO] [stdout]   13:     0x56e5692f2759 - <igniscope[8da8d7e6b7278bf9]::archive::tests::archive_kind_detects_project_export_fixture::{closure#0} as core[df12db4294e9bfd3]::ops::function::FnOnce<()>>::call_once
[INFO] [stdout]   14:     0x56e5693092fb - test[9d35eded1c95d3be]::__rust_begin_short_backtrace::<core[df12db4294e9bfd3]::result::Result<(), alloc[2182bb758b4b3781]::string::String>, fn() -> core[df12db4294e9bfd3]::result::Result<(), alloc[2182bb758b4b3781]::string::String>>
[INFO] [stdout]   15:     0x56e569316965 - test[9d35eded1c95d3be]::run_test::{closure#0}
[INFO] [stdout]   16:     0x56e569310224 - std[70759c8f55707aa4]::sys::backtrace::__rust_begin_short_backtrace::<test[9d35eded1c95d3be]::run_test::{closure#1}, ()>
[INFO] [stdout]   17:     0x56e569319ac2 - <std[70759c8f55707aa4]::thread::lifecycle::spawn_unchecked<test[9d35eded1c95d3be]::run_test::{closure#1}, ()>::{closure#1} as core[df12db4294e9bfd3]::ops::function::FnOnce<()>>::call_once::{shim:vtable#0}
[INFO] [stdout]   18:     0x56e56941ba29 - <std[70759c8f55707aa4]::sys::thread::unix::Thread>::new::thread_start
[INFO] [stdout]   19:     0x77172176edfa - <unknown>
[INFO] [stdout]   20:     0x7717218023d4 - clone
[INFO] [stdout]   21:                0x0 - <unknown>
[INFO] [stdout] 
[INFO] [stdout] ---- archive::tests::archive_kind_detects_gateway_backup_fixture stdout ----
[INFO] [stdout] 
[INFO] [stdout] thread 'archive::tests::archive_kind_detects_gateway_backup_fixture' (993) panicked at src/archive.rs:1157:14:
[INFO] [stdout] fixture should be inspectable: ArchiveRead { archive_path: "/opt/rustwide/workdir/tests/example-files/multi-project.gwbk", details: "could not open file: No such file or directory (os error 2)" }
[INFO] [stdout] stack backtrace:
[INFO] [stdout]    0:     0x56e56941c151 - <<std[70759c8f55707aa4]::sys::backtrace::BacktraceLock>::print::DisplayBacktrace as core[df12db4294e9bfd3]::fmt::Display>::fmt
[INFO] [stdout]    1:     0x56e5694319ca - core[df12db4294e9bfd3]::fmt::write
[INFO] [stdout]    2:     0x56e5694206fc - <alloc[2182bb758b4b3781]::vec::Vec<u8> as core[df12db4294e9bfd3]::io::write::Write>::write_fmt
[INFO] [stdout]    3:     0x56e5693f83a6 - std[70759c8f55707aa4]::panicking::default_hook::{closure#0}
[INFO] [stdout]    4:     0x56e5694148b9 - std[70759c8f55707aa4]::panicking::default_hook
[INFO] [stdout]    5:     0x56e569316010 - test[9d35eded1c95d3be]::test_main_inner::<test[9d35eded1c95d3be]::test_main_static::{closure#0}>::{closure#0}
[INFO] [stdout]    6:     0x56e569414a72 - std[70759c8f55707aa4]::panicking::panic_with_hook
[INFO] [stdout]    7:     0x56e5693f8452 - std[70759c8f55707aa4]::panicking::panic_handler::{closure#0}
[INFO] [stdout]    8:     0x56e5693f11d9 - std[70759c8f55707aa4]::sys::backtrace::__rust_end_short_backtrace::<std[70759c8f55707aa4]::panicking::panic_handler::{closure#0}, !>
[INFO] [stdout]    9:     0x56e5693f904d - __rustc[8fa7c3cbc660c2b3]::rust_begin_unwind
[INFO] [stdout]   10:     0x56e5694320fc - core[df12db4294e9bfd3]::panicking::panic_fmt
[INFO] [stdout]   11:     0x56e569431ed2 - core[df12db4294e9bfd3]::result::unwrap_failed
[INFO] [stdout]   12:     0x56e5692bfd90 - igniscope[8da8d7e6b7278bf9]::archive::tests::archive_kind_detects_gateway_backup_fixture
[INFO] [stdout]   13:     0x56e5692f2739 - <igniscope[8da8d7e6b7278bf9]::archive::tests::archive_kind_detects_gateway_backup_fixture::{closure#0} as core[df12db4294e9bfd3]::ops::function::FnOnce<()>>::call_once
[INFO] [stdout]   14:     0x56e5693092fb - test[9d35eded1c95d3be]::__rust_begin_short_backtrace::<core[df12db4294e9bfd3]::result::Result<(), alloc[2182bb758b4b3781]::string::String>, fn() -> core[df12db4294e9bfd3]::result::Result<(), alloc[2182bb758b4b3781]::string::String>>
[INFO] [stdout]   15:     0x56e569316965 - test[9d35eded1c95d3be]::run_test::{closure#0}
[INFO] [stdout]   16:     0x56e569310224 - std[70759c8f55707aa4]::sys::backtrace::__rust_begin_short_backtrace::<test[9d35eded1c95d3be]::run_test::{closure#1}, ()>
[INFO] [stdout]   17:     0x56e569319ac2 - <std[70759c8f55707aa4]::thread::lifecycle::spawn_unchecked<test[9d35eded1c95d3be]::run_test::{closure#1}, ()>::{closure#1} as core[df12db4294e9bfd3]::ops::function::FnOnce<()>>::call_once::{shim:vtable#0}
[INFO] [stdout]   18:     0x56e56941ba29 - <std[70759c8f55707aa4]::sys::thread::unix::Thread>::new::thread_start
[INFO] [stdout]   19:     0x77172176edfa - <unknown>
[INFO] [stdout]   20:     0x7717218023d4 - clone
[INFO] [stdout]   21:                0x0 - <unknown>
[INFO] [stdout] 
[INFO] [stdout] ---- archive::tests::resource_discovery_gateway_backup_counts_expected_resources_per_project stdout ----
[INFO] [stdout] 
[INFO] [stdout] thread 'archive::tests::resource_discovery_gateway_backup_counts_expected_resources_per_project' (1008) panicked at src/archive.rs:1320:86:
[INFO] [stdout] called `Result::unwrap()` on an `Err` value: ArchiveRead { archive_path: "/opt/rustwide/workdir/tests/example-files/multi-project.gwbk", details: "could not open file: No such file or directory (os error 2)" }
[INFO] [stdout] stack backtrace:
[INFO] [stdout]    0:     0x56e56941c151 - <<std[70759c8f55707aa4]::sys::backtrace::BacktraceLock>::print::DisplayBacktrace as core[df12db4294e9bfd3]::fmt::Display>::fmt
[INFO] [stdout]    1:     0x56e5694319ca - core[df12db4294e9bfd3]::fmt::write
[INFO] [stdout]    2:     0x56e5694206fc - <alloc[2182bb758b4b3781]::vec::Vec<u8> as core[df12db4294e9bfd3]::io::write::Write>::write_fmt
[INFO] [stdout]    3:     0x56e5693f83a6 - std[70759c8f55707aa4]::panicking::default_hook::{closure#0}
[INFO] [stdout]    4:     0x56e5694148b9 - std[70759c8f55707aa4]::panicking::default_hook
[INFO] [stdout]    5:     0x56e569316010 - test[9d35eded1c95d3be]::test_main_inner::<test[9d35eded1c95d3be]::test_main_static::{closure#0}>::{closure#0}
[INFO] [stdout]    6:     0x56e569414a72 - std[70759c8f55707aa4]::panicking::panic_with_hook
[INFO] [stdout]    7:     0x56e5693f8452 - std[70759c8f55707aa4]::panicking::panic_handler::{closure#0}
[INFO] [stdout]    8:     0x56e5693f11d9 - std[70759c8f55707aa4]::sys::backtrace::__rust_end_short_backtrace::<std[70759c8f55707aa4]::panicking::panic_handler::{closure#0}, !>
[INFO] [stdout]    9:     0x56e5693f904d - __rustc[8fa7c3cbc660c2b3]::rust_begin_unwind
[INFO] [stdout]   10:     0x56e5694320fc - core[df12db4294e9bfd3]::panicking::panic_fmt
[INFO] [stdout]   11:     0x56e569431ed2 - core[df12db4294e9bfd3]::result::unwrap_failed
[INFO] [stdout]   12:     0x56e5692c97b3 - igniscope[8da8d7e6b7278bf9]::archive::tests::resource_discovery_gateway_backup_counts_expected_resources_per_project
[INFO] [stdout]   13:     0x56e5692f2a19 - <igniscope[8da8d7e6b7278bf9]::archive::tests::resource_discovery_gateway_backup_counts_expected_resources_per_project::{closure#0} as core[df12db4294e9bfd3]::ops::function::FnOnce<()>>::call_once
[INFO] [stdout]   14:     0x56e5693092fb - test[9d35eded1c95d3be]::__rust_begin_short_backtrace::<core[df12db4294e9bfd3]::result::Result<(), alloc[2182bb758b4b3781]::string::String>, fn() -> core[df12db4294e9bfd3]::result::Result<(), alloc[2182bb758b4b3781]::string::String>>
[INFO] [stdout]   15:     0x56e569316965 - test[9d35eded1c95d3be]::run_test::{closure#0}
[INFO] [stdout]   16:     0x56e569310224 - std[70759c8f55707aa4]::sys::backtrace::__rust_begin_short_backtrace::<test[9d35eded1c95d3be]::run_test::{closure#1}, ()>
[INFO] [stdout]   17:     0x56e569319ac2 - <std[70759c8f55707aa4]::thread::lifecycle::spawn_unchecked<test[9d35eded1c95d3be]::run_test::{closure#1}, ()>::{closure#1} as core[df12db4294e9bfd3]::ops::function::FnOnce<()>>::call_once::{shim:vtable#0}
[INFO] [stdout]   18:     0x56e56941ba29 - <std[70759c8f55707aa4]::sys::thread::unix::Thread>::new::thread_start
[INFO] [stdout]   19:     0x77172176edfa - <unknown>
[INFO] [stdout]   20:     0x7717218023d4 - clone
[INFO] [stdout]   21:                0x0 - <unknown>
[INFO] [stdout] 
[INFO] [stdout] ---- archive::tests::resource_discovery_is_deterministic_between_runs stdout ----
[INFO] [stdout] 
[INFO] [stdout] thread 'archive::tests::resource_discovery_is_deterministic_between_runs' (1009) panicked at src/archive.rs:1344:68:
[INFO] [stdout] called `Result::unwrap()` on an `Err` value: ArchiveRead { archive_path: "/opt/rustwide/workdir/tests/example-files/Template_v8.3_example.zip", details: "could not open file: No such file or directory (os error 2)" }
[INFO] [stdout] stack backtrace:
[INFO] [stdout]    0:     0x56e56941c151 - <<std[70759c8f55707aa4]::sys::backtrace::BacktraceLock>::print::DisplayBacktrace as core[df12db4294e9bfd3]::fmt::Display>::fmt
[INFO] [stdout]    1:     0x56e5694319ca - core[df12db4294e9bfd3]::fmt::write
[INFO] [stdout]    2:     0x56e5694206fc - <alloc[2182bb758b4b3781]::vec::Vec<u8> as core[df12db4294e9bfd3]::io::write::Write>::write_fmt
[INFO] [stdout]    3:     0x56e5693f83a6 - std[70759c8f55707aa4]::panicking::default_hook::{closure#0}
[INFO] [stdout]    4:     0x56e5694148b9 - std[70759c8f55707aa4]::panicking::default_hook
[INFO] [stdout]    5:     0x56e569316010 - test[9d35eded1c95d3be]::test_main_inner::<test[9d35eded1c95d3be]::test_main_static::{closure#0}>::{closure#0}
[INFO] [stdout]    6:     0x56e569414a72 - std[70759c8f55707aa4]::panicking::panic_with_hook
[INFO] [stdout]    7:     0x56e5693f8452 - std[70759c8f55707aa4]::panicking::panic_handler::{closure#0}
[INFO] [stdout]    8:     0x56e5693f11d9 - std[70759c8f55707aa4]::sys::backtrace::__rust_end_short_backtrace::<std[70759c8f55707aa4]::panicking::panic_handler::{closure#0}, !>
[INFO] [stdout]    9:     0x56e5693f904d - __rustc[8fa7c3cbc660c2b3]::rust_begin_unwind
[INFO] [stdout]   10:     0x56e5694320fc - core[df12db4294e9bfd3]::panicking::panic_fmt
[INFO] [stdout]   11:     0x56e569431ed2 - core[df12db4294e9bfd3]::result::unwrap_failed
[INFO] [stdout]   12:     0x56e5692c0ec1 - igniscope[8da8d7e6b7278bf9]::archive::tests::resource_discovery_is_deterministic_between_runs
[INFO] [stdout]   13:     0x56e5692f2819 - <igniscope[8da8d7e6b7278bf9]::archive::tests::resource_discovery_is_deterministic_between_runs::{closure#0} as core[df12db4294e9bfd3]::ops::function::FnOnce<()>>::call_once
[INFO] [stdout]   14:     0x56e5693092fb - test[9d35eded1c95d3be]::__rust_begin_short_backtrace::<core[df12db4294e9bfd3]::result::Result<(), alloc[2182bb758b4b3781]::string::String>, fn() -> core[df12db4294e9bfd3]::result::Result<(), alloc[2182bb758b4b3781]::string::String>>
[INFO] [stdout]   15:     0x56e569316965 - test[9d35eded1c95d3be]::run_test::{closure#0}
[INFO] [stdout]   16:     0x56e569310224 - std[70759c8f55707aa4]::sys::backtrace::__rust_begin_short_backtrace::<test[9d35eded1c95d3be]::run_test::{closure#1}, ()>
[INFO] [stdout]   17:     0x56e569319ac2 - <std[70759c8f55707aa4]::thread::lifecycle::spawn_unchecked<test[9d35eded1c95d3be]::run_test::{closure#1}, ()>::{closure#1} as core[df12db4294e9bfd3]::ops::function::FnOnce<()>>::call_once::{shim:vtable#0}
[INFO] [stdout]   18:     0x56e56941ba29 - <std[70759c8f55707aa4]::sys::thread::unix::Thread>::new::thread_start
[INFO] [stdout]   19:     0x77172176edfa - <unknown>
[INFO] [stdout]   20:     0x7717218023d4 - clone
[INFO] [stdout]   21:                0x0 - <unknown>
[INFO] [stdout] 
[INFO] [stdout] ---- archive::tests::resource_discovery_project_export_counts_expected_resources stdout ----
[INFO] [stdout] 
[INFO] [stdout] thread 'archive::tests::resource_discovery_project_export_counts_expected_resources' (1010) panicked at src/archive.rs:1296:72:
[INFO] [stdout] called `Result::unwrap()` on an `Err` value: ArchiveRead { archive_path: "/opt/rustwide/workdir/tests/example-files/Template_v8.3_example.zip", details: "could not open file: No such file or directory (os error 2)" }
[INFO] [stdout] stack backtrace:
[INFO] [stdout]    0:     0x56e56941c151 - <<std[70759c8f55707aa4]::sys::backtrace::BacktraceLock>::print::DisplayBacktrace as core[df12db4294e9bfd3]::fmt::Display>::fmt
[INFO] [stdout]    1:     0x56e5694319ca - core[df12db4294e9bfd3]::fmt::write
[INFO] [stdout]    2:     0x56e5694206fc - <alloc[2182bb758b4b3781]::vec::Vec<u8> as core[df12db4294e9bfd3]::io::write::Write>::write_fmt
[INFO] [stdout]    3:     0x56e5693f83a6 - std[70759c8f55707aa4]::panicking::default_hook::{closure#0}
[INFO] [stdout]    4:     0x56e5694148b9 - std[70759c8f55707aa4]::panicking::default_hook
[INFO] [stdout]    5:     0x56e569316010 - test[9d35eded1c95d3be]::test_main_inner::<test[9d35eded1c95d3be]::test_main_static::{closure#0}>::{closure#0}
[INFO] [stdout]    6:     0x56e569414a72 - std[70759c8f55707aa4]::panicking::panic_with_hook
[INFO] [stdout]    7:     0x56e5693f8452 - std[70759c8f55707aa4]::panicking::panic_handler::{closure#0}
[INFO] [stdout]    8:     0x56e5693f11d9 - std[70759c8f55707aa4]::sys::backtrace::__rust_end_short_backtrace::<std[70759c8f55707aa4]::panicking::panic_handler::{closure#0}, !>
[INFO] [stdout]    9:     0x56e5693f904d - __rustc[8fa7c3cbc660c2b3]::rust_begin_unwind
[INFO] [stdout]   10:     0x56e5694320fc - core[df12db4294e9bfd3]::panicking::panic_fmt
[INFO] [stdout]   11:     0x56e569431ed2 - core[df12db4294e9bfd3]::result::unwrap_failed
[INFO] [stdout]   12:     0x56e5692c46ef - igniscope[8da8d7e6b7278bf9]::archive::tests::resource_discovery_project_export_counts_expected_resources
[INFO] [stdout]   13:     0x56e5692f2959 - <igniscope[8da8d7e6b7278bf9]::archive::tests::resource_discovery_project_export_counts_expected_resources::{closure#0} as core[df12db4294e9bfd3]::ops::function::FnOnce<()>>::call_once
[INFO] [stdout]   14:     0x56e5693092fb - test[9d35eded1c95d3be]::__rust_begin_short_backtrace::<core[df12db4294e9bfd3]::result::Result<(), alloc[2182bb758b4b3781]::string::String>, fn() -> core[df12db4294e9bfd3]::result::Result<(), alloc[2182bb758b4b3781]::string::String>>
[INFO] [stdout]   15:     0x56e569316965 - test[9d35eded1c95d3be]::run_test::{closure#0}
[INFO] [stdout]   16:     0x56e569310224 - std[70759c8f55707aa4]::sys::backtrace::__rust_begin_short_backtrace::<test[9d35eded1c95d3be]::run_test::{closure#1}, ()>
[INFO] [stdout]   17:     0x56e569319ac2 - <std[70759c8f55707aa4]::thread::lifecycle::spawn_unchecked<test[9d35eded1c95d3be]::run_test::{closure#1}, ()>::{closure#1} as core[df12db4294e9bfd3]::ops::function::FnOnce<()>>::call_once::{shim:vtable#0}
[INFO] [stdout]   18:     0x56e56941ba29 - <std[70759c8f55707aa4]::sys::thread::unix::Thread>::new::thread_start
[INFO] [stdout]   19:     0x77172176edfa - <unknown>
[INFO] [stdout]   20:     0x7717218023d4 - clone
[INFO] [stdout]   21:                0x0 - <unknown>
[INFO] [stdout] 
[INFO] [stdout] ---- archive::tests::project_meta_multi_project_fixture_preserves_selected_root_order stdout ----
[INFO] [stdout] 
[INFO] [stdout] thread 'archive::tests::project_meta_multi_project_fixture_preserves_selected_root_order' (1002) panicked at src/archive.rs:1269:83:
[INFO] [stdout] called `Result::unwrap()` on an `Err` value: ArchiveRead { archive_path: "/opt/rustwide/workdir/tests/example-files/multi-project.gwbk", details: "could not open file: No such file or directory (os error 2)" }
[INFO] [stdout] stack backtrace:
[INFO] [stdout]    0:     0x56e56941c151 - <<std[70759c8f55707aa4]::sys::backtrace::BacktraceLock>::print::DisplayBacktrace as core[df12db4294e9bfd3]::fmt::Display>::fmt
[INFO] [stdout]    1:     0x56e5694319ca - core[df12db4294e9bfd3]::fmt::write
[INFO] [stdout]    2:     0x56e5694206fc - <alloc[2182bb758b4b3781]::vec::Vec<u8> as core[df12db4294e9bfd3]::io::write::Write>::write_fmt
[INFO] [stdout]    3:     0x56e5693f83a6 - std[70759c8f55707aa4]::panicking::default_hook::{closure#0}
[INFO] [stdout]    4:     0x56e5694148b9 - std[70759c8f55707aa4]::panicking::default_hook
[INFO] [stdout]    5:     0x56e569316010 - test[9d35eded1c95d3be]::test_main_inner::<test[9d35eded1c95d3be]::test_main_static::{closure#0}>::{closure#0}
[INFO] [stdout]    6:     0x56e569414a72 - std[70759c8f55707aa4]::panicking::panic_with_hook
[INFO] [stdout]    7:     0x56e5693f8452 - std[70759c8f55707aa4]::panicking::panic_handler::{closure#0}
[INFO] [stdout]    8:     0x56e5693f11d9 - std[70759c8f55707aa4]::sys::backtrace::__rust_end_short_backtrace::<std[70759c8f55707aa4]::panicking::panic_handler::{closure#0}, !>
[INFO] [stdout]    9:     0x56e5693f904d - __rustc[8fa7c3cbc660c2b3]::rust_begin_unwind
[INFO] [stdout]   10:     0x56e5694320fc - core[df12db4294e9bfd3]::panicking::panic_fmt
[INFO] [stdout]   11:     0x56e569431ed2 - core[df12db4294e9bfd3]::result::unwrap_failed
[INFO] [stdout]   12:     0x56e5692c6bbc - igniscope[8da8d7e6b7278bf9]::archive::tests::project_meta_multi_project_fixture_preserves_selected_root_order
[INFO] [stdout]   13:     0x56e5692f29b9 - <igniscope[8da8d7e6b7278bf9]::archive::tests::project_meta_multi_project_fixture_preserves_selected_root_order::{closure#0} as core[df12db4294e9bfd3]::ops::function::FnOnce<()>>::call_once
[INFO] [stdout]   14:     0x56e5693092fb - test[9d35eded1c95d3be]::__rust_begin_short_backtrace::<core[df12db4294e9bfd3]::result::Result<(), alloc[2182bb758b4b3781]::string::String>, fn() -> core[df12db4294e9bfd3]::result::Result<(), alloc[2182bb758b4b3781]::string::String>>
[INFO] [stdout]   15:     0x56e569316965 - test[9d35eded1c95d3be]::run_test::{closure#0}
[INFO] [stdout]   16:     0x56e569310224 - std[70759c8f55707aa4]::sys::backtrace::__rust_begin_short_backtrace::<test[9d35eded1c95d3be]::run_test::{closure#1}, ()>
[INFO] [stdout]   17:     0x56e569319ac2 - <std[70759c8f55707aa4]::thread::lifecycle::spawn_unchecked<test[9d35eded1c95d3be]::run_test::{closure#1}, ()>::{closure#1} as core[df12db4294e9bfd3]::ops::function::FnOnce<()>>::call_once::{shim:vtable#0}
[INFO] [stdout]   18:     0x56e56941ba29 - <std[70759c8f55707aa4]::sys::thread::unix::Thread>::new::thread_start
[INFO] [stdout]   19:     0x77172176edfa - <unknown>
[INFO] [stdout]   20:     0x7717218023d4 - clone
[INFO] [stdout]   21:                0x0 - <unknown>
[INFO] [stdout] 
[INFO] [stdout] ---- archive::tests::project_roots_for_multi_project_gateway_are_sorted stdout ----
[INFO] [stdout] 
[INFO] [stdout] thread 'archive::tests::project_roots_for_multi_project_gateway_are_sorted' (1004) panicked at src/archive.rs:1189:14:
[INFO] [stdout] fixture should be inspectable: ArchiveRead { archive_path: "/opt/rustwide/workdir/tests/example-files/multi-project.gwbk", details: "could not open file: No such file or directory (os error 2)" }
[INFO] [stdout] stack backtrace:
[INFO] [stdout]    0:     0x56e56941c151 - <<std[70759c8f55707aa4]::sys::backtrace::BacktraceLock>::print::DisplayBacktrace as core[df12db4294e9bfd3]::fmt::Display>::fmt
[INFO] [stdout]    1:     0x56e5694319ca - core[df12db4294e9bfd3]::fmt::write
[INFO] [stdout]    2:     0x56e5694206fc - <alloc[2182bb758b4b3781]::vec::Vec<u8> as core[df12db4294e9bfd3]::io::write::Write>::write_fmt
[INFO] [stdout]    3:     0x56e5693f83a6 - std[70759c8f55707aa4]::panicking::default_hook::{closure#0}
[INFO] [stdout]    4:     0x56e5694148b9 - std[70759c8f55707aa4]::panicking::default_hook
[INFO] [stdout]    5:     0x56e569316010 - test[9d35eded1c95d3be]::test_main_inner::<test[9d35eded1c95d3be]::test_main_static::{closure#0}>::{closure#0}
[INFO] [stdout]    6:     0x56e569414a72 - std[70759c8f55707aa4]::panicking::panic_with_hook
[INFO] [stdout]    7:     0x56e5693f8452 - std[70759c8f55707aa4]::panicking::panic_handler::{closure#0}
[INFO] [stdout]    8:     0x56e5693f11d9 - std[70759c8f55707aa4]::sys::backtrace::__rust_end_short_backtrace::<std[70759c8f55707aa4]::panicking::panic_handler::{closure#0}, !>
[INFO] [stdout]    9:     0x56e5693f904d - __rustc[8fa7c3cbc660c2b3]::rust_begin_unwind
[INFO] [stdout]   10:     0x56e5694320fc - core[df12db4294e9bfd3]::panicking::panic_fmt
[INFO] [stdout]   11:     0x56e569431ed2 - core[df12db4294e9bfd3]::result::unwrap_failed
[INFO] [stdout]   12:     0x56e5692c309a - igniscope[8da8d7e6b7278bf9]::archive::tests::project_roots_for_multi_project_gateway_are_sorted
[INFO] [stdout]   13:     0x56e5692f2899 - <igniscope[8da8d7e6b7278bf9]::archive::tests::project_roots_for_multi_project_gateway_are_sorted::{closure#0} as core[df12db4294e9bfd3]::ops::function::FnOnce<()>>::call_once
[INFO] [stdout]   14:     0x56e5693092fb - test[9d35eded1c95d3be]::__rust_begin_short_backtrace::<core[df12db4294e9bfd3]::result::Result<(), alloc[2182bb758b4b3781]::string::String>, fn() -> core[df12db4294e9bfd3]::result::Result<(), alloc[2182bb758b4b3781]::string::String>>
[INFO] [stdout]   15:     0x56e569316965 - test[9d35eded1c95d3be]::run_test::{closure#0}
[INFO] [stdout]   16:     0x56e569310224 - std[70759c8f55707aa4]::sys::backtrace::__rust_begin_short_backtrace::<test[9d35eded1c95d3be]::run_test::{closure#1}, ()>
[INFO] [stdout]   17:     0x56e569319ac2 - <std[70759c8f55707aa4]::thread::lifecycle::spawn_unchecked<test[9d35eded1c95d3be]::run_test::{closure#1}, ()>::{closure#1} as core[df12db4294e9bfd3]::ops::function::FnOnce<()>>::call_once::{shim:vtable#0}
[INFO] [stdout]   18:     0x56e56941ba29 - <std[70759c8f55707aa4]::sys::thread::unix::Thread>::new::thread_start
[INFO] [stdout]   19:     0x77172176edfa - <unknown>
[INFO] [stdout]   20:     0x7717218023d4 - clone
[INFO] [stdout]   21:                0x0 - <unknown>
[INFO] [stdout] 
[INFO] [stdout] 
[INFO] [stdout] failures:
[INFO] [stdout]     archive::tests::analytics_aggregation_matches_project_entries_for_multi_project_fixture
[INFO] [stdout]     archive::tests::analytics_schema_has_parity_between_project_export_and_gateway_inputs
[INFO] [stdout]     archive::tests::archive_kind_detects_gateway_backup_fixture
[INFO] [stdout]     archive::tests::archive_kind_detects_project_export_fixture
[INFO] [stdout]     archive::tests::archive_kind_detects_unknown_fixture_as_error
[INFO] [stdout]     archive::tests::project_meta_multi_project_fixture_preserves_selected_root_order
[INFO] [stdout]     archive::tests::project_meta_project_export_fixture_yields_single_record
[INFO] [stdout]     archive::tests::project_roots_for_multi_project_gateway_are_sorted
[INFO] [stdout]     archive::tests::project_roots_for_project_export_is_root_only
[INFO] [stdout]     archive::tests::resource_discovery_gateway_backup_counts_expected_resources_per_project
[INFO] [stdout]     archive::tests::resource_discovery_is_deterministic_between_runs
[INFO] [stdout]     archive::tests::resource_discovery_project_export_counts_expected_resources
[INFO] [stdout] 
[INFO] [stdout] test result: FAILED. 26 passed; 12 failed; 0 ignored; 0 measured; 0 filtered out; finished in 0.01s
[INFO] [stdout] 
[INFO] [stderr] error: test failed, to rerun pass `--lib`
[INFO] running `Command { std: "docker" "inspect" "bbf5685450c9222d9d96ba7c67a4f4e1282d52eee8e2ecc3f592e81a64ec1f26", kill_on_drop: false }`
[INFO] running `Command { std: "docker" "rm" "-f" "bbf5685450c9222d9d96ba7c67a4f4e1282d52eee8e2ecc3f592e81a64ec1f26", kill_on_drop: false }`
[INFO] [stdout] bbf5685450c9222d9d96ba7c67a4f4e1282d52eee8e2ecc3f592e81a64ec1f26
